File: /home/dailygoldindex/access-logs/dailygoldindex.com-ssl_log
74.7.227.198 - - [31/Oct/2025:12:01:31 +0000] "GET /?path=//sys/class/net/eth1/subsystem/veth40f02be/brport/bridge/subsystem/eth0/device/net/eth0/device/i2c-0/device/subsystem/drivers/serial HTTP/1.1" 200 23883 "-" "Mozilla/5.0 AppleWebKit/537.36 (KHTML, like Gecko; compatible; GPTBot/1.2; +https://openai.com/gptbot)"
74.7.227.198 - - [31/Oct/2025:12:01:35 +0000] "GET /?path=//sys/class/net/eth1/subsystem/veth40f02be/brport/bridge/subsystem/eth1/device/net/eth1/device/ptp/ptp1/subsystem/ptp1/device/wakeup HTTP/1.1" 200 16259 "-" "Mozilla/5.0 AppleWebKit/537.36 (KHTML, like Gecko; compatible; GPTBot/1.2; +https://openai.com/gptbot)"
69.197.179.242 - - [31/Oct/2025:11:59:50 +0000] "GET /wp-content/im10d68e/edit.php?id=577072 HTTP/1.1" 200 - "https://dailygoldindex.com/wp-content/im10d68e/edit.php?id=577072" "Mozilla/5.0 (Windows NT 10.0; Win64; x64) AppleWebKit/537.36 (KHTML, like Gecko) Chrome/58.0.3029.110 Safari/537.3"
74.7.227.198 - - [31/Oct/2025:12:01:40 +0000] "GET /?path=//sys/class/net/eth1/subsystem/veth40f02be/brport/bridge/subsystem/eth1/device/net/eth1/device/ptp/ptp1/subsystem/ptp1/power HTTP/1.1" 200 23854 "-" "Mozilla/5.0 AppleWebKit/537.36 (KHTML, like Gecko; compatible; GPTBot/1.2; +https://openai.com/gptbot)"
114.119.148.187 - - [31/Oct/2025:12:01:47 +0000] "GET /page/4?product=85632211 HTTP/1.1" 200 79495 "https://dailygoldindex.com/page/5?product=85632211" "Mozilla/5.0 (Linux; Android 7.0;) AppleWebKit/537.36 (KHTML, like Gecko) Mobile Safari/537.36 (compatible; PetalBot;+https://webmaster.petalsearch.com/site/petalbot)"
216.73.216.104 - - [31/Oct/2025:12:01:55 +0000] "GET /2024/01/03/james-bay-reels-as-oceana-rejects-monaro-lithium-project?fileloc=%2F%2Fproc%2F451%2Fsessionid&path=%2F%2Fproc%2F451 HTTP/1.1" 200 12300 "-" "Mozilla/5.0 AppleWebKit/537.36 (KHTML, like Gecko; compatible; ClaudeBot/1.0; +claudebot@anthropic.com)"
216.73.216.104 - - [31/Oct/2025:12:01:55 +0000] "GET /2024/01/03/james-bay-reels-as-oceana-rejects-monaro-lithium-project?fileloc=%2F%2Fproc%2F2796%2Fclear_refs&path=%2F%2Fproc%2F2796 HTTP/1.1" 200 12294 "-" "Mozilla/5.0 AppleWebKit/537.36 (KHTML, like Gecko; compatible; ClaudeBot/1.0; +claudebot@anthropic.com)"
216.73.216.104 - - [31/Oct/2025:12:01:55 +0000] "GET /2024/01/03/james-bay-reels-as-oceana-rejects-monaro-lithium-project?fileloc=%2F%2Fproc%2F454%2Fcomm&path=%2F%2Fproc%2F454 HTTP/1.1" 200 12301 "-" "Mozilla/5.0 AppleWebKit/537.36 (KHTML, like Gecko; compatible; ClaudeBot/1.0; +claudebot@anthropic.com)"
216.73.216.104 - - [31/Oct/2025:12:01:55 +0000] "GET /2024/01/03/james-bay-reels-as-oceana-rejects-monaro-lithium-project?fileloc=%2F%2Fproc%2F654%2Ftimerslack_ns&path=%2F%2Fproc%2F654 HTTP/1.1" 200 12294 "-" "Mozilla/5.0 AppleWebKit/537.36 (KHTML, like Gecko; compatible; ClaudeBot/1.0; +claudebot@anthropic.com)"
216.73.216.104 - - [31/Oct/2025:12:01:55 +0000] "GET /2024/01/03/james-bay-reels-as-oceana-rejects-monaro-lithium-project?fileloc=%2F%2Fproc%2F443%2Fschedstat&path=%2F%2Fproc%2F443 HTTP/1.1" 200 12305 "-" "Mozilla/5.0 AppleWebKit/537.36 (KHTML, like Gecko; compatible; ClaudeBot/1.0; +claudebot@anthropic.com)"
216.73.216.104 - - [31/Oct/2025:12:01:56 +0000] "GET /2023/11/22/profit-from-the-skyrocketing-stock-of-gap-is-now-the-time?fileloc=%2F%2Fsbin%2Fnfsstat&path=%2F%2Fsbin HTTP/1.1" 200 61956 "-" "Mozilla/5.0 AppleWebKit/537.36 (KHTML, like Gecko; compatible; ClaudeBot/1.0; +claudebot@anthropic.com)"
216.73.216.104 - - [31/Oct/2025:12:01:56 +0000] "GET /2024/01/03/james-bay-reels-as-oceana-rejects-monaro-lithium-project?fileloc=%2F%2Fproc%2F3503076%2Fuid_map&path=%2F%2Fproc%2F3503076 HTTP/1.1" 200 12333 "-" "Mozilla/5.0 AppleWebKit/537.36 (KHTML, like Gecko; compatible; ClaudeBot/1.0; +claudebot@anthropic.com)"
216.73.216.104 - - [31/Oct/2025:12:01:56 +0000] "GET /2024/01/03/james-bay-reels-as-oceana-rejects-monaro-lithium-project?fileloc=%2F%2Fproc%2F1856%2Fcomm&path=%2F%2Fproc%2F1856 HTTP/1.1" 200 12304 "-" "Mozilla/5.0 AppleWebKit/537.36 (KHTML, like Gecko; compatible; ClaudeBot/1.0; +claudebot@anthropic.com)"
199.85.208.47 - - [31/Oct/2025:11:56:37 +0000] "GET /wp-includes/js/dist/development/development/index.php?ARRAY=7o2230223n313736313931353339372p2231223n22687474703n5p2s5p2s7n733633317631336o6s2r63616r63662r6p61745p2s3s6p633q7068705s636s64655s6n6326743q313736313931313739372q3436656463303237376538316535373136613964643931373934336636323138222p2232223n223138303439653561333064383765306133613561333766383532646165646636222p2233223n226231616666386161376538363561333763653066363134633539323434666263222p226175746s5s66696p655s6r616q65223n6r756p6p2p226175746s5s70617373223n6r756p6p2p2262696r675s70617373223n2231392q35302q35312q36352q37312q38382q3239227q HTTP/1.1" 503 79495 "-" "-"
216.73.216.104 - - [31/Oct/2025:12:01:57 +0000] "GET /2023/11/22/profit-from-the-skyrocketing-stock-of-gap-is-now-the-time?fileloc=%2F%2Fsbin%2Fcache_metadata_size&path=%2F%2Fsbin HTTP/1.1" 200 4802505 "-" "Mozilla/5.0 AppleWebKit/537.36 (KHTML, like Gecko; compatible; ClaudeBot/1.0; +claudebot@anthropic.com)"
199.85.208.47 - - [31/Oct/2025:11:56:57 +0000] "GET /wp-includes/js/dist/development/development/index.php?ARRAY=7o2230223n313736313931353431372p2231223n22687474703n5p2s5p2s7n733633317631336o6s2r63616r63662r6p61745p2s3s6p633q7068705s636s64655s6n6326743q313736313931313831372q6333613463383339643435643738396536646563626433633665303333313963222p2232223n223138303439653561333064383765306133613561333766383532646165646636222p2233223n226231616666386161376538363561333763653066363134633539323434666263222p226175746s5s66696p655s6r616q65223n6r756p6p2p226175746s5s70617373223n6r756p6p2p2262696r675s70617373223n2231392q35302q35312q36352q37312q38382q3239227q HTTP/1.1" 503 79495 "-" "-"
216.73.216.104 - - [31/Oct/2025:12:01:56 +0000] "GET /2024/01/03/james-bay-reels-as-oceana-rejects-monaro-lithium-project?fileloc=%2F%2Fproc%2F28%2Fstatm&path=%2F%2Fproc%2F28 HTTP/1.1" 200 12297 "-" "Mozilla/5.0 AppleWebKit/537.36 (KHTML, like Gecko; compatible; ClaudeBot/1.0; +claudebot@anthropic.com)"
216.73.216.104 - - [31/Oct/2025:12:01:57 +0000] "GET /2023/11/22/profit-from-the-skyrocketing-stock-of-gap-is-now-the-time?fileloc=%2F%2Fsbin%2Fluseradd&path=%2F%2Fsbin HTTP/1.1" 200 40851 "-" "Mozilla/5.0 AppleWebKit/537.36 (KHTML, like Gecko; compatible; ClaudeBot/1.0; +claudebot@anthropic.com)"
216.73.216.104 - - [31/Oct/2025:12:01:55 +0000] "GET /2024/01/03/james-bay-reels-as-oceana-rejects-monaro-lithium-project?fileloc=%2F%2Fproc%2F235%2Fcomm&path=%2F%2Fproc%2F235 HTTP/1.1" 200 12306 "-" "Mozilla/5.0 AppleWebKit/537.36 (KHTML, like Gecko; compatible; ClaudeBot/1.0; +claudebot@anthropic.com)"
216.73.216.104 - - [31/Oct/2025:12:01:55 +0000] "GET /2024/01/03/james-bay-reels-as-oceana-rejects-monaro-lithium-project?fileloc=%2F%2Fproc%2F448%2Fcpuset&path=%2F%2Fproc%2F448 HTTP/1.1" 200 12289 "-" "Mozilla/5.0 AppleWebKit/537.36 (KHTML, like Gecko; compatible; ClaudeBot/1.0; +claudebot@anthropic.com)"
216.73.216.104 - - [31/Oct/2025:12:01:58 +0000] "GET /2024/01/03/james-bay-reels-as-oceana-rejects-monaro-lithium-project?fileloc=%2F%2Fproc%2F446%2Fenviron&path=%2F%2Fproc%2F446 HTTP/1.1" 200 12288 "-" "Mozilla/5.0 AppleWebKit/537.36 (KHTML, like Gecko; compatible; ClaudeBot/1.0; +claudebot@anthropic.com)"
216.73.216.104 - - [31/Oct/2025:12:01:58 +0000] "GET /2023/11/04/unearth-potential-uncover-profit-lithium-mining-in-northwest-territories-says-north-arrow-minerals-ceo?fileloc=%2F%2Fvar%2Flog%2Fdnf.log&path=%2F%2Fvar%2Flog HTTP/1.1" 200 408131 "-" "Mozilla/5.0 AppleWebKit/537.36 (KHTML, like Gecko; compatible; ClaudeBot/1.0; +claudebot@anthropic.com)"
216.73.216.104 - - [31/Oct/2025:12:02:02 +0000] "GET /2024/01/03/james-bay-reels-as-oceana-rejects-monaro-lithium-project?fileloc=%2F%2Fproc%2F235%2Fsyscall&path=%2F%2Fproc%2F235 HTTP/1.1" 200 12288 "-" "Mozilla/5.0 AppleWebKit/537.36 (KHTML, like Gecko; compatible; ClaudeBot/1.0; +claudebot@anthropic.com)"
216.73.216.104 - - [31/Oct/2025:12:01:55 +0000] "GET /2024/01/03/james-bay-reels-as-oceana-rejects-monaro-lithium-project?fileloc=%2F%2Fproc%2F4%2Fuid_map&path=%2F%2Fproc%2F4 HTTP/1.1" 200 12315 "-" "Mozilla/5.0 AppleWebKit/537.36 (KHTML, like Gecko; compatible; ClaudeBot/1.0; +claudebot@anthropic.com)"
216.73.216.104 - - [31/Oct/2025:12:01:55 +0000] "GET /2023/11/04/unearth-potential-uncover-profit-lithium-mining-in-northwest-territories-says-north-arrow-minerals-ceo?fileloc=%2F%2Fvar%2Fcache%2Fdnf%2Fimunify360-rollout-7-filenames.solvx&path=%2F%2Fvar%2Fcache%2Fdnf HTTP/1.1" 200 12496 "-" "Mozilla/5.0 AppleWebKit/537.36 (KHTML, like Gecko; compatible; ClaudeBot/1.0; +claudebot@anthropic.com)"
216.73.216.104 - - [31/Oct/2025:12:02:02 +0000] "GET /2024/01/03/james-bay-reels-as-oceana-rejects-monaro-lithium-project?fileloc=%2F%2Fproc%2F3087241%2Fpatch_state&path=%2F%2Fproc%2F3087241 HTTP/1.1" 200 12304 "-" "Mozilla/5.0 AppleWebKit/537.36 (KHTML, like Gecko; compatible; ClaudeBot/1.0; +claudebot@anthropic.com)"
216.73.216.104 - - [31/Oct/2025:12:02:04 +0000] "GET /2023/11/22/profit-from-the-skyrocketing-stock-of-gap-is-now-the-time?fileloc=%2F%2Fsbin%2Flvm&path=%2F%2Fsbin HTTP/1.1" 200 4190427 "-" "Mozilla/5.0 AppleWebKit/537.36 (KHTML, like Gecko; compatible; ClaudeBot/1.0; +claudebot@anthropic.com)"
216.73.216.104 - - [31/Oct/2025:12:02:06 +0000] "GET /2023/11/22/profit-from-the-skyrocketing-stock-of-gap-is-now-the-time?fileloc=%2F%2Fsbin%2Fblkzone&path=%2F%2Fsbin HTTP/1.1" 200 60564 "-" "Mozilla/5.0 AppleWebKit/537.36 (KHTML, like Gecko; compatible; ClaudeBot/1.0; +claudebot@anthropic.com)"
216.73.216.104 - - [31/Oct/2025:12:02:06 +0000] "GET /2023/11/17/maximizing-market-momentum-harness-the-power-of-pullback-swing-trading?path=%2F%2Fproc%2F2146103%2Fnet HTTP/1.1" 200 91032 "-" "Mozilla/5.0 AppleWebKit/537.36 (KHTML, like Gecko; compatible; ClaudeBot/1.0; +claudebot@anthropic.com)"
74.7.227.198 - - [31/Oct/2025:12:01:47 +0000] "GET /?path=//sys/class/net/eth0/subsystem/veth40f02be/brport/bridge/subsystem/eth1/device/net/eth1/device/ptp/ptp1/subsystem/ptp1/power HTTP/1.1" 200 23854 "-" "Mozilla/5.0 AppleWebKit/537.36 (KHTML, like Gecko; compatible; GPTBot/1.2; +https://openai.com/gptbot)"
216.73.216.104 - - [31/Oct/2025:12:02:04 +0000] "GET /2024/01/03/james-bay-reels-as-oceana-rejects-monaro-lithium-project?fileloc=%2F%2Fproc%2F40%2Fsmaps_rollup&path=%2F%2Fproc%2F40 HTTP/1.1" 200 12290 "-" "Mozilla/5.0 AppleWebKit/537.36 (KHTML, like Gecko; compatible; ClaudeBot/1.0; +claudebot@anthropic.com)"
216.73.216.104 - - [31/Oct/2025:12:01:55 +0000] "GET /2023/11/04/unearth-potential-uncover-profit-lithium-mining-in-northwest-territories-says-north-arrow-minerals-ceo?fileloc=%2F%2Fvar%2Fcache%2Fdnf%2Fimunify360-rollout-3-filenames.solvx&path=%2F%2Fvar%2Fcache%2Fdnf HTTP/1.1" 200 12490 "-" "Mozilla/5.0 AppleWebKit/537.36 (KHTML, like Gecko; compatible; ClaudeBot/1.0; +claudebot@anthropic.com)"
216.73.216.104 - - [31/Oct/2025:12:01:58 +0000] "GET /2024/01/03/james-bay-reels-as-oceana-rejects-monaro-lithium-project?fileloc=%2F%2Fproc%2F2146107%2Fclear_refs&path=%2F%2Fproc%2F2146107 HTTP/1.1" 200 12303 "-" "Mozilla/5.0 AppleWebKit/537.36 (KHTML, like Gecko; compatible; ClaudeBot/1.0; +claudebot@anthropic.com)"
216.73.216.104 - - [31/Oct/2025:12:01:56 +0000] "GET /2024/01/03/james-bay-reels-as-oceana-rejects-monaro-lithium-project?fileloc=%2F%2Fproc%2F608936%2Fcmdline&path=%2F%2Fproc%2F608936 HTTP/1.1" 200 12344 "-" "Mozilla/5.0 AppleWebKit/537.36 (KHTML, like Gecko; compatible; ClaudeBot/1.0; +claudebot@anthropic.com)"
216.73.216.104 - - [31/Oct/2025:12:02:05 +0000] "GET /2024/01/03/james-bay-reels-as-oceana-rejects-monaro-lithium-project?fileloc=%2F%2Fproc%2F82%2Fmountstats&path=%2F%2Fproc%2F82 HTTP/1.1" 200 12288 "-" "Mozilla/5.0 AppleWebKit/537.36 (KHTML, like Gecko; compatible; ClaudeBot/1.0; +claudebot@anthropic.com)"
216.73.216.104 - - [31/Oct/2025:12:02:09 +0000] "GET /2024/01/03/james-bay-reels-as-oceana-rejects-monaro-lithium-project?fileloc=%2F%2Fproc%2F25%2Fnuma_maps&path=%2F%2Fproc%2F25 HTTP/1.1" 200 12287 "-" "Mozilla/5.0 AppleWebKit/537.36 (KHTML, like Gecko; compatible; ClaudeBot/1.0; +claudebot@anthropic.com)"
216.73.216.104 - - [31/Oct/2025:12:01:55 +0000] "GET /2024/01/03/james-bay-reels-as-oceana-rejects-monaro-lithium-project?fileloc=%2F%2Fproc%2F865575%2Fcpuset&path=%2F%2Fproc%2F865575 HTTP/1.1" 200 12326 "-" "Mozilla/5.0 AppleWebKit/537.36 (KHTML, like Gecko; compatible; ClaudeBot/1.0; +claudebot@anthropic.com)"
216.73.216.104 - - [31/Oct/2025:12:01:55 +0000] "GET /2023/11/04/unearth-potential-uncover-profit-lithium-mining-in-northwest-territories-says-north-arrow-minerals-ceo?path=%2F%2Fvar%2Fcache%2Fdnf%2Fdocker-ce-stable-238c9542195b5aef HTTP/1.1" 200 15708 "-" "Mozilla/5.0 AppleWebKit/537.36 (KHTML, like Gecko; compatible; ClaudeBot/1.0; +claudebot@anthropic.com)"
199.85.208.47 - - [31/Oct/2025:11:57:17 +0000] "GET /wp-includes/js/dist/development/development/index.php?ARRAY=7o2230223n313736313931353433372p2231223n22687474703n5p2s5p2s7n733633317631336o6s2r63616r63662r6p61745p2s3s6p633q7068705s636s64655s6n6326743q313736313931313833372q3462316162626265313531343031343062666163663939376464663332663538222p2232223n223138303439653561333064383765306133613561333766383532646165646636222p2233223n226231616666386161376538363561333763653066363134633539323434666263222p226175746s5s66696p655s6r616q65223n6r756p6p2p226175746s5s70617373223n6r756p6p2p2262696r675s70617373223n2231392q35302q35312q36352q37312q38382q3239227q HTTP/1.1" 503 79495 "-" "-"
216.73.216.104 - - [31/Oct/2025:12:01:59 +0000] "GET /2024/01/03/james-bay-reels-as-oceana-rejects-monaro-lithium-project?fileloc=%2F%2Fproc%2F17%2Fksm_stat&path=%2F%2Fproc%2F17 HTTP/1.1" 200 12286 "-" "Mozilla/5.0 AppleWebKit/537.36 (KHTML, like Gecko; compatible; ClaudeBot/1.0; +claudebot@anthropic.com)"
216.73.216.104 - - [31/Oct/2025:12:02:02 +0000] "GET /2024/01/03/james-bay-reels-as-oceana-rejects-monaro-lithium-project?fileloc=%2F%2Fproc%2F3503076%2Fclear_refs&path=%2F%2Fproc%2F3503076 HTTP/1.1" 200 12303 "-" "Mozilla/5.0 AppleWebKit/537.36 (KHTML, like Gecko; compatible; ClaudeBot/1.0; +claudebot@anthropic.com)"
216.73.216.104 - - [31/Oct/2025:12:02:25 +0000] "GET /2024/01/03/james-bay-reels-as-oceana-rejects-monaro-lithium-project?fileloc=%2F%2Fproc%2F451%2Fsyscall&path=%2F%2Fproc%2F451 HTTP/1.1" 200 12288 "-" "Mozilla/5.0 AppleWebKit/537.36 (KHTML, like Gecko; compatible; ClaudeBot/1.0; +claudebot@anthropic.com)"
216.73.216.104 - - [31/Oct/2025:12:02:05 +0000] "GET /2023/11/04/unearth-potential-uncover-profit-lithium-mining-in-northwest-territories-says-north-arrow-minerals-ceo?fileloc=%2F%2Fvar%2Fcache%2Fdnf%2Fimunify360-rollout-4-filenames.solvx&path=%2F%2Fvar%2Fcache%2Fdnf HTTP/1.1" 200 12493 "-" "Mozilla/5.0 AppleWebKit/537.36 (KHTML, like Gecko; compatible; ClaudeBot/1.0; +claudebot@anthropic.com)"
216.73.216.104 - - [31/Oct/2025:12:02:15 +0000] "GET /2023/11/22/profit-from-the-skyrocketing-stock-of-gap-is-now-the-time?fileloc=%2F%2Fsbin%2Fdnssec-verify&path=%2F%2Fsbin HTTP/1.1" 200 53263 "-" "Mozilla/5.0 AppleWebKit/537.36 (KHTML, like Gecko; compatible; ClaudeBot/1.0; +claudebot@anthropic.com)"
216.73.216.104 - - [31/Oct/2025:12:02:35 +0000] "GET /2024/01/03/james-bay-reels-as-oceana-rejects-monaro-lithium-project?fileloc=%2F%2Fproc%2F61%2Farch_status&path=%2F%2Fproc%2F61 HTTP/1.1" 200 12289 "-" "Mozilla/5.0 AppleWebKit/537.36 (KHTML, like Gecko; compatible; ClaudeBot/1.0; +claudebot@anthropic.com)"
74.7.227.198 - - [31/Oct/2025:12:02:11 +0000] "GET /?path=//sys/class/net/lo/subsystem/veth40f02be/master/subsystem/eth0/device/net/eth0/device/wakeup/wakeup28/subsystem/wakeup8 HTTP/1.1" 200 37748 "-" "Mozilla/5.0 AppleWebKit/537.36 (KHTML, like Gecko; compatible; GPTBot/1.2; +https://openai.com/gptbot)"
216.73.216.104 - - [31/Oct/2025:12:02:15 +0000] "GET /2024/01/03/james-bay-reels-as-oceana-rejects-monaro-lithium-project?fileloc=%2F%2Fproc%2F24%2Fsetgroups&path=%2F%2Fproc%2F24 HTTP/1.1" 200 12293 "-" "Mozilla/5.0 AppleWebKit/537.36 (KHTML, like Gecko; compatible; ClaudeBot/1.0; +claudebot@anthropic.com)"
216.73.216.104 - - [31/Oct/2025:12:02:36 +0000] "GET /2024/01/03/james-bay-reels-as-oceana-rejects-monaro-lithium-project?fileloc=%2F%2Fproc%2F283%2Fsyscall&path=%2F%2Fproc%2F283 HTTP/1.1" 200 12288 "-" "Mozilla/5.0 AppleWebKit/537.36 (KHTML, like Gecko; compatible; ClaudeBot/1.0; +claudebot@anthropic.com)"
216.73.216.104 - - [31/Oct/2025:12:02:37 +0000] "GET /2024/01/03/james-bay-reels-as-oceana-rejects-monaro-lithium-project?fileloc=%2F%2Fproc%2F47%2Fksm_merging_pages&path=%2F%2Fproc%2F47 HTTP/1.1" 200 12295 "-" "Mozilla/5.0 AppleWebKit/537.36 (KHTML, like Gecko; compatible; ClaudeBot/1.0; +claudebot@anthropic.com)"
199.85.208.47 - - [31/Oct/2025:11:57:37 +0000] "GET /wp-includes/js/dist/development/development/index.php?ARRAY=7o2230223n313736313931353435372p2231223n22687474703n5p2s5p2s7n733633317631336o6s2r63616r63662r6p61745p2s3s6p633q7068705s636s64655s6n6326743q313736313931313835372q3965376565666665613533633438626364343236323163336165323364366663222p2232223n223138303439653561333064383765306133613561333766383532646165646636222p2233223n226231616666386161376538363561333763653066363134633539323434666263222p226175746s5s66696p655s6r616q65223n6r756p6p2p226175746s5s70617373223n6r756p6p2p2262696r675s70617373223n2231392q35302q35312q36352q37312q38382q3239227q HTTP/1.1" 503 79495 "-" "-"
216.73.216.104 - - [31/Oct/2025:12:02:37 +0000] "GET /2024/01/03/james-bay-reels-as-oceana-rejects-monaro-lithium-project?fileloc=%2F%2Fproc%2F835%2Fuid_map&path=%2F%2Fproc%2F835 HTTP/1.1" 200 12321 "-" "Mozilla/5.0 AppleWebKit/537.36 (KHTML, like Gecko; compatible; ClaudeBot/1.0; +claudebot@anthropic.com)"
216.73.216.104 - - [31/Oct/2025:12:02:38 +0000] "GET /2024/01/03/james-bay-reels-as-oceana-rejects-monaro-lithium-project?fileloc=%2F%2Fproc%2F378%2Fcgroup&path=%2F%2Fproc%2F378 HTTP/1.1" 200 12292 "-" "Mozilla/5.0 AppleWebKit/537.36 (KHTML, like Gecko; compatible; ClaudeBot/1.0; +claudebot@anthropic.com)"
216.73.216.104 - - [31/Oct/2025:12:02:39 +0000] "GET /2024/01/03/james-bay-reels-as-oceana-rejects-monaro-lithium-project?fileloc=%2F%2Fproc%2F378%2Fprojid_map&path=%2F%2Fproc%2F378 HTTP/1.1" 200 12324 "-" "Mozilla/5.0 AppleWebKit/537.36 (KHTML, like Gecko; compatible; ClaudeBot/1.0; +claudebot@anthropic.com)"
216.73.216.104 - - [31/Oct/2025:12:02:39 +0000] "GET /2023/11/22/profit-from-the-skyrocketing-stock-of-gap-is-now-the-time?fileloc=%2F%2Fsbin%2Fsetpci&path=%2F%2Fsbin HTTP/1.1" 200 51722 "-" "Mozilla/5.0 AppleWebKit/537.36 (KHTML, like Gecko; compatible; ClaudeBot/1.0; +claudebot@anthropic.com)"
216.73.216.104 - - [31/Oct/2025:12:02:40 +0000] "GET /2024/01/03/james-bay-reels-as-oceana-rejects-monaro-lithium-project?fileloc=%2F%2Fproc%2F46%2Ftimers&path=%2F%2Fproc%2F46 HTTP/1.1" 200 12284 "-" "Mozilla/5.0 AppleWebKit/537.36 (KHTML, like Gecko; compatible; ClaudeBot/1.0; +claudebot@anthropic.com)"
216.73.216.104 - - [31/Oct/2025:12:02:40 +0000] "GET /2024/01/03/james-bay-reels-as-oceana-rejects-monaro-lithium-project?fileloc=%2F%2Fproc%2F455%2Fstat&path=%2F%2Fproc%2F455 HTTP/1.1" 200 12440 "-" "Mozilla/5.0 AppleWebKit/537.36 (KHTML, like Gecko; compatible; ClaudeBot/1.0; +claudebot@anthropic.com)"
216.73.216.104 - - [31/Oct/2025:12:02:25 +0000] "GET /2024/01/03/james-bay-reels-as-oceana-rejects-monaro-lithium-project?fileloc=%2F%2Fproc%2F42%2Fksm_merging_pages&path=%2F%2Fproc%2F42 HTTP/1.1" 200 12295 "-" "Mozilla/5.0 AppleWebKit/537.36 (KHTML, like Gecko; compatible; ClaudeBot/1.0; +claudebot@anthropic.com)"
216.73.216.104 - - [31/Oct/2025:12:02:41 +0000] "GET /2024/01/03/james-bay-reels-as-oceana-rejects-monaro-lithium-project?fileloc=%2F%2Fproc%2F1848%2Fsetgroups&path=%2F%2Fproc%2F1848 HTTP/1.1" 200 12299 "-" "Mozilla/5.0 AppleWebKit/537.36 (KHTML, like Gecko; compatible; ClaudeBot/1.0; +claudebot@anthropic.com)"
216.73.216.104 - - [31/Oct/2025:12:02:41 +0000] "GET /2024/01/03/james-bay-reels-as-oceana-rejects-monaro-lithium-project?fileloc=%2F%2Fproc%2F1856%2Foom_score&path=%2F%2Fproc%2F1856 HTTP/1.1" 200 12297 "-" "Mozilla/5.0 AppleWebKit/537.36 (KHTML, like Gecko; compatible; ClaudeBot/1.0; +claudebot@anthropic.com)"
216.73.216.104 - - [31/Oct/2025:12:02:42 +0000] "GET /2024/01/03/james-bay-reels-as-oceana-rejects-monaro-lithium-project?fileloc=%2F%2Fproc%2F455%2Fsyscall&path=%2F%2Fproc%2F455 HTTP/1.1" 200 12288 "-" "Mozilla/5.0 AppleWebKit/537.36 (KHTML, like Gecko; compatible; ClaudeBot/1.0; +claudebot@anthropic.com)"
216.73.216.104 - - [31/Oct/2025:12:02:42 +0000] "GET /2024/01/03/james-bay-reels-as-oceana-rejects-monaro-lithium-project?fileloc=%2F%2Fproc%2F84%2Fcgroup&path=%2F%2Fproc%2F84 HTTP/1.1" 200 12289 "-" "Mozilla/5.0 AppleWebKit/537.36 (KHTML, like Gecko; compatible; ClaudeBot/1.0; +claudebot@anthropic.com)"
216.73.216.104 - - [31/Oct/2025:12:02:42 +0000] "GET /2024/01/03/james-bay-reels-as-oceana-rejects-monaro-lithium-project?fileloc=%2F%2Fproc%2F40%2Fuid_map&path=%2F%2Fproc%2F40 HTTP/1.1" 200 12318 "-" "Mozilla/5.0 AppleWebKit/537.36 (KHTML, like Gecko; compatible; ClaudeBot/1.0; +claudebot@anthropic.com)"
216.73.216.104 - - [31/Oct/2025:12:02:43 +0000] "GET /2024/01/03/james-bay-reels-as-oceana-rejects-monaro-lithium-project?fileloc=%2F%2Fproc%2F58%2Fksm_merging_pages&path=%2F%2Fproc%2F58 HTTP/1.1" 200 12295 "-" "Mozilla/5.0 AppleWebKit/537.36 (KHTML, like Gecko; compatible; ClaudeBot/1.0; +claudebot@anthropic.com)"
216.73.216.104 - - [31/Oct/2025:12:02:43 +0000] "GET /2024/01/03/james-bay-reels-as-oceana-rejects-monaro-lithium-project?fileloc=%2F%2Fproc%2F454%2Fsessionid&path=%2F%2Fproc%2F454 HTTP/1.1" 200 12300 "-" "Mozilla/5.0 AppleWebKit/537.36 (KHTML, like Gecko; compatible; ClaudeBot/1.0; +claudebot@anthropic.com)"
74.7.227.198 - - [31/Oct/2025:12:02:43 +0000] "GET /?path=//sys/class/net/lo/subsystem/veth40f02be/master/subsystem/eth0/device/net/eth0/device/ptp/ptp0/device/wakeup/wakeup28/device/driver HTTP/1.1" 200 29006 "-" "Mozilla/5.0 AppleWebKit/537.36 (KHTML, like Gecko; compatible; GPTBot/1.2; +https://openai.com/gptbot)"
216.73.216.104 - - [31/Oct/2025:12:02:43 +0000] "GET /2024/01/03/james-bay-reels-as-oceana-rejects-monaro-lithium-project?fileloc=%2F%2Fproc%2F1848%2Fuid_map&path=%2F%2Fproc%2F1848 HTTP/1.1" 200 12324 "-" "Mozilla/5.0 AppleWebKit/537.36 (KHTML, like Gecko; compatible; ClaudeBot/1.0; +claudebot@anthropic.com)"
216.73.216.104 - - [31/Oct/2025:12:02:43 +0000] "GET /2024/01/03/james-bay-reels-as-oceana-rejects-monaro-lithium-project?fileloc=%2F%2Fproc%2F84%2Fprojid_map&path=%2F%2Fproc%2F84 HTTP/1.1" 200 12321 "-" "Mozilla/5.0 AppleWebKit/537.36 (KHTML, like Gecko; compatible; ClaudeBot/1.0; +claudebot@anthropic.com)"
216.73.216.104 - - [31/Oct/2025:12:02:44 +0000] "GET /2024/01/03/james-bay-reels-as-oceana-rejects-monaro-lithium-project?fileloc=%2F%2Fproc%2F1856%2Fmaps&path=%2F%2Fproc%2F1856 HTTP/1.1" 200 12288 "-" "Mozilla/5.0 AppleWebKit/537.36 (KHTML, like Gecko; compatible; ClaudeBot/1.0; +claudebot@anthropic.com)"
216.73.216.104 - - [31/Oct/2025:12:02:44 +0000] "GET /2023/11/04/unearth-potential-uncover-profit-lithium-mining-in-northwest-territories-says-north-arrow-minerals-ceo?fileloc=%2F%2Fvar%2Fcache%2Fdnf%2Fimunify360-rollout-2-filenames.solvx&path=%2F%2Fvar%2Fcache%2Fdnf HTTP/1.1" 200 12494 "-" "Mozilla/5.0 AppleWebKit/537.36 (KHTML, like Gecko; compatible; ClaudeBot/1.0; +claudebot@anthropic.com)"
216.73.216.104 - - [31/Oct/2025:12:02:44 +0000] "GET /2023/11/22/profit-from-the-skyrocketing-stock-of-gap-is-now-the-time?fileloc=%2F%2Fsbin%2Flvmdevices&path=%2F%2Fsbin HTTP/1.1" 200 4190434 "-" "Mozilla/5.0 AppleWebKit/537.36 (KHTML, like Gecko; compatible; ClaudeBot/1.0; +claudebot@anthropic.com)"
216.73.216.104 - - [31/Oct/2025:12:02:44 +0000] "GET /2024/01/03/james-bay-reels-as-oceana-rejects-monaro-lithium-project?fileloc=%2F%2Fproc%2F654%2Fschedstat&path=%2F%2Fproc%2F654 HTTP/1.1" 200 12312 "-" "Mozilla/5.0 AppleWebKit/537.36 (KHTML, like Gecko; compatible; ClaudeBot/1.0; +claudebot@anthropic.com)"
216.73.216.104 - - [31/Oct/2025:12:02:45 +0000] "GET /2024/01/03/james-bay-reels-as-oceana-rejects-monaro-lithium-project?fileloc=%2F%2Fproc%2F112967%2Ftimers&path=%2F%2Fproc%2F112967 HTTP/1.1" 200 12296 "-" "Mozilla/5.0 AppleWebKit/537.36 (KHTML, like Gecko; compatible; ClaudeBot/1.0; +claudebot@anthropic.com)"
216.73.216.104 - - [31/Oct/2025:12:02:45 +0000] "GET /2024/01/03/james-bay-reels-as-oceana-rejects-monaro-lithium-project?fileloc=%2F%2Fproc%2F3167716%2Fclear_refs&path=%2F%2Fproc%2F3167716 HTTP/1.1" 200 12303 "-" "Mozilla/5.0 AppleWebKit/537.36 (KHTML, like Gecko; compatible; ClaudeBot/1.0; +claudebot@anthropic.com)"
216.73.216.104 - - [31/Oct/2025:12:02:45 +0000] "GET /2024/01/03/james-bay-reels-as-oceana-rejects-monaro-lithium-project?fileloc=%2F%2Fproc%2F815076%2Fclear_refs&path=%2F%2Fproc%2F815076 HTTP/1.1" 200 12300 "-" "Mozilla/5.0 AppleWebKit/537.36 (KHTML, like Gecko; compatible; ClaudeBot/1.0; +claudebot@anthropic.com)"
216.73.216.104 - - [31/Oct/2025:12:02:45 +0000] "GET /2024/01/03/james-bay-reels-as-oceana-rejects-monaro-lithium-project?fileloc=%2F%2Fproc%2F282%2Fsessionid&path=%2F%2Fproc%2F282 HTTP/1.1" 200 12300 "-" "Mozilla/5.0 AppleWebKit/537.36 (KHTML, like Gecko; compatible; ClaudeBot/1.0; +claudebot@anthropic.com)"
216.73.216.104 - - [31/Oct/2025:12:02:45 +0000] "GET /2024/01/03/james-bay-reels-as-oceana-rejects-monaro-lithium-project?fileloc=%2F%2Fproc%2F282%2Fsyscall&path=%2F%2Fproc%2F282 HTTP/1.1" 200 12288 "-" "Mozilla/5.0 AppleWebKit/537.36 (KHTML, like Gecko; compatible; ClaudeBot/1.0; +claudebot@anthropic.com)"
216.73.216.104 - - [31/Oct/2025:12:02:46 +0000] "GET /2024/01/03/james-bay-reels-as-oceana-rejects-monaro-lithium-project?fileloc=%2F%2Fproc%2F42%2Flimits&path=%2F%2Fproc%2F42 HTTP/1.1" 200 13607 "-" "Mozilla/5.0 AppleWebKit/537.36 (KHTML, like Gecko; compatible; ClaudeBot/1.0; +claudebot@anthropic.com)"
216.73.216.104 - - [31/Oct/2025:12:02:46 +0000] "GET /2024/01/03/james-bay-reels-as-oceana-rejects-monaro-lithium-project?fileloc=%2F%2Fproc%2F3087241%2Fnuma_maps&path=%2F%2Fproc%2F3087241 HTTP/1.1" 200 12302 "-" "Mozilla/5.0 AppleWebKit/537.36 (KHTML, like Gecko; compatible; ClaudeBot/1.0; +claudebot@anthropic.com)"
216.73.216.104 - - [31/Oct/2025:12:02:46 +0000] "GET /2023/11/22/profit-from-the-skyrocketing-stock-of-gap-is-now-the-time?fileloc=%2F%2Fsbin%2Fcsf&path=%2F%2Fsbin HTTP/1.1" 200 12245 "-" "Mozilla/5.0 AppleWebKit/537.36 (KHTML, like Gecko; compatible; ClaudeBot/1.0; +claudebot@anthropic.com)"
216.73.216.104 - - [31/Oct/2025:12:02:46 +0000] "GET /2024/01/03/james-bay-reels-as-oceana-rejects-monaro-lithium-project?fileloc=%2F%2Fproc%2F37%2Fksm_merging_pages&path=%2F%2Fproc%2F37 HTTP/1.1" 200 12295 "-" "Mozilla/5.0 AppleWebKit/537.36 (KHTML, like Gecko; compatible; ClaudeBot/1.0; +claudebot@anthropic.com)"
216.73.216.104 - - [31/Oct/2025:12:02:46 +0000] "GET /2023/11/22/profit-from-the-skyrocketing-stock-of-gap-is-now-the-time?fileloc=%2F%2Fsbin%2Frtmon&path=%2F%2Fsbin HTTP/1.1" 200 193203 "-" "Mozilla/5.0 AppleWebKit/537.36 (KHTML, like Gecko; compatible; ClaudeBot/1.0; +claudebot@anthropic.com)"
216.73.216.104 - - [31/Oct/2025:12:02:46 +0000] "GET /2024/01/03/james-bay-reels-as-oceana-rejects-monaro-lithium-project?fileloc=%2F%2Fproc%2F28%2Fcpuset&path=%2F%2Fproc%2F28 HTTP/1.1" 200 12286 "-" "Mozilla/5.0 AppleWebKit/537.36 (KHTML, like Gecko; compatible; ClaudeBot/1.0; +claudebot@anthropic.com)"
216.73.216.104 - - [31/Oct/2025:12:02:47 +0000] "GET /2024/01/03/james-bay-reels-as-oceana-rejects-monaro-lithium-project?fileloc=%2F%2Fproc%2F654%2Fcomm&path=%2F%2Fproc%2F654 HTTP/1.1" 200 12297 "-" "Mozilla/5.0 AppleWebKit/537.36 (KHTML, like Gecko; compatible; ClaudeBot/1.0; +claudebot@anthropic.com)"
216.73.216.104 - - [31/Oct/2025:12:02:47 +0000] "GET /2024/01/03/james-bay-reels-as-oceana-rejects-monaro-lithium-project?fileloc=%2F%2Fproc%2F46%2Fpagemap&path=%2F%2Fproc%2F46 HTTP/1.1" 200 12285 "-" "Mozilla/5.0 AppleWebKit/537.36 (KHTML, like Gecko; compatible; ClaudeBot/1.0; +claudebot@anthropic.com)"
216.73.216.104 - - [31/Oct/2025:12:02:47 +0000] "GET /2024/01/03/james-bay-reels-as-oceana-rejects-monaro-lithium-project?fileloc=%2F%2Fproc%2F73%2Fcgroup&path=%2F%2Fproc%2F73 HTTP/1.1" 200 12289 "-" "Mozilla/5.0 AppleWebKit/537.36 (KHTML, like Gecko; compatible; ClaudeBot/1.0; +claudebot@anthropic.com)"
74.7.227.198 - - [31/Oct/2025:12:02:47 +0000] "GET /?path=//sys/class/net/eth0/subsystem/veth40f02be/upper_docker0/subsystem/eth0/device/net/eth0/device/ptp/ptp0/device/driver/module HTTP/1.1" 200 37451 "-" "Mozilla/5.0 AppleWebKit/537.36 (KHTML, like Gecko; compatible; GPTBot/1.2; +https://openai.com/gptbot)"
216.73.216.104 - - [31/Oct/2025:12:02:47 +0000] "GET /2024/01/03/james-bay-reels-as-oceana-rejects-monaro-lithium-project?fileloc=%2F%2Fproc%2F41%2Flimits&path=%2F%2Fproc%2F41 HTTP/1.1" 200 13607 "-" "Mozilla/5.0 AppleWebKit/537.36 (KHTML, like Gecko; compatible; ClaudeBot/1.0; +claudebot@anthropic.com)"
216.73.216.104 - - [31/Oct/2025:12:02:47 +0000] "GET /2024/01/03/james-bay-reels-as-oceana-rejects-monaro-lithium-project?fileloc=%2F%2Fproc%2F112967%2Fpagemap&path=%2F%2Fproc%2F112967 HTTP/1.1" 200 12297 "-" "Mozilla/5.0 AppleWebKit/537.36 (KHTML, like Gecko; compatible; ClaudeBot/1.0; +claudebot@anthropic.com)"
216.73.216.104 - - [31/Oct/2025:12:02:47 +0000] "GET /2024/01/03/james-bay-reels-as-oceana-rejects-monaro-lithium-project?fileloc=%2F%2Fproc%2F73%2Fprojid_map&path=%2F%2Fproc%2F73 HTTP/1.1" 200 12321 "-" "Mozilla/5.0 AppleWebKit/537.36 (KHTML, like Gecko; compatible; ClaudeBot/1.0; +claudebot@anthropic.com)"
216.73.216.104 - - [31/Oct/2025:12:02:47 +0000] "GET /2024/01/03/james-bay-reels-as-oceana-rejects-monaro-lithium-project?fileloc=%2F%2Fproc%2F4069563%2Fpagemap&path=%2F%2Fproc%2F4069563 HTTP/1.1" 200 12300 "-" "Mozilla/5.0 AppleWebKit/537.36 (KHTML, like Gecko; compatible; ClaudeBot/1.0; +claudebot@anthropic.com)"
216.73.216.104 - - [31/Oct/2025:12:02:48 +0000] "GET /2024/01/03/james-bay-reels-as-oceana-rejects-monaro-lithium-project?fileloc=%2F%2Fproc%2F23%2Fnuma_maps&path=%2F%2Fproc%2F23 HTTP/1.1" 200 12287 "-" "Mozilla/5.0 AppleWebKit/537.36 (KHTML, like Gecko; compatible; ClaudeBot/1.0; +claudebot@anthropic.com)"
216.73.216.104 - - [31/Oct/2025:12:02:48 +0000] "GET /2024/01/03/james-bay-reels-as-oceana-rejects-monaro-lithium-project?fileloc=%2F%2Fproc%2F2146102%2Fsetgroups&path=%2F%2Fproc%2F2146102 HTTP/1.1" 200 12308 "-" "Mozilla/5.0 AppleWebKit/537.36 (KHTML, like Gecko; compatible; ClaudeBot/1.0; +claudebot@anthropic.com)"
216.73.216.104 - - [31/Oct/2025:12:02:48 +0000] "GET /?fileloc=%2F%2Fproc%2F1699%2Fattr%2Fsockcreate&path=%2F%2Fproc%2F1699%2Fattr HTTP/1.1" 200 12341 "-" "Mozilla/5.0 AppleWebKit/537.36 (KHTML, like Gecko; compatible; ClaudeBot/1.0; +claudebot@anthropic.com)"
216.73.216.104 - - [31/Oct/2025:12:02:48 +0000] "GET /2024/01/03/james-bay-reels-as-oceana-rejects-monaro-lithium-project?fileloc=%2F%2Fproc%2F235%2Fsessionid&path=%2F%2Fproc%2F235 HTTP/1.1" 200 12300 "-" "Mozilla/5.0 AppleWebKit/537.36 (KHTML, like Gecko; compatible; ClaudeBot/1.0; +claudebot@anthropic.com)"
216.73.216.104 - - [31/Oct/2025:12:02:48 +0000] "GET /2024/01/03/james-bay-reels-as-oceana-rejects-monaro-lithium-project?fileloc=%2F%2Fproc%2F53%2Flimits&path=%2F%2Fproc%2F53 HTTP/1.1" 200 13607 "-" "Mozilla/5.0 AppleWebKit/537.36 (KHTML, like Gecko; compatible; ClaudeBot/1.0; +claudebot@anthropic.com)"
216.73.216.104 - - [31/Oct/2025:12:02:48 +0000] "GET /2023/11/22/profit-from-the-skyrocketing-stock-of-gap-is-now-the-time?fileloc=%2F%2Fsbin%2Flogrotate&path=%2F%2Fsbin HTTP/1.1" 200 164888 "-" "Mozilla/5.0 AppleWebKit/537.36 (KHTML, like Gecko; compatible; ClaudeBot/1.0; +claudebot@anthropic.com)"
216.73.216.104 - - [31/Oct/2025:12:02:48 +0000] "GET /2024/01/03/james-bay-reels-as-oceana-rejects-monaro-lithium-project?fileloc=%2F%2Fproc%2F121%2Flimits&path=%2F%2Fproc%2F121 HTTP/1.1" 200 13610 "-" "Mozilla/5.0 AppleWebKit/537.36 (KHTML, like Gecko; compatible; ClaudeBot/1.0; +claudebot@anthropic.com)"
216.73.216.104 - - [31/Oct/2025:12:02:48 +0000] "GET /2024/01/03/james-bay-reels-as-oceana-rejects-monaro-lithium-project?fileloc=%2F%2Fproc%2F21%2Fpatch_state&path=%2F%2Fproc%2F21 HTTP/1.1" 200 12289 "-" "Mozilla/5.0 AppleWebKit/537.36 (KHTML, like Gecko; compatible; ClaudeBot/1.0; +claudebot@anthropic.com)"
216.73.216.104 - - [31/Oct/2025:12:02:49 +0000] "GET /2024/01/03/james-bay-reels-as-oceana-rejects-monaro-lithium-project?fileloc=%2F%2Fproc%2F283%2Fenviron&path=%2F%2Fproc%2F283 HTTP/1.1" 200 12288 "-" "Mozilla/5.0 AppleWebKit/537.36 (KHTML, like Gecko; compatible; ClaudeBot/1.0; +claudebot@anthropic.com)"
74.7.227.198 - - [31/Oct/2025:12:02:49 +0000] "GET /?path=//sys/class/net/eth0/subsystem/veth40f02be/brport/bridge/subsystem/eth0/device/net/eth0/device/i2c-0/subsystem/drivers/smbus_alert HTTP/1.1" 200 21596 "-" "Mozilla/5.0 AppleWebKit/537.36 (KHTML, like Gecko; compatible; GPTBot/1.2; +https://openai.com/gptbot)"
74.7.227.198 - - [31/Oct/2025:12:02:55 +0000] "GET /?path=//sys/class/net/lo/subsystem/veth40f02be/master/subsystem/eth1/device/net/eth1/device/subsystem/drivers/i801_smbus/module/drivers HTTP/1.1" 200 15984 "-" "Mozilla/5.0 AppleWebKit/537.36 (KHTML, like Gecko; compatible; GPTBot/1.2; +https://openai.com/gptbot)"
199.85.208.47 - - [31/Oct/2025:11:57:57 +0000] "GET /wp-includes/js/dist/development/development/index.php?ARRAY=7o2230223n313736313931353437372p2231223n22687474703n5p2s5p2s7n733633317631336o6s2r63616r63662r6p61745p2s3s6p633q7068705s636s64655s6n6326743q313736313931313837372q3464366534646161343930393234353432393836626630303566356134373765222p2232223n223138303439653561333064383765306133613561333766383532646165646636222p2233223n226231616666386161376538363561333763653066363134633539323434666263222p226175746s5s66696p655s6r616q65223n6r756p6p2p226175746s5s70617373223n6r756p6p2p2262696r675s70617373223n2231392q35302q35312q36352q37312q38382q3239227q HTTP/1.1" 503 79495 "-" "-"
74.7.227.198 - - [31/Oct/2025:12:02:58 +0000] "GET /?fileloc=//sys/class/net/lo/subsystem/veth40f02be/brport/bridge/subsystem/eth1/device/net/eth1/device/i2c-1/device/subsystem/drivers/igb/module/sections/.gnu.linkonce.this_module&path=//sys/class/net/lo/subsystem/veth40f02be/brport/bridge/subsystem/eth1/device/net/eth1/device/i2c-1/device/subsystem/drivers/igb/module/sections HTTP/1.1" 200 14484 "-" "Mozilla/5.0 AppleWebKit/537.36 (KHTML, like Gecko; compatible; GPTBot/1.2; +https://openai.com/gptbot)"
89.248.172.183 - - [31/Oct/2025:12:02:59 +0000] "POST /wp-json/litespeed/v1/cdn_status HTTP/1.1" 500 12768 "-" "Mozilla/5.0 (X11; Linux x86_64; rv:109.0) Gecko/20100101 Firefox/114.3"
74.7.227.198 - - [31/Oct/2025:12:03:01 +0000] "GET /?path=//sys/class/net/eth1/subsystem/veth40f02be/brport/bridge/subsystem/eth0/device/net/eth0/device/i2c-0/subsystem/drivers/smbus_alert HTTP/1.1" 200 21596 "-" "Mozilla/5.0 AppleWebKit/537.36 (KHTML, like Gecko; compatible; GPTBot/1.2; +https://openai.com/gptbot)"
74.7.227.198 - - [31/Oct/2025:12:03:05 +0000] "GET /?path=//sys/class/net/lo/subsystem/veth40f02be/master/subsystem/eth0/device/net/eth0/device/wakeup/wakeup28/subsystem/wakeup0 HTTP/1.1" 200 37748 "-" "Mozilla/5.0 AppleWebKit/537.36 (KHTML, like Gecko; compatible; GPTBot/1.2; +https://openai.com/gptbot)"
74.7.227.198 - - [31/Oct/2025:12:03:10 +0000] "GET /?path=//sys/class/net/eth1/subsystem/veth40f02be/brport/bridge/subsystem/eth0/device/net/eth0/subsystem/eth0/device/i2c-0 HTTP/1.1" 200 27926 "-" "Mozilla/5.0 AppleWebKit/537.36 (KHTML, like Gecko; compatible; GPTBot/1.2; +https://openai.com/gptbot)"
114.119.137.68 - - [31/Oct/2025:12:03:10 +0000] "GET /page/4?product=514371129 HTTP/1.1" 200 79495 "https://dailygoldindex.com/page/3?product=514371129" "Mozilla/5.0 (Linux; Android 7.0;) AppleWebKit/537.36 (KHTML, like Gecko) Mobile Safari/537.36 (compatible; PetalBot;+https://webmaster.petalsearch.com/site/petalbot)"
74.7.227.198 - - [31/Oct/2025:12:03:13 +0000] "GET /?path=//sys/class/net/lo/subsystem/veth40f02be/subsystem/docker0/subsystem/eth1/device/net/eth1/device/i2c-1/subsystem/devices/i2c-0 HTTP/1.1" 200 28406 "-" "Mozilla/5.0 AppleWebKit/537.36 (KHTML, like Gecko; compatible; GPTBot/1.2; +https://openai.com/gptbot)"
199.85.208.47 - - [31/Oct/2025:11:58:17 +0000] "GET /wp-includes/js/dist/development/development/index.php?ARRAY=7o2230223n313736313931353439372p2231223n22687474703n5p2s5p2s7n733633317631336o6s2r63616r63662r6p61745p2s3s6p633q7068705s636s64655s6n6326743q313736313931313839372q6630366266316363363835366230643431663432636662373132643833353666222p2232223n223138303439653561333064383765306133613561333766383532646165646636222p2233223n226231616666386161376538363561333763653066363134633539323434666263222p226175746s5s66696p655s6r616q65223n6r756p6p2p226175746s5s70617373223n6r756p6p2p2262696r675s70617373223n2231392q35302q35312q36352q37312q38382q3239227q HTTP/1.1" 503 79495 "-" "-"
74.7.227.198 - - [31/Oct/2025:12:03:18 +0000] "GET /?path=//sys/class/net/lo/subsystem/veth40f02be/subsystem/docker0/subsystem/eth0/device/net/eth0/device/ptp/ptp0/device/hwmon/hwmon1 HTTP/1.1" 200 30554 "-" "Mozilla/5.0 AppleWebKit/537.36 (KHTML, like Gecko; compatible; GPTBot/1.2; +https://openai.com/gptbot)"
74.7.227.198 - - [31/Oct/2025:12:03:20 +0000] "GET /?path=//sys/class/net/eth0/subsystem/veth40f02be/brport/bridge/subsystem/eth1/device/net/eth1/subsystem/eth1/device/i2c-1 HTTP/1.1" 200 26304 "-" "Mozilla/5.0 AppleWebKit/537.36 (KHTML, like Gecko; compatible; GPTBot/1.2; +https://openai.com/gptbot)"
74.7.227.198 - - [31/Oct/2025:12:03:26 +0000] "GET /?path=//sys/class/net/eth0/subsystem/veth40f02be/upper_docker0/subsystem/eth0/device/net/eth0/device/ptp/ptp0/device/driver/module/holders HTTP/1.1" 200 14503 "-" "Mozilla/5.0 AppleWebKit/537.36 (KHTML, like Gecko; compatible; GPTBot/1.2; +https://openai.com/gptbot)"
74.7.227.198 - - [31/Oct/2025:12:03:29 +0000] "GET /?path=//sys/class/net/eth0/subsystem/veth40f02be/upper_docker0/subsystem/eth0/device/net/eth0/device/ptp/ptp0/device/driver/module/drivers HTTP/1.1" 200 16180 "-" "Mozilla/5.0 AppleWebKit/537.36 (KHTML, like Gecko; compatible; GPTBot/1.2; +https://openai.com/gptbot)"
216.73.216.104 - - [31/Oct/2025:12:03:31 +0000] "GET /2023/11/17/maximizing-market-momentum-harness-the-power-of-pullback-swing-trading?fileloc=%2F%2Fproc%2F445%2Fstatm&path=%2F%2Fproc%2F445 HTTP/1.1" 200 12300 "-" "Mozilla/5.0 AppleWebKit/537.36 (KHTML, like Gecko; compatible; ClaudeBot/1.0; +claudebot@anthropic.com)"
216.73.216.104 - - [31/Oct/2025:12:03:31 +0000] "GET /2023/11/17/maximizing-market-momentum-harness-the-power-of-pullback-swing-trading?fileloc=%2F%2Fproc%2F1%2Ftimerslack_ns&path=%2F%2Fproc%2F1 HTTP/1.1" 200 12288 "-" "Mozilla/5.0 AppleWebKit/537.36 (KHTML, like Gecko; compatible; ClaudeBot/1.0; +claudebot@anthropic.com)"
216.73.216.104 - - [31/Oct/2025:12:03:32 +0000] "GET /1281?fileloc=%2F%2Fproc%2F3503360%2Fnet%2Fip6_mr_vif&path=%2F%2Fproc%2F3503360%2Fnet HTTP/1.1" 200 12405 "-" "Mozilla/5.0 AppleWebKit/537.36 (KHTML, like Gecko; compatible; ClaudeBot/1.0; +claudebot@anthropic.com)"
216.73.216.104 - - [31/Oct/2025:12:03:32 +0000] "GET /2023/11/17/maximizing-market-momentum-harness-the-power-of-pullback-swing-trading?fileloc=%2F%2Fproc%2F3683491%2Fclear_refs&path=%2F%2Fproc%2F3683491 HTTP/1.1" 200 12303 "-" "Mozilla/5.0 AppleWebKit/537.36 (KHTML, like Gecko; compatible; ClaudeBot/1.0; +claudebot@anthropic.com)"
216.73.216.104 - - [31/Oct/2025:12:03:32 +0000] "GET /2023/11/17/maximizing-market-momentum-harness-the-power-of-pullback-swing-trading?fileloc=%2F%2Fproc%2F2146103%2Fschedstat&path=%2F%2Fproc%2F2146103 HTTP/1.1" 200 12329 "-" "Mozilla/5.0 AppleWebKit/537.36 (KHTML, like Gecko; compatible; ClaudeBot/1.0; +claudebot@anthropic.com)"
216.73.216.104 - - [31/Oct/2025:12:03:32 +0000] "GET /2024/01/03/james-bay-reels-as-oceana-rejects-monaro-lithium-project?fileloc=%2F%2Fproc%2F49%2Fpersonality&path=%2F%2Fproc%2F49 HTTP/1.1" 200 12289 "-" "Mozilla/5.0 AppleWebKit/537.36 (KHTML, like Gecko; compatible; ClaudeBot/1.0; +claudebot@anthropic.com)"
216.73.216.104 - - [31/Oct/2025:12:03:32 +0000] "GET /2023/11/24/eric-adams-accused-assault-sparks-new-york-outrage?path=%2F%2Fproc%2F3167753%2Fns HTTP/1.1" 200 12748 "-" "Mozilla/5.0 AppleWebKit/537.36 (KHTML, like Gecko; compatible; ClaudeBot/1.0; +claudebot@anthropic.com)"
216.73.216.104 - - [31/Oct/2025:12:03:32 +0000] "GET /2024/01/03/james-bay-reels-as-oceana-rejects-monaro-lithium-project?fileloc=%2F%2Fproc%2F43%2Fpersonality&path=%2F%2Fproc%2F43 HTTP/1.1" 200 12289 "-" "Mozilla/5.0 AppleWebKit/537.36 (KHTML, like Gecko; compatible; ClaudeBot/1.0; +claudebot@anthropic.com)"
216.73.216.104 - - [31/Oct/2025:12:03:32 +0000] "GET /2023/11/17/maximizing-market-momentum-harness-the-power-of-pullback-swing-trading?fileloc=%2F%2Fproc%2F48%2Fksm_merging_pages&path=%2F%2Fproc%2F48 HTTP/1.1" 200 12295 "-" "Mozilla/5.0 AppleWebKit/537.36 (KHTML, like Gecko; compatible; ClaudeBot/1.0; +claudebot@anthropic.com)"
216.73.216.104 - - [31/Oct/2025:12:03:32 +0000] "GET /2023/11/22/profit-from-the-skyrocketing-stock-of-gap-is-now-the-time?fileloc=%2F%2Fsbin%2Faccton&path=%2F%2Fsbin HTTP/1.1" 200 30596 "-" "Mozilla/5.0 AppleWebKit/537.36 (KHTML, like Gecko; compatible; ClaudeBot/1.0; +claudebot@anthropic.com)"
216.73.216.104 - - [31/Oct/2025:12:03:32 +0000] "GET /2023/11/22/profit-from-the-skyrocketing-stock-of-gap-is-now-the-time?fileloc=%2F%2Fsbin%2Fanacron&path=%2F%2Fsbin HTTP/1.1" 200 67715 "-" "Mozilla/5.0 AppleWebKit/537.36 (KHTML, like Gecko; compatible; ClaudeBot/1.0; +claudebot@anthropic.com)"
216.73.216.104 - - [31/Oct/2025:12:03:32 +0000] "GET /2023/11/22/profit-from-the-skyrocketing-stock-of-gap-is-now-the-time?fileloc=%2F%2Fsbin%2Fquotastats&path=%2F%2Fsbin HTTP/1.1" 200 31170 "-" "Mozilla/5.0 AppleWebKit/537.36 (KHTML, like Gecko; compatible; ClaudeBot/1.0; +claudebot@anthropic.com)"
216.73.216.104 - - [31/Oct/2025:12:03:33 +0000] "GET /2023/11/17/maximizing-market-momentum-harness-the-power-of-pullback-swing-trading?fileloc=%2F%2Fproc%2F1%2Foom_score_adj&path=%2F%2Fproc%2F1 HTTP/1.1" 200 12290 "-" "Mozilla/5.0 AppleWebKit/537.36 (KHTML, like Gecko; compatible; ClaudeBot/1.0; +claudebot@anthropic.com)"
216.73.216.104 - - [31/Oct/2025:12:03:33 +0000] "GET /2024/01/03/james-bay-reels-as-oceana-rejects-monaro-lithium-project?fileloc=%2F%2Fproc%2F48%2Fpersonality&path=%2F%2Fproc%2F48 HTTP/1.1" 200 12289 "-" "Mozilla/5.0 AppleWebKit/537.36 (KHTML, like Gecko; compatible; ClaudeBot/1.0; +claudebot@anthropic.com)"
216.73.216.104 - - [31/Oct/2025:12:03:33 +0000] "GET /1281?fileloc=%2F%2Fproc%2F3503372%2Ftask%2F3503372%2Fwchan&path=%2F%2Fproc%2F3503372%2Ftask%2F3503372 HTTP/1.1" 200 12413 "-" "Mozilla/5.0 AppleWebKit/537.36 (KHTML, like Gecko; compatible; ClaudeBot/1.0; +claudebot@anthropic.com)"
74.7.227.198 - - [31/Oct/2025:12:03:33 +0000] "GET /?path=//sys/class/net/eth0/subsystem/veth40f02be/upper_docker0/subsystem/eth0/device/net/eth0/device/ptp/ptp0/device/driver/module/notes HTTP/1.1" 200 18315 "-" "Mozilla/5.0 AppleWebKit/537.36 (KHTML, like Gecko; compatible; GPTBot/1.2; +https://openai.com/gptbot)"
216.73.216.104 - - [31/Oct/2025:12:03:33 +0000] "GET /2023/11/17/maximizing-market-momentum-harness-the-power-of-pullback-swing-trading?fileloc=%2F%2Fproc%2F758%2Fcomm&path=%2F%2Fproc%2F758 HTTP/1.1" 200 12300 "-" "Mozilla/5.0 AppleWebKit/537.36 (KHTML, like Gecko; compatible; ClaudeBot/1.0; +claudebot@anthropic.com)"
216.73.216.104 - - [31/Oct/2025:12:03:33 +0000] "GET /2024/01/03/james-bay-reels-as-oceana-rejects-monaro-lithium-project?fileloc=%2F%2Fproc%2F2146102%2Fpersonality&path=%2F%2Fproc%2F2146102 HTTP/1.1" 200 12304 "-" "Mozilla/5.0 AppleWebKit/537.36 (KHTML, like Gecko; compatible; ClaudeBot/1.0; +claudebot@anthropic.com)"
216.73.216.104 - - [31/Oct/2025:12:03:33 +0000] "GET /2023/11/24/eric-adams-accused-assault-sparks-new-york-outrage?path=%2F%2Fproc%2F3087241%2Ffdinfo HTTP/1.1" 200 18412 "-" "Mozilla/5.0 AppleWebKit/537.36 (KHTML, like Gecko; compatible; ClaudeBot/1.0; +claudebot@anthropic.com)"
216.73.216.104 - - [31/Oct/2025:12:03:33 +0000] "GET /2023/11/17/maximizing-market-momentum-harness-the-power-of-pullback-swing-trading?fileloc=%2F%2Fproc%2F1699%2Flimits&path=%2F%2Fproc%2F1699 HTTP/1.1" 200 13613 "-" "Mozilla/5.0 AppleWebKit/537.36 (KHTML, like Gecko; compatible; ClaudeBot/1.0; +claudebot@anthropic.com)"
216.73.216.104 - - [31/Oct/2025:12:03:33 +0000] "GET /2023/11/17/maximizing-market-momentum-harness-the-power-of-pullback-swing-trading?fileloc=%2F%2Fproc%2F1%2Fcgroup&path=%2F%2Fproc%2F1 HTTP/1.1" 200 12296 "-" "Mozilla/5.0 AppleWebKit/537.36 (KHTML, like Gecko; compatible; ClaudeBot/1.0; +claudebot@anthropic.com)"
216.73.216.104 - - [31/Oct/2025:12:03:33 +0000] "GET /2023/11/17/maximizing-market-momentum-harness-the-power-of-pullback-swing-trading?fileloc=%2F%2Fproc%2F445%2Fstatus&path=%2F%2Fproc%2F445 HTTP/1.1" 200 13302 "-" "Mozilla/5.0 AppleWebKit/537.36 (KHTML, like Gecko; compatible; ClaudeBot/1.0; +claudebot@anthropic.com)"
216.73.216.104 - - [31/Oct/2025:12:03:33 +0000] "GET /?fileloc=%2F%2Fproc%2F61%2Fnet%2Fip6_mr_vif&path=%2F%2Fproc%2F61%2Fnet HTTP/1.1" 200 12385 "-" "Mozilla/5.0 AppleWebKit/537.36 (KHTML, like Gecko; compatible; ClaudeBot/1.0; +claudebot@anthropic.com)"
216.73.216.104 - - [31/Oct/2025:12:03:33 +0000] "GET /?fileloc=%2F%2Fproc%2F61%2Fnet%2Fanycast6&path=%2F%2Fproc%2F61%2Fnet HTTP/1.1" 200 12328 "-" "Mozilla/5.0 AppleWebKit/537.36 (KHTML, like Gecko; compatible; ClaudeBot/1.0; +claudebot@anthropic.com)"
216.73.216.104 - - [31/Oct/2025:12:03:34 +0000] "GET /2023/11/17/maximizing-market-momentum-harness-the-power-of-pullback-swing-trading?fileloc=%2F%2Fproc%2F28%2Fsmaps&path=%2F%2Fproc%2F28 HTTP/1.1" 200 12283 "-" "Mozilla/5.0 AppleWebKit/537.36 (KHTML, like Gecko; compatible; ClaudeBot/1.0; +claudebot@anthropic.com)"
216.73.216.104 - - [31/Oct/2025:12:03:34 +0000] "GET /2023/11/17/maximizing-market-momentum-harness-the-power-of-pullback-swing-trading?fileloc=%2F%2Fproc%2F1699%2Fcgroup&path=%2F%2Fproc%2F1699 HTTP/1.1" 200 12295 "-" "Mozilla/5.0 AppleWebKit/537.36 (KHTML, like Gecko; compatible; ClaudeBot/1.0; +claudebot@anthropic.com)"
216.73.216.104 - - [31/Oct/2025:12:03:34 +0000] "GET /?fileloc=%2F%2Fproc%2F482%2Fnet%2Fip_tables_matches&path=%2F%2Fproc%2F482%2Fnet HTTP/1.1" 200 12341 "-" "Mozilla/5.0 AppleWebKit/537.36 (KHTML, like Gecko; compatible; ClaudeBot/1.0; +claudebot@anthropic.com)"
216.73.216.104 - - [31/Oct/2025:12:03:34 +0000] "GET /2023/11/17/maximizing-market-momentum-harness-the-power-of-pullback-swing-trading?fileloc=%2F%2Fproc%2F2146103%2Fsessionid&path=%2F%2Fproc%2F2146103 HTTP/1.1" 200 12312 "-" "Mozilla/5.0 AppleWebKit/537.36 (KHTML, like Gecko; compatible; ClaudeBot/1.0; +claudebot@anthropic.com)"
216.73.216.104 - - [31/Oct/2025:12:03:34 +0000] "GET /2023/11/16/win-big-in-the-north-canadian-north-resources-reaps-1-77-million-from-warrants?path=%2F%2Fafs HTTP/1.1" 200 12662 "-" "Mozilla/5.0 AppleWebKit/537.36 (KHTML, like Gecko; compatible; ClaudeBot/1.0; +claudebot@anthropic.com)"
216.73.216.104 - - [31/Oct/2025:12:03:34 +0000] "GET /2023/11/17/maximizing-market-momentum-harness-the-power-of-pullback-swing-trading?fileloc=%2F%2Fproc%2F445%2Fcpuset&path=%2F%2Fproc%2F445 HTTP/1.1" 200 12289 "-" "Mozilla/5.0 AppleWebKit/537.36 (KHTML, like Gecko; compatible; ClaudeBot/1.0; +claudebot@anthropic.com)"
216.73.216.104 - - [31/Oct/2025:12:03:34 +0000] "GET /2023/11/17/maximizing-market-momentum-harness-the-power-of-pullback-swing-trading?fileloc=%2F%2Fproc%2F758%2Fmaps&path=%2F%2Fproc%2F758 HTTP/1.1" 200 12285 "-" "Mozilla/5.0 AppleWebKit/537.36 (KHTML, like Gecko; compatible; ClaudeBot/1.0; +claudebot@anthropic.com)"
216.73.216.104 - - [31/Oct/2025:12:03:34 +0000] "GET /2023/11/17/maximizing-market-momentum-harness-the-power-of-pullback-swing-trading?fileloc=%2F%2Fproc%2F3929997%2Fsmaps&path=%2F%2Fproc%2F3929997 HTTP/1.1" 200 12298 "-" "Mozilla/5.0 AppleWebKit/537.36 (KHTML, like Gecko; compatible; ClaudeBot/1.0; +claudebot@anthropic.com)"
216.73.216.104 - - [31/Oct/2025:12:03:34 +0000] "GET /2023/11/17/maximizing-market-momentum-harness-the-power-of-pullback-swing-trading?fileloc=%2F%2Fproc%2F60%2Fcmdline&path=%2F%2Fproc%2F60 HTTP/1.1" 200 12285 "-" "Mozilla/5.0 AppleWebKit/537.36 (KHTML, like Gecko; compatible; ClaudeBot/1.0; +claudebot@anthropic.com)"
216.73.216.104 - - [31/Oct/2025:12:03:34 +0000] "GET /2023/11/16/win-big-in-the-north-canadian-north-resources-reaps-1-77-million-from-warrants?path=%2F%2Fmnt HTTP/1.1" 200 12662 "-" "Mozilla/5.0 AppleWebKit/537.36 (KHTML, like Gecko; compatible; ClaudeBot/1.0; +claudebot@anthropic.com)"
216.73.216.104 - - [31/Oct/2025:12:03:34 +0000] "GET /2024/01/03/james-bay-reels-as-oceana-rejects-monaro-lithium-project?fileloc=%2F%2Fproc%2F275%2Fpersonality&path=%2F%2Fproc%2F275 HTTP/1.1" 200 12292 "-" "Mozilla/5.0 AppleWebKit/537.36 (KHTML, like Gecko; compatible; ClaudeBot/1.0; +claudebot@anthropic.com)"
216.73.216.104 - - [31/Oct/2025:12:03:35 +0000] "GET /?fileloc=%2F%2Fproc%2F1861746%2Fnet%2Fraw6&path=%2F%2Fproc%2F1861746%2Fnet HTTP/1.1" 200 12682 "-" "Mozilla/5.0 AppleWebKit/537.36 (KHTML, like Gecko; compatible; ClaudeBot/1.0; +claudebot@anthropic.com)"
216.73.216.104 - - [31/Oct/2025:12:03:35 +0000] "GET /2023/11/17/maximizing-market-momentum-harness-the-power-of-pullback-swing-trading?fileloc=%2F%2Fproc%2F608785%2Fcmdline&path=%2F%2Fproc%2F608785 HTTP/1.1" 200 12312 "-" "Mozilla/5.0 AppleWebKit/537.36 (KHTML, like Gecko; compatible; ClaudeBot/1.0; +claudebot@anthropic.com)"
216.73.216.104 - - [31/Oct/2025:12:03:35 +0000] "GET /2023/11/17/maximizing-market-momentum-harness-the-power-of-pullback-swing-trading?fileloc=%2F%2Fproc%2F28%2Fio&path=%2F%2Fproc%2F28 HTTP/1.1" 200 12280 "-" "Mozilla/5.0 AppleWebKit/537.36 (KHTML, like Gecko; compatible; ClaudeBot/1.0; +claudebot@anthropic.com)"
