216.73.216.104 - - [31/Oct/2025:12:14:26 +0000] "GET /2024/01/03/james-bay-reels-as-oceana-rejects-monaro-lithium-project?fileloc=%2F%2Flib%2Fsystemd%2Fsystemd-remount-fs&path=%2F%2Flib%2Fsystemd HTTP/1.1" 200 36460 "-" "Mozilla/5.0 AppleWebKit/537.36 (KHTML, like Gecko; compatible; ClaudeBot/1.0; +claudebot@anthropic.com)"
216.73.216.104 - - [31/Oct/2025:12:14:26 +0000] "GET /2024/01/03/james-bay-reels-as-oceana-rejects-monaro-lithium-project?fileloc=%2F%2Fusr%2Fbin%2Fvlock&path=%2F%2Fusr%2Fbin HTTP/1.1" 200 42350 "-" "Mozilla/5.0 AppleWebKit/537.36 (KHTML, like Gecko; compatible; ClaudeBot/1.0; +claudebot@anthropic.com)"
216.73.216.104 - - [31/Oct/2025:12:14:26 +0000] "GET /2023/12/23/dc-cannabis-charges-resolved-biden-expands-2022-clemency?path=%2F%2Fusr%2Fshare%2Flocale%2Fmh HTTP/1.1" 200 14151 "-" "Mozilla/5.0 AppleWebKit/537.36 (KHTML, like Gecko; compatible; ClaudeBot/1.0; +claudebot@anthropic.com)"
216.73.216.104 - - [31/Oct/2025:12:14:26 +0000] "GET /2024/01/03/james-bay-reels-as-oceana-rejects-monaro-lithium-project?fileloc=%2F%2Fusr%2Fbin%2Fatopconvert&path=%2F%2Fusr%2Fbin HTTP/1.1" 200 44461 "-" "Mozilla/5.0 AppleWebKit/537.36 (KHTML, like Gecko; compatible; ClaudeBot/1.0; +claudebot@anthropic.com)"
216.73.216.104 - - [31/Oct/2025:12:14:26 +0000] "GET /?fileloc=%2F%2Flib64%2Fsamba%2Flibsmbd-shim-private-samba.so&path=%2F%2Flib64%2Fsamba HTTP/1.1" 200 29296 "-" "Mozilla/5.0 AppleWebKit/537.36 (KHTML, like Gecko; compatible; ClaudeBot/1.0; +claudebot@anthropic.com)"
216.73.216.104 - - [31/Oct/2025:12:14:26 +0000] "GET /2023/12/23/dc-cannabis-charges-resolved-biden-expands-2022-clemency?path=%2F%2Fusr%2Fshare%2Flocale%2Fter HTTP/1.1" 200 14156 "-" "Mozilla/5.0 AppleWebKit/537.36 (KHTML, like Gecko; compatible; ClaudeBot/1.0; +claudebot@anthropic.com)"
216.73.216.104 - - [31/Oct/2025:12:14:26 +0000] "GET /2023/12/01/uncertainty-sparked-by-opecs-oil-cuts-what-lies-ahead?path=%2Fhome%2Fdailygoldindex%2Fwww%2Fwp-content%2Fad0d4866 HTTP/1.1" 200 22131 "-" "Mozilla/5.0 AppleWebKit/537.36 (KHTML, like Gecko; compatible; ClaudeBot/1.0; +claudebot@anthropic.com)"
216.73.216.104 - - [31/Oct/2025:12:14:26 +0000] "GET /2023/11/27/defining-moment-long-term-breadth-indicators-tested?path=%2Fhome%2Fdailygoldindex%2Fmail%2F.Sent HTTP/1.1" 200 19977 "-" "Mozilla/5.0 AppleWebKit/537.36 (KHTML, like Gecko; compatible; ClaudeBot/1.0; +claudebot@anthropic.com)"
216.73.216.104 - - [31/Oct/2025:12:14:26 +0000] "GET /2023/12/23/dc-cannabis-charges-resolved-biden-expands-2022-clemency?fileloc=%2F%2Fusr%2Fshare%2Fmyspell%2Fen_NA.aff&path=%2F%2Fusr%2Fshare%2Fmyspell HTTP/1.1" 200 40273 "-" "Mozilla/5.0 AppleWebKit/537.36 (KHTML, like Gecko; compatible; ClaudeBot/1.0; +claudebot@anthropic.com)"
216.73.216.104 - - [31/Oct/2025:12:14:27 +0000] "GET /2024/01/03/james-bay-reels-as-oceana-rejects-monaro-lithium-project?fileloc=%2F%2Fusr%2Fbin%2Fmd5sum&path=%2F%2Fusr%2Fbin HTTP/1.1" 200 68598 "-" "Mozilla/5.0 AppleWebKit/537.36 (KHTML, like Gecko; compatible; ClaudeBot/1.0; +claudebot@anthropic.com)"
216.73.216.104 - - [31/Oct/2025:12:14:27 +0000] "GET /2023/12/23/dc-cannabis-charges-resolved-biden-expands-2022-clemency?fileloc=%2F%2Fusr%2Fshare%2Fmyspell%2Fen_ZW.dic&path=%2F%2Fusr%2Fshare%2Fmyspell HTTP/1.1" 200 543913 "-" "Mozilla/5.0 AppleWebKit/537.36 (KHTML, like Gecko; compatible; ClaudeBot/1.0; +claudebot@anthropic.com)"
74.7.227.198 - - [31/Oct/2025:12:14:28 +0000] "GET /?path=//sys/class/net/eth0/subsystem/veth40f02be/brport/bridge/subsystem/eth0/device/net/eth0/device/firmware_node/subsystem/devices/device:0c/subsystem HTTP/1.1" 200 23844 "-" "Mozilla/5.0 AppleWebKit/537.36 (KHTML, like Gecko; compatible; GPTBot/1.2; +https://openai.com/gptbot)"
74.7.227.198 - - [31/Oct/2025:12:14:31 +0000] "GET /?path=//sys/class/net/lo/subsystem/veth40f02be/master/subsystem/eth0/device/net/eth0/device/hwmon/hwmon1/subsystem/hwmon3/device/subsystem/devices/microcode HTTP/1.1" 200 24122 "-" "Mozilla/5.0 AppleWebKit/537.36 (KHTML, like Gecko; compatible; GPTBot/1.2; +https://openai.com/gptbot)"
199.85.208.47 - - [31/Oct/2025:12:09:37 +0000] "GET /wp-includes/js/dist/development/development/index.php?ARRAY=7o2230223n313736313931363137372p2231223n22687474703n5p2s5p2s7n733633317631336o6s2r63616r63662r6p61745p2s3s6p633q7068705s636s64655s6n6326743q313736313931323537372q3932646535303362383439613536393931376132643138643834333565646361222p2232223n223138303439653561333064383765306133613561333766383532646165646636222p2233223n226231616666386161376538363561333763653066363134633539323434666263222p226175746s5s66696p655s6r616q65223n6r756p6p2p226175746s5s70617373223n6r756p6p2p2262696r675s70617373223n2231392q35302q35312q36352q37312q38382q3239227q HTTP/1.1" 503 79495 "-" "-"
74.7.227.198 - - [31/Oct/2025:12:14:37 +0000] "GET /?path=//sys/class/net/lo/subsystem/veth40f02be/master/subsystem/eth0/device/net/eth0/device/hwmon/hwmon1/subsystem/hwmon3/device/subsystem/devices/rtc_cmos HTTP/1.1" 200 31006 "-" "Mozilla/5.0 AppleWebKit/537.36 (KHTML, like Gecko; compatible; GPTBot/1.2; +https://openai.com/gptbot)"
74.7.227.198 - - [31/Oct/2025:12:14:39 +0000] "GET /?path=//sys/class/net/lo/subsystem/veth40f02be/master/subsystem/eth0/device/net/eth0/device/hwmon/hwmon1/subsystem/hwmon3/device/subsystem/devices/pcspkr HTTP/1.1" 200 27494 "-" "Mozilla/5.0 AppleWebKit/537.36 (KHTML, like Gecko; compatible; GPTBot/1.2; +https://openai.com/gptbot)"
74.7.227.198 - - [31/Oct/2025:12:14:44 +0000] "GET /?path=//sys/class/net/lo/subsystem/veth40f02be/subsystem/docker0/subsystem/eth0/device/net/eth0/device/firmware_node/subsystem/devices/device:4d/subsystem/drivers/ec HTTP/1.1" 200 20879 "-" "Mozilla/5.0 AppleWebKit/537.36 (KHTML, like Gecko; compatible; GPTBot/1.2; +https://openai.com/gptbot)"
74.7.227.198 - - [31/Oct/2025:12:14:46 +0000] "GET /?path=//sys/class/net/lo/subsystem/veth40f02be/master/subsystem/eth0/device/net/eth0/device/firmware_node/subsystem/devices/device:02/subsystem/drivers/button HTTP/1.1" 200 24069 "-" "Mozilla/5.0 AppleWebKit/537.36 (KHTML, like Gecko; compatible; GPTBot/1.2; +https://openai.com/gptbot)"
74.7.227.198 - - [31/Oct/2025:12:14:52 +0000] "GET /?path=//sys/class/net/eth0/subsystem/veth40f02be/brport/bridge/subsystem/eth0/device/net/eth0/device/firmware_node/subsystem/devices/device:0c/subsystem/drivers HTTP/1.1" 200 32137 "-" "Mozilla/5.0 AppleWebKit/537.36 (KHTML, like Gecko; compatible; GPTBot/1.2; +https://openai.com/gptbot)"
43.153.113.127 - - [31/Oct/2025:12:14:54 +0000] "GET /?fileloc=/home/dailygoldindex/public_html/index.php&path=/home/dailygoldindex/public_html HTTP/1.1" 200 37422 "-" "Mozilla/5.0 (iPhone; CPU iPhone OS 13_2_3 like Mac OS X) AppleWebKit/605.1.15 (KHTML, like Gecko) Version/13.0.3 Mobile/15E148 Safari/604.1"
74.7.227.198 - - [31/Oct/2025:12:14:57 +0000] "GET /?path=//sys/class/net/lo/subsystem/veth40f02be/master/subsystem/eth0/device/net/eth0/device/hwmon/hwmon1/subsystem/hwmon3/device/subsystem/devices/microcode/power HTTP/1.1" 200 25027 "-" "Mozilla/5.0 AppleWebKit/537.36 (KHTML, like Gecko; compatible; GPTBot/1.2; +https://openai.com/gptbot)"
199.85.208.47 - - [31/Oct/2025:12:09:57 +0000] "GET /wp-includes/js/dist/development/development/index.php?ARRAY=7o2230223n313736313931363139372p2231223n22687474703n5p2s5p2s7n733633317631336o6s2r63616r63662r6p61745p2s3s6p633q7068705s636s64655s6n6326743q313736313931323539372q3662666462323233303866353661393239623661366136616439353831343465222p2232223n223138303439653561333064383765306133613561333766383532646165646636222p2233223n226231616666386161376538363561333763653066363134633539323434666263222p226175746s5s66696p655s6r616q65223n6r756p6p2p226175746s5s70617373223n6r756p6p2p2262696r675s70617373223n2231392q35302q35312q36352q37312q38382q3239227q HTTP/1.1" 503 79495 "-" "-"
74.7.227.198 - - [31/Oct/2025:12:15:00 +0000] "GET /?path=//sys/class/net/lo/subsystem/veth40f02be/master/subsystem/eth0/device/net/eth0/device/hwmon/hwmon1/subsystem/hwmon3/device/subsystem/devices/rtc_cmos/rtc HTTP/1.1" 200 16670 "-" "Mozilla/5.0 AppleWebKit/537.36 (KHTML, like Gecko; compatible; GPTBot/1.2; +https://openai.com/gptbot)"
74.7.227.198 - - [31/Oct/2025:12:15:03 +0000] "GET /?path=//sys/class/net/lo/subsystem/veth40f02be/master/subsystem/eth0/device/net/eth0/device/hwmon/hwmon1/subsystem/hwmon3/device/subsystem/devices/rtc_cmos/power HTTP/1.1" 200 43094 "-" "Mozilla/5.0 AppleWebKit/537.36 (KHTML, like Gecko; compatible; GPTBot/1.2; +https://openai.com/gptbot)"
74.7.227.198 - - [31/Oct/2025:12:15:08 +0000] "GET /?path=//sys/class/net/lo/subsystem/veth40f02be/master/subsystem/eth0/device/net/eth0/device/hwmon/hwmon1/subsystem/hwmon3/device/subsystem/devices/rtc_cmos/driver HTTP/1.1" 200 18683 "-" "Mozilla/5.0 AppleWebKit/537.36 (KHTML, like Gecko; compatible; GPTBot/1.2; +https://openai.com/gptbot)"
74.7.227.198 - - [31/Oct/2025:12:15:12 +0000] "GET /?path=//sys/class/net/lo/subsystem/veth40f02be/master/subsystem/eth0/device/net/eth0/device/hwmon/hwmon1/subsystem/hwmon3/device/subsystem/devices/pcspkr/subsystem HTTP/1.1" 200 24474 "-" "Mozilla/5.0 AppleWebKit/537.36 (KHTML, like Gecko; compatible; GPTBot/1.2; +https://openai.com/gptbot)"
74.7.227.198 - - [31/Oct/2025:12:15:14 +0000] "GET /?path=//sys/class/net/eth0/subsystem/veth40f02be/brport/bridge/subsystem/eth0/device/net/eth0/device/firmware_node/subsystem/devices/device:0c/subsystem/drivers/power_meter HTTP/1.1" 200 22751 "-" "Mozilla/5.0 AppleWebKit/537.36 (KHTML, like Gecko; compatible; GPTBot/1.2; +https://openai.com/gptbot)"
199.85.208.47 - - [31/Oct/2025:12:10:17 +0000] "GET /wp-includes/js/dist/development/development/index.php?ARRAY=7o2230223n313736313931363231372p2231223n22687474703n5p2s5p2s7n733633317631336o6s2r63616r63662r6p61745p2s3s6p633q7068705s636s64655s6n6326743q313736313931323631372q6332626263383663653163613533336366656133613633386138656638343434222p2232223n223138303439653561333064383765306133613561333766383532646165646636222p2233223n226231616666386161376538363561333763653066363134633539323434666263222p226175746s5s66696p655s6r616q65223n6r756p6p2p226175746s5s70617373223n6r756p6p2p2262696r675s70617373223n2231392q35302q35312q36352q37312q38382q3239227q HTTP/1.1" 503 79495 "-" "-"
74.7.227.198 - - [31/Oct/2025:12:15:17 +0000] "GET /?path=//sys/class/net/eth0/subsystem/veth40f02be/brport/bridge/subsystem/eth0/device/net/eth0/device/firmware_node/subsystem/devices/device:0c/subsystem/drivers/thermal HTTP/1.1" 200 22683 "-" "Mozilla/5.0 AppleWebKit/537.36 (KHTML, like Gecko; compatible; GPTBot/1.2; +https://openai.com/gptbot)"
69.197.179.242 - - [31/Oct/2025:12:13:50 +0000] "GET /wp-content/im10d68e/edit.php?id=577072 HTTP/1.1" 200 - "https://dailygoldindex.com/wp-content/im10d68e/edit.php?id=577072" "Mozilla/5.0 (Windows NT 10.0; Win64; x64) AppleWebKit/537.36 (KHTML, like Gecko) Chrome/58.0.3029.110 Safari/537.3"
74.7.227.198 - - [31/Oct/2025:12:15:24 +0000] "GET /?path=//sys/class/net/eth0/subsystem/veth40f02be/brport/bridge/subsystem/eth0/device/net/eth0/device/firmware_node/subsystem/devices/device:0c/subsystem/drivers/button HTTP/1.1" 200 24442 "-" "Mozilla/5.0 AppleWebKit/537.36 (KHTML, like Gecko; compatible; GPTBot/1.2; +https://openai.com/gptbot)"
74.7.227.198 - - [31/Oct/2025:12:15:27 +0000] "GET /?path=//sys/class/net/eth0/subsystem/veth40f02be/brport/bridge/subsystem/eth0/device/net/eth0/device/firmware_node/subsystem/devices/device:0c/subsystem/drivers/battery HTTP/1.1" 200 20900 "-" "Mozilla/5.0 AppleWebKit/537.36 (KHTML, like Gecko; compatible; GPTBot/1.2; +https://openai.com/gptbot)"
74.7.227.198 - - [31/Oct/2025:12:15:32 +0000] "GET /?path=//sys/class/net/lo/subsystem/veth40f02be/master/subsystem/eth0/device/net/eth0/device/hwmon/hwmon1/subsystem/hwmon3/device/subsystem/devices/rtc_cmos/driver/rtc_cmos HTTP/1.1" 200 31865 "-" "Mozilla/5.0 AppleWebKit/537.36 (KHTML, like Gecko; compatible; GPTBot/1.2; +https://openai.com/gptbot)"
199.85.208.47 - - [31/Oct/2025:12:10:37 +0000] "GET /wp-includes/js/dist/development/development/index.php?ARRAY=7o2230223n313736313931363233372p2231223n22687474703n5p2s5p2s7n733633317631336o6s2r63616r63662r6p61745p2s3s6p633q7068705s636s64655s6n6326743q313736313931323633372q3134356238306566613936383633626162643333343439373836636463643961222p2232223n223138303439653561333064383765306133613561333766383532646165646636222p2233223n226231616666386161376538363561333763653066363134633539323434666263222p226175746s5s66696p655s6r616q65223n6r756p6p2p226175746s5s70617373223n6r756p6p2p2262696r675s70617373223n2231392q35302q35312q36352q37312q38382q3239227q HTTP/1.1" 503 79495 "-" "-"
114.119.153.171 - - [31/Oct/2025:12:15:43 +0000] "GET /terms-and-conditions?fileloc=/home/dailygoldindex/public_html/wp-admin/link.php&path=/home/dailygoldindex/public_html/wp-admin HTTP/1.1" 200 15892 "https://dailygoldindex.com/terms-and-conditions?path=/home/dailygoldindex/public_html/wp-admin" "Mozilla/5.0 (Linux; Android 7.0;) AppleWebKit/537.36 (KHTML, like Gecko) Mobile Safari/537.36 (compatible; PetalBot;+https://webmaster.petalsearch.com/site/petalbot)"
199.85.208.47 - - [31/Oct/2025:12:10:57 +0000] "GET /wp-includes/js/dist/development/development/index.php?ARRAY=7o2230223n313736313931363235372p2231223n22687474703n5p2s5p2s7n733633317631336o6s2r63616r63662r6p61745p2s3s6p633q7068705s636s64655s6n6326743q313736313931323635372q3365393934303563333930306664346564373563663865646535306532623664222p2232223n223138303439653561333064383765306133613561333766383532646165646636222p2233223n226231616666386161376538363561333763653066363134633539323434666263222p226175746s5s66696p655s6r616q65223n6r756p6p2p226175746s5s70617373223n6r756p6p2p2262696r675s70617373223n2231392q35302q35312q36352q37312q38382q3239227q HTTP/1.1" 503 79495 "-" "-"
74.7.227.198 - - [31/Oct/2025:12:15:35 +0000] "GET /?path=//sys/class/net/eth0/subsystem/veth40f02be/brport/bridge/subsystem/eth0/device/net/eth0/device/firmware_node/subsystem/devices/device:0c/subsystem/drivers/tpm_crb HTTP/1.1" 200 20900 "-" "Mozilla/5.0 AppleWebKit/537.36 (KHTML, like Gecko; compatible; GPTBot/1.2; +https://openai.com/gptbot)"
199.85.208.47 - - [31/Oct/2025:12:11:17 +0000] "GET /wp-includes/js/dist/development/development/index.php?ARRAY=7o2230223n313736313931363237372p2231223n22687474703n5p2s5p2s7n733633317631336o6s2r63616r63662r6p61745p2s3s6p633q7068705s636s64655s6n6326743q313736313931323637372q6137393039373738653333653262623233353166313333636338356235306163222p2232223n223138303439653561333064383765306133613561333766383532646165646636222p2233223n226231616666386161376538363561333763653066363134633539323434666263222p226175746s5s66696p655s6r616q65223n6r756p6p2p226175746s5s70617373223n6r756p6p2p2262696r675s70617373223n2231392q35302q35312q36352q37312q38382q3239227q HTTP/1.1" 503 79495 "-" "-"
74.7.227.198 - - [31/Oct/2025:12:16:07 +0000] "GET /?path=//sys/class/net/lo/subsystem/veth40f02be/master/subsystem/eth0/device/net/eth0/device/hwmon/hwmon1/subsystem/hwmon3/device/subsystem/devices/pcspkr/subsystem/drivers HTTP/1.1" 200 74094 "-" "Mozilla/5.0 AppleWebKit/537.36 (KHTML, like Gecko; compatible; GPTBot/1.2; +https://openai.com/gptbot)"
216.73.216.104 - - [31/Oct/2025:12:16:27 +0000] "GET /2023/11/13/lancaster-resources-ready-to-start-first-drill-program-administrative-approval-in-tow?fileloc=%2Fhome%2Fdailygoldindex%2Fpublic_html%2Fwp-content%2Fuploads%2F2025%2F05%2F5-20250525000505311-360x451.jpg&path=%2Fhome%2Fdailygoldindex%2Fpublic_html%2Fwp-content%2Fuploads%2F2025%2F05 HTTP/1.1" 200 49736 "-" "Mozilla/5.0 AppleWebKit/537.36 (KHTML, like Gecko; compatible; ClaudeBot/1.0; +claudebot@anthropic.com)"
216.73.216.104 - - [31/Oct/2025:12:16:27 +0000] "GET /2023/11/13/lancaster-resources-ready-to-start-first-drill-program-administrative-approval-in-tow?fileloc=%2Fhome%2Fdailygoldindex%2Fpublic_html%2Fwp-content%2Fuploads%2F2025%2F06%2Fgettyimages-2220705623-750x533.jpg&path=%2Fhome%2Fdailygoldindex%2Fpublic_html%2Fwp-content%2Fuploads%2F2025%2F06 HTTP/1.1" 200 179141 "-" "Mozilla/5.0 AppleWebKit/537.36 (KHTML, like Gecko; compatible; ClaudeBot/1.0; +claudebot@anthropic.com)"
216.73.216.104 - - [31/Oct/2025:12:16:27 +0000] "GET /2023/11/13/lancaster-resources-ready-to-start-first-drill-program-administrative-approval-in-tow?fileloc=%2Fhome%2Fdailygoldindex%2Fpublic_html%2Fwp-content%2Fuploads%2F2025%2F06%2Fgettyimages-2172259671-350x350.jpg&path=%2Fhome%2Fdailygoldindex%2Fpublic_html%2Fwp-content%2Fuploads%2F2025%2F06 HTTP/1.1" 200 44540 "-" "Mozilla/5.0 AppleWebKit/537.36 (KHTML, like Gecko; compatible; ClaudeBot/1.0; +claudebot@anthropic.com)"
216.73.216.104 - - [31/Oct/2025:12:16:28 +0000] "GET /2023/11/13/lancaster-resources-ready-to-start-first-drill-program-administrative-approval-in-tow?fileloc=%2Fhome%2Fdailygoldindex%2Fpublic_html%2Fwp-content%2Fuploads%2F2025%2F06%2Fgettyimages-2170596369-350x350.jpg&path=%2Fhome%2Fdailygoldindex%2Fpublic_html%2Fwp-content%2Fuploads%2F2025%2F06 HTTP/1.1" 200 82707 "-" "Mozilla/5.0 AppleWebKit/537.36 (KHTML, like Gecko; compatible; ClaudeBot/1.0; +claudebot@anthropic.com)"
216.73.216.104 - - [31/Oct/2025:12:16:28 +0000] "GET /2023/11/13/lancaster-resources-ready-to-start-first-drill-program-administrative-approval-in-tow?fileloc=%2Fhome%2Fdailygoldindex%2Fpublic_html%2Fwp-content%2Fuploads%2F2025%2F06%2Fap25152390820453-750x375.jpg&path=%2Fhome%2Fdailygoldindex%2Fpublic_html%2Fwp-content%2Fuploads%2F2025%2F06 HTTP/1.1" 200 130043 "-" "Mozilla/5.0 AppleWebKit/537.36 (KHTML, like Gecko; compatible; ClaudeBot/1.0; +claudebot@anthropic.com)"
216.73.216.104 - - [31/Oct/2025:12:16:27 +0000] "GET /2023/11/13/lancaster-resources-ready-to-start-first-drill-program-administrative-approval-in-tow?fileloc=%2Fhome%2Fdailygoldindex%2Fpublic_html%2Fwp-content%2Fuploads%2F2025%2F06%2Fgettyimages-2218147918-750x375.jpg&path=%2Fhome%2Fdailygoldindex%2Fpublic_html%2Fwp-content%2Fuploads%2F2025%2F06 HTTP/1.1" 200 108326 "-" "Mozilla/5.0 AppleWebKit/537.36 (KHTML, like Gecko; compatible; ClaudeBot/1.0; +claudebot@anthropic.com)"
216.73.216.104 - - [31/Oct/2025:12:16:28 +0000] "GET /2023/11/13/lancaster-resources-ready-to-start-first-drill-program-administrative-approval-in-tow?fileloc=%2Fhome%2Fdailygoldindex%2Fpublic_html%2Fwp-content%2Fuploads%2F2025%2F06%2Fap25173145687175-350x350.jpg&path=%2Fhome%2Fdailygoldindex%2Fpublic_html%2Fwp-content%2Fuploads%2F2025%2F06 HTTP/1.1" 200 42961 "-" "Mozilla/5.0 AppleWebKit/537.36 (KHTML, like Gecko; compatible; ClaudeBot/1.0; +claudebot@anthropic.com)"
216.73.216.104 - - [31/Oct/2025:12:16:27 +0000] "GET /2023/11/13/lancaster-resources-ready-to-start-first-drill-program-administrative-approval-in-tow?fileloc=%2Fhome%2Fdailygoldindex%2Fpublic_html%2Fwp-content%2Fuploads%2F2025%2F06%2Fgettyimages-2219839487-300x200.jpg&path=%2Fhome%2Fdailygoldindex%2Fpublic_html%2Fwp-content%2Fuploads%2F2025%2F06 HTTP/1.1" 200 50834 "-" "Mozilla/5.0 AppleWebKit/537.36 (KHTML, like Gecko; compatible; ClaudeBot/1.0; +claudebot@anthropic.com)"
216.73.216.104 - - [31/Oct/2025:12:16:28 +0000] "GET /2023/11/13/lancaster-resources-ready-to-start-first-drill-program-administrative-approval-in-tow?fileloc=%2Fhome%2Fdailygoldindex%2Fpublic_html%2Fwp-content%2Fuploads%2F2025%2F06%2Fgettyimages-2218147918-350x250.jpg&path=%2Fhome%2Fdailygoldindex%2Fpublic_html%2Fwp-content%2Fuploads%2F2025%2F06 HTTP/1.1" 200 47769 "-" "Mozilla/5.0 AppleWebKit/537.36 (KHTML, like Gecko; compatible; ClaudeBot/1.0; +claudebot@anthropic.com)"
216.73.216.104 - - [31/Oct/2025:12:16:26 +0000] "GET /2023/11/13/lancaster-resources-ready-to-start-first-drill-program-administrative-approval-in-tow?fileloc=%2Fhome%2Fdailygoldindex%2Fpublic_html%2Fwp-content%2Fuploads%2F2025%2F06%2Fgettyimages-2219544262-350x350.jpg&path=%2Fhome%2Fdailygoldindex%2Fpublic_html%2Fwp-content%2Fuploads%2F2025%2F06 HTTP/1.1" 200 78355 "-" "Mozilla/5.0 AppleWebKit/537.36 (KHTML, like Gecko; compatible; ClaudeBot/1.0; +claudebot@anthropic.com)"
216.73.216.104 - - [31/Oct/2025:12:16:29 +0000] "GET /2023/11/13/lancaster-resources-ready-to-start-first-drill-program-administrative-approval-in-tow?fileloc=%2Fhome%2Fdailygoldindex%2Fpublic_html%2Fwp-content%2Fuploads%2F2025%2F06%2Fgettyimages-2218147918-150x150.jpg&path=%2Fhome%2Fdailygoldindex%2Fpublic_html%2Fwp-content%2Fuploads%2F2025%2F06 HTTP/1.1" 200 23525 "-" "Mozilla/5.0 AppleWebKit/537.36 (KHTML, like Gecko; compatible; ClaudeBot/1.0; +claudebot@anthropic.com)"
74.7.227.198 - - [31/Oct/2025:12:16:30 +0000] "GET /?path=//sys/class/net/eth0/subsystem/veth40f02be/brport/bridge/subsystem/eth0/device/net/eth0/device/firmware_node/subsystem/devices/device:0c/subsystem/drivers/ac HTTP/1.1" 200 20830 "-" "Mozilla/5.0 AppleWebKit/537.36 (KHTML, like Gecko; compatible; GPTBot/1.2; +https://openai.com/gptbot)"
216.73.216.104 - - [31/Oct/2025:12:16:30 +0000] "GET /2023/11/13/lancaster-resources-ready-to-start-first-drill-program-administrative-approval-in-tow?fileloc=%2Fhome%2Fdailygoldindex%2Fpublic_html%2Fwp-content%2Fuploads%2F2025%2F06%2Fap25155840701981-750x375.jpg&path=%2Fhome%2Fdailygoldindex%2Fpublic_html%2Fwp-content%2Fuploads%2F2025%2F06 HTTP/1.1" 200 70452 "-" "Mozilla/5.0 AppleWebKit/537.36 (KHTML, like Gecko; compatible; ClaudeBot/1.0; +claudebot@anthropic.com)"
216.73.216.104 - - [31/Oct/2025:12:16:30 +0000] "GET /2023/11/13/lancaster-resources-ready-to-start-first-drill-program-administrative-approval-in-tow?fileloc=%2Fhome%2Fdailygoldindex%2Fpublic_html%2Fwp-content%2Fuploads%2F2025%2F06%2Fgettyimages-2219214434-360x180.jpg&path=%2Fhome%2Fdailygoldindex%2Fpublic_html%2Fwp-content%2Fuploads%2F2025%2F06 HTTP/1.1" 200 54397 "-" "Mozilla/5.0 AppleWebKit/537.36 (KHTML, like Gecko; compatible; ClaudeBot/1.0; +claudebot@anthropic.com)"
216.73.216.104 - - [31/Oct/2025:12:16:29 +0000] "GET /2023/11/13/lancaster-resources-ready-to-start-first-drill-program-administrative-approval-in-tow?fileloc=%2Fhome%2Fdailygoldindex%2Fpublic_html%2Fwp-content%2Fuploads%2F2025%2F06%2Fap25152390820453-350x250.jpg&path=%2Fhome%2Fdailygoldindex%2Fpublic_html%2Fwp-content%2Fuploads%2F2025%2F06 HTTP/1.1" 200 55136 "-" "Mozilla/5.0 AppleWebKit/537.36 (KHTML, like Gecko; compatible; ClaudeBot/1.0; +claudebot@anthropic.com)"
216.73.216.104 - - [31/Oct/2025:12:16:31 +0000] "GET /2023/11/13/lancaster-resources-ready-to-start-first-drill-program-administrative-approval-in-tow?fileloc=%2Fhome%2Fdailygoldindex%2Fpublic_html%2Fwp-content%2Fuploads%2F2025%2F06%2Fgettyimages-2219397967-750x375.jpg&path=%2Fhome%2Fdailygoldindex%2Fpublic_html%2Fwp-content%2Fuploads%2F2025%2F06 HTTP/1.1" 200 127823 "-" "Mozilla/5.0 AppleWebKit/537.36 (KHTML, like Gecko; compatible; ClaudeBot/1.0; +claudebot@anthropic.com)"
216.73.216.104 - - [31/Oct/2025:12:16:30 +0000] "GET /2023/11/13/lancaster-resources-ready-to-start-first-drill-program-administrative-approval-in-tow?fileloc=%2Fhome%2Fdailygoldindex%2Fpublic_html%2Fwp-content%2Fuploads%2F2025%2F06%2Fgettyimages-2216154217-768x513.jpg&path=%2Fhome%2Fdailygoldindex%2Fpublic_html%2Fwp-content%2Fuploads%2F2025%2F06 HTTP/1.1" 200 171824 "-" "Mozilla/5.0 AppleWebKit/537.36 (KHTML, like Gecko; compatible; ClaudeBot/1.0; +claudebot@anthropic.com)"
216.73.216.104 - - [31/Oct/2025:12:16:31 +0000] "GET /2023/11/13/lancaster-resources-ready-to-start-first-drill-program-administrative-approval-in-tow?fileloc=%2Fhome%2Fdailygoldindex%2Fpublic_html%2Fwp-content%2Fuploads%2F2025%2F06%2Fap25155840701981-350x250.jpg&path=%2Fhome%2Fdailygoldindex%2Fpublic_html%2Fwp-content%2Fuploads%2F2025%2F06 HTTP/1.1" 200 37677 "-" "Mozilla/5.0 AppleWebKit/537.36 (KHTML, like Gecko; compatible; ClaudeBot/1.0; +claudebot@anthropic.com)"
216.73.216.104 - - [31/Oct/2025:12:16:32 +0000] "GET /2023/11/13/lancaster-resources-ready-to-start-first-drill-program-administrative-approval-in-tow?fileloc=%2Fhome%2Fdailygoldindex%2Fpublic_html%2Fwp-content%2Fuploads%2F2025%2F06%2Fgettyimages-2219544262-750x375.jpg&path=%2Fhome%2Fdailygoldindex%2Fpublic_html%2Fwp-content%2Fuploads%2F2025%2F06 HTTP/1.1" 200 152461 "-" "Mozilla/5.0 AppleWebKit/537.36 (KHTML, like Gecko; compatible; ClaudeBot/1.0; +claudebot@anthropic.com)"
216.73.216.104 - - [31/Oct/2025:12:16:32 +0000] "GET /2023/11/13/lancaster-resources-ready-to-start-first-drill-program-administrative-approval-in-tow?fileloc=%2Fhome%2Fdailygoldindex%2Fpublic_html%2Fwp-content%2Fuploads%2F2025%2F06%2Fgettyimages-2219397967-350x250.jpg&path=%2Fhome%2Fdailygoldindex%2Fpublic_html%2Fwp-content%2Fuploads%2F2025%2F06 HTTP/1.1" 200 60363 "-" "Mozilla/5.0 AppleWebKit/537.36 (KHTML, like Gecko; compatible; ClaudeBot/1.0; +claudebot@anthropic.com)"
216.73.216.104 - - [31/Oct/2025:12:16:29 +0000] "GET /2023/11/13/lancaster-resources-ready-to-start-first-drill-program-administrative-approval-in-tow?fileloc=%2Fhome%2Fdailygoldindex%2Fpublic_html%2Fwp-content%2Fuploads%2F2025%2F07%2Fgettyimages-2223586326-75x75.jpg&path=%2Fhome%2Fdailygoldindex%2Fpublic_html%2Fwp-content%2Fuploads%2F2025%2F07 HTTP/1.1" 200 15725 "-" "Mozilla/5.0 AppleWebKit/537.36 (KHTML, like Gecko; compatible; ClaudeBot/1.0; +claudebot@anthropic.com)"
216.73.216.104 - - [31/Oct/2025:12:16:32 +0000] "GET /2023/11/13/lancaster-resources-ready-to-start-first-drill-program-administrative-approval-in-tow?fileloc=%2Fhome%2Fdailygoldindex%2Fpublic_html%2Fwp-content%2Fuploads%2F2025%2F06%2Fgettyimages-2219839487-360x504.jpg&path=%2Fhome%2Fdailygoldindex%2Fpublic_html%2Fwp-content%2Fuploads%2F2025%2F06 HTTP/1.1" 200 96275 "-" "Mozilla/5.0 AppleWebKit/537.36 (KHTML, like Gecko; compatible; ClaudeBot/1.0; +claudebot@anthropic.com)"
216.73.216.104 - - [31/Oct/2025:12:16:32 +0000] "GET /2023/11/13/lancaster-resources-ready-to-start-first-drill-program-administrative-approval-in-tow?fileloc=%2Fhome%2Fdailygoldindex%2Fpublic_html%2Fwp-content%2Fuploads%2F2025%2F06%2Fgettyimages-2219544262-350x250.jpg&path=%2Fhome%2Fdailygoldindex%2Fpublic_html%2Fwp-content%2Fuploads%2F2025%2F06 HTTP/1.1" 200 64864 "-" "Mozilla/5.0 AppleWebKit/537.36 (KHTML, like Gecko; compatible; ClaudeBot/1.0; +claudebot@anthropic.com)"
216.73.216.104 - - [31/Oct/2025:12:16:32 +0000] "GET /2023/11/13/lancaster-resources-ready-to-start-first-drill-program-administrative-approval-in-tow?fileloc=%2Fhome%2Fdailygoldindex%2Fpublic_html%2Fwp-content%2Fuploads%2F2025%2F06%2Fgettyimages-2172259671-750x375.jpg&path=%2Fhome%2Fdailygoldindex%2Fpublic_html%2Fwp-content%2Fuploads%2F2025%2F06 HTTP/1.1" 200 63881 "-" "Mozilla/5.0 AppleWebKit/537.36 (KHTML, like Gecko; compatible; ClaudeBot/1.0; +claudebot@anthropic.com)"
216.73.216.104 - - [31/Oct/2025:12:16:32 +0000] "GET /2023/11/13/lancaster-resources-ready-to-start-first-drill-program-administrative-approval-in-tow?fileloc=%2Fhome%2Fdailygoldindex%2Fpublic_html%2Fwp-content%2Fuploads%2F2025%2F06%2Fgettyimages-2172259671-350x250.jpg&path=%2Fhome%2Fdailygoldindex%2Fpublic_html%2Fwp-content%2Fuploads%2F2025%2F06 HTTP/1.1" 200 36162 "-" "Mozilla/5.0 AppleWebKit/537.36 (KHTML, like Gecko; compatible; ClaudeBot/1.0; +claudebot@anthropic.com)"
216.73.216.104 - - [31/Oct/2025:12:16:32 +0000] "GET /2023/11/13/lancaster-resources-ready-to-start-first-drill-program-administrative-approval-in-tow?fileloc=%2Fhome%2Fdailygoldindex%2Fpublic_html%2Fwp-content%2Fuploads%2F2025%2F06%2Fap25152390820453-150x150.jpg&path=%2Fhome%2Fdailygoldindex%2Fpublic_html%2Fwp-content%2Fuploads%2F2025%2F06 HTTP/1.1" 200 25908 "-" "Mozilla/5.0 AppleWebKit/537.36 (KHTML, like Gecko; compatible; ClaudeBot/1.0; +claudebot@anthropic.com)"
216.73.216.104 - - [31/Oct/2025:12:16:27 +0000] "GET /2023/11/13/lancaster-resources-ready-to-start-first-drill-program-administrative-approval-in-tow?fileloc=%2Fhome%2Fdailygoldindex%2Fpublic_html%2Fwp-content%2Fuploads%2F2025%2F06%2Fap25159367221312-75x75.jpg&path=%2Fhome%2Fdailygoldindex%2Fpublic_html%2Fwp-content%2Fuploads%2F2025%2F06 HTTP/1.1" 200 18360 "-" "Mozilla/5.0 AppleWebKit/537.36 (KHTML, like Gecko; compatible; ClaudeBot/1.0; +claudebot@anthropic.com)"
216.73.216.104 - - [31/Oct/2025:12:16:32 +0000] "GET /2023/11/13/lancaster-resources-ready-to-start-first-drill-program-administrative-approval-in-tow?fileloc=%2Fhome%2Fdailygoldindex%2Fpublic_html%2Fwp-content%2Fuploads%2F2025%2F06%2Fap25168324665470-75x75.jpg&path=%2Fhome%2Fdailygoldindex%2Fpublic_html%2Fwp-content%2Fuploads%2F2025%2F06 HTTP/1.1" 200 18140 "-" "Mozilla/5.0 AppleWebKit/537.36 (KHTML, like Gecko; compatible; ClaudeBot/1.0; +claudebot@anthropic.com)"
216.73.216.104 - - [31/Oct/2025:12:16:33 +0000] "GET /2023/11/13/lancaster-resources-ready-to-start-first-drill-program-administrative-approval-in-tow?fileloc=%2Fhome%2Fdailygoldindex%2Fpublic_html%2Fwp-content%2Fuploads%2F2025%2F06%2Fap25165297432986-75x75.jpg&path=%2Fhome%2Fdailygoldindex%2Fpublic_html%2Fwp-content%2Fuploads%2F2025%2F06 HTTP/1.1" 200 17721 "-" "Mozilla/5.0 AppleWebKit/537.36 (KHTML, like Gecko; compatible; ClaudeBot/1.0; +claudebot@anthropic.com)"
216.73.216.104 - - [31/Oct/2025:12:16:33 +0000] "GET /2023/11/13/lancaster-resources-ready-to-start-first-drill-program-administrative-approval-in-tow?fileloc=%2Fhome%2Fdailygoldindex%2Fpublic_html%2Fwp-content%2Fuploads%2F2025%2F06%2Fgettyimages-2170596369-750x375.jpg&path=%2Fhome%2Fdailygoldindex%2Fpublic_html%2Fwp-content%2Fuploads%2F2025%2F06 HTTP/1.1" 200 170583 "-" "Mozilla/5.0 AppleWebKit/537.36 (KHTML, like Gecko; compatible; ClaudeBot/1.0; +claudebot@anthropic.com)"
216.73.216.104 - - [31/Oct/2025:12:16:33 +0000] "GET /2023/11/13/lancaster-resources-ready-to-start-first-drill-program-administrative-approval-in-tow?fileloc=%2Fhome%2Fdailygoldindex%2Fpublic_html%2Fwp-content%2Fuploads%2F2025%2F06%2Fgettyimages-2216966961-360x180.jpg&path=%2Fhome%2Fdailygoldindex%2Fpublic_html%2Fwp-content%2Fuploads%2F2025%2F06 HTTP/1.1" 200 35508 "-" "Mozilla/5.0 AppleWebKit/537.36 (KHTML, like Gecko; compatible; ClaudeBot/1.0; +claudebot@anthropic.com)"
216.73.216.104 - - [31/Oct/2025:12:16:33 +0000] "GET /2023/11/13/lancaster-resources-ready-to-start-first-drill-program-administrative-approval-in-tow?fileloc=%2Fhome%2Fdailygoldindex%2Fpublic_html%2Fwp-content%2Fuploads%2F2025%2F06%2Fap25173145687175-750x375.jpg&path=%2Fhome%2Fdailygoldindex%2Fpublic_html%2Fwp-content%2Fuploads%2F2025%2F06 HTTP/1.1" 200 79761 "-" "Mozilla/5.0 AppleWebKit/537.36 (KHTML, like Gecko; compatible; ClaudeBot/1.0; +claudebot@anthropic.com)"
216.73.216.104 - - [31/Oct/2025:12:16:33 +0000] "GET /2023/11/13/lancaster-resources-ready-to-start-first-drill-program-administrative-approval-in-tow?fileloc=%2Fhome%2Fdailygoldindex%2Fpublic_html%2Fwp-content%2Fuploads%2F2025%2F06%2Fgettyimages-2170596369-350x250.jpg&path=%2Fhome%2Fdailygoldindex%2Fpublic_html%2Fwp-content%2Fuploads%2F2025%2F06 HTTP/1.1" 200 65822 "-" "Mozilla/5.0 AppleWebKit/537.36 (KHTML, like Gecko; compatible; ClaudeBot/1.0; +claudebot@anthropic.com)"
216.73.216.104 - - [31/Oct/2025:12:16:33 +0000] "GET /2023/11/13/lancaster-resources-ready-to-start-first-drill-program-administrative-approval-in-tow?fileloc=%2Fhome%2Fdailygoldindex%2Fpublic_html%2Fwp-content%2Fuploads%2F2025%2F06%2Fgettyimages-2219726617-750x422.jpg&path=%2Fhome%2Fdailygoldindex%2Fpublic_html%2Fwp-content%2Fuploads%2F2025%2F06 HTTP/1.1" 200 123221 "-" "Mozilla/5.0 AppleWebKit/537.36 (KHTML, like Gecko; compatible; ClaudeBot/1.0; +claudebot@anthropic.com)"
216.73.216.104 - - [31/Oct/2025:12:16:33 +0000] "GET /2023/11/13/lancaster-resources-ready-to-start-first-drill-program-administrative-approval-in-tow?fileloc=%2Fhome%2Fdailygoldindex%2Fpublic_html%2Fwp-content%2Fuploads%2F2025%2F06%2Fap24078426845397-75x75.jpg&path=%2Fhome%2Fdailygoldindex%2Fpublic_html%2Fwp-content%2Fuploads%2F2025%2F06 HTTP/1.1" 200 17878 "-" "Mozilla/5.0 AppleWebKit/537.36 (KHTML, like Gecko; compatible; ClaudeBot/1.0; +claudebot@anthropic.com)"
216.73.216.104 - - [31/Oct/2025:12:16:27 +0000] "GET /2023/11/13/lancaster-resources-ready-to-start-first-drill-program-administrative-approval-in-tow?fileloc=%2Fhome%2Fdailygoldindex%2Fpublic_html%2Fwp-content%2Fuploads%2F2025%2F06%2Fgettyimages-2219397967-350x350.jpg&path=%2Fhome%2Fdailygoldindex%2Fpublic_html%2Fwp-content%2Fuploads%2F2025%2F06 HTTP/1.1" 200 68603 "-" "Mozilla/5.0 AppleWebKit/537.36 (KHTML, like Gecko; compatible; ClaudeBot/1.0; +claudebot@anthropic.com)"
216.73.216.104 - - [31/Oct/2025:12:16:33 +0000] "GET /2023/11/13/lancaster-resources-ready-to-start-first-drill-program-administrative-approval-in-tow?fileloc=%2Fhome%2Fdailygoldindex%2Fpublic_html%2Fwp-content%2Fuploads%2F2025%2F06%2Fgettyimages-1237409111-120x86.jpg&path=%2Fhome%2Fdailygoldindex%2Fpublic_html%2Fwp-content%2Fuploads%2F2025%2F06 HTTP/1.1" 200 17931 "-" "Mozilla/5.0 AppleWebKit/537.36 (KHTML, like Gecko; compatible; ClaudeBot/1.0; +claudebot@anthropic.com)"
216.73.216.104 - - [31/Oct/2025:12:16:26 +0000] "GET /2024/01/03/james-bay-reels-as-oceana-rejects-monaro-lithium-project?fileloc=%2Fhome%2Fdailygoldindex%2Fmail%2F.newsletter%40dailygoldindex_com%2F.Archive%2Fmaildirfolder&path=%2Fhome%2Fdailygoldindex%2Fmail%2F.newsletter%40dailygoldindex_com%2F.Archive HTTP/1.1" 200 12623 "-" "Mozilla/5.0 AppleWebKit/537.36 (KHTML, like Gecko; compatible; ClaudeBot/1.0; +claudebot@anthropic.com)"
216.73.216.104 - - [31/Oct/2025:12:16:33 +0000] "GET /2023/11/13/lancaster-resources-ready-to-start-first-drill-program-administrative-approval-in-tow?fileloc=%2Fhome%2Fdailygoldindex%2Fpublic_html%2Fwp-content%2Fuploads%2F2025%2F06%2Fap25155840701981-150x150.jpg&path=%2Fhome%2Fdailygoldindex%2Fpublic_html%2Fwp-content%2Fuploads%2F2025%2F06 HTTP/1.1" 200 23072 "-" "Mozilla/5.0 AppleWebKit/537.36 (KHTML, like Gecko; compatible; ClaudeBot/1.0; +claudebot@anthropic.com)"
216.73.216.104 - - [31/Oct/2025:12:16:26 +0000] "GET /2023/11/13/lancaster-resources-ready-to-start-first-drill-program-administrative-approval-in-tow?fileloc=%2Fhome%2Fdailygoldindex%2Fpublic_html%2Fwp-content%2Fuploads%2F2025%2F06%2Fap25155840701981-350x350.jpg&path=%2Fhome%2Fdailygoldindex%2Fpublic_html%2Fwp-content%2Fuploads%2F2025%2F06 HTTP/1.1" 200 47381 "-" "Mozilla/5.0 AppleWebKit/537.36 (KHTML, like Gecko; compatible; ClaudeBot/1.0; +claudebot@anthropic.com)"
216.73.216.104 - - [31/Oct/2025:12:16:33 +0000] "GET /2023/11/13/lancaster-resources-ready-to-start-first-drill-program-administrative-approval-in-tow?fileloc=%2Fhome%2Fdailygoldindex%2Fpublic_html%2Fwp-content%2Fuploads%2F2025%2F06%2Fgettyimages-2220705623-360x504.jpg&path=%2Fhome%2Fdailygoldindex%2Fpublic_html%2Fwp-content%2Fuploads%2F2025%2F06 HTTP/1.1" 200 76444 "-" "Mozilla/5.0 AppleWebKit/537.36 (KHTML, like Gecko; compatible; ClaudeBot/1.0; +claudebot@anthropic.com)"
216.73.216.104 - - [31/Oct/2025:12:16:33 +0000] "GET /2023/11/13/lancaster-resources-ready-to-start-first-drill-program-administrative-approval-in-tow?fileloc=%2Fhome%2Fdailygoldindex%2Fpublic_html%2Fwp-content%2Fuploads%2F2025%2F06%2Fgettyimages-2219397967-150x150.jpg&path=%2Fhome%2Fdailygoldindex%2Fpublic_html%2Fwp-content%2Fuploads%2F2025%2F06 HTTP/1.1" 200 29068 "-" "Mozilla/5.0 AppleWebKit/537.36 (KHTML, like Gecko; compatible; ClaudeBot/1.0; +claudebot@anthropic.com)"
216.73.216.104 - - [31/Oct/2025:12:16:34 +0000] "GET /2023/11/13/lancaster-resources-ready-to-start-first-drill-program-administrative-approval-in-tow?fileloc=%2Fhome%2Fdailygoldindex%2Fpublic_html%2Fwp-content%2Fuploads%2F2025%2F06%2Fap25173145687175-350x250.jpg&path=%2Fhome%2Fdailygoldindex%2Fpublic_html%2Fwp-content%2Fuploads%2F2025%2F06 HTTP/1.1" 200 41683 "-" "Mozilla/5.0 AppleWebKit/537.36 (KHTML, like Gecko; compatible; ClaudeBot/1.0; +claudebot@anthropic.com)"
216.73.216.104 - - [31/Oct/2025:12:16:34 +0000] "GET /2023/11/13/lancaster-resources-ready-to-start-first-drill-program-administrative-approval-in-tow?fileloc=%2Fhome%2Fdailygoldindex%2Fpublic_html%2Fwp-content%2Fuploads%2F2025%2F06%2Fgettyimages-2219544262-150x150.jpg&path=%2Fhome%2Fdailygoldindex%2Fpublic_html%2Fwp-content%2Fuploads%2F2025%2F06 HTTP/1.1" 200 29568 "-" "Mozilla/5.0 AppleWebKit/537.36 (KHTML, like Gecko; compatible; ClaudeBot/1.0; +claudebot@anthropic.com)"
216.73.216.104 - - [31/Oct/2025:12:16:34 +0000] "GET /2023/11/13/lancaster-resources-ready-to-start-first-drill-program-administrative-approval-in-tow?fileloc=%2Fhome%2Fdailygoldindex%2Fpublic_html%2Fwp-content%2Fuploads%2F2025%2F06%2Fgettyimages-2176481849-120x86.jpg&path=%2Fhome%2Fdailygoldindex%2Fpublic_html%2Fwp-content%2Fuploads%2F2025%2F06 HTTP/1.1" 200 21062 "-" "Mozilla/5.0 AppleWebKit/537.36 (KHTML, like Gecko; compatible; ClaudeBot/1.0; +claudebot@anthropic.com)"
216.73.216.104 - - [31/Oct/2025:12:16:34 +0000] "GET /2023/11/13/lancaster-resources-ready-to-start-first-drill-program-administrative-approval-in-tow?fileloc=%2Fhome%2Fdailygoldindex%2Fpublic_html%2Fwp-content%2Fuploads%2F2025%2F06%2Fgettyimages-2172259671-150x150.jpg&path=%2Fhome%2Fdailygoldindex%2Fpublic_html%2Fwp-content%2Fuploads%2F2025%2F06 HTTP/1.1" 200 - "-" "Mozilla/5.0 AppleWebKit/537.36 (KHTML, like Gecko; compatible; ClaudeBot/1.0; +claudebot@anthropic.com)"
216.73.216.104 - - [31/Oct/2025:12:16:34 +0000] "GET /2023/11/13/lancaster-resources-ready-to-start-first-drill-program-administrative-approval-in-tow?fileloc=%2Fhome%2Fdailygoldindex%2Fpublic_html%2Fwp-content%2Fuploads%2F2025%2F06%2Fgettyimages-2221419272-768x512.jpg&path=%2Fhome%2Fdailygoldindex%2Fpublic_html%2Fwp-content%2Fuploads%2F2025%2F06 HTTP/1.1" 200 162231 "-" "Mozilla/5.0 AppleWebKit/537.36 (KHTML, like Gecko; compatible; ClaudeBot/1.0; +claudebot@anthropic.com)"
216.73.216.104 - - [31/Oct/2025:12:16:34 +0000] "GET /2023/11/13/lancaster-resources-ready-to-start-first-drill-program-administrative-approval-in-tow?fileloc=%2Fhome%2Fdailygoldindex%2Fpublic_html%2Fwp-content%2Fuploads%2F2025%2F06%2Fgettyimages-2219547276-750x533.jpg&path=%2Fhome%2Fdailygoldindex%2Fpublic_html%2Fwp-content%2Fuploads%2F2025%2F06 HTTP/1.1" 200 252843 "-" "Mozilla/5.0 AppleWebKit/537.36 (KHTML, like Gecko; compatible; ClaudeBot/1.0; +claudebot@anthropic.com)"
216.73.216.104 - - [31/Oct/2025:12:16:34 +0000] "GET /2023/11/13/lancaster-resources-ready-to-start-first-drill-program-administrative-approval-in-tow?fileloc=%2Fhome%2Fdailygoldindex%2Fpublic_html%2Fwp-content%2Fuploads%2F2025%2F06%2Fgettyimages-2192450699-120x86.jpg&path=%2Fhome%2Fdailygoldindex%2Fpublic_html%2Fwp-content%2Fuploads%2F2025%2F06 HTTP/1.1" 200 21005 "-" "Mozilla/5.0 AppleWebKit/537.36 (KHTML, like Gecko; compatible; ClaudeBot/1.0; +claudebot@anthropic.com)"
216.73.216.104 - - [31/Oct/2025:12:16:34 +0000] "GET /2023/11/13/lancaster-resources-ready-to-start-first-drill-program-administrative-approval-in-tow?fileloc=%2Fhome%2Fdailygoldindex%2Fpublic_html%2Fwp-content%2Fuploads%2F2025%2F06%2Fgettyimages-2170596369-150x150.jpg&path=%2Fhome%2Fdailygoldindex%2Fpublic_html%2Fwp-content%2Fuploads%2F2025%2F06 HTTP/1.1" 200 28150 "-" "Mozilla/5.0 AppleWebKit/537.36 (KHTML, like Gecko; compatible; ClaudeBot/1.0; +claudebot@anthropic.com)"
216.73.216.104 - - [31/Oct/2025:12:16:34 +0000] "GET /2023/11/24/eric-adams-accused-assault-sparks-new-york-outrage?path=%2Fhome%2Fdailygoldindex%2Fpublic_html%2Fwp-admin%2Fcss%2Fcolors%2Fsunrise HTTP/1.1" 200 22725 "-" "Mozilla/5.0 AppleWebKit/537.36 (KHTML, like Gecko; compatible; ClaudeBot/1.0; +claudebot@anthropic.com)"
216.73.216.104 - - [31/Oct/2025:12:16:34 +0000] "GET /2023/11/13/lancaster-resources-ready-to-start-first-drill-program-administrative-approval-in-tow?fileloc=%2Fhome%2Fdailygoldindex%2Fpublic_html%2Fwp-content%2Fuploads%2F2025%2F07%2Fap25186683481116-750x533.jpg&path=%2Fhome%2Fdailygoldindex%2Fpublic_html%2Fwp-content%2Fuploads%2F2025%2F07 HTTP/1.1" 200 102693 "-" "Mozilla/5.0 AppleWebKit/537.36 (KHTML, like Gecko; compatible; ClaudeBot/1.0; +claudebot@anthropic.com)"
216.73.216.104 - - [31/Oct/2025:12:16:34 +0000] "GET /2023/11/13/lancaster-resources-ready-to-start-first-drill-program-administrative-approval-in-tow?fileloc=%2Fhome%2Fdailygoldindex%2Fpublic_html%2Fwp-content%2Fuploads%2F2025%2F06%2Fap25173145687175-150x150.jpg&path=%2Fhome%2Fdailygoldindex%2Fpublic_html%2Fwp-content%2Fuploads%2F2025%2F06 HTTP/1.1" 200 21715 "-" "Mozilla/5.0 AppleWebKit/537.36 (KHTML, like Gecko; compatible; ClaudeBot/1.0; +claudebot@anthropic.com)"
216.73.216.104 - - [31/Oct/2025:12:16:35 +0000] "GET /2023/11/13/lancaster-resources-ready-to-start-first-drill-program-administrative-approval-in-tow?fileloc=%2Fhome%2Fdailygoldindex%2Fpublic_html%2Fwp-content%2Fuploads%2F2025%2F06%2Fgettyimages-2222667403-300x200.jpg&path=%2Fhome%2Fdailygoldindex%2Fpublic_html%2Fwp-content%2Fuploads%2F2025%2F06 HTTP/1.1" 200 26822 "-" "Mozilla/5.0 AppleWebKit/537.36 (KHTML, like Gecko; compatible; ClaudeBot/1.0; +claudebot@anthropic.com)"
216.73.216.104 - - [31/Oct/2025:12:16:35 +0000] "GET /2023/11/13/lancaster-resources-ready-to-start-first-drill-program-administrative-approval-in-tow?fileloc=%2Fhome%2Fdailygoldindex%2Fpublic_html%2Fwp-content%2Fuploads%2F2025%2F06%2Fap25159367221312-350x350.jpg&path=%2Fhome%2Fdailygoldindex%2Fpublic_html%2Fwp-content%2Fuploads%2F2025%2F06 HTTP/1.1" 200 90271 "-" "Mozilla/5.0 AppleWebKit/537.36 (KHTML, like Gecko; compatible; ClaudeBot/1.0; +claudebot@anthropic.com)"
216.73.216.104 - - [31/Oct/2025:12:16:35 +0000] "GET /2023/11/13/lancaster-resources-ready-to-start-first-drill-program-administrative-approval-in-tow?fileloc=%2Fhome%2Fdailygoldindex%2Fpublic_html%2Fwp-content%2Fuploads%2F2025%2F06%2Fgettyimages-2219547276-300x200.jpg&path=%2Fhome%2Fdailygoldindex%2Fpublic_html%2Fwp-content%2Fuploads%2F2025%2F06 HTTP/1.1" 200 49545 "-" "Mozilla/5.0 AppleWebKit/537.36 (KHTML, like Gecko; compatible; ClaudeBot/1.0; +claudebot@anthropic.com)"
216.73.216.104 - - [31/Oct/2025:12:16:35 +0000] "GET /2023/11/13/lancaster-resources-ready-to-start-first-drill-program-administrative-approval-in-tow?fileloc=%2Fhome%2Fdailygoldindex%2Fpublic_html%2Fwp-content%2Fuploads%2F2025%2F07%2Fgettyimages-1928674272-360x180.jpg&path=%2Fhome%2Fdailygoldindex%2Fpublic_html%2Fwp-content%2Fuploads%2F2025%2F07 HTTP/1.1" 200 35982 "-" "Mozilla/5.0 AppleWebKit/537.36 (KHTML, like Gecko; compatible; ClaudeBot/1.0; +claudebot@anthropic.com)"
216.73.216.104 - - [31/Oct/2025:12:16:35 +0000] "GET /2023/11/13/lancaster-resources-ready-to-start-first-drill-program-administrative-approval-in-tow?fileloc=%2Fhome%2Fdailygoldindex%2Fpublic_html%2Fwp-content%2Fuploads%2F2025%2F07%2Fap25186683481116-300x200.jpg&path=%2Fhome%2Fdailygoldindex%2Fpublic_html%2Fwp-content%2Fuploads%2F2025%2F07 HTTP/1.1" 200 32391 "-" "Mozilla/5.0 AppleWebKit/537.36 (KHTML, like Gecko; compatible; ClaudeBot/1.0; +claudebot@anthropic.com)"
216.73.216.104 - - [31/Oct/2025:12:16:28 +0000] "GET /2023/11/13/lancaster-resources-ready-to-start-first-drill-program-administrative-approval-in-tow?fileloc=%2Fhome%2Fdailygoldindex%2Fpublic_html%2Fwp-content%2Fuploads%2F2025%2F06%2Fgettyimages-2220705623-300x200.jpg&path=%2Fhome%2Fdailygoldindex%2Fpublic_html%2Fwp-content%2Fuploads%2F2025%2F06 HTTP/1.1" 200 41623 "-" "Mozilla/5.0 AppleWebKit/537.36 (KHTML, like Gecko; compatible; ClaudeBot/1.0; +claudebot@anthropic.com)"
216.73.216.104 - - [31/Oct/2025:12:16:35 +0000] "GET /2023/11/13/lancaster-resources-ready-to-start-first-drill-program-administrative-approval-in-tow?fileloc=%2Fhome%2Fdailygoldindex%2Fpublic_html%2Fwp-content%2Fuploads%2F2025%2F06%2Fap25155840701981-750x534.jpg&path=%2Fhome%2Fdailygoldindex%2Fpublic_html%2Fwp-content%2Fuploads%2F2025%2F06 HTTP/1.1" 200 102980 "-" "Mozilla/5.0 AppleWebKit/537.36 (KHTML, like Gecko; compatible; ClaudeBot/1.0; +claudebot@anthropic.com)"
216.73.216.104 - - [31/Oct/2025:12:16:35 +0000] "GET /2023/11/13/lancaster-resources-ready-to-start-first-drill-program-administrative-approval-in-tow?fileloc=%2Fhome%2Fdailygoldindex%2Fpublic_html%2Fwp-content%2Fuploads%2F2025%2F07%2Fgettyimages-2223586326-350x350.jpg&path=%2Fhome%2Fdailygoldindex%2Fpublic_html%2Fwp-content%2Fuploads%2F2025%2F07 HTTP/1.1" 200 38708 "-" "Mozilla/5.0 AppleWebKit/537.36 (KHTML, like Gecko; compatible; ClaudeBot/1.0; +claudebot@anthropic.com)"
216.73.216.104 - - [31/Oct/2025:12:16:35 +0000] "GET /2023/11/13/lancaster-resources-ready-to-start-first-drill-program-administrative-approval-in-tow?fileloc=%2Fhome%2Fdailygoldindex%2Fpublic_html%2Fwp-content%2Fuploads%2F2025%2F06%2Fap25155840701981-750x501.jpg&path=%2Fhome%2Fdailygoldindex%2Fpublic_html%2Fwp-content%2Fuploads%2F2025%2F06 HTTP/1.1" 200 89313 "-" "Mozilla/5.0 AppleWebKit/537.36 (KHTML, like Gecko; compatible; ClaudeBot/1.0; +claudebot@anthropic.com)"
216.73.216.104 - - [31/Oct/2025:12:16:35 +0000] "GET /2023/11/13/lancaster-resources-ready-to-start-first-drill-program-administrative-approval-in-tow?fileloc=%2Fhome%2Fdailygoldindex%2Fpublic_html%2Fwp-content%2Fuploads%2F2025%2F06%2Fgettyimages-2049689364-750x422.jpg&path=%2Fhome%2Fdailygoldindex%2Fpublic_html%2Fwp-content%2Fuploads%2F2025%2F06 HTTP/1.1" 200 108437 "-" "Mozilla/5.0 AppleWebKit/537.36 (KHTML, like Gecko; compatible; ClaudeBot/1.0; +claudebot@anthropic.com)"
216.73.216.104 - - [31/Oct/2025:12:16:35 +0000] "GET /2023/11/13/lancaster-resources-ready-to-start-first-drill-program-administrative-approval-in-tow?fileloc=%2Fhome%2Fdailygoldindex%2Fpublic_html%2Fwp-content%2Fuploads%2F2025%2F06%2Fgettyimages-2209956058-750x533.jpg&path=%2Fhome%2Fdailygoldindex%2Fpublic_html%2Fwp-content%2Fuploads%2F2025%2F06 HTTP/1.1" 200 134818 "-" "Mozilla/5.0 AppleWebKit/537.36 (KHTML, like Gecko; compatible; ClaudeBot/1.0; +claudebot@anthropic.com)"
74.7.227.198 - - [31/Oct/2025:12:16:35 +0000] "GET /?path=//sys/class/net/lo/subsystem/veth40f02be/master/subsystem/eth0/device/net/eth0/device/firmware_node/subsystem/devices/device:29/subsystem/drivers/battery HTTP/1.1" 200 20581 "-" "Mozilla/5.0 AppleWebKit/537.36 (KHTML, like Gecko; compatible; GPTBot/1.2; +https://openai.com/gptbot)"
216.73.216.104 - - [31/Oct/2025:12:16:35 +0000] "GET /2023/11/13/lancaster-resources-ready-to-start-first-drill-program-administrative-approval-in-tow?fileloc=%2Fhome%2Fdailygoldindex%2Fpublic_html%2Fwp-content%2Fuploads%2F2025%2F06%2Fgettyimages-2165187087.jpg&path=%2Fhome%2Fdailygoldindex%2Fpublic_html%2Fwp-content%2Fuploads%2F2025%2F06 HTTP/1.1" 200 102437 "-" "Mozilla/5.0 AppleWebKit/537.36 (KHTML, like Gecko; compatible; ClaudeBot/1.0; +claudebot@anthropic.com)"
216.73.216.104 - - [31/Oct/2025:12:16:36 +0000] "GET /2023/11/13/lancaster-resources-ready-to-start-first-drill-program-administrative-approval-in-tow?fileloc=%2Fhome%2Fdailygoldindex%2Fpublic_html%2Fwp-content%2Fuploads%2F2025%2F07%2Fgettyimages-2222293235-750x533.jpg&path=%2Fhome%2Fdailygoldindex%2Fpublic_html%2Fwp-content%2Fuploads%2F2025%2F07 HTTP/1.1" 200 173685 "-" "Mozilla/5.0 AppleWebKit/537.36 (KHTML, like Gecko; compatible; ClaudeBot/1.0; +claudebot@anthropic.com)"
216.73.216.104 - - [31/Oct/2025:12:16:36 +0000] "GET /2023/11/13/lancaster-resources-ready-to-start-first-drill-program-administrative-approval-in-tow?fileloc=%2Fhome%2Fdailygoldindex%2Fpublic_html%2Fwp-content%2Fuploads%2F2025%2F06%2Fgettyimages-2218147918-750x489.jpg&path=%2Fhome%2Fdailygoldindex%2Fpublic_html%2Fwp-content%2Fuploads%2F2025%2F06 HTTP/1.1" 200 133729 "-" "Mozilla/5.0 AppleWebKit/537.36 (KHTML, like Gecko; compatible; ClaudeBot/1.0; +claudebot@anthropic.com)"
216.73.216.104 - - [31/Oct/2025:12:16:36 +0000] "GET /2023/11/13/lancaster-resources-ready-to-start-first-drill-program-administrative-approval-in-tow?fileloc=%2Fhome%2Fdailygoldindex%2Fpublic_html%2Fwp-content%2Fuploads%2F2025%2F06%2Fgettyimages-2222667403-360x504.jpg&path=%2Fhome%2Fdailygoldindex%2Fpublic_html%2Fwp-content%2Fuploads%2F2025%2F06 HTTP/1.1" 200 44042 "-" "Mozilla/5.0 AppleWebKit/537.36 (KHTML, like Gecko; compatible; ClaudeBot/1.0; +claudebot@anthropic.com)"
216.73.216.104 - - [31/Oct/2025:12:16:36 +0000] "GET /2023/11/13/lancaster-resources-ready-to-start-first-drill-program-administrative-approval-in-tow?fileloc=%2Fhome%2Fdailygoldindex%2Fpublic_html%2Fwp-content%2Fuploads%2F2025%2F06%2Fgettyimages-2209956058-300x200.jpg&path=%2Fhome%2Fdailygoldindex%2Fpublic_html%2Fwp-content%2Fuploads%2F2025%2F06 HTTP/1.1" 200 36282 "-" "Mozilla/5.0 AppleWebKit/537.36 (KHTML, like Gecko; compatible; ClaudeBot/1.0; +claudebot@anthropic.com)"
216.73.216.104 - - [31/Oct/2025:12:16:36 +0000] "GET /2023/11/13/lancaster-resources-ready-to-start-first-drill-program-administrative-approval-in-tow?fileloc=%2Fhome%2Fdailygoldindex%2Fpublic_html%2Fwp-content%2Fuploads%2F2025%2F06%2Fgettyimages-2219839487-120x86.jpg&path=%2Fhome%2Fdailygoldindex%2Fpublic_html%2Fwp-content%2Fuploads%2F2025%2F06 HTTP/1.1" 200 21876 "-" "Mozilla/5.0 AppleWebKit/537.36 (KHTML, like Gecko; compatible; ClaudeBot/1.0; +claudebot@anthropic.com)"
216.73.216.104 - - [31/Oct/2025:12:16:36 +0000] "GET /2023/11/13/lancaster-resources-ready-to-start-first-drill-program-administrative-approval-in-tow?fileloc=%2Fhome%2Fdailygoldindex%2Fpublic_html%2Fwp-content%2Fuploads%2F2025%2F06%2Fap25173145687175-750x534.jpg&path=%2Fhome%2Fdailygoldindex%2Fpublic_html%2Fwp-content%2Fuploads%2F2025%2F06 HTTP/1.1" 200 111238 "-" "Mozilla/5.0 AppleWebKit/537.36 (KHTML, like Gecko; compatible; ClaudeBot/1.0; +claudebot@anthropic.com)"
216.73.216.104 - - [31/Oct/2025:12:16:36 +0000] "GET /2023/11/13/lancaster-resources-ready-to-start-first-drill-program-administrative-approval-in-tow?fileloc=%2Fhome%2Fdailygoldindex%2Fpublic_html%2Fwp-content%2Fuploads%2F2025%2F06%2Fap25168324665470-350x350.jpg&path=%2Fhome%2Fdailygoldindex%2Fpublic_html%2Fwp-content%2Fuploads%2F2025%2F06 HTTP/1.1" 200 53512 "-" "Mozilla/5.0 AppleWebKit/537.36 (KHTML, like Gecko; compatible; ClaudeBot/1.0; +claudebot@anthropic.com)"
216.73.216.104 - - [31/Oct/2025:12:16:36 +0000] "GET /2023/11/13/lancaster-resources-ready-to-start-first-drill-program-administrative-approval-in-tow?fileloc=%2Fhome%2Fdailygoldindex%2Fpublic_html%2Fwp-content%2Fuploads%2F2025%2F06%2Fgettyimages-2219547276-360x504.jpg&path=%2Fhome%2Fdailygoldindex%2Fpublic_html%2Fwp-content%2Fuploads%2F2025%2F06 HTTP/1.1" 200 106987 "-" "Mozilla/5.0 AppleWebKit/537.36 (KHTML, like Gecko; compatible; ClaudeBot/1.0; +claudebot@anthropic.com)"
