216.73.216.104 - - [31/Oct/2025:12:06:02 +0000] "GET /2023/11/17/maximizing-market-momentum-harness-the-power-of-pullback-swing-trading?fileloc=%2F%2Fproc%2F2146103%2Fpersonality&path=%2F%2Fproc%2F2146103 HTTP/1.1" 200 12304 "-" "Mozilla/5.0 AppleWebKit/537.36 (KHTML, like Gecko; compatible; ClaudeBot/1.0; +claudebot@anthropic.com)"
216.73.216.104 - - [31/Oct/2025:12:06:02 +0000] "GET /2023/11/17/maximizing-market-momentum-harness-the-power-of-pullback-swing-trading?fileloc=%2F%2Fproc%2F3167753%2Fschedstat&path=%2F%2Fproc%2F3167753 HTTP/1.1" 200 12315 "-" "Mozilla/5.0 AppleWebKit/537.36 (KHTML, like Gecko; compatible; ClaudeBot/1.0; +claudebot@anthropic.com)"
216.73.216.104 - - [31/Oct/2025:12:06:02 +0000] "GET /2023/11/17/maximizing-market-momentum-harness-the-power-of-pullback-swing-trading?fileloc=%2F%2Fproc%2F3683491%2Fgid_map&path=%2F%2Fproc%2F3683491 HTTP/1.1" 200 12333 "-" "Mozilla/5.0 AppleWebKit/537.36 (KHTML, like Gecko; compatible; ClaudeBot/1.0; +claudebot@anthropic.com)"
216.73.216.104 - - [31/Oct/2025:12:06:02 +0000] "GET /2023/11/17/maximizing-market-momentum-harness-the-power-of-pullback-swing-trading?fileloc=%2F%2Fproc%2F3930023%2Fmem&path=%2F%2Fproc%2F3930023 HTTP/1.1" 200 12296 "-" "Mozilla/5.0 AppleWebKit/537.36 (KHTML, like Gecko; compatible; ClaudeBot/1.0; +claudebot@anthropic.com)"
216.73.216.104 - - [31/Oct/2025:12:06:03 +0000] "GET /1281?fileloc=%2F%2Fproc%2F1848%2Ffdinfo%2F1&path=%2F%2Fproc%2F1848%2Ffdinfo HTTP/1.1" 200 12338 "-" "Mozilla/5.0 AppleWebKit/537.36 (KHTML, like Gecko; compatible; ClaudeBot/1.0; +claudebot@anthropic.com)"
216.73.216.104 - - [31/Oct/2025:12:06:03 +0000] "GET /2023/11/17/maximizing-market-momentum-harness-the-power-of-pullback-swing-trading?fileloc=%2F%2Fproc%2F3167694%2Fcpuset&path=%2F%2Fproc%2F3167694 HTTP/1.1" 200 12332 "-" "Mozilla/5.0 AppleWebKit/537.36 (KHTML, like Gecko; compatible; ClaudeBot/1.0; +claudebot@anthropic.com)"
216.73.216.104 - - [31/Oct/2025:12:06:03 +0000] "GET /1281?fileloc=%2F%2Fproc%2F1848%2Ffdinfo%2F4&path=%2F%2Fproc%2F1848%2Ffdinfo HTTP/1.1" 200 12338 "-" "Mozilla/5.0 AppleWebKit/537.36 (KHTML, like Gecko; compatible; ClaudeBot/1.0; +claudebot@anthropic.com)"
216.73.216.104 - - [31/Oct/2025:12:06:03 +0000] "GET /2023/11/17/maximizing-market-momentum-harness-the-power-of-pullback-swing-trading?fileloc=%2F%2Fproc%2F3167753%2Fsyscall&path=%2F%2Fproc%2F3167753 HTTP/1.1" 200 12300 "-" "Mozilla/5.0 AppleWebKit/537.36 (KHTML, like Gecko; compatible; ClaudeBot/1.0; +claudebot@anthropic.com)"
216.73.216.104 - - [31/Oct/2025:12:06:03 +0000] "GET /2023/11/17/maximizing-market-momentum-harness-the-power-of-pullback-swing-trading?fileloc=%2F%2Fetc%2Falternatives%2Fman.7.gz&path=%2F%2Fetc%2Falternatives HTTP/1.1" 200 22371 "-" "Mozilla/5.0 AppleWebKit/537.36 (KHTML, like Gecko; compatible; ClaudeBot/1.0; +claudebot@anthropic.com)"
216.73.216.104 - - [31/Oct/2025:12:06:03 +0000] "GET /2023/11/17/maximizing-market-momentum-harness-the-power-of-pullback-swing-trading?fileloc=%2F%2Fproc%2F3167753%2Fsessionid&path=%2F%2Fproc%2F3167753 HTTP/1.1" 200 12312 "-" "Mozilla/5.0 AppleWebKit/537.36 (KHTML, like Gecko; compatible; ClaudeBot/1.0; +claudebot@anthropic.com)"
216.73.216.104 - - [31/Oct/2025:12:06:03 +0000] "GET /2023/11/17/maximizing-market-momentum-harness-the-power-of-pullback-swing-trading?fileloc=%2F%2Fproc%2F3683491%2Fmountinfo&path=%2F%2Fproc%2F3683491 HTTP/1.1" 200 19187 "-" "Mozilla/5.0 AppleWebKit/537.36 (KHTML, like Gecko; compatible; ClaudeBot/1.0; +claudebot@anthropic.com)"
216.73.216.104 - - [31/Oct/2025:12:06:03 +0000] "GET /2023/11/17/maximizing-market-momentum-harness-the-power-of-pullback-swing-trading?fileloc=%2F%2Fproc%2F758%2Fpersonality&path=%2F%2Fproc%2F758 HTTP/1.1" 200 12292 "-" "Mozilla/5.0 AppleWebKit/537.36 (KHTML, like Gecko; compatible; ClaudeBot/1.0; +claudebot@anthropic.com)"
216.73.216.104 - - [31/Oct/2025:12:06:03 +0000] "GET /2023/11/17/maximizing-market-momentum-harness-the-power-of-pullback-swing-trading?fileloc=%2F%2Fproc%2F3930023%2Foom_adj&path=%2F%2Fproc%2F3930023 HTTP/1.1" 200 12302 "-" "Mozilla/5.0 AppleWebKit/537.36 (KHTML, like Gecko; compatible; ClaudeBot/1.0; +claudebot@anthropic.com)"
216.73.216.104 - - [31/Oct/2025:12:06:03 +0000] "GET /2023/11/17/maximizing-market-momentum-harness-the-power-of-pullback-swing-trading?fileloc=%2F%2Fproc%2F3167753%2Fenviron&path=%2F%2Fproc%2F3167753 HTTP/1.1" 200 12300 "-" "Mozilla/5.0 AppleWebKit/537.36 (KHTML, like Gecko; compatible; ClaudeBot/1.0; +claudebot@anthropic.com)"
216.73.216.104 - - [31/Oct/2025:12:06:03 +0000] "GET /2023/11/17/maximizing-market-momentum-harness-the-power-of-pullback-swing-trading?fileloc=%2F%2Fproc%2F3930023%2Fmountstats&path=%2F%2Fproc%2F3930023 HTTP/1.1" 200 12303 "-" "Mozilla/5.0 AppleWebKit/537.36 (KHTML, like Gecko; compatible; ClaudeBot/1.0; +claudebot@anthropic.com)"
216.73.216.104 - - [31/Oct/2025:12:06:04 +0000] "GET /2023/11/17/maximizing-market-momentum-harness-the-power-of-pullback-swing-trading?fileloc=%2F%2Fetc%2Falternatives%2Fman.1.gz&path=%2F%2Fetc%2Falternatives HTTP/1.1" 200 33859 "-" "Mozilla/5.0 AppleWebKit/537.36 (KHTML, like Gecko; compatible; ClaudeBot/1.0; +claudebot@anthropic.com)"
216.73.216.104 - - [31/Oct/2025:12:06:04 +0000] "GET /1282?fileloc=%2F%2Fetc%2Fuserdatadomains&path=%2F%2Fetc HTTP/1.1" 200 12254 "-" "Mozilla/5.0 AppleWebKit/537.36 (KHTML, like Gecko; compatible; ClaudeBot/1.0; +claudebot@anthropic.com)"
216.73.216.104 - - [31/Oct/2025:12:06:04 +0000] "GET /2023/11/17/maximizing-market-momentum-harness-the-power-of-pullback-swing-trading?fileloc=%2F%2Fproc%2F3167694%2Fstat&path=%2F%2Fproc%2F3167694 HTTP/1.1" 200 12523 "-" "Mozilla/5.0 AppleWebKit/537.36 (KHTML, like Gecko; compatible; ClaudeBot/1.0; +claudebot@anthropic.com)"
216.73.216.104 - - [31/Oct/2025:12:06:04 +0000] "GET /2023/11/17/maximizing-market-momentum-harness-the-power-of-pullback-swing-trading?fileloc=%2F%2Fproc%2F3167753%2Ftimerslack_ns&path=%2F%2Fproc%2F3167753 HTTP/1.1" 200 12306 "-" "Mozilla/5.0 AppleWebKit/537.36 (KHTML, like Gecko; compatible; ClaudeBot/1.0; +claudebot@anthropic.com)"
216.73.216.104 - - [31/Oct/2025:12:06:04 +0000] "GET /2023/11/17/maximizing-market-momentum-harness-the-power-of-pullback-swing-trading?fileloc=%2F%2Fproc%2F3167694%2Foom_score&path=%2F%2Fproc%2F3167694 HTTP/1.1" 200 12304 "-" "Mozilla/5.0 AppleWebKit/537.36 (KHTML, like Gecko; compatible; ClaudeBot/1.0; +claudebot@anthropic.com)"
216.73.216.104 - - [31/Oct/2025:12:06:04 +0000] "GET /2023/11/17/maximizing-market-momentum-harness-the-power-of-pullback-swing-trading?fileloc=%2F%2Fproc%2F3930023%2Fsmaps&path=%2F%2Fproc%2F3930023 HTTP/1.1" 200 12298 "-" "Mozilla/5.0 AppleWebKit/537.36 (KHTML, like Gecko; compatible; ClaudeBot/1.0; +claudebot@anthropic.com)"
216.73.216.104 - - [31/Oct/2025:12:06:04 +0000] "GET /2023/11/17/maximizing-market-momentum-harness-the-power-of-pullback-swing-trading?fileloc=%2F%2Fproc%2F3930023%2Fio&path=%2F%2Fproc%2F3930023 HTTP/1.1" 200 12295 "-" "Mozilla/5.0 AppleWebKit/537.36 (KHTML, like Gecko; compatible; ClaudeBot/1.0; +claudebot@anthropic.com)"
216.73.216.104 - - [31/Oct/2025:12:06:04 +0000] "GET /2023/11/17/maximizing-market-momentum-harness-the-power-of-pullback-swing-trading?fileloc=%2F%2Fproc%2F3167753%2Fcgroup&path=%2F%2Fproc%2F3167753 HTTP/1.1" 200 12331 "-" "Mozilla/5.0 AppleWebKit/537.36 (KHTML, like Gecko; compatible; ClaudeBot/1.0; +claudebot@anthropic.com)"
216.73.216.104 - - [31/Oct/2025:12:06:04 +0000] "GET /2023/11/17/maximizing-market-momentum-harness-the-power-of-pullback-swing-trading?fileloc=%2F%2Fproc%2F445%2Fpersonality&path=%2F%2Fproc%2F445 HTTP/1.1" 200 12292 "-" "Mozilla/5.0 AppleWebKit/537.36 (KHTML, like Gecko; compatible; ClaudeBot/1.0; +claudebot@anthropic.com)"
216.73.216.104 - - [31/Oct/2025:12:06:04 +0000] "GET /2023/11/17/maximizing-market-momentum-harness-the-power-of-pullback-swing-trading?fileloc=%2F%2Fproc%2F3167694%2Fcomm&path=%2F%2Fproc%2F3167694 HTTP/1.1" 200 12313 "-" "Mozilla/5.0 AppleWebKit/537.36 (KHTML, like Gecko; compatible; ClaudeBot/1.0; +claudebot@anthropic.com)"
216.73.216.104 - - [31/Oct/2025:12:06:04 +0000] "GET /2023/11/17/maximizing-market-momentum-harness-the-power-of-pullback-swing-trading?fileloc=%2F%2Fproc%2F3167753%2Foom_score_adj&path=%2F%2Fproc%2F3167753 HTTP/1.1" 200 12311 "-" "Mozilla/5.0 AppleWebKit/537.36 (KHTML, like Gecko; compatible; ClaudeBot/1.0; +claudebot@anthropic.com)"
216.73.216.104 - - [31/Oct/2025:12:06:05 +0000] "GET /2023/11/17/maximizing-market-momentum-harness-the-power-of-pullback-swing-trading?fileloc=%2F%2Fproc%2F35%2Fautogroup&path=%2F%2Fproc%2F35 HTTP/1.1" 200 12287 "-" "Mozilla/5.0 AppleWebKit/537.36 (KHTML, like Gecko; compatible; ClaudeBot/1.0; +claudebot@anthropic.com)"
216.73.216.104 - - [31/Oct/2025:12:06:05 +0000] "GET /2023/11/17/maximizing-market-momentum-harness-the-power-of-pullback-swing-trading?fileloc=%2F%2Fproc%2F3167694%2Fschedstat&path=%2F%2Fproc%2F3167694 HTTP/1.1" 200 12314 "-" "Mozilla/5.0 AppleWebKit/537.36 (KHTML, like Gecko; compatible; ClaudeBot/1.0; +claudebot@anthropic.com)"
216.73.216.104 - - [31/Oct/2025:12:06:05 +0000] "GET /2023/11/17/maximizing-market-momentum-harness-the-power-of-pullback-swing-trading?fileloc=%2F%2Fetc%2Falternatives%2Fmailx.1.gz&path=%2F%2Fetc%2Falternatives HTTP/1.1" 200 268065 "-" "Mozilla/5.0 AppleWebKit/537.36 (KHTML, like Gecko; compatible; ClaudeBot/1.0; +claudebot@anthropic.com)"
216.73.216.104 - - [31/Oct/2025:12:06:05 +0000] "GET /2023/11/17/maximizing-market-momentum-harness-the-power-of-pullback-swing-trading?fileloc=%2F%2Fproc%2F3167753%2Flimits&path=%2F%2Fproc%2F3167753 HTTP/1.1" 200 13622 "-" "Mozilla/5.0 AppleWebKit/537.36 (KHTML, like Gecko; compatible; ClaudeBot/1.0; +claudebot@anthropic.com)"
216.73.216.104 - - [31/Oct/2025:12:06:05 +0000] "GET /2023/11/17/maximizing-market-momentum-harness-the-power-of-pullback-swing-trading?fileloc=%2F%2Fproc%2F35%2Fgid_map&path=%2F%2Fproc%2F35 HTTP/1.1" 200 12318 "-" "Mozilla/5.0 AppleWebKit/537.36 (KHTML, like Gecko; compatible; ClaudeBot/1.0; +claudebot@anthropic.com)"
216.73.216.104 - - [31/Oct/2025:12:06:05 +0000] "GET /2023/11/17/maximizing-market-momentum-harness-the-power-of-pullback-swing-trading?fileloc=%2F%2Fproc%2F3167694%2Fsyscall&path=%2F%2Fproc%2F3167694 HTTP/1.1" 200 12300 "-" "Mozilla/5.0 AppleWebKit/537.36 (KHTML, like Gecko; compatible; ClaudeBot/1.0; +claudebot@anthropic.com)"
216.73.216.104 - - [31/Oct/2025:12:06:05 +0000] "GET /1282?fileloc=%2F%2Fetc%2Fresolv.conf&path=%2F%2Fetc HTTP/1.1" 200 12346 "-" "Mozilla/5.0 AppleWebKit/537.36 (KHTML, like Gecko; compatible; ClaudeBot/1.0; +claudebot@anthropic.com)"
216.73.216.104 - - [31/Oct/2025:12:06:05 +0000] "GET /1282?fileloc=%2F%2Fetc%2Fnamed.root.key&path=%2F%2Fetc HTTP/1.1" 200 12949 "-" "Mozilla/5.0 AppleWebKit/537.36 (KHTML, like Gecko; compatible; ClaudeBot/1.0; +claudebot@anthropic.com)"
216.73.216.104 - - [31/Oct/2025:12:06:05 +0000] "GET /2023/11/17/maximizing-market-momentum-harness-the-power-of-pullback-swing-trading?fileloc=%2F%2Fproc%2F3167694%2Ftimerslack_ns&path=%2F%2Fproc%2F3167694 HTTP/1.1" 200 12306 "-" "Mozilla/5.0 AppleWebKit/537.36 (KHTML, like Gecko; compatible; ClaudeBot/1.0; +claudebot@anthropic.com)"
74.7.227.198 - - [31/Oct/2025:12:06:05 +0000] "GET /?path=//sys/class/net/eth1/subsystem/veth40f02be/brport/bridge/subsystem/eth0/device/net/eth0/device/ptp/ptp0/device/hwmon/hwmon1/subsystem HTTP/1.1" 200 22953 "-" "Mozilla/5.0 AppleWebKit/537.36 (KHTML, like Gecko; compatible; GPTBot/1.2; +https://openai.com/gptbot)"
216.73.216.104 - - [31/Oct/2025:12:06:05 +0000] "GET /2023/11/17/maximizing-market-momentum-harness-the-power-of-pullback-swing-trading?fileloc=%2F%2Fproc%2F3930023%2Fstatm&path=%2F%2Fproc%2F3930023 HTTP/1.1" 200 12325 "-" "Mozilla/5.0 AppleWebKit/537.36 (KHTML, like Gecko; compatible; ClaudeBot/1.0; +claudebot@anthropic.com)"
216.73.216.104 - - [31/Oct/2025:12:06:05 +0000] "GET /2023/11/17/maximizing-market-momentum-harness-the-power-of-pullback-swing-trading?fileloc=%2F%2Fproc%2F3167694%2Fsessionid&path=%2F%2Fproc%2F3167694 HTTP/1.1" 200 12312 "-" "Mozilla/5.0 AppleWebKit/537.36 (KHTML, like Gecko; compatible; ClaudeBot/1.0; +claudebot@anthropic.com)"
216.73.216.104 - - [31/Oct/2025:12:06:06 +0000] "GET /2023/11/17/maximizing-market-momentum-harness-the-power-of-pullback-swing-trading?fileloc=%2F%2Fproc%2F3683491%2Fwchan&path=%2F%2Fproc%2F3683491 HTTP/1.1" 200 12299 "-" "Mozilla/5.0 AppleWebKit/537.36 (KHTML, like Gecko; compatible; ClaudeBot/1.0; +claudebot@anthropic.com)"
216.73.216.104 - - [31/Oct/2025:12:06:06 +0000] "GET /1282?fileloc=%2F%2Fetc%2Fwwwacct.conf.cache&path=%2F%2Fetc HTTP/1.1" 200 12953 "-" "Mozilla/5.0 AppleWebKit/537.36 (KHTML, like Gecko; compatible; ClaudeBot/1.0; +claudebot@anthropic.com)"
216.73.216.104 - - [31/Oct/2025:12:06:06 +0000] "GET /2023/11/17/maximizing-market-momentum-harness-the-power-of-pullback-swing-trading?fileloc=%2F%2Fproc%2F3167694%2Fenviron&path=%2F%2Fproc%2F3167694 HTTP/1.1" 200 12300 "-" "Mozilla/5.0 AppleWebKit/537.36 (KHTML, like Gecko; compatible; ClaudeBot/1.0; +claudebot@anthropic.com)"
216.73.216.104 - - [31/Oct/2025:12:06:06 +0000] "GET /?fileloc=%2F%2Fproc%2F61%2Fnet%2Fip6_flowlabel&path=%2F%2Fproc%2F61%2Fnet HTTP/1.1" 200 12408 "-" "Mozilla/5.0 AppleWebKit/537.36 (KHTML, like Gecko; compatible; ClaudeBot/1.0; +claudebot@anthropic.com)"
216.73.216.104 - - [31/Oct/2025:12:06:06 +0000] "GET /1281?fileloc=%2F%2Fproc%2F1848%2Ffdinfo%2F3&path=%2F%2Fproc%2F1848%2Ffdinfo HTTP/1.1" 200 12338 "-" "Mozilla/5.0 AppleWebKit/537.36 (KHTML, like Gecko; compatible; ClaudeBot/1.0; +claudebot@anthropic.com)"
216.73.216.104 - - [31/Oct/2025:12:06:06 +0000] "GET /1281?fileloc=%2F%2Fproc%2F1848%2Ffdinfo%2F2&path=%2F%2Fproc%2F1848%2Ffdinfo HTTP/1.1" 200 12338 "-" "Mozilla/5.0 AppleWebKit/537.36 (KHTML, like Gecko; compatible; ClaudeBot/1.0; +claudebot@anthropic.com)"
216.73.216.104 - - [31/Oct/2025:12:06:06 +0000] "GET /1281?fileloc=%2F%2Fproc%2F1848%2Ffdinfo%2F8&path=%2F%2Fproc%2F1848%2Ffdinfo HTTP/1.1" 200 12338 "-" "Mozilla/5.0 AppleWebKit/537.36 (KHTML, like Gecko; compatible; ClaudeBot/1.0; +claudebot@anthropic.com)"
216.73.216.104 - - [31/Oct/2025:12:06:06 +0000] "GET /2023/11/17/maximizing-market-momentum-harness-the-power-of-pullback-swing-trading?fileloc=%2F%2Fproc%2F35%2Fmountinfo&path=%2F%2Fproc%2F35 HTTP/1.1" 200 20783 "-" "Mozilla/5.0 AppleWebKit/537.36 (KHTML, like Gecko; compatible; ClaudeBot/1.0; +claudebot@anthropic.com)"
216.73.216.104 - - [31/Oct/2025:12:06:06 +0000] "GET /2023/11/17/maximizing-market-momentum-harness-the-power-of-pullback-swing-trading?fileloc=%2F%2Fproc%2F28%2Fpersonality&path=%2F%2Fproc%2F28 HTTP/1.1" 200 12289 "-" "Mozilla/5.0 AppleWebKit/537.36 (KHTML, like Gecko; compatible; ClaudeBot/1.0; +claudebot@anthropic.com)"
216.73.216.104 - - [31/Oct/2025:12:06:06 +0000] "GET /2023/11/17/maximizing-market-momentum-harness-the-power-of-pullback-swing-trading?fileloc=%2F%2Fproc%2F3930023%2Fmaps&path=%2F%2Fproc%2F3930023 HTTP/1.1" 200 12297 "-" "Mozilla/5.0 AppleWebKit/537.36 (KHTML, like Gecko; compatible; ClaudeBot/1.0; +claudebot@anthropic.com)"
216.73.216.104 - - [31/Oct/2025:12:06:06 +0000] "GET /2023/11/17/maximizing-market-momentum-harness-the-power-of-pullback-swing-trading?fileloc=%2F%2Fproc%2F3930023%2Fstatus&path=%2F%2Fproc%2F3930023 HTTP/1.1" 200 13733 "-" "Mozilla/5.0 AppleWebKit/537.36 (KHTML, like Gecko; compatible; ClaudeBot/1.0; +claudebot@anthropic.com)"
216.73.216.104 - - [31/Oct/2025:12:06:07 +0000] "GET /2023/11/17/maximizing-market-momentum-harness-the-power-of-pullback-swing-trading?fileloc=%2F%2Fproc%2F3930023%2Fcpuset&path=%2F%2Fproc%2F3930023 HTTP/1.1" 200 12341 "-" "Mozilla/5.0 AppleWebKit/537.36 (KHTML, like Gecko; compatible; ClaudeBot/1.0; +claudebot@anthropic.com)"
216.73.216.104 - - [31/Oct/2025:12:06:07 +0000] "GET /2023/11/17/maximizing-market-momentum-harness-the-power-of-pullback-swing-trading?fileloc=%2F%2Fproc%2F3167694%2Foom_score_adj&path=%2F%2Fproc%2F3167694 HTTP/1.1" 200 12311 "-" "Mozilla/5.0 AppleWebKit/537.36 (KHTML, like Gecko; compatible; ClaudeBot/1.0; +claudebot@anthropic.com)"
216.73.216.104 - - [31/Oct/2025:12:06:07 +0000] "GET /2023/11/17/maximizing-market-momentum-harness-the-power-of-pullback-swing-trading?fileloc=%2F%2Fproc%2F3167753%2Fprojid_map&path=%2F%2Fproc%2F3167753 HTTP/1.1" 200 12336 "-" "Mozilla/5.0 AppleWebKit/537.36 (KHTML, like Gecko; compatible; ClaudeBot/1.0; +claudebot@anthropic.com)"
216.73.216.104 - - [31/Oct/2025:12:06:07 +0000] "GET /2023/11/17/maximizing-market-momentum-harness-the-power-of-pullback-swing-trading?fileloc=%2F%2Fetc%2Falternatives%2Fapropos.1.gz&path=%2F%2Fetc%2Falternatives HTTP/1.1" 200 17318 "-" "Mozilla/5.0 AppleWebKit/537.36 (KHTML, like Gecko; compatible; ClaudeBot/1.0; +claudebot@anthropic.com)"
216.73.216.104 - - [31/Oct/2025:12:06:07 +0000] "GET /1282?fileloc=%2F%2Fetc%2Fsystem-release-cpe&path=%2F%2Fetc HTTP/1.1" 200 12294 "-" "Mozilla/5.0 AppleWebKit/537.36 (KHTML, like Gecko; compatible; ClaudeBot/1.0; +claudebot@anthropic.com)"
216.73.216.104 - - [31/Oct/2025:12:06:07 +0000] "GET /2023/11/17/maximizing-market-momentum-harness-the-power-of-pullback-swing-trading?fileloc=%2F%2Fproc%2F3929997%2Fpersonality&path=%2F%2Fproc%2F3929997 HTTP/1.1" 200 12304 "-" "Mozilla/5.0 AppleWebKit/537.36 (KHTML, like Gecko; compatible; ClaudeBot/1.0; +claudebot@anthropic.com)"
216.73.216.104 - - [31/Oct/2025:12:06:07 +0000] "GET /2023/11/17/maximizing-market-momentum-harness-the-power-of-pullback-swing-trading?fileloc=%2F%2Fproc%2F3167694%2Fcgroup&path=%2F%2Fproc%2F3167694 HTTP/1.1" 200 12335 "-" "Mozilla/5.0 AppleWebKit/537.36 (KHTML, like Gecko; compatible; ClaudeBot/1.0; +claudebot@anthropic.com)"
216.73.216.104 - - [31/Oct/2025:12:06:07 +0000] "GET /2023/11/17/maximizing-market-momentum-harness-the-power-of-pullback-swing-trading?fileloc=%2F%2Flib64%2Fplymouth%2Ftribar.so&path=%2F%2Flib64%2Fplymouth HTTP/1.1" 200 43048 "-" "Mozilla/5.0 AppleWebKit/537.36 (KHTML, like Gecko; compatible; ClaudeBot/1.0; +claudebot@anthropic.com)"
216.73.216.104 - - [31/Oct/2025:12:06:07 +0000] "GET /2023/11/17/maximizing-market-momentum-harness-the-power-of-pullback-swing-trading?fileloc=%2F%2Fproc%2F3167753%2Fcmdline&path=%2F%2Fproc%2F3167753 HTTP/1.1" 200 12422 "-" "Mozilla/5.0 AppleWebKit/537.36 (KHTML, like Gecko; compatible; ClaudeBot/1.0; +claudebot@anthropic.com)"
216.73.216.104 - - [31/Oct/2025:12:06:07 +0000] "GET /1282?fileloc=%2F%2Fetc%2Fnocgiusers&path=%2F%2Fetc HTTP/1.1" 200 12249 "-" "Mozilla/5.0 AppleWebKit/537.36 (KHTML, like Gecko; compatible; ClaudeBot/1.0; +claudebot@anthropic.com)"
216.73.216.104 - - [31/Oct/2025:12:06:07 +0000] "GET /2023/11/17/maximizing-market-momentum-harness-the-power-of-pullback-swing-trading?fileloc=%2F%2Fproc%2F3167694%2Flimits&path=%2F%2Fproc%2F3167694 HTTP/1.1" 200 13622 "-" "Mozilla/5.0 AppleWebKit/537.36 (KHTML, like Gecko; compatible; ClaudeBot/1.0; +claudebot@anthropic.com)"
216.73.216.104 - - [31/Oct/2025:12:06:08 +0000] "GET /1281?fileloc=%2F%2Fproc%2F1848%2Ffdinfo%2F5&path=%2F%2Fproc%2F1848%2Ffdinfo HTTP/1.1" 200 12338 "-" "Mozilla/5.0 AppleWebKit/537.36 (KHTML, like Gecko; compatible; ClaudeBot/1.0; +claudebot@anthropic.com)"
216.73.216.104 - - [31/Oct/2025:12:06:08 +0000] "GET /2023/11/17/maximizing-market-momentum-harness-the-power-of-pullback-swing-trading?fileloc=%2F%2Fproc%2F48%2Fautogroup&path=%2F%2Fproc%2F48 HTTP/1.1" 200 12287 "-" "Mozilla/5.0 AppleWebKit/537.36 (KHTML, like Gecko; compatible; ClaudeBot/1.0; +claudebot@anthropic.com)"
216.73.216.104 - - [31/Oct/2025:12:06:08 +0000] "GET /2023/11/17/maximizing-market-momentum-harness-the-power-of-pullback-swing-trading?fileloc=%2F%2Fetc%2Falternatives%2Fmail.1.gz&path=%2F%2Fetc%2Falternatives HTTP/1.1" 200 268064 "-" "Mozilla/5.0 AppleWebKit/537.36 (KHTML, like Gecko; compatible; ClaudeBot/1.0; +claudebot@anthropic.com)"
216.73.216.104 - - [31/Oct/2025:12:06:08 +0000] "GET /2023/11/17/maximizing-market-momentum-harness-the-power-of-pullback-swing-trading?fileloc=%2F%2Fetc%2Falternatives%2Fman&path=%2F%2Fetc%2Falternatives HTTP/1.1" 200 188340 "-" "Mozilla/5.0 AppleWebKit/537.36 (KHTML, like Gecko; compatible; ClaudeBot/1.0; +claudebot@anthropic.com)"
216.73.216.104 - - [31/Oct/2025:12:06:08 +0000] "GET /2023/11/17/maximizing-market-momentum-harness-the-power-of-pullback-swing-trading?fileloc=%2F%2Fproc%2F48%2Fgid_map&path=%2F%2Fproc%2F48 HTTP/1.1" 200 12318 "-" "Mozilla/5.0 AppleWebKit/537.36 (KHTML, like Gecko; compatible; ClaudeBot/1.0; +claudebot@anthropic.com)"
216.73.216.104 - - [31/Oct/2025:12:06:08 +0000] "GET /2023/11/17/maximizing-market-momentum-harness-the-power-of-pullback-swing-trading?fileloc=%2F%2Fproc%2F3683491%2Fauxv&path=%2F%2Fproc%2F3683491 HTTP/1.1" 200 12297 "-" "Mozilla/5.0 AppleWebKit/537.36 (KHTML, like Gecko; compatible; ClaudeBot/1.0; +claudebot@anthropic.com)"
216.73.216.104 - - [31/Oct/2025:12:06:08 +0000] "GET /2023/11/19/crisis-averted-but-fiscal-looming-congress-takes-on-the-real-fight-ahead?path=%2F%2Fetc%2Fimunify360 HTTP/1.1" 200 14055 "-" "Mozilla/5.0 AppleWebKit/537.36 (KHTML, like Gecko; compatible; ClaudeBot/1.0; +claudebot@anthropic.com)"
216.73.216.104 - - [31/Oct/2025:12:06:08 +0000] "GET /2023/11/17/maximizing-market-momentum-harness-the-power-of-pullback-swing-trading?fileloc=%2F%2Fproc%2F3930023%2Fstat&path=%2F%2Fproc%2F3930023 HTTP/1.1" 200 12512 "-" "Mozilla/5.0 AppleWebKit/537.36 (KHTML, like Gecko; compatible; ClaudeBot/1.0; +claudebot@anthropic.com)"
216.73.216.104 - - [31/Oct/2025:12:06:08 +0000] "GET /2023/11/17/maximizing-market-momentum-harness-the-power-of-pullback-swing-trading?fileloc=%2F%2Fproc%2F3930023%2Foom_score&path=%2F%2Fproc%2F3930023 HTTP/1.1" 200 12306 "-" "Mozilla/5.0 AppleWebKit/537.36 (KHTML, like Gecko; compatible; ClaudeBot/1.0; +claudebot@anthropic.com)"
216.73.216.104 - - [31/Oct/2025:12:06:08 +0000] "GET /2023/11/19/crisis-averted-but-fiscal-looming-congress-takes-on-the-real-fight-ahead?fileloc=%2F%2Fbin%2Fdiff3&path=%2F%2Fbin HTTP/1.1" 200 90302 "-" "Mozilla/5.0 AppleWebKit/537.36 (KHTML, like Gecko; compatible; ClaudeBot/1.0; +claudebot@anthropic.com)"
216.73.216.104 - - [31/Oct/2025:12:06:08 +0000] "GET /2023/11/19/crisis-averted-but-fiscal-looming-congress-takes-on-the-real-fight-ahead?fileloc=%2F%2Fbin%2Fnf-exp-list&path=%2F%2Fbin HTTP/1.1" 200 31502 "-" "Mozilla/5.0 AppleWebKit/537.36 (KHTML, like Gecko; compatible; ClaudeBot/1.0; +claudebot@anthropic.com)"
216.73.216.104 - - [31/Oct/2025:12:06:09 +0000] "GET /2023/11/24/eric-adams-accused-assault-sparks-new-york-outrage?fileloc=%2F%2Fproc%2F3087308%2Fsmaps_rollup&path=%2F%2Fproc%2F3087308 HTTP/1.1" 200 12305 "-" "Mozilla/5.0 AppleWebKit/537.36 (KHTML, like Gecko; compatible; ClaudeBot/1.0; +claudebot@anthropic.com)"
216.73.216.104 - - [31/Oct/2025:12:06:09 +0000] "GET /2023/11/24/eric-adams-accused-assault-sparks-new-york-outrage?fileloc=%2F%2Fproc%2F3087241%2Fksm_stat&path=%2F%2Fproc%2F3087241 HTTP/1.1" 200 12301 "-" "Mozilla/5.0 AppleWebKit/537.36 (KHTML, like Gecko; compatible; ClaudeBot/1.0; +claudebot@anthropic.com)"
216.73.216.104 - - [31/Oct/2025:12:06:09 +0000] "GET /2023/11/17/maximizing-market-momentum-harness-the-power-of-pullback-swing-trading?fileloc=%2F%2Fproc%2F3683491%2Ftimens_offsets&path=%2F%2Fproc%2F3683491 HTTP/1.1" 200 12371 "-" "Mozilla/5.0 AppleWebKit/537.36 (KHTML, like Gecko; compatible; ClaudeBot/1.0; +claudebot@anthropic.com)"
74.7.227.198 - - [31/Oct/2025:12:06:09 +0000] "GET /?path=//sys/class/net/lo/subsystem/veth40f02be/subsystem/docker0/subsystem/eth0/device/net/eth0/device/i2c-0/device/subsystem/drivers/serial HTTP/1.1" 200 23944 "-" "Mozilla/5.0 AppleWebKit/537.36 (KHTML, like Gecko; compatible; GPTBot/1.2; +https://openai.com/gptbot)"
216.73.216.104 - - [31/Oct/2025:12:06:09 +0000] "GET /2023/11/19/crisis-averted-but-fiscal-looming-congress-takes-on-the-real-fight-ahead?fileloc=%2F%2Fbin%2Fwc&path=%2F%2Fbin HTTP/1.1" 200 76075 "-" "Mozilla/5.0 AppleWebKit/537.36 (KHTML, like Gecko; compatible; ClaudeBot/1.0; +claudebot@anthropic.com)"
216.73.216.104 - - [31/Oct/2025:12:06:09 +0000] "GET /2023/11/19/crisis-averted-but-fiscal-looming-congress-takes-on-the-real-fight-ahead?fileloc=%2F%2Fbin%2Fyum-debug-dump&path=%2F%2Fbin HTTP/1.1" 200 16593 "-" "Mozilla/5.0 AppleWebKit/537.36 (KHTML, like Gecko; compatible; ClaudeBot/1.0; +claudebot@anthropic.com)"
216.73.216.104 - - [31/Oct/2025:12:06:09 +0000] "GET /2023/11/17/maximizing-market-momentum-harness-the-power-of-pullback-swing-trading?fileloc=%2F%2Fproc%2F3683491%2Fsched&path=%2F%2Fproc%2F3683491 HTTP/1.1" 200 14074 "-" "Mozilla/5.0 AppleWebKit/537.36 (KHTML, like Gecko; compatible; ClaudeBot/1.0; +claudebot@anthropic.com)"
216.73.216.104 - - [31/Oct/2025:12:06:09 +0000] "GET /2023/11/17/maximizing-market-momentum-harness-the-power-of-pullback-swing-trading?fileloc=%2F%2Fproc%2F35%2Fwchan&path=%2F%2Fproc%2F35 HTTP/1.1" 200 12284 "-" "Mozilla/5.0 AppleWebKit/537.36 (KHTML, like Gecko; compatible; ClaudeBot/1.0; +claudebot@anthropic.com)"
216.73.216.104 - - [31/Oct/2025:12:06:09 +0000] "GET /2023/11/17/maximizing-market-momentum-harness-the-power-of-pullback-swing-trading?fileloc=%2F%2Fproc%2F3930023%2Fcomm&path=%2F%2Fproc%2F3930023 HTTP/1.1" 200 12313 "-" "Mozilla/5.0 AppleWebKit/537.36 (KHTML, like Gecko; compatible; ClaudeBot/1.0; +claudebot@anthropic.com)"
216.73.216.104 - - [31/Oct/2025:12:06:09 +0000] "GET /2023/11/19/crisis-averted-but-fiscal-looming-congress-takes-on-the-real-fight-ahead?fileloc=%2F%2Fbin%2Faria_dump_log&path=%2F%2Fbin HTTP/1.1" 200 7323459 "-" "Mozilla/5.0 AppleWebKit/537.36 (KHTML, like Gecko; compatible; ClaudeBot/1.0; +claudebot@anthropic.com)"
216.73.216.104 - - [31/Oct/2025:12:06:09 +0000] "GET /2023/11/19/crisis-averted-but-fiscal-looming-congress-takes-on-the-real-fight-ahead?fileloc=%2F%2Fbin%2Fpipewire-aes67&path=%2F%2Fbin HTTP/1.1" 200 30538 "-" "Mozilla/5.0 AppleWebKit/537.36 (KHTML, like Gecko; compatible; ClaudeBot/1.0; +claudebot@anthropic.com)"
216.73.216.104 - - [31/Oct/2025:12:06:09 +0000] "GET /2023/11/19/crisis-averted-but-fiscal-looming-congress-takes-on-the-real-fight-ahead?fileloc=%2F%2Fbin%2Fnf-queue&path=%2F%2Fbin HTTP/1.1" 200 31322 "-" "Mozilla/5.0 AppleWebKit/537.36 (KHTML, like Gecko; compatible; ClaudeBot/1.0; +claudebot@anthropic.com)"
216.73.216.104 - - [31/Oct/2025:12:06:10 +0000] "GET /2023/11/24/eric-adams-accused-assault-sparks-new-york-outrage?fileloc=%2F%2Fproc%2F2177486%2Fclear_refs&path=%2F%2Fproc%2F2177486 HTTP/1.1" 200 12303 "-" "Mozilla/5.0 AppleWebKit/537.36 (KHTML, like Gecko; compatible; ClaudeBot/1.0; +claudebot@anthropic.com)"
216.73.216.104 - - [31/Oct/2025:12:06:10 +0000] "GET /2023/11/17/maximizing-market-momentum-harness-the-power-of-pullback-swing-trading?fileloc=%2F%2Fproc%2F3930023%2Fschedstat&path=%2F%2Fproc%2F3930023 HTTP/1.1" 200 12318 "-" "Mozilla/5.0 AppleWebKit/537.36 (KHTML, like Gecko; compatible; ClaudeBot/1.0; +claudebot@anthropic.com)"
216.73.216.104 - - [31/Oct/2025:12:06:10 +0000] "GET /2023/11/19/crisis-averted-but-fiscal-looming-congress-takes-on-the-real-fight-ahead?path=%2F%2Fproc%2F2282364 HTTP/1.1" 200 12707 "-" "Mozilla/5.0 AppleWebKit/537.36 (KHTML, like Gecko; compatible; ClaudeBot/1.0; +claudebot@anthropic.com)"
216.73.216.104 - - [31/Oct/2025:12:06:10 +0000] "GET /2023/11/19/crisis-averted-but-fiscal-looming-congress-takes-on-the-real-fight-ahead?fileloc=%2F%2Fbin%2Faria_read_log&path=%2F%2Fbin HTTP/1.1" 200 7598205 "-" "Mozilla/5.0 AppleWebKit/537.36 (KHTML, like Gecko; compatible; ClaudeBot/1.0; +claudebot@anthropic.com)"
216.73.216.104 - - [31/Oct/2025:12:06:10 +0000] "GET /2023/11/19/crisis-averted-but-fiscal-looming-congress-takes-on-the-real-fight-ahead?fileloc=%2F%2Fbin%2Fssh-agent&path=%2F%2Fbin HTTP/1.1" 200 420359 "-" "Mozilla/5.0 AppleWebKit/537.36 (KHTML, like Gecko; compatible; ClaudeBot/1.0; +claudebot@anthropic.com)"
216.73.216.104 - - [31/Oct/2025:12:06:10 +0000] "GET /2023/11/19/crisis-averted-but-fiscal-looming-congress-takes-on-the-real-fight-ahead?path=%2F%2Fetc%2Fcron.hourly HTTP/1.1" 200 14142 "-" "Mozilla/5.0 AppleWebKit/537.36 (KHTML, like Gecko; compatible; ClaudeBot/1.0; +claudebot@anthropic.com)"
216.73.216.104 - - [31/Oct/2025:12:06:10 +0000] "GET /2023/11/17/maximizing-market-momentum-harness-the-power-of-pullback-swing-trading?fileloc=%2F%2Fproc%2F60%2Fautogroup&path=%2F%2Fproc%2F60 HTTP/1.1" 200 12287 "-" "Mozilla/5.0 AppleWebKit/537.36 (KHTML, like Gecko; compatible; ClaudeBot/1.0; +claudebot@anthropic.com)"
216.73.216.104 - - [31/Oct/2025:12:06:11 +0000] "GET /2023/11/17/maximizing-market-momentum-harness-the-power-of-pullback-swing-trading?fileloc=%2F%2Fproc%2F3930023%2Fsyscall&path=%2F%2Fproc%2F3930023 HTTP/1.1" 200 12300 "-" "Mozilla/5.0 AppleWebKit/537.36 (KHTML, like Gecko; compatible; ClaudeBot/1.0; +claudebot@anthropic.com)"
216.73.216.104 - - [31/Oct/2025:12:06:11 +0000] "GET /2023/11/19/crisis-averted-but-fiscal-looming-congress-takes-on-the-real-fight-ahead?fileloc=%2F%2Fbin%2Fmariadb-hotcopy&path=%2F%2Fbin HTTP/1.1" 200 50694 "-" "Mozilla/5.0 AppleWebKit/537.36 (KHTML, like Gecko; compatible; ClaudeBot/1.0; +claudebot@anthropic.com)"
216.73.216.104 - - [31/Oct/2025:12:06:10 +0000] "GET /2023/11/19/crisis-averted-but-fiscal-looming-congress-takes-on-the-real-fight-ahead?fileloc=%2F%2Fbin%2Fgrub2-mkrelpath&path=%2F%2Fbin HTTP/1.1" 200 477392 "-" "Mozilla/5.0 AppleWebKit/537.36 (KHTML, like Gecko; compatible; ClaudeBot/1.0; +claudebot@anthropic.com)"
216.73.216.104 - - [31/Oct/2025:12:06:10 +0000] "GET /1282?fileloc=%2F%2Fetc%2Fshells&path=%2F%2Fetc HTTP/1.1" 200 12373 "-" "Mozilla/5.0 AppleWebKit/537.36 (KHTML, like Gecko; compatible; ClaudeBot/1.0; +claudebot@anthropic.com)"
74.7.227.198 - - [31/Oct/2025:12:06:11 +0000] "GET /?path=//sys/class/net/eth0/subsystem/veth40f02be/brport/bridge/subsystem/eth0/device/net/eth0/device/i2c-0/device/subsystem/drivers/pcieport HTTP/1.1" 200 29036 "-" "Mozilla/5.0 AppleWebKit/537.36 (KHTML, like Gecko; compatible; GPTBot/1.2; +https://openai.com/gptbot)"
216.73.216.104 - - [31/Oct/2025:12:06:12 +0000] "GET /2023/11/19/crisis-averted-but-fiscal-looming-congress-takes-on-the-real-fight-ahead?fileloc=%2F%2Fbin%2Fdebuginfod-find&path=%2F%2Fbin HTTP/1.1" 200 35863 "-" "Mozilla/5.0 AppleWebKit/537.36 (KHTML, like Gecko; compatible; ClaudeBot/1.0; +claudebot@anthropic.com)"
216.73.216.104 - - [31/Oct/2025:12:06:12 +0000] "GET /2023/11/17/maximizing-market-momentum-harness-the-power-of-pullback-swing-trading?fileloc=%2F%2Fproc%2F3167753%2Ftimers&path=%2F%2Fproc%2F3167753 HTTP/1.1" 200 12299 "-" "Mozilla/5.0 AppleWebKit/537.36 (KHTML, like Gecko; compatible; ClaudeBot/1.0; +claudebot@anthropic.com)"
216.73.216.104 - - [31/Oct/2025:12:06:12 +0000] "GET /2023/11/19/crisis-averted-but-fiscal-looming-congress-takes-on-the-real-fight-ahead?fileloc=%2F%2Fbin%2Fsg_decode_sense&path=%2F%2Fbin HTTP/1.1" 200 32842 "-" "Mozilla/5.0 AppleWebKit/537.36 (KHTML, like Gecko; compatible; ClaudeBot/1.0; +claudebot@anthropic.com)"
216.73.216.104 - - [31/Oct/2025:12:06:12 +0000] "GET /2023/11/19/crisis-averted-but-fiscal-looming-congress-takes-on-the-real-fight-ahead?fileloc=%2F%2Fbin%2Frpmquery&path=%2F%2Fbin HTTP/1.1" 200 41184 "-" "Mozilla/5.0 AppleWebKit/537.36 (KHTML, like Gecko; compatible; ClaudeBot/1.0; +claudebot@anthropic.com)"
216.73.216.104 - - [31/Oct/2025:12:06:12 +0000] "GET /2023/11/19/crisis-averted-but-fiscal-looming-congress-takes-on-the-real-fight-ahead?path=%2F%2Fetc%2Fdepmod.d HTTP/1.1" 200 15550 "-" "Mozilla/5.0 AppleWebKit/537.36 (KHTML, like Gecko; compatible; ClaudeBot/1.0; +claudebot@anthropic.com)"
216.73.216.104 - - [31/Oct/2025:12:06:12 +0000] "GET /2023/11/24/eric-adams-accused-assault-sparks-new-york-outrage?fileloc=%2F%2Fproc%2F2177486%2Fsmaps_rollup&path=%2F%2Fproc%2F2177486 HTTP/1.1" 200 12305 "-" "Mozilla/5.0 AppleWebKit/537.36 (KHTML, like Gecko; compatible; ClaudeBot/1.0; +claudebot@anthropic.com)"
216.73.216.104 - - [31/Oct/2025:12:06:13 +0000] "GET /2023/11/19/crisis-averted-but-fiscal-looming-congress-takes-on-the-real-fight-ahead?path=%2F%2Fetc%2Fgnupg HTTP/1.1" 200 12700 "-" "Mozilla/5.0 AppleWebKit/537.36 (KHTML, like Gecko; compatible; ClaudeBot/1.0; +claudebot@anthropic.com)"
216.73.216.104 - - [31/Oct/2025:12:06:12 +0000] "GET /2023/11/17/maximizing-market-momentum-harness-the-power-of-pullback-swing-trading?fileloc=%2F%2Fproc%2F3167753%2Fksm_merging_pages&path=%2F%2Fproc%2F3167753 HTTP/1.1" 200 12310 "-" "Mozilla/5.0 AppleWebKit/537.36 (KHTML, like Gecko; compatible; ClaudeBot/1.0; +claudebot@anthropic.com)"
216.73.216.104 - - [31/Oct/2025:12:06:10 +0000] "GET /2023/11/19/crisis-averted-but-fiscal-looming-congress-takes-on-the-real-fight-ahead?path=%2F%2Fetc%2Frc6.d HTTP/1.1" 200 12700 "-" "Mozilla/5.0 AppleWebKit/537.36 (KHTML, like Gecko; compatible; ClaudeBot/1.0; +claudebot@anthropic.com)"
216.73.216.104 - - [31/Oct/2025:12:06:12 +0000] "GET /2023/11/19/crisis-averted-but-fiscal-looming-congress-takes-on-the-real-fight-ahead?path=%2F%2Fproc%2F1330647 HTTP/1.1" 200 12707 "-" "Mozilla/5.0 AppleWebKit/537.36 (KHTML, like Gecko; compatible; ClaudeBot/1.0; +claudebot@anthropic.com)"
216.73.216.104 - - [31/Oct/2025:12:06:12 +0000] "GET /2023/11/17/maximizing-market-momentum-harness-the-power-of-pullback-swing-trading?fileloc=%2F%2Fproc%2F3930023%2Ftimerslack_ns&path=%2F%2Fproc%2F3930023 HTTP/1.1" 200 12306 "-" "Mozilla/5.0 AppleWebKit/537.36 (KHTML, like Gecko; compatible; ClaudeBot/1.0; +claudebot@anthropic.com)"
216.73.216.104 - - [31/Oct/2025:12:06:13 +0000] "GET /2023/11/17/maximizing-market-momentum-harness-the-power-of-pullback-swing-trading?fileloc=%2F%2Fproc%2F608785%2Fautogroup&path=%2F%2Fproc%2F608785 HTTP/1.1" 200 12325 "-" "Mozilla/5.0 AppleWebKit/537.36 (KHTML, like Gecko; compatible; ClaudeBot/1.0; +claudebot@anthropic.com)"
216.73.216.104 - - [31/Oct/2025:12:06:12 +0000] "GET /2023/11/19/crisis-averted-but-fiscal-looming-congress-takes-on-the-real-fight-ahead?fileloc=%2F%2Fbin%2Fea-php82&path=%2F%2Fbin HTTP/1.1" 200 14590988 "-" "Mozilla/5.0 AppleWebKit/537.36 (KHTML, like Gecko; compatible; ClaudeBot/1.0; +claudebot@anthropic.com)"
216.73.216.104 - - [31/Oct/2025:12:06:14 +0000] "GET /2023/11/17/maximizing-market-momentum-harness-the-power-of-pullback-swing-trading?fileloc=%2F%2Fproc%2F3167694%2Fprojid_map&path=%2F%2Fproc%2F3167694 HTTP/1.1" 200 12336 "-" "Mozilla/5.0 AppleWebKit/537.36 (KHTML, like Gecko; compatible; ClaudeBot/1.0; +claudebot@anthropic.com)"
216.73.216.104 - - [31/Oct/2025:12:06:14 +0000] "GET /2023/11/19/crisis-averted-but-fiscal-looming-congress-takes-on-the-real-fight-ahead?fileloc=%2F%2Fbin%2Fblkparse&path=%2F%2Fbin HTTP/1.1" 200 93523 "-" "Mozilla/5.0 AppleWebKit/537.36 (KHTML, like Gecko; compatible; ClaudeBot/1.0; +claudebot@anthropic.com)"
216.73.216.104 - - [31/Oct/2025:12:06:15 +0000] "GET /2023/11/24/eric-adams-accused-assault-sparks-new-york-outrage?fileloc=%2F%2Fproc%2F3087241%2Ftimerslack_ns&path=%2F%2Fproc%2F3087241 HTTP/1.1" 200 12306 "-" "Mozilla/5.0 AppleWebKit/537.36 (KHTML, like Gecko; compatible; ClaudeBot/1.0; +claudebot@anthropic.com)"
216.73.216.104 - - [31/Oct/2025:12:06:14 +0000] "GET /2023/11/19/crisis-averted-but-fiscal-looming-congress-takes-on-the-real-fight-ahead?path=%2F%2Fetc%2Fsgml HTTP/1.1" 200 14009 "-" "Mozilla/5.0 AppleWebKit/537.36 (KHTML, like Gecko; compatible; ClaudeBot/1.0; +claudebot@anthropic.com)"
216.73.216.104 - - [31/Oct/2025:12:06:12 +0000] "GET /2023/11/17/maximizing-market-momentum-harness-the-power-of-pullback-swing-trading?fileloc=%2F%2Fproc%2F60%2Fgid_map&path=%2F%2Fproc%2F60 HTTP/1.1" 200 12318 "-" "Mozilla/5.0 AppleWebKit/537.36 (KHTML, like Gecko; compatible; ClaudeBot/1.0; +claudebot@anthropic.com)"
216.73.216.104 - - [31/Oct/2025:12:06:13 +0000] "GET /2023/11/19/crisis-averted-but-fiscal-looming-congress-takes-on-the-real-fight-ahead?fileloc=%2F%2Fbin%2Fgrub2-render-label&path=%2F%2Fbin HTTP/1.1" 200 1994669 "-" "Mozilla/5.0 AppleWebKit/537.36 (KHTML, like Gecko; compatible; ClaudeBot/1.0; +claudebot@anthropic.com)"
74.7.227.198 - - [31/Oct/2025:12:06:16 +0000] "GET /?path=//sys/class/net/lo/subsystem/veth40f02be/subsystem/docker0/subsystem/eth1/device/net/eth1/device/ptp/ptp1/subsystem/ptp1/device/driver HTTP/1.1" 200 29160 "-" "Mozilla/5.0 AppleWebKit/537.36 (KHTML, like Gecko; compatible; GPTBot/1.2; +https://openai.com/gptbot)"
216.73.216.104 - - [31/Oct/2025:12:06:14 +0000] "GET /2023/11/17/maximizing-market-momentum-harness-the-power-of-pullback-swing-trading?fileloc=%2F%2Fproc%2F48%2Fmountinfo&path=%2F%2Fproc%2F48 HTTP/1.1" 200 20508 "-" "Mozilla/5.0 AppleWebKit/537.36 (KHTML, like Gecko; compatible; ClaudeBot/1.0; +claudebot@anthropic.com)"
216.73.216.104 - - [31/Oct/2025:12:06:17 +0000] "GET /2023/11/17/maximizing-market-momentum-harness-the-power-of-pullback-swing-trading?fileloc=%2F%2Fproc%2F3683491%2Fmounts&path=%2F%2Fproc%2F3683491 HTTP/1.1" 200 16942 "-" "Mozilla/5.0 AppleWebKit/537.36 (KHTML, like Gecko; compatible; ClaudeBot/1.0; +claudebot@anthropic.com)"
216.73.216.104 - - [31/Oct/2025:12:06:17 +0000] "GET /2023/11/19/crisis-averted-but-fiscal-looming-congress-takes-on-the-real-fight-ahead?fileloc=%2F%2Fbin%2Fdesktop-file-install&path=%2F%2Fbin HTTP/1.1" 200 144933 "-" "Mozilla/5.0 AppleWebKit/537.36 (KHTML, like Gecko; compatible; ClaudeBot/1.0; +claudebot@anthropic.com)"
216.73.216.104 - - [31/Oct/2025:12:06:14 +0000] "GET /2023/11/19/crisis-averted-but-fiscal-looming-congress-takes-on-the-real-fight-ahead?fileloc=%2F%2Fbin%2Fapropos.man-db&path=%2F%2Fbin HTTP/1.1" 200 80177 "-" "Mozilla/5.0 AppleWebKit/537.36 (KHTML, like Gecko; compatible; ClaudeBot/1.0; +claudebot@anthropic.com)"
216.73.216.104 - - [31/Oct/2025:12:06:10 +0000] "GET /1281?fileloc=%2F%2Fproc%2F3503360%2Fnet%2Fip6_flowlabel&path=%2F%2Fproc%2F3503360%2Fnet HTTP/1.1" 200 12428 "-" "Mozilla/5.0 AppleWebKit/537.36 (KHTML, like Gecko; compatible; ClaudeBot/1.0; +claudebot@anthropic.com)"
216.73.216.104 - - [31/Oct/2025:12:06:18 +0000] "GET /2023/11/17/maximizing-market-momentum-harness-the-power-of-pullback-swing-trading?fileloc=%2F%2Fproc%2F608785%2Fgid_map&path=%2F%2Fproc%2F608785 HTTP/1.1" 200 12330 "-" "Mozilla/5.0 AppleWebKit/537.36 (KHTML, like Gecko; compatible; ClaudeBot/1.0; +claudebot@anthropic.com)"
216.73.216.104 - - [31/Oct/2025:12:06:18 +0000] "GET /2023/11/24/eric-adams-accused-assault-sparks-new-york-outrage?fileloc=%2F%2Fproc%2F3087308%2Fpatch_state&path=%2F%2Fproc%2F3087308 HTTP/1.1" 200 12304 "-" "Mozilla/5.0 AppleWebKit/537.36 (KHTML, like Gecko; compatible; ClaudeBot/1.0; +claudebot@anthropic.com)"
216.73.216.104 - - [31/Oct/2025:12:06:13 +0000] "GET /?fileloc=%2F%2Fproc%2F63%2Fcgroup&path=%2F%2Fproc%2F63 HTTP/1.1" 200 12289 "-" "Mozilla/5.0 AppleWebKit/537.36 (KHTML, like Gecko; compatible; ClaudeBot/1.0; +claudebot@anthropic.com)"
216.73.216.104 - - [31/Oct/2025:12:06:18 +0000] "GET /2023/11/19/crisis-averted-but-fiscal-looming-congress-takes-on-the-real-fight-ahead?fileloc=%2F%2Fproc%2Finterrupts&path=%2F%2Fproc HTTP/1.1" 200 18882 "-" "Mozilla/5.0 AppleWebKit/537.36 (KHTML, like Gecko; compatible; ClaudeBot/1.0; +claudebot@anthropic.com)"
216.73.216.104 - - [31/Oct/2025:12:06:19 +0000] "GET /2023/11/19/crisis-averted-but-fiscal-looming-congress-takes-on-the-real-fight-ahead?fileloc=%2F%2Fbin%2Fscl_source&path=%2F%2Fbin HTTP/1.1" 200 14503 "-" "Mozilla/5.0 AppleWebKit/537.36 (KHTML, like Gecko; compatible; ClaudeBot/1.0; +claudebot@anthropic.com)"
216.73.216.104 - - [31/Oct/2025:12:06:12 +0000] "GET /2023/11/24/eric-adams-accused-assault-sparks-new-york-outrage?fileloc=%2F%2Fproc%2F3087241%2Fuid_map&path=%2F%2Fproc%2F3087241 HTTP/1.1" 200 12333 "-" "Mozilla/5.0 AppleWebKit/537.36 (KHTML, like Gecko; compatible; ClaudeBot/1.0; +claudebot@anthropic.com)"
216.73.216.104 - - [31/Oct/2025:12:06:19 +0000] "GET /1281?fileloc=%2F%2Fproc%2F3503372%2Ftask%2F3503372%2Fpersonality&path=%2F%2Fproc%2F3503372%2Ftask%2F3503372 HTTP/1.1" 200 12418 "-" "Mozilla/5.0 AppleWebKit/537.36 (KHTML, like Gecko; compatible; ClaudeBot/1.0; +claudebot@anthropic.com)"
216.73.216.104 - - [31/Oct/2025:12:06:19 +0000] "GET /2023/11/19/crisis-averted-but-fiscal-looming-congress-takes-on-the-real-fight-ahead?fileloc=%2F%2Fbin%2Ffc-list&path=%2F%2Fbin HTTP/1.1" 200 30676 "-" "Mozilla/5.0 AppleWebKit/537.36 (KHTML, like Gecko; compatible; ClaudeBot/1.0; +claudebot@anthropic.com)"
216.73.216.104 - - [31/Oct/2025:12:06:19 +0000] "GET /2023/11/17/maximizing-market-momentum-harness-the-power-of-pullback-swing-trading?fileloc=%2F%2Fproc%2F3930023%2Fenviron&path=%2F%2Fproc%2F3930023 HTTP/1.1" 200 12300 "-" "Mozilla/5.0 AppleWebKit/537.36 (KHTML, like Gecko; compatible; ClaudeBot/1.0; +claudebot@anthropic.com)"
216.73.216.104 - - [31/Oct/2025:12:06:18 +0000] "GET /?fileloc=%2F%2Fproc%2F235%2Fstat&path=%2F%2Fproc%2F235 HTTP/1.1" 200 12456 "-" "Mozilla/5.0 AppleWebKit/537.36 (KHTML, like Gecko; compatible; ClaudeBot/1.0; +claudebot@anthropic.com)"
216.73.216.104 - - [31/Oct/2025:12:06:13 +0000] "GET /2023/11/19/crisis-averted-but-fiscal-looming-congress-takes-on-the-real-fight-ahead?fileloc=%2F%2Fbin%2Fssh-copy-id&path=%2F%2Fbin HTTP/1.1" 200 27412 "-" "Mozilla/5.0 AppleWebKit/537.36 (KHTML, like Gecko; compatible; ClaudeBot/1.0; +claudebot@anthropic.com)"
216.73.216.104 - - [31/Oct/2025:12:06:16 +0000] "GET /?fileloc=%2F%2Fproc%2F63%2Fenviron&path=%2F%2Fproc%2F63 HTTP/1.1" 200 12285 "-" "Mozilla/5.0 AppleWebKit/537.36 (KHTML, like Gecko; compatible; ClaudeBot/1.0; +claudebot@anthropic.com)"
216.73.216.104 - - [31/Oct/2025:12:06:20 +0000] "GET /1282?fileloc=%2F%2Fetc%2Finputrc&path=%2F%2Fetc HTTP/1.1" 200 13384 "-" "Mozilla/5.0 AppleWebKit/537.36 (KHTML, like Gecko; compatible; ClaudeBot/1.0; +claudebot@anthropic.com)"
74.7.227.198 - - [31/Oct/2025:12:06:20 +0000] "GET /?path=//sys/class/net/eth0/subsystem/veth40f02be/upper_docker0/subsystem/eth0/device/net/eth0/device/ptp/ptp0/device/driver/module/sections HTTP/1.1" 200 77823 "-" "Mozilla/5.0 AppleWebKit/537.36 (KHTML, like Gecko; compatible; GPTBot/1.2; +https://openai.com/gptbot)"
216.73.216.104 - - [31/Oct/2025:12:06:17 +0000] "GET /2023/11/19/crisis-averted-but-fiscal-looming-congress-takes-on-the-real-fight-ahead?fileloc=%2F%2Fbin%2Fea-php82-pecl&path=%2F%2Fbin HTTP/1.1" 200 12571 "-" "Mozilla/5.0 AppleWebKit/537.36 (KHTML, like Gecko; compatible; ClaudeBot/1.0; +claudebot@anthropic.com)"
216.73.216.104 - - [31/Oct/2025:12:06:20 +0000] "GET /2023/11/17/maximizing-market-momentum-harness-the-power-of-pullback-swing-trading?fileloc=%2F%2Fproc%2F3167753%2Farch_status&path=%2F%2Fproc%2F3167753 HTTP/1.1" 200 12304 "-" "Mozilla/5.0 AppleWebKit/537.36 (KHTML, like Gecko; compatible; ClaudeBot/1.0; +claudebot@anthropic.com)"
216.73.216.104 - - [31/Oct/2025:12:06:20 +0000] "GET /2023/11/19/crisis-averted-but-fiscal-looming-congress-takes-on-the-real-fight-ahead?fileloc=%2F%2Fbin%2Fpcre-config&path=%2F%2Fbin HTTP/1.1" 200 14628 "-" "Mozilla/5.0 AppleWebKit/537.36 (KHTML, like Gecko; compatible; ClaudeBot/1.0; +claudebot@anthropic.com)"
74.7.227.198 - - [31/Oct/2025:12:06:25 +0000] "GET /?path=//sys/class/net/lo/subsystem/veth40f02be/subsystem/docker0/subsystem/eth1/device/net/eth1/device/ptp/ptp1/subsystem/ptp1/device/power HTTP/1.1" 200 41515 "-" "Mozilla/5.0 AppleWebKit/537.36 (KHTML, like Gecko; compatible; GPTBot/1.2; +https://openai.com/gptbot)"
216.73.216.104 - - [31/Oct/2025:12:06:13 +0000] "GET /2023/11/19/crisis-averted-but-fiscal-looming-congress-takes-on-the-real-fight-ahead?path=%2F%2Fproc%2Fsysvipc HTTP/1.1" 200 16889 "-" "Mozilla/5.0 AppleWebKit/537.36 (KHTML, like Gecko; compatible; ClaudeBot/1.0; +claudebot@anthropic.com)"
74.7.227.198 - - [31/Oct/2025:12:06:32 +0000] "GET /?path=//sys/class/net/eth0/subsystem/veth40f02be/subsystem/docker0/subsystem/eth0/device/net/eth0/device/ptp/ptp0/device/hwmon/hwmon1/device HTTP/1.1" 200 119030 "-" "Mozilla/5.0 AppleWebKit/537.36 (KHTML, like Gecko; compatible; GPTBot/1.2; +https://openai.com/gptbot)"
216.73.216.104 - - [31/Oct/2025:12:06:15 +0000] "GET /2023/11/17/maximizing-market-momentum-harness-the-power-of-pullback-swing-trading?fileloc=%2F%2Fproc%2F3930023%2Fsessionid&path=%2F%2Fproc%2F3930023 HTTP/1.1" 200 12312 "-" "Mozilla/5.0 AppleWebKit/537.36 (KHTML, like Gecko; compatible; ClaudeBot/1.0; +claudebot@anthropic.com)"
74.7.227.198 - - [31/Oct/2025:12:06:36 +0000] "GET /?path=//sys/class/net/lo/subsystem/veth40f02be/master/subsystem/eth0/device/net/eth0/device/wakeup/wakeup28/device/ptp/ptp0/device/subsystem HTTP/1.1" 200 29176 "-" "Mozilla/5.0 AppleWebKit/537.36 (KHTML, like Gecko; compatible; GPTBot/1.2; +https://openai.com/gptbot)"
199.85.208.47 - - [31/Oct/2025:12:01:17 +0000] "GET /wp-includes/js/dist/development/development/index.php?ARRAY=7o2230223n313736313931353637372p2231223n22687474703n5p2s5p2s7n733633317631336o6s2r63616r63662r6p61745p2s3s6p633q7068705s636s64655s6n6326743q313736313931323037372q3632646234636164663637373339376233393339663062383230376164306130222p2232223n223138303439653561333064383765306133613561333766383532646165646636222p2233223n226231616666386161376538363561333763653066363134633539323434666263222p226175746s5s66696p655s6r616q65223n6r756p6p2p226175746s5s70617373223n6r756p6p2p2262696r675s70617373223n2231392q35302q35312q36352q37312q38382q3239227q HTTP/1.1" 503 79495 "-" "-"
199.85.208.47 - - [31/Oct/2025:12:01:37 +0000] "GET /wp-includes/js/dist/development/development/index.php?ARRAY=7o2230223n313736313931353639372p2231223n22687474703n5p2s5p2s7n733633317631336o6s2r63616r63662r6p61745p2s3s6p633q7068705s636s64655s6n6326743q313736313931323039372q3438613638333833636232663365623130656238643766373631363839306664222p2232223n223138303439653561333064383765306133613561333766383532646165646636222p2233223n226231616666386161376538363561333763653066363134633539323434666263222p226175746s5s66696p655s6r616q65223n6r756p6p2p226175746s5s70617373223n6r756p6p2p2262696r675s70617373223n2231392q35302q35312q36352q37312q38382q3239227q HTTP/1.1" 503 79495 "-" "-"
216.73.216.104 - - [31/Oct/2025:12:06:20 +0000] "GET /2023/11/19/crisis-averted-but-fiscal-looming-congress-takes-on-the-real-fight-ahead?fileloc=%2F%2Fbin%2Fxzdiff&path=%2F%2Fbin HTTP/1.1" 200 20043 "-" "Mozilla/5.0 AppleWebKit/537.36 (KHTML, like Gecko; compatible; ClaudeBot/1.0; +claudebot@anthropic.com)"
74.7.227.198 - - [31/Oct/2025:12:06:40 +0000] "GET /?fileloc=//sys/class/net/eth0/subsystem/veth40f02be/upper_docker0/subsystem/eth0/device/net/eth0/device/ptp/ptp0/device/driver/module/sections/.init.text&path=//sys/class/net/eth0/subsystem/veth40f02be/upper_docker0/subsystem/eth0/device/net/eth0/device/ptp/ptp0/device/driver/module/sections HTTP/1.1" 200 14220 "-" "Mozilla/5.0 AppleWebKit/537.36 (KHTML, like Gecko; compatible; GPTBot/1.2; +https://openai.com/gptbot)"
194.247.173.99 - - [31/Oct/2025:12:06:46 +0000] "GET /robots.txt HTTP/1.1" 200 397 "-" "Mozilla/5.0 (compatible; MJ12bot/v1.4.8; http://mj12bot.com/)"
74.7.227.198 - - [31/Oct/2025:12:06:49 +0000] "GET /?path=//sys/class/net/lo/subsystem/veth40f02be/subsystem/docker0/subsystem/eth1/device/net/eth1/device/ptp/ptp1/subsystem/ptp0/device/hwmon HTTP/1.1" 200 16275 "-" "Mozilla/5.0 AppleWebKit/537.36 (KHTML, like Gecko; compatible; GPTBot/1.2; +https://openai.com/gptbot)"
74.7.227.198 - - [31/Oct/2025:12:06:57 +0000] "GET /?path=//sys/class/net/lo/subsystem/veth40f02be/master/subsystem/eth0/device/ptp/ptp0/device/net/eth0/device/wakeup/wakeup28/device/subsystem HTTP/1.1" 200 29155 "-" "Mozilla/5.0 AppleWebKit/537.36 (KHTML, like Gecko; compatible; GPTBot/1.2; +https://openai.com/gptbot)"
216.73.216.104 - - [31/Oct/2025:12:06:15 +0000] "GET /2023/11/17/maximizing-market-momentum-harness-the-power-of-pullback-swing-trading?fileloc=%2F%2Fproc%2F3683491%2Fmem&path=%2F%2Fproc%2F3683491 HTTP/1.1" 200 12296 "-" "Mozilla/5.0 AppleWebKit/537.36 (KHTML, like Gecko; compatible; ClaudeBot/1.0; +claudebot@anthropic.com)"
89.248.172.183 - - [31/Oct/2025:12:07:06 +0000] "POST /wp-json/litespeed/v1/cdn_status HTTP/1.1" 500 12768 "-" "Mozilla/5.0 (X11; Linux x86_64; rv:109.0) Gecko/20100101 Firefox/114.3"
194.247.173.99 - - [31/Oct/2025:12:06:48 +0000] "GET /2025/02/17/beste-online-casinos-im-test%E3%80%902024%E3%80%91/?fileloc=/home/dailygoldindex/public_html/error_log&path=/home/dailygoldindex/public_html HTTP/1.1" 200 57192280 "-" "Mozilla/5.0 (compatible; MJ12bot/v1.4.8; http://mj12bot.com/)"
194.247.173.99 - - [31/Oct/2025:12:07:13 +0000] "GET /2025/08/09/lawsuit-accuses-apple-of-stealing-trade-secrets-to-create-apple-pay/?fileloc=/home/dailygoldindex/public_html/php.ini&path=/home/dailygoldindex/public_html HTTP/1.1" 200 12500 "-" "Mozilla/5.0 (compatible; MJ12bot/v1.4.8; http://mj12bot.com/)"
194.247.173.99 - - [31/Oct/2025:12:07:17 +0000] "GET /2025/08/09/lawsuit-accuses-apple-of-stealing-trade-secrets-to-create-apple-pay/?fileloc=/home/dailygoldindex/public_html/wp-comments-post.php&path=/home/dailygoldindex/public_html HTTP/1.1" 200 15077 "-" "Mozilla/5.0 (compatible; MJ12bot/v1.4.8; http://mj12bot.com/)"
74.7.227.198 - - [31/Oct/2025:12:07:02 +0000] "GET /?path=//sys/class/net/eth0/subsystem/veth40f02be/upper_docker0/subsystem/eth0/device/net/eth0/device/ptp/ptp0/device/firmware_node/subsystem HTTP/1.1" 200 23481 "-" "Mozilla/5.0 AppleWebKit/537.36 (KHTML, like Gecko; compatible; GPTBot/1.2; +https://openai.com/gptbot)"
114.119.148.187 - - [31/Oct/2025:12:07:22 +0000] "GET /page/4?product=514308111 HTTP/1.1" 200 79503 "-" "Mozilla/5.0 (Linux; Android 7.0;) AppleWebKit/537.36 (KHTML, like Gecko) Mobile Safari/537.36 (compatible; PetalBot;+https://webmaster.petalsearch.com/site/petalbot)"
74.7.227.198 - - [31/Oct/2025:12:07:26 +0000] "GET /?fileloc=//sys/class/net/eth0/subsystem/veth40f02be/subsystem/docker0/subsystem/eth0/device/net/eth0/device/ptp/ptp0/device/hwmon/hwmon1/device/uevent&path=//sys/class/net/eth0/subsystem/veth40f02be/subsystem/docker0/subsystem/eth0/device/net/eth0/device/ptp/ptp0/device/hwmon/hwmon1/device HTTP/1.1" 200 14496 "-" "Mozilla/5.0 AppleWebKit/537.36 (KHTML, like Gecko; compatible; GPTBot/1.2; +https://openai.com/gptbot)"
