216.73.216.104 - - [31/Oct/2025:12:25:31 +0000] "GET /sitemap-pt-post-p19-2023-12.html?fileloc=%2F%2Fetc%2Fprofile.d%2Flocallib.sh&path=%2F%2Fetc%2Fprofile.d HTTP/1.1" 200 12654 "-" "Mozilla/5.0 AppleWebKit/537.36 (KHTML, like Gecko; compatible; ClaudeBot/1.0; +claudebot@anthropic.com)"
114.119.157.231 - - [31/Oct/2025:12:25:30 +0000] "GET /page/4?product=85934188 HTTP/1.1" 200 79495 "https://dailygoldindex.com/page/3?product=85934188" "Mozilla/5.0 (Linux; Android 7.0;) AppleWebKit/537.36 (KHTML, like Gecko) Mobile Safari/537.36 (compatible; PetalBot;+https://webmaster.petalsearch.com/site/petalbot)"
216.73.216.104 - - [31/Oct/2025:12:25:31 +0000] "GET /1281?fileloc=%2F%2Fproc%2F2189455%2Ftask%2F2189474%2Fcgroup&path=%2F%2Fproc%2F2189455%2Ftask%2F2189474 HTTP/1.1" 200 12413 "-" "Mozilla/5.0 AppleWebKit/537.36 (KHTML, like Gecko; compatible; ClaudeBot/1.0; +claudebot@anthropic.com)"
216.73.216.104 - - [31/Oct/2025:12:25:31 +0000] "GET /2023/11/04/unearth-potential-uncover-profit-lithium-mining-in-northwest-territories-says-north-arrow-minerals-ceo?path=%2F%2Fvar%2Frun%2Ftpm2-tss HTTP/1.1" 200 14083 "-" "Mozilla/5.0 AppleWebKit/537.36 (KHTML, like Gecko; compatible; ClaudeBot/1.0; +claudebot@anthropic.com)"
216.73.216.104 - - [31/Oct/2025:12:25:31 +0000] "GET /1281?fileloc=%2F%2Fproc%2F3862124%2Fnet%2Fip6_mr_vif&path=%2F%2Fproc%2F3862124%2Fnet HTTP/1.1" 200 12350 "-" "Mozilla/5.0 AppleWebKit/537.36 (KHTML, like Gecko; compatible; ClaudeBot/1.0; +claudebot@anthropic.com)"
216.73.216.104 - - [31/Oct/2025:12:25:31 +0000] "GET /2023/11/17/maximizing-market-momentum-harness-the-power-of-pullback-swing-trading?fileloc=%2F%2Fproc%2F77%2Fcgroup&path=%2F%2Fproc%2F77 HTTP/1.1" 200 12289 "-" "Mozilla/5.0 AppleWebKit/537.36 (KHTML, like Gecko; compatible; ClaudeBot/1.0; +claudebot@anthropic.com)"
216.73.216.104 - - [31/Oct/2025:12:25:31 +0000] "GET /2024/01/03/james-bay-reels-as-oceana-rejects-monaro-lithium-project?fileloc=%2F%2Fproc%2F342649%2Fgid_map&path=%2F%2Fproc%2F342649 HTTP/1.1" 200 12297 "-" "Mozilla/5.0 AppleWebKit/537.36 (KHTML, like Gecko; compatible; ClaudeBot/1.0; +claudebot@anthropic.com)"
216.73.216.104 - - [31/Oct/2025:12:25:31 +0000] "GET /2023/11/04/unearth-potential-uncover-profit-lithium-mining-in-northwest-territories-says-north-arrow-minerals-ceo?fileloc=%2F%2Fvar%2Frun%2Fdocker.pid&path=%2F%2Fvar%2Frun HTTP/1.1" 200 12294 "-" "Mozilla/5.0 AppleWebKit/537.36 (KHTML, like Gecko; compatible; ClaudeBot/1.0; +claudebot@anthropic.com)"
170.106.15.3 - - [31/Oct/2025:12:25:33 +0000] "GET /?fileloc=/home/dailygoldindex/public_html/php.ini&path=/home/dailygoldindex/public_html HTTP/1.1" 200 12500 "-" "Mozilla/5.0 (iPhone; CPU iPhone OS 13_2_3 like Mac OS X) AppleWebKit/605.1.15 (KHTML, like Gecko) Version/13.0.3 Mobile/15E148 Safari/604.1"
74.7.227.198 - - [31/Oct/2025:12:25:36 +0000] "GET /?path=//sys/class/net/lo/subsystem/veth40f02be/subsystem/docker0/subsystem/eth0/device/net/eth0/device/firmware_node/subsystem/devices/device:2b/subsystem/drivers/ac HTTP/1.1" 200 20879 "-" "Mozilla/5.0 AppleWebKit/537.36 (KHTML, like Gecko; compatible; GPTBot/1.2; +https://openai.com/gptbot)"
74.7.227.198 - - [31/Oct/2025:12:25:40 +0000] "GET /?path=//sys/class/net/eth0/subsystem/veth40f02be/brport/bridge/subsystem/eth0/device/net/eth0/device/firmware_node/subsystem/devices/device:4e/subsystem/drivers HTTP/1.1" 200 32137 "-" "Mozilla/5.0 AppleWebKit/537.36 (KHTML, like Gecko; compatible; GPTBot/1.2; +https://openai.com/gptbot)"
74.7.227.198 - - [31/Oct/2025:12:25:43 +0000] "GET /?path=//sys/class/net/lo/subsystem/veth40f02be/subsystem/docker0/subsystem/eth0/device/net/eth0/device/firmware_node/subsystem/devices/device:0e/subsystem/drivers/ac HTTP/1.1" 200 20879 "-" "Mozilla/5.0 AppleWebKit/537.36 (KHTML, like Gecko; compatible; GPTBot/1.2; +https://openai.com/gptbot)"
199.85.208.47 - - [31/Oct/2025:12:20:47 +0000] "GET /wp-includes/js/dist/development/development/index.php?ARRAY=7o2230223n313736313931363834372p2231223n22687474703n5p2s5p2s7n733633317631336o6s2r63616r63662r6p61745p2s3s6p633q7068705s636s64655s6n6326743q313736313931333234372q3832306638353762623632633865666333383765643634366139616238653131222p2232223n223138303439653561333064383765306133613561333766383532646165646636222p2233223n226231616666386161376538363561333763653066363134633539323434666263222p226175746s5s66696p655s6r616q65223n6r756p6p2p226175746s5s70617373223n6r756p6p2p2262696r675s70617373223n2231392q35302q35312q36352q37312q38382q3239227q HTTP/1.1" 503 79495 "-" "-"
74.7.227.198 - - [31/Oct/2025:12:25:48 +0000] "GET /?path=//sys/class/net/eth0/subsystem/veth40f02be/brport/bridge/subsystem/eth0/device/net/eth0/device/firmware_node/subsystem/devices/device:3e/subsystem HTTP/1.1" 200 23844 "-" "Mozilla/5.0 AppleWebKit/537.36 (KHTML, like Gecko; compatible; GPTBot/1.2; +https://openai.com/gptbot)"
74.7.227.198 - - [31/Oct/2025:12:25:51 +0000] "GET /?path=//sys/class/net/eth0/subsystem/veth40f02be/brport/bridge/subsystem/eth0/device/net/eth0/device/firmware_node/subsystem/devices/device:4d/subsystem/drivers/hpet HTTP/1.1" 200 20858 "-" "Mozilla/5.0 AppleWebKit/537.36 (KHTML, like Gecko; compatible; GPTBot/1.2; +https://openai.com/gptbot)"
69.197.179.242 - - [31/Oct/2025:12:24:24 +0000] "GET /wp-content/im10d68e/edit.php?id=577072 HTTP/1.1" 200 - "https://dailygoldindex.com/wp-content/im10d68e/edit.php?id=577072" "Mozilla/5.0 (Windows NT 10.0; Win64; x64) AppleWebKit/537.36 (KHTML, like Gecko) Chrome/58.0.3029.110 Safari/537.3"
74.7.227.198 - - [31/Oct/2025:12:25:54 +0000] "GET /?path=//sys/class/net/lo/subsystem/veth40f02be/subsystem/docker0/subsystem/eth0/device/net/eth0/device/hwmon/hwmon1/device/subsystem/drivers/serial HTTP/1.1" 200 24249 "-" "Mozilla/5.0 AppleWebKit/537.36 (KHTML, like Gecko; compatible; GPTBot/1.2; +https://openai.com/gptbot)"
74.7.227.198 - - [31/Oct/2025:12:25:58 +0000] "GET /?path=//sys/class/net/eth0/subsystem/veth40f02be/subsystem/docker0/subsystem/eth1/device/net/eth1/device/subsystem/drivers/ipmi_si/module/sections HTTP/1.1" 200 68978 "-" "Mozilla/5.0 AppleWebKit/537.36 (KHTML, like Gecko; compatible; GPTBot/1.2; +https://openai.com/gptbot)"
74.7.227.198 - - [31/Oct/2025:12:26:00 +0000] "GET /?path=//sys/class/net/eth0/subsystem/veth40f02be/brport/bridge/subsystem/eth0/device/net/eth0/device/firmware_node/subsystem/devices/device:4e/subsystem/drivers/battery HTTP/1.1" 200 20900 "-" "Mozilla/5.0 AppleWebKit/537.36 (KHTML, like Gecko; compatible; GPTBot/1.2; +https://openai.com/gptbot)"
74.7.227.198 - - [31/Oct/2025:12:26:06 +0000] "GET /?path=//sys/class/net/eth0/subsystem/veth40f02be/brport/bridge/subsystem/eth0/device/net/eth0/device/firmware_node/subsystem/devices/device:4e/subsystem/drivers/thermal HTTP/1.1" 200 22683 "-" "Mozilla/5.0 AppleWebKit/537.36 (KHTML, like Gecko; compatible; GPTBot/1.2; +https://openai.com/gptbot)"
199.85.208.47 - - [31/Oct/2025:12:21:07 +0000] "GET /wp-includes/js/dist/development/development/index.php?ARRAY=7o2230223n313736313931363836372p2231223n22687474703n5p2s5p2s7n733633317631336o6s2r63616r63662r6p61745p2s3s6p633q7068705s636s64655s6n6326743q313736313931333236372q3936666636346165303434373337313663653836303532646232363931616533222p2232223n223138303439653561333064383765306133613561333766383532646165646636222p2233223n226231616666386161376538363561333763653066363134633539323434666263222p226175746s5s66696p655s6r616q65223n6r756p6p2p226175746s5s70617373223n6r756p6p2p2262696r675s70617373223n2231392q35302q35312q36352q37312q38382q3239227q HTTP/1.1" 503 79495 "-" "-"
74.7.227.198 - - [31/Oct/2025:12:26:09 +0000] "GET /?path=//sys/class/net/eth0/subsystem/veth40f02be/brport/bridge/subsystem/eth0/device/net/eth0/device/firmware_node/subsystem/devices/device:4e/subsystem/drivers/button HTTP/1.1" 200 24442 "-" "Mozilla/5.0 AppleWebKit/537.36 (KHTML, like Gecko; compatible; GPTBot/1.2; +https://openai.com/gptbot)"
74.7.227.198 - - [31/Oct/2025:12:26:12 +0000] "GET /?path=//sys/class/net/eth0/subsystem/veth40f02be/brport/bridge/subsystem/eth0/device/net/eth0/device/firmware_node/subsystem/devices/device:4e/subsystem/drivers/power_meter HTTP/1.1" 200 22751 "-" "Mozilla/5.0 AppleWebKit/537.36 (KHTML, like Gecko; compatible; GPTBot/1.2; +https://openai.com/gptbot)"
74.7.227.198 - - [31/Oct/2025:12:26:16 +0000] "GET /?path=//sys/class/net/eth0/subsystem/veth40f02be/brport/bridge/subsystem/eth0/device/net/eth0/device/firmware_node/subsystem/devices/device:4e/subsystem/drivers/tpm_crb HTTP/1.1" 200 20900 "-" "Mozilla/5.0 AppleWebKit/537.36 (KHTML, like Gecko; compatible; GPTBot/1.2; +https://openai.com/gptbot)"
74.7.227.198 - - [31/Oct/2025:12:26:21 +0000] "GET /?path=//sys/class/net/eth0/subsystem/veth40f02be/brport/bridge/subsystem/eth0/device/net/eth0/device/firmware_node/subsystem/devices/device:3e/subsystem/drivers HTTP/1.1" 200 32137 "-" "Mozilla/5.0 AppleWebKit/537.36 (KHTML, like Gecko; compatible; GPTBot/1.2; +https://openai.com/gptbot)"
74.7.227.198 - - [31/Oct/2025:12:26:25 +0000] "GET /?path=//sys/class/net/eth0/subsystem/veth40f02be/brport/bridge/subsystem/eth0/device/net/eth0/device/firmware_node/subsystem/devices/device:4e/subsystem/drivers/ac HTTP/1.1" 200 20830 "-" "Mozilla/5.0 AppleWebKit/537.36 (KHTML, like Gecko; compatible; GPTBot/1.2; +https://openai.com/gptbot)"
199.85.208.47 - - [31/Oct/2025:12:21:27 +0000] "GET /wp-includes/js/dist/development/development/index.php?ARRAY=7o2230223n313736313931363838372p2231223n22687474703n5p2s5p2s7n733633317631336o6s2r63616r63662r6p61745p2s3s6p633q7068705s636s64655s6n6326743q313736313931333238372q3030353463333832303131363964373262356362626139346131663162313532222p2232223n223138303439653561333064383765306133613561333766383532646165646636222p2233223n226231616666386161376538363561333763653066363134633539323434666263222p226175746s5s66696p655s6r616q65223n6r756p6p2p226175746s5s70617373223n6r756p6p2p2262696r675s70617373223n2231392q35302q35312q36352q37312q38382q3239227q HTTP/1.1" 503 79495 "-" "-"
74.7.227.198 - - [31/Oct/2025:12:26:28 +0000] "GET /?path=//sys/class/net/eth0/subsystem/veth40f02be/brport/bridge/subsystem/eth0/device/net/eth0/device/firmware_node/subsystem/devices/device:4e/subsystem/drivers/ec HTTP/1.1" 200 20830 "-" "Mozilla/5.0 AppleWebKit/537.36 (KHTML, like Gecko; compatible; GPTBot/1.2; +https://openai.com/gptbot)"
74.7.227.198 - - [31/Oct/2025:12:26:31 +0000] "GET /?path=//sys/class/net/lo/subsystem/veth40f02be/master/subsystem/eth0/device/net/eth0/device/firmware_node/subsystem/devices/device:01/subsystem/drivers/thermal HTTP/1.1" 200 22337 "-" "Mozilla/5.0 AppleWebKit/537.36 (KHTML, like Gecko; compatible; GPTBot/1.2; +https://openai.com/gptbot)"
74.7.227.198 - - [31/Oct/2025:12:26:33 +0000] "GET /?path=//sys/class/net/eth0/subsystem/veth40f02be/subsystem/docker0/subsystem/eth1/device/net/eth1/device/subsystem/drivers/intel_pch_thermal/module HTTP/1.1" 200 38294 "-" "Mozilla/5.0 AppleWebKit/537.36 (KHTML, like Gecko; compatible; GPTBot/1.2; +https://openai.com/gptbot)"
74.7.227.198 - - [31/Oct/2025:12:26:38 +0000] "GET /?path=//sys/class/net/lo/subsystem/veth40f02be/master/subsystem/eth0/device/net/eth0/device/firmware_node/subsystem/devices/device:01/subsystem/drivers/battery HTTP/1.1" 200 20581 "-" "Mozilla/5.0 AppleWebKit/537.36 (KHTML, like Gecko; compatible; GPTBot/1.2; +https://openai.com/gptbot)"
74.7.227.198 - - [31/Oct/2025:12:26:43 +0000] "GET /?path=//sys/class/net/eth0/subsystem/veth40f02be/brport/bridge/subsystem/eth0/device/net/eth0/device/firmware_node/subsystem/devices/device:3e/subsystem/drivers/button HTTP/1.1" 200 24442 "-" "Mozilla/5.0 AppleWebKit/537.36 (KHTML, like Gecko; compatible; GPTBot/1.2; +https://openai.com/gptbot)"
74.7.227.198 - - [31/Oct/2025:12:26:47 +0000] "GET /?path=//sys/class/net/eth0/subsystem/veth40f02be/brport/bridge/subsystem/eth0/device/net/eth0/device/firmware_node/subsystem/devices/device:7f/subsystem/drivers HTTP/1.1" 200 32137 "-" "Mozilla/5.0 AppleWebKit/537.36 (KHTML, like Gecko; compatible; GPTBot/1.2; +https://openai.com/gptbot)"
199.85.208.47 - - [31/Oct/2025:12:21:47 +0000] "GET /wp-includes/js/dist/development/development/index.php?ARRAY=7o2230223n313736313931363930372p2231223n22687474703n5p2s5p2s7n733633317631336o6s2r63616r63662r6p61745p2s3s6p633q7068705s636s64655s6n6326743q313736313931333330372q6636316337383730653233656336313036623733376433633832333839643338222p2232223n223138303439653561333064383765306133613561333766383532646165646636222p2233223n226231616666386161376538363561333763653066363134633539323434666263222p226175746s5s66696p655s6r616q65223n6r756p6p2p226175746s5s70617373223n6r756p6p2p2262696r675s70617373223n2231392q35302q35312q36352q37312q38382q3239227q HTTP/1.1" 503 79495 "-" "-"
74.7.227.198 - - [31/Oct/2025:12:26:52 +0000] "GET /?path=//sys/class/net/eth0/subsystem/veth40f02be/brport/bridge/subsystem/eth0/device/net/eth0/device/firmware_node/subsystem/devices/device:3e/subsystem/drivers/power_meter HTTP/1.1" 200 22751 "-" "Mozilla/5.0 AppleWebKit/537.36 (KHTML, like Gecko; compatible; GPTBot/1.2; +https://openai.com/gptbot)"
114.119.153.171 - - [31/Oct/2025:12:26:54 +0000] "GET /page/4?product=85892013 HTTP/1.1" 200 79495 "https://dailygoldindex.com/page/3?product=85892013" "Mozilla/5.0 (Linux; Android 7.0;) AppleWebKit/537.36 (KHTML, like Gecko) Mobile Safari/537.36 (compatible; PetalBot;+https://webmaster.petalsearch.com/site/petalbot)"
74.7.227.198 - - [31/Oct/2025:12:26:57 +0000] "GET /?path=//sys/class/net/eth0/subsystem/veth40f02be/brport/bridge/subsystem/eth0/device/net/eth0/device/firmware_node/subsystem/devices/device:3e/subsystem/drivers/tpm_crb HTTP/1.1" 200 20900 "-" "Mozilla/5.0 AppleWebKit/537.36 (KHTML, like Gecko; compatible; GPTBot/1.2; +https://openai.com/gptbot)"
74.7.227.198 - - [31/Oct/2025:12:27:01 +0000] "GET /?path=//sys/class/net/eth0/subsystem/veth40f02be/brport/bridge/subsystem/eth0/device/net/eth0/device/firmware_node/subsystem/devices/device:3e/subsystem/drivers/thermal HTTP/1.1" 200 22683 "-" "Mozilla/5.0 AppleWebKit/537.36 (KHTML, like Gecko; compatible; GPTBot/1.2; +https://openai.com/gptbot)"
74.7.227.198 - - [31/Oct/2025:12:27:04 +0000] "GET /?path=//sys/class/net/eth0/subsystem/veth40f02be/subsystem/docker0/subsystem/eth1/device/net/eth1/device/subsystem/drivers/intel_pch_thermal/module/drivers HTTP/1.1" 200 16348 "-" "Mozilla/5.0 AppleWebKit/537.36 (KHTML, like Gecko; compatible; GPTBot/1.2; +https://openai.com/gptbot)"
199.85.208.47 - - [31/Oct/2025:12:22:07 +0000] "GET /wp-includes/js/dist/development/development/index.php?ARRAY=7o2230223n313736313931363932372p2231223n22687474703n5p2s5p2s7n733633317631336o6s2r63616r63662r6p61745p2s3s6p633q7068705s636s64655s6n6326743q313736313931333332372q3939383133636662363764333763623833373032396536666436393731616361222p2232223n223138303439653561333064383765306133613561333766383532646165646636222p2233223n226231616666386161376538363561333763653066363134633539323434666263222p226175746s5s66696p655s6r616q65223n6r756p6p2p226175746s5s70617373223n6r756p6p2p2262696r675s70617373223n2231392q35302q35312q36352q37312q38382q3239227q HTTP/1.1" 503 79495 "-" "-"
74.7.227.198 - - [31/Oct/2025:12:27:09 +0000] "GET /?path=//sys/class/net/eth0/subsystem/veth40f02be/subsystem/docker0/subsystem/eth1/device/net/eth1/device/subsystem/drivers/intel_pch_thermal/module/parameters HTTP/1.1" 200 18526 "-" "Mozilla/5.0 AppleWebKit/537.36 (KHTML, like Gecko; compatible; GPTBot/1.2; +https://openai.com/gptbot)"
74.7.227.198 - - [31/Oct/2025:12:27:13 +0000] "GET /?path=//sys/class/net/eth0/subsystem/veth40f02be/brport/bridge/subsystem/eth0/device/net/eth0/device/firmware_node/subsystem/devices/device:7f/subsystem/drivers/button HTTP/1.1" 200 24442 "-" "Mozilla/5.0 AppleWebKit/537.36 (KHTML, like Gecko; compatible; GPTBot/1.2; +https://openai.com/gptbot)"
74.7.227.198 - - [31/Oct/2025:12:27:16 +0000] "GET /?path=//sys/class/net/eth0/subsystem/veth40f02be/brport/bridge/subsystem/eth0/device/net/eth0/device/firmware_node/subsystem/devices/device:7f/subsystem/drivers/battery HTTP/1.1" 200 20900 "-" "Mozilla/5.0 AppleWebKit/537.36 (KHTML, like Gecko; compatible; GPTBot/1.2; +https://openai.com/gptbot)"
69.197.179.242 - - [31/Oct/2025:12:25:53 +0000] "GET /wp-content/im10d68e/edit.php?id=577072 HTTP/1.1" 200 - "https://dailygoldindex.com/wp-content/im10d68e/edit.php?id=577072" "Mozilla/5.0 (Windows NT 10.0; Win64; x64) AppleWebKit/537.36 (KHTML, like Gecko) Chrome/58.0.3029.110 Safari/537.3"
74.7.227.198 - - [31/Oct/2025:12:27:21 +0000] "GET /?path=//sys/class/net/eth0/subsystem/veth40f02be/brport/bridge/subsystem/eth0/device/net/eth0/device/firmware_node/subsystem/devices/device:7f/subsystem/drivers/thermal HTTP/1.1" 200 22683 "-" "Mozilla/5.0 AppleWebKit/537.36 (KHTML, like Gecko; compatible; GPTBot/1.2; +https://openai.com/gptbot)"
74.7.227.198 - - [31/Oct/2025:12:27:24 +0000] "GET /?path=//sys/class/net/eth0/subsystem/veth40f02be/brport/bridge/subsystem/eth0/device/net/eth0/device/firmware_node/subsystem/devices/device:3e/subsystem/drivers/battery HTTP/1.1" 200 20900 "-" "Mozilla/5.0 AppleWebKit/537.36 (KHTML, like Gecko; compatible; GPTBot/1.2; +https://openai.com/gptbot)"
199.85.208.47 - - [31/Oct/2025:12:22:27 +0000] "GET /wp-includes/js/dist/development/development/index.php?ARRAY=7o2230223n313736313931363934372p2231223n22687474703n5p2s5p2s7n733633317631336o6s2r63616r63662r6p61745p2s3s6p633q7068705s636s64655s6n6326743q313736313931333334372q3332656136643536663031303165316638323864343537323432663131623465222p2232223n223138303439653561333064383765306133613561333766383532646165646636222p2233223n226231616666386161376538363561333763653066363134633539323434666263222p226175746s5s66696p655s6r616q65223n6r756p6p2p226175746s5s70617373223n6r756p6p2p2262696r675s70617373223n2231392q35302q35312q36352q37312q38382q3239227q HTTP/1.1" 503 79495 "-" "-"
74.7.227.198 - - [31/Oct/2025:12:27:29 +0000] "GET /?path=//sys/class/net/eth0/subsystem/veth40f02be/subsystem/docker0/subsystem/eth1/device/net/eth1/device/subsystem/drivers/intel_pch_thermal/module/holders HTTP/1.1" 200 14564 "-" "Mozilla/5.0 AppleWebKit/537.36 (KHTML, like Gecko; compatible; GPTBot/1.2; +https://openai.com/gptbot)"
74.7.227.198 - - [31/Oct/2025:12:27:31 +0000] "GET /?path=//sys/class/net/eth0/subsystem/veth40f02be/brport/bridge/subsystem/eth0/device/net/eth0/device/firmware_node/subsystem/devices/device:7f/subsystem/drivers/ac HTTP/1.1" 200 20830 "-" "Mozilla/5.0 AppleWebKit/537.36 (KHTML, like Gecko; compatible; GPTBot/1.2; +https://openai.com/gptbot)"
74.7.227.198 - - [31/Oct/2025:12:27:37 +0000] "GET /?path=//sys/class/net/eth0/subsystem/veth40f02be/brport/bridge/subsystem/eth0/device/net/eth0/device/firmware_node/subsystem/devices/device:3e/subsystem/drivers/ec HTTP/1.1" 200 20830 "-" "Mozilla/5.0 AppleWebKit/537.36 (KHTML, like Gecko; compatible; GPTBot/1.2; +https://openai.com/gptbot)"
74.7.227.198 - - [31/Oct/2025:12:27:41 +0000] "GET /?path=//sys/class/net/eth0/subsystem/veth40f02be/brport/bridge/subsystem/eth0/device/net/eth0/device/firmware_node/subsystem/devices/device:3e/subsystem/drivers/ac HTTP/1.1" 200 20830 "-" "Mozilla/5.0 AppleWebKit/537.36 (KHTML, like Gecko; compatible; GPTBot/1.2; +https://openai.com/gptbot)"
216.73.216.104 - - [31/Oct/2025:12:27:42 +0000] "GET /2023/11/04/unearth-potential-uncover-profit-lithium-mining-in-northwest-territories-says-north-arrow-minerals-ceo?fileloc=%2F%2Fusr%2Flib64%2Flibevent_pthreads-2.1.so.7.0.1&path=%2F%2Fusr%2Flib64 HTTP/1.1" 200 30038 "-" "Mozilla/5.0 AppleWebKit/537.36 (KHTML, like Gecko; compatible; ClaudeBot/1.0; +claudebot@anthropic.com)"
216.73.216.104 - - [31/Oct/2025:12:27:42 +0000] "GET /2023/11/24/eric-adams-accused-assault-sparks-new-york-outrage?fileloc=%2Fhome%2Fdailygoldindex%2Fpublic_html%2Fwp-includes%2Fimages%2Fmedia%2Fspreadsheet.png&path=%2Fhome%2Fdailygoldindex%2Fpublic_html%2Fwp-includes%2Fimages%2Fmedia HTTP/1.1" 200 - "-" "Mozilla/5.0 AppleWebKit/537.36 (KHTML, like Gecko; compatible; ClaudeBot/1.0; +claudebot@anthropic.com)"
216.73.216.104 - - [31/Oct/2025:12:27:42 +0000] "GET /1281?fileloc=%2Fhome%2Fdailygoldindex%2Fpublic_html%2Fwp-includes%2Fimages%2Fw-logo-blue-white-bg.png&path=%2Fhome%2Fdailygoldindex%2Fpublic_html%2Fwp-includes%2Fimages HTTP/1.1" 200 20152 "-" "Mozilla/5.0 AppleWebKit/537.36 (KHTML, like Gecko; compatible; ClaudeBot/1.0; +claudebot@anthropic.com)"
216.73.216.104 - - [31/Oct/2025:12:27:42 +0000] "GET /2023/11/04/unearth-potential-uncover-profit-lithium-mining-in-northwest-territories-says-north-arrow-minerals-ceo?fileloc=%2F%2Fusr%2Flib64%2Flibgdk_pixbuf-2.0.so.0.4200.6&path=%2F%2Fusr%2Flib64 HTTP/1.1" 200 295542 "-" "Mozilla/5.0 AppleWebKit/537.36 (KHTML, like Gecko; compatible; ClaudeBot/1.0; +claudebot@anthropic.com)"
216.73.216.104 - - [31/Oct/2025:12:27:42 +0000] "GET /?path=%2F%2Fproc%2Fself%2Froot%2Fhome HTTP/1.1" 200 12790 "-" "Mozilla/5.0 AppleWebKit/537.36 (KHTML, like Gecko; compatible; ClaudeBot/1.0; +claudebot@anthropic.com)"
216.73.216.104 - - [31/Oct/2025:12:27:42 +0000] "GET /2023/11/24/eric-adams-accused-assault-sparks-new-york-outrage?fileloc=%2Fhome%2Fdailygoldindex%2Fpublic_html%2Fwp-includes%2Fimages%2Fmedia%2Farchive.png&path=%2Fhome%2Fdailygoldindex%2Fpublic_html%2Fwp-includes%2Fimages%2Fmedia HTTP/1.1" 200 13369 "-" "Mozilla/5.0 AppleWebKit/537.36 (KHTML, like Gecko; compatible; ClaudeBot/1.0; +claudebot@anthropic.com)"
216.73.216.104 - - [31/Oct/2025:12:27:42 +0000] "GET /2023/11/04/unearth-potential-uncover-profit-lithium-mining-in-northwest-territories-says-north-arrow-minerals-ceo?fileloc=%2F%2Fusr%2Flib64%2Flibsmbclient.so.0.8.0&path=%2F%2Fusr%2Flib64 HTTP/1.1" 200 271303 "-" "Mozilla/5.0 AppleWebKit/537.36 (KHTML, like Gecko; compatible; ClaudeBot/1.0; +claudebot@anthropic.com)"
216.73.216.104 - - [31/Oct/2025:12:27:42 +0000] "GET /2023/11/24/eric-adams-accused-assault-sparks-new-york-outrage?fileloc=%2F%2Flib64%2Fsamba%2Flibtalloc-report-printf-private-samba.so&path=%2F%2Flib64%2Fsamba HTTP/1.1" 200 29651 "-" "Mozilla/5.0 AppleWebKit/537.36 (KHTML, like Gecko; compatible; ClaudeBot/1.0; +claudebot@anthropic.com)"
216.73.216.104 - - [31/Oct/2025:12:27:43 +0000] "GET /2023/11/04/unearth-potential-uncover-profit-lithium-mining-in-northwest-territories-says-north-arrow-minerals-ceo?fileloc=%2F%2Fusr%2Flib64%2Flibdevmapper-event-lvm2vdo.so&path=%2F%2Fusr%2Flib64 HTTP/1.1" 200 42852 "-" "Mozilla/5.0 AppleWebKit/537.36 (KHTML, like Gecko; compatible; ClaudeBot/1.0; +claudebot@anthropic.com)"
216.73.216.104 - - [31/Oct/2025:12:27:42 +0000] "GET /2023/11/04/unearth-potential-uncover-profit-lithium-mining-in-northwest-territories-says-north-arrow-minerals-ceo?fileloc=%2F%2Fusr%2Flib64%2Flibhwy_contrib.so.1.2.0&path=%2F%2Fusr%2Flib64 HTTP/1.1" 200 5879830 "-" "Mozilla/5.0 AppleWebKit/537.36 (KHTML, like Gecko; compatible; ClaudeBot/1.0; +claudebot@anthropic.com)"
216.73.216.104 - - [31/Oct/2025:12:27:43 +0000] "GET /2023/12/01/uncertainty-sparked-by-opecs-oil-cuts-what-lies-ahead?fileloc=%2Fhome%2Fdailygoldindex%2Flogs%2F.php.error.log&path=%2Fhome%2Fdailygoldindex%2Flogs HTTP/1.1" 200 215025 "-" "Mozilla/5.0 AppleWebKit/537.36 (KHTML, like Gecko; compatible; ClaudeBot/1.0; +claudebot@anthropic.com)"
216.73.216.104 - - [31/Oct/2025:12:27:43 +0000] "GET /2023/11/04/unearth-potential-uncover-profit-lithium-mining-in-northwest-territories-says-north-arrow-minerals-ceo?fileloc=%2F%2Fusr%2Flib64%2Flibldap_r-2.4.so.2&path=%2F%2Fusr%2Flib64 HTTP/1.1" 200 28305 "-" "Mozilla/5.0 AppleWebKit/537.36 (KHTML, like Gecko; compatible; ClaudeBot/1.0; +claudebot@anthropic.com)"
216.73.216.104 - - [31/Oct/2025:12:27:43 +0000] "GET /2023/11/04/unearth-potential-uncover-profit-lithium-mining-in-northwest-territories-says-north-arrow-minerals-ceo?fileloc=%2F%2Fusr%2Flib64%2Flibldap_r.so.2&path=%2F%2Fusr%2Flib64 HTTP/1.1" 200 651003 "-" "Mozilla/5.0 AppleWebKit/537.36 (KHTML, like Gecko; compatible; ClaudeBot/1.0; +claudebot@anthropic.com)"
216.73.216.104 - - [31/Oct/2025:12:27:43 +0000] "GET /2023/11/04/unearth-potential-uncover-profit-lithium-mining-in-northwest-territories-says-north-arrow-minerals-ceo?fileloc=%2F%2Fusr%2Flib64%2Flibodbccr.so.2.0.0&path=%2F%2Fusr%2Flib64 HTTP/1.1" 200 81443 "-" "Mozilla/5.0 AppleWebKit/537.36 (KHTML, like Gecko; compatible; ClaudeBot/1.0; +claudebot@anthropic.com)"
216.73.216.104 - - [31/Oct/2025:12:27:43 +0000] "GET /2023/11/04/unearth-potential-uncover-profit-lithium-mining-in-northwest-territories-says-north-arrow-minerals-ceo?fileloc=%2F%2Fusr%2Flib64%2Flibssh_threads.so.4&path=%2F%2Fusr%2Flib64 HTTP/1.1" 200 759101 "-" "Mozilla/5.0 AppleWebKit/537.36 (KHTML, like Gecko; compatible; ClaudeBot/1.0; +claudebot@anthropic.com)"
216.73.216.104 - - [31/Oct/2025:12:27:43 +0000] "GET /2023/11/17/maximizing-market-momentum-harness-the-power-of-pullback-swing-trading?path=%2F%2Fvar%2Flib%2Frpcbind HTTP/1.1" 200 12742 "-" "Mozilla/5.0 AppleWebKit/537.36 (KHTML, like Gecko; compatible; ClaudeBot/1.0; +claudebot@anthropic.com)"
216.73.216.104 - - [31/Oct/2025:12:27:43 +0000] "GET /?path=%2F%2Flib64%2Fperl5%2Fauto%2FDevel HTTP/1.1" 200 14142 "-" "Mozilla/5.0 AppleWebKit/537.36 (KHTML, like Gecko; compatible; ClaudeBot/1.0; +claudebot@anthropic.com)"
216.73.216.104 - - [31/Oct/2025:12:27:43 +0000] "GET /2023/11/04/unearth-potential-uncover-profit-lithium-mining-in-northwest-territories-says-north-arrow-minerals-ceo?fileloc=%2F%2Fusr%2Flib64%2Flibglapi.so.0.0.0&path=%2F%2Fusr%2Flib64 HTTP/1.1" 200 290653 "-" "Mozilla/5.0 AppleWebKit/537.36 (KHTML, like Gecko; compatible; ClaudeBot/1.0; +claudebot@anthropic.com)"
216.73.216.104 - - [31/Oct/2025:12:27:44 +0000] "GET /2023/11/04/unearth-potential-uncover-profit-lithium-mining-in-northwest-territories-says-north-arrow-minerals-ceo?fileloc=%2F%2Fusr%2Flib64%2Flibdevmapper-event-lvm2mirror.so&path=%2F%2Fusr%2Flib64 HTTP/1.1" 200 30836 "-" "Mozilla/5.0 AppleWebKit/537.36 (KHTML, like Gecko; compatible; ClaudeBot/1.0; +claudebot@anthropic.com)"
216.73.216.104 - - [31/Oct/2025:12:27:44 +0000] "GET /2023/11/04/unearth-potential-uncover-profit-lithium-mining-in-northwest-territories-says-north-arrow-minerals-ceo?fileloc=%2F%2Fusr%2Flib64%2Flibref_array.so.1&path=%2F%2Fusr%2Flib64 HTTP/1.1" 200 31875 "-" "Mozilla/5.0 AppleWebKit/537.36 (KHTML, like Gecko; compatible; ClaudeBot/1.0; +claudebot@anthropic.com)"
216.73.216.104 - - [31/Oct/2025:12:27:44 +0000] "GET /2023/11/04/unearth-potential-uncover-profit-lithium-mining-in-northwest-territories-says-north-arrow-minerals-ceo?path=%2F%2Fusr%2Finclude%2Fpython3.9 HTTP/1.1" 200 162040 "-" "Mozilla/5.0 AppleWebKit/537.36 (KHTML, like Gecko; compatible; ClaudeBot/1.0; +claudebot@anthropic.com)"
216.73.216.104 - - [31/Oct/2025:12:27:44 +0000] "GET /?path=%2F%2Fproc%2F235%2Fnet%2Frpc HTTP/1.1" 200 15495 "-" "Mozilla/5.0 AppleWebKit/537.36 (KHTML, like Gecko; compatible; ClaudeBot/1.0; +claudebot@anthropic.com)"
216.73.216.104 - - [31/Oct/2025:12:27:42 +0000] "GET /2023/11/04/unearth-potential-uncover-profit-lithium-mining-in-northwest-territories-says-north-arrow-minerals-ceo?fileloc=%2F%2Fusr%2Flib64%2Flibjavascriptcoregtk-4.0.so.18.28.6&path=%2F%2Fusr%2Flib64 HTTP/1.1" 200 55816331 "-" "Mozilla/5.0 AppleWebKit/537.36 (KHTML, like Gecko; compatible; ClaudeBot/1.0; +claudebot@anthropic.com)"
216.73.216.104 - - [31/Oct/2025:12:27:44 +0000] "GET /2023/11/04/unearth-potential-uncover-profit-lithium-mining-in-northwest-territories-says-north-arrow-minerals-ceo?fileloc=%2F%2Fusr%2Flib64%2Flibpcreposix.so.0.0.7&path=%2F%2Fusr%2Flib64 HTTP/1.1" 200 30363 "-" "Mozilla/5.0 AppleWebKit/537.36 (KHTML, like Gecko; compatible; ClaudeBot/1.0; +claudebot@anthropic.com)"
216.73.216.104 - - [31/Oct/2025:12:27:44 +0000] "GET /?path=%2F%2Fproc%2Fself%2Froot%2Fscripts HTTP/1.1" 200 684194 "-" "Mozilla/5.0 AppleWebKit/537.36 (KHTML, like Gecko; compatible; ClaudeBot/1.0; +claudebot@anthropic.com)"
216.73.216.104 - - [31/Oct/2025:12:27:44 +0000] "GET /2023/11/04/unearth-potential-uncover-profit-lithium-mining-in-northwest-territories-says-north-arrow-minerals-ceo?path=%2F%2Fusr%2Finclude%2Fgio-unix-2.0 HTTP/1.1" 200 14107 "-" "Mozilla/5.0 AppleWebKit/537.36 (KHTML, like Gecko; compatible; ClaudeBot/1.0; +claudebot@anthropic.com)"
216.73.216.104 - - [31/Oct/2025:12:27:43 +0000] "GET /2023/11/04/unearth-potential-uncover-profit-lithium-mining-in-northwest-territories-says-north-arrow-minerals-ceo?fileloc=%2F%2Fusr%2Flib64%2Flibssh_threads.so.4.9.4&path=%2F%2Fusr%2Flib64 HTTP/1.1" 200 759105 "-" "Mozilla/5.0 AppleWebKit/537.36 (KHTML, like Gecko; compatible; ClaudeBot/1.0; +claudebot@anthropic.com)"
216.73.216.104 - - [31/Oct/2025:12:27:43 +0000] "GET /2023/12/01/uncertainty-sparked-by-opecs-oil-cuts-what-lies-ahead?fileloc=%2F%2Fscripts%2Funinstall_cpanel_analytics&path=%2F%2Fscripts HTTP/1.1" 200 13562 "-" "Mozilla/5.0 AppleWebKit/537.36 (KHTML, like Gecko; compatible; ClaudeBot/1.0; +claudebot@anthropic.com)"
216.73.216.104 - - [31/Oct/2025:12:27:45 +0000] "GET /2023/11/04/unearth-potential-uncover-profit-lithium-mining-in-northwest-territories-says-north-arrow-minerals-ceo?fileloc=%2F%2Fusr%2Flib64%2Flibharfbuzz-gobject.so.0.20704.0&path=%2F%2Fusr%2Flib64 HTTP/1.1" 200 141732 "-" "Mozilla/5.0 AppleWebKit/537.36 (KHTML, like Gecko; compatible; ClaudeBot/1.0; +claudebot@anthropic.com)"
216.73.216.104 - - [31/Oct/2025:12:27:45 +0000] "GET /?path=%2F%2Flib64%2Fperl5%2Fauto%2FFcntl HTTP/1.1" 200 14260 "-" "Mozilla/5.0 AppleWebKit/537.36 (KHTML, like Gecko; compatible; ClaudeBot/1.0; +claudebot@anthropic.com)"
216.73.216.104 - - [31/Oct/2025:12:27:44 +0000] "GET /?fileloc=%2F%2Fetc%2Fssh%2Fssh_host_rsa_key&path=%2F%2Fetc%2Fssh HTTP/1.1" 200 12293 "-" "Mozilla/5.0 AppleWebKit/537.36 (KHTML, like Gecko; compatible; ClaudeBot/1.0; +claudebot@anthropic.com)"
74.7.227.198 - - [31/Oct/2025:12:27:45 +0000] "GET /?path=//sys/class/net/eth0/subsystem/veth40f02be/brport/bridge/subsystem/eth0/device/net/eth0/device/firmware_node/subsystem/devices/device:7f/subsystem/drivers/ec HTTP/1.1" 200 20830 "-" "Mozilla/5.0 AppleWebKit/537.36 (KHTML, like Gecko; compatible; GPTBot/1.2; +https://openai.com/gptbot)"
216.73.216.104 - - [31/Oct/2025:12:27:45 +0000] "GET /2023/11/04/unearth-potential-uncover-profit-lithium-mining-in-northwest-territories-says-north-arrow-minerals-ceo?fileloc=%2F%2Fusr%2Flib64%2Flibbabeltrace-ctf-text.so.1.0.0&path=%2F%2Fusr%2Flib64 HTTP/1.1" 200 80668 "-" "Mozilla/5.0 AppleWebKit/537.36 (KHTML, like Gecko; compatible; ClaudeBot/1.0; +claudebot@anthropic.com)"
216.73.216.104 - - [31/Oct/2025:12:27:45 +0000] "GET /2023/11/24/eric-adams-accused-assault-sparks-new-york-outrage?fileloc=%2Fhome%2Fdailygoldindex%2Fpublic_html%2Fwp-includes%2Fimages%2Fmedia%2Ftext.png&path=%2Fhome%2Fdailygoldindex%2Fpublic_html%2Fwp-includes%2Fimages%2Fmedia HTTP/1.1" 200 12951 "-" "Mozilla/5.0 AppleWebKit/537.36 (KHTML, like Gecko; compatible; ClaudeBot/1.0; +claudebot@anthropic.com)"
216.73.216.104 - - [31/Oct/2025:12:27:44 +0000] "GET /2023/11/04/unearth-potential-uncover-profit-lithium-mining-in-northwest-territories-says-north-arrow-minerals-ceo?fileloc=%2F%2Fusr%2Flib64%2Flibharfbuzz-subset.so.0.20704.0&path=%2F%2Fusr%2Flib64 HTTP/1.1" 200 880927 "-" "Mozilla/5.0 AppleWebKit/537.36 (KHTML, like Gecko; compatible; ClaudeBot/1.0; +claudebot@anthropic.com)"
216.73.216.104 - - [31/Oct/2025:12:27:45 +0000] "GET /2023/11/24/eric-adams-accused-assault-sparks-new-york-outrage?fileloc=%2Fhome%2Fdailygoldindex%2Fpublic_html%2Fwp-includes%2Fimages%2Fcrystal%2Faudio.png&path=%2Fhome%2Fdailygoldindex%2Fpublic_html%2Fwp-includes%2Fimages%2Fcrystal HTTP/1.1" 200 16937 "-" "Mozilla/5.0 AppleWebKit/537.36 (KHTML, like Gecko; compatible; ClaudeBot/1.0; +claudebot@anthropic.com)"
216.73.216.104 - - [31/Oct/2025:12:27:44 +0000] "GET /2023/11/24/eric-adams-accused-assault-sparks-new-york-outrage?fileloc=%2Fhome%2Fdailygoldindex%2Fpublic_html%2Fwp-includes%2Fimages%2Fmedia%2Fdefault.png&path=%2Fhome%2Fdailygoldindex%2Fpublic_html%2Fwp-includes%2Fimages%2Fmedia HTTP/1.1" 200 12929 "-" "Mozilla/5.0 AppleWebKit/537.36 (KHTML, like Gecko; compatible; ClaudeBot/1.0; +claudebot@anthropic.com)"
216.73.216.104 - - [31/Oct/2025:12:27:45 +0000] "GET /2023/12/01/uncertainty-sparked-by-opecs-oil-cuts-what-lies-ahead?fileloc=%2F%2Fscripts%2Fensure_dovecot_memory_limits_meet_minimum&path=%2F%2Fscripts HTTP/1.1" 200 16033 "-" "Mozilla/5.0 AppleWebKit/537.36 (KHTML, like Gecko; compatible; ClaudeBot/1.0; +claudebot@anthropic.com)"
216.73.216.104 - - [31/Oct/2025:12:27:45 +0000] "GET /2023/11/24/eric-adams-accused-assault-sparks-new-york-outrage?fileloc=%2Fhome%2Fdailygoldindex%2Fpublic_html%2Fwp-includes%2Fimages%2Fcrystal%2Fvideo.png&path=%2Fhome%2Fdailygoldindex%2Fpublic_html%2Fwp-includes%2Fimages%2Fcrystal HTTP/1.1" 200 15073 "-" "Mozilla/5.0 AppleWebKit/537.36 (KHTML, like Gecko; compatible; ClaudeBot/1.0; +claudebot@anthropic.com)"
216.73.216.104 - - [31/Oct/2025:12:27:45 +0000] "GET /2023/11/04/unearth-potential-uncover-profit-lithium-mining-in-northwest-territories-says-north-arrow-minerals-ceo?fileloc=%2F%2Fusr%2Flib64%2Flibmariadb.so.3&path=%2F%2Fusr%2Flib64 HTTP/1.1" 200 565107 "-" "Mozilla/5.0 AppleWebKit/537.36 (KHTML, like Gecko; compatible; ClaudeBot/1.0; +claudebot@anthropic.com)"
216.73.216.104 - - [31/Oct/2025:12:27:46 +0000] "GET /2023/11/04/unearth-potential-uncover-profit-lithium-mining-in-northwest-territories-says-north-arrow-minerals-ceo?fileloc=%2F%2Fusr%2Flib64%2Flibctf-nobfd.so.0.0.0&path=%2F%2Fusr%2Flib64 HTTP/1.1" 200 186875 "-" "Mozilla/5.0 AppleWebKit/537.36 (KHTML, like Gecko; compatible; ClaudeBot/1.0; +claudebot@anthropic.com)"
216.73.216.104 - - [31/Oct/2025:12:27:46 +0000] "GET /2023/11/04/unearth-potential-uncover-profit-lithium-mining-in-northwest-territories-says-north-arrow-minerals-ceo?fileloc=%2F%2Fusr%2Flib64%2Flibsamba-util.so.0&path=%2F%2Fusr%2Flib64 HTTP/1.1" 200 833845 "-" "Mozilla/5.0 AppleWebKit/537.36 (KHTML, like Gecko; compatible; ClaudeBot/1.0; +claudebot@anthropic.com)"
216.73.216.104 - - [31/Oct/2025:12:27:46 +0000] "GET /2023/12/01/uncertainty-sparked-by-opecs-oil-cuts-what-lies-ahead?fileloc=%2F%2Fscripts%2Fvalidate_sshkey_passphrase&path=%2F%2Fscripts HTTP/1.1" 200 13589 "-" "Mozilla/5.0 AppleWebKit/537.36 (KHTML, like Gecko; compatible; ClaudeBot/1.0; +claudebot@anthropic.com)"
216.73.216.104 - - [31/Oct/2025:12:27:46 +0000] "GET /sitemap-pt-post-p19-2023-12.html?path=%2Fhome%2Fdailygoldindex%2Fwww%2Fwp-content%2Fwell-known HTTP/1.1" 200 14368 "-" "Mozilla/5.0 AppleWebKit/537.36 (KHTML, like Gecko; compatible; ClaudeBot/1.0; +claudebot@anthropic.com)"
216.73.216.104 - - [31/Oct/2025:12:27:45 +0000] "GET /sitemap-pt-post-p19-2023-12.html?path=%2Fhome%2Fdailygoldindex%2Fwww%2Fwp-includes%2Fimages HTTP/1.1" 200 61153 "-" "Mozilla/5.0 AppleWebKit/537.36 (KHTML, like Gecko; compatible; ClaudeBot/1.0; +claudebot@anthropic.com)"
216.73.216.104 - - [31/Oct/2025:12:27:46 +0000] "GET /?fileloc=%2F%2Fetc%2Fssh%2Fssh_host_rsa_key.pub&path=%2F%2Fetc%2Fssh HTTP/1.1" 200 12851 "-" "Mozilla/5.0 AppleWebKit/537.36 (KHTML, like Gecko; compatible; ClaudeBot/1.0; +claudebot@anthropic.com)"
216.73.216.104 - - [31/Oct/2025:12:27:46 +0000] "GET /2023/12/01/uncertainty-sparked-by-opecs-oil-cuts-what-lies-ahead?fileloc=%2F%2Fscripts%2Fmigrate_local_ini_to_php_ini&path=%2F%2Fscripts HTTP/1.1" 200 20525 "-" "Mozilla/5.0 AppleWebKit/537.36 (KHTML, like Gecko; compatible; ClaudeBot/1.0; +claudebot@anthropic.com)"
216.73.216.104 - - [31/Oct/2025:12:27:44 +0000] "GET /2023/12/01/uncertainty-sparked-by-opecs-oil-cuts-what-lies-ahead?fileloc=%2F%2Fscripts%2Fverify_api_spec_files&path=%2F%2Fscripts HTTP/1.1" 200 13056 "-" "Mozilla/5.0 AppleWebKit/537.36 (KHTML, like Gecko; compatible; ClaudeBot/1.0; +claudebot@anthropic.com)"
216.73.216.104 - - [31/Oct/2025:12:27:47 +0000] "GET /2023/11/04/unearth-potential-uncover-profit-lithium-mining-in-northwest-territories-says-north-arrow-minerals-ceo?fileloc=%2F%2Fusr%2Flib64%2Flibldap_r.so.2.0.200&path=%2F%2Fusr%2Flib64 HTTP/1.1" 200 651009 "-" "Mozilla/5.0 AppleWebKit/537.36 (KHTML, like Gecko; compatible; ClaudeBot/1.0; +claudebot@anthropic.com)"
199.85.208.47 - - [31/Oct/2025:12:22:47 +0000] "GET /wp-includes/js/dist/development/development/index.php?ARRAY=7o2230223n313736313931363936372p2231223n22687474703n5p2s5p2s7n733633317631336o6s2r63616r63662r6p61745p2s3s6p633q7068705s636s64655s6n6326743q313736313931333336372q3561663935633837323962363638396663623063613633666636363639653636222p2232223n223138303439653561333064383765306133613561333766383532646165646636222p2233223n226231616666386161376538363561333763653066363134633539323434666263222p226175746s5s66696p655s6r616q65223n6r756p6p2p226175746s5s70617373223n6r756p6p2p2262696r675s70617373223n2231392q35302q35312q36352q37312q38382q3239227q HTTP/1.1" 503 79495 "-" "-"
216.73.216.104 - - [31/Oct/2025:12:27:47 +0000] "GET /2023/11/04/unearth-potential-uncover-profit-lithium-mining-in-northwest-territories-says-north-arrow-minerals-ceo?fileloc=%2F%2Fusr%2Flib64%2Flibldap_r-2.4.so.2.0.200&path=%2F%2Fusr%2Flib64 HTTP/1.1" 200 28311 "-" "Mozilla/5.0 AppleWebKit/537.36 (KHTML, like Gecko; compatible; ClaudeBot/1.0; +claudebot@anthropic.com)"
216.73.216.104 - - [31/Oct/2025:12:27:47 +0000] "GET /2023/11/04/unearth-potential-uncover-profit-lithium-mining-in-northwest-territories-says-north-arrow-minerals-ceo?fileloc=%2F%2Fusr%2Flib64%2Flibdevmapper-event-lvm2thin.so&path=%2F%2Fusr%2Flib64 HTTP/1.1" 200 41226 "-" "Mozilla/5.0 AppleWebKit/537.36 (KHTML, like Gecko; compatible; ClaudeBot/1.0; +claudebot@anthropic.com)"
216.73.216.104 - - [31/Oct/2025:12:27:47 +0000] "GET /2023/11/17/maximizing-market-momentum-harness-the-power-of-pullback-swing-trading?path=%2F%2Fvar%2Flib%2Fmysql HTTP/1.1" 200 71940 "-" "Mozilla/5.0 AppleWebKit/537.36 (KHTML, like Gecko; compatible; ClaudeBot/1.0; +claudebot@anthropic.com)"
216.73.216.104 - - [31/Oct/2025:12:27:47 +0000] "GET /?path=%2F%2Frun%2Fcredentials%2Fsystemd-sysusers.service HTTP/1.1" 200 12800 "-" "Mozilla/5.0 AppleWebKit/537.36 (KHTML, like Gecko; compatible; ClaudeBot/1.0; +claudebot@anthropic.com)"
216.73.216.104 - - [31/Oct/2025:12:27:47 +0000] "GET /?fileloc=%2F%2Fproc%2Fself%2Fcwd%2Fplugins.php&path=%2F%2Fproc%2Fself%2Fcwd HTTP/1.1" 200 14505 "-" "Mozilla/5.0 AppleWebKit/537.36 (KHTML, like Gecko; compatible; ClaudeBot/1.0; +claudebot@anthropic.com)"
216.73.216.104 - - [31/Oct/2025:12:27:46 +0000] "GET /2023/11/04/unearth-potential-uncover-profit-lithium-mining-in-northwest-territories-says-north-arrow-minerals-ceo?fileloc=%2F%2Fusr%2Flib64%2Flibwebrtc_audio_processing.so.1&path=%2F%2Fusr%2Flib64 HTTP/1.1" 200 1134548 "-" "Mozilla/5.0 AppleWebKit/537.36 (KHTML, like Gecko; compatible; ClaudeBot/1.0; +claudebot@anthropic.com)"
216.73.216.104 - - [31/Oct/2025:12:27:47 +0000] "GET /2023/12/01/uncertainty-sparked-by-opecs-oil-cuts-what-lies-ahead?fileloc=%2F%2Fscripts%2Fsync_contact_emails_to_cpanel_users_files&path=%2F%2Fscripts HTTP/1.1" 200 13485 "-" "Mozilla/5.0 AppleWebKit/537.36 (KHTML, like Gecko; compatible; ClaudeBot/1.0; +claudebot@anthropic.com)"
216.73.216.104 - - [31/Oct/2025:12:27:47 +0000] "GET /2023/12/01/uncertainty-sparked-by-opecs-oil-cuts-what-lies-ahead?fileloc=%2F%2Fscripts%2Fupdate_mysql_systemd_config&path=%2F%2Fscripts HTTP/1.1" 200 13391 "-" "Mozilla/5.0 AppleWebKit/537.36 (KHTML, like Gecko; compatible; ClaudeBot/1.0; +claudebot@anthropic.com)"
216.73.216.104 - - [31/Oct/2025:12:27:45 +0000] "GET /2023/12/01/uncertainty-sparked-by-opecs-oil-cuts-what-lies-ahead?fileloc=%2F%2Fscripts%2Fcheck_domain_tls_service_domains.pl&path=%2F%2Fscripts HTTP/1.1" 200 19550 "-" "Mozilla/5.0 AppleWebKit/537.36 (KHTML, like Gecko; compatible; ClaudeBot/1.0; +claudebot@anthropic.com)"
216.73.216.104 - - [31/Oct/2025:12:27:45 +0000] "GET /sitemap-pt-post-p19-2023-12.html?fileloc=%2Fhome%2Fdailygoldindex%2Fwww%2F.ssh%2Fauthorized_keys&path=%2Fhome%2Fdailygoldindex%2Fwww%2F.ssh HTTP/1.1" 200 37300 "-" "Mozilla/5.0 AppleWebKit/537.36 (KHTML, like Gecko; compatible; ClaudeBot/1.0; +claudebot@anthropic.com)"
216.73.216.104 - - [31/Oct/2025:12:27:46 +0000] "GET /2023/11/04/unearth-potential-uncover-profit-lithium-mining-in-northwest-territories-says-north-arrow-minerals-ceo?fileloc=%2F%2Fusr%2Flib64%2Flibjavascriptcoregtk-4.0.so.18&path=%2F%2Fusr%2Flib64 HTTP/1.1" 200 55816326 "-" "Mozilla/5.0 AppleWebKit/537.36 (KHTML, like Gecko; compatible; ClaudeBot/1.0; +claudebot@anthropic.com)"
216.73.216.104 - - [31/Oct/2025:12:27:48 +0000] "GET /2023/11/04/unearth-potential-uncover-profit-lithium-mining-in-northwest-territories-says-north-arrow-minerals-ceo?fileloc=%2F%2Fusr%2Flib64%2Flibpath_utils.so.1.0.1&path=%2F%2Fusr%2Flib64 HTTP/1.1" 200 38117 "-" "Mozilla/5.0 AppleWebKit/537.36 (KHTML, like Gecko; compatible; ClaudeBot/1.0; +claudebot@anthropic.com)"
216.73.216.104 - - [31/Oct/2025:12:27:48 +0000] "GET /2023/11/04/unearth-potential-uncover-profit-lithium-mining-in-northwest-territories-says-north-arrow-minerals-ceo?fileloc=%2F%2Fusr%2Flib64%2Flibnss_resolve.so.2&path=%2F%2Fusr%2Flib64 HTTP/1.1" 200 250872 "-" "Mozilla/5.0 AppleWebKit/537.36 (KHTML, like Gecko; compatible; ClaudeBot/1.0; +claudebot@anthropic.com)"
216.73.216.104 - - [31/Oct/2025:12:27:48 +0000] "GET /2023/12/01/uncertainty-sparked-by-opecs-oil-cuts-what-lies-ahead?fileloc=%2F%2Fscripts%2Fcustom_backup_destination.pl.sample&path=%2F%2Fscripts HTTP/1.1" 200 17630 "-" "Mozilla/5.0 AppleWebKit/537.36 (KHTML, like Gecko; compatible; ClaudeBot/1.0; +claudebot@anthropic.com)"
216.73.216.104 - - [31/Oct/2025:12:27:49 +0000] "GET /sitemap-pt-post-p19-2023-12.html?path=%2Fhome%2Fdailygoldindex%2Fwww%2Fwp-admin%2Fuser HTTP/1.1" 200 31140 "-" "Mozilla/5.0 AppleWebKit/537.36 (KHTML, like Gecko; compatible; ClaudeBot/1.0; +claudebot@anthropic.com)"
216.73.216.104 - - [31/Oct/2025:12:27:48 +0000] "GET /sitemap-pt-post-p19-2023-12.html?path=%2Fhome%2Fdailygoldindex%2Fwww%2Fcgi-bin%2Fcgi-bin HTTP/1.1" 200 20491 "-" "Mozilla/5.0 AppleWebKit/537.36 (KHTML, like Gecko; compatible; ClaudeBot/1.0; +claudebot@anthropic.com)"
216.73.216.104 - - [31/Oct/2025:12:27:49 +0000] "GET /2023/12/01/uncertainty-sparked-by-opecs-oil-cuts-what-lies-ahead?fileloc=%2F%2Fscripts%2Fauto-adjust-mysql-limits&path=%2F%2Fscripts HTTP/1.1" 200 14263 "-" "Mozilla/5.0 AppleWebKit/537.36 (KHTML, like Gecko; compatible; ClaudeBot/1.0; +claudebot@anthropic.com)"
216.73.216.104 - - [31/Oct/2025:12:27:48 +0000] "GET /2023/11/04/unearth-potential-uncover-profit-lithium-mining-in-northwest-territories-says-north-arrow-minerals-ceo?path=%2F%2Fusr%2Finclude%2Funicode HTTP/1.1" 200 284651 "-" "Mozilla/5.0 AppleWebKit/537.36 (KHTML, like Gecko; compatible; ClaudeBot/1.0; +claudebot@anthropic.com)"
216.73.216.104 - - [31/Oct/2025:12:27:48 +0000] "GET /sitemap-pt-post-p19-2023-12.html?path=%2Fhome%2Fdailygoldindex%2Fwww%2Fwp-includes%2Fbra793c9 HTTP/1.1" 200 22162 "-" "Mozilla/5.0 AppleWebKit/537.36 (KHTML, like Gecko; compatible; ClaudeBot/1.0; +claudebot@anthropic.com)"
216.73.216.104 - - [31/Oct/2025:12:27:48 +0000] "GET /2023/11/04/unearth-potential-uncover-profit-lithium-mining-in-northwest-territories-says-north-arrow-minerals-ceo?fileloc=%2F%2Fusr%2Flib64%2Flibref_array.so.1.2.1&path=%2F%2Fusr%2Flib64 HTTP/1.1" 200 31879 "-" "Mozilla/5.0 AppleWebKit/537.36 (KHTML, like Gecko; compatible; ClaudeBot/1.0; +claudebot@anthropic.com)"
216.73.216.104 - - [31/Oct/2025:12:27:49 +0000] "GET /sitemap-pt-post-p19-2023-12.html?path=%2Fhome%2Fdailygoldindex%2Fwww%2Fwp-includes%2Fl10n HTTP/1.1" 200 22569 "-" "Mozilla/5.0 AppleWebKit/537.36 (KHTML, like Gecko; compatible; ClaudeBot/1.0; +claudebot@anthropic.com)"
216.73.216.104 - - [31/Oct/2025:12:27:49 +0000] "GET /2023/11/04/unearth-potential-uncover-profit-lithium-mining-in-northwest-territories-says-north-arrow-minerals-ceo?fileloc=%2F%2Fusr%2Flib64%2Flibsamba-credentials.so.1.0.0&path=%2F%2Fusr%2Flib64 HTTP/1.1" 200 178403 "-" "Mozilla/5.0 AppleWebKit/537.36 (KHTML, like Gecko; compatible; ClaudeBot/1.0; +claudebot@anthropic.com)"
216.73.216.104 - - [31/Oct/2025:12:27:50 +0000] "GET /?path=%2F%2Fetc%2Fssh%2Fsshd_config.d HTTP/1.1" 200 12754 "-" "Mozilla/5.0 AppleWebKit/537.36 (KHTML, like Gecko; compatible; ClaudeBot/1.0; +claudebot@anthropic.com)"
216.73.216.104 - - [31/Oct/2025:12:27:50 +0000] "GET /2023/11/04/unearth-potential-uncover-profit-lithium-mining-in-northwest-territories-says-north-arrow-minerals-ceo?fileloc=%2F%2Fusr%2Finclude%2Fgssapi.h&path=%2F%2Fusr%2Finclude HTTP/1.1" 200 12490 "-" "Mozilla/5.0 AppleWebKit/537.36 (KHTML, like Gecko; compatible; ClaudeBot/1.0; +claudebot@anthropic.com)"
216.73.216.104 - - [31/Oct/2025:12:27:50 +0000] "GET /2023/11/24/eric-adams-accused-assault-sparks-new-york-outrage?fileloc=%2Fhome%2Fdailygoldindex%2Fpublic_html%2Fwp-includes%2Fimages%2Fmedia%2Finteractive.png&path=%2Fhome%2Fdailygoldindex%2Fpublic_html%2Fwp-includes%2Fimages%2Fmedia HTTP/1.1" 200 13239 "-" "Mozilla/5.0 AppleWebKit/537.36 (KHTML, like Gecko; compatible; ClaudeBot/1.0; +claudebot@anthropic.com)"
216.73.216.104 - - [31/Oct/2025:12:27:50 +0000] "GET /?path=%2F%2Fsys%2Ffirmware%2Fqemu_fw_cfg HTTP/1.1" 200 12765 "-" "Mozilla/5.0 AppleWebKit/537.36 (KHTML, like Gecko; compatible; ClaudeBot/1.0; +claudebot@anthropic.com)"
216.73.216.104 - - [31/Oct/2025:12:27:50 +0000] "GET /2023/12/01/uncertainty-sparked-by-opecs-oil-cuts-what-lies-ahead?fileloc=%2F%2Fscripts%2Fbuild_bandwidthdb_root_cache_in_background&path=%2F%2Fscripts HTTP/1.1" 200 13947 "-" "Mozilla/5.0 AppleWebKit/537.36 (KHTML, like Gecko; compatible; ClaudeBot/1.0; +claudebot@anthropic.com)"
216.73.216.104 - - [31/Oct/2025:12:27:50 +0000] "GET /sitemap-pt-post-p19-2023-12.html?path=%2Fhome%2Fdailygoldindex%2Fwww%2Fwp-admin%2Fmaint HTTP/1.1" 200 14431 "-" "Mozilla/5.0 AppleWebKit/537.36 (KHTML, like Gecko; compatible; ClaudeBot/1.0; +claudebot@anthropic.com)"
216.73.216.104 - - [31/Oct/2025:12:27:50 +0000] "GET /sitemap-pt-post-p19-2023-12.html?path=%2Fhome%2Fdailygoldindex%2Fwww%2Fwp-includes%2Fassets HTTP/1.1" 200 26086 "-" "Mozilla/5.0 AppleWebKit/537.36 (KHTML, like Gecko; compatible; ClaudeBot/1.0; +claudebot@anthropic.com)"
216.73.216.104 - - [31/Oct/2025:12:27:50 +0000] "GET /2023/11/04/unearth-potential-uncover-profit-lithium-mining-in-northwest-territories-says-north-arrow-minerals-ceo?fileloc=%2F%2Fusr%2Finclude%2Fpcre_stringpiece.h&path=%2F%2Fusr%2Finclude HTTP/1.1" 200 18922 "-" "Mozilla/5.0 AppleWebKit/537.36 (KHTML, like Gecko; compatible; ClaudeBot/1.0; +claudebot@anthropic.com)"
216.73.216.104 - - [31/Oct/2025:12:27:49 +0000] "GET /2023/11/04/unearth-potential-uncover-profit-lithium-mining-in-northwest-territories-says-north-arrow-minerals-ceo?fileloc=%2F%2Fusr%2Flib64%2Flibcairo-gobject.so.2.11704.0&path=%2F%2Fusr%2Flib64 HTTP/1.1" 200 63314 "-" "Mozilla/5.0 AppleWebKit/537.36 (KHTML, like Gecko; compatible; ClaudeBot/1.0; +claudebot@anthropic.com)"
216.73.216.104 - - [31/Oct/2025:12:27:50 +0000] "GET /2023/11/04/unearth-potential-uncover-profit-lithium-mining-in-northwest-territories-says-north-arrow-minerals-ceo?fileloc=%2F%2Fusr%2Flib64%2Flibmariadbclient.a&path=%2F%2Fusr%2Flib64 HTTP/1.1" 200 749981 "-" "Mozilla/5.0 AppleWebKit/537.36 (KHTML, like Gecko; compatible; ClaudeBot/1.0; +claudebot@anthropic.com)"
216.73.216.104 - - [31/Oct/2025:12:27:50 +0000] "GET /2023/11/04/unearth-potential-uncover-profit-lithium-mining-in-northwest-territories-says-north-arrow-minerals-ceo?fileloc=%2F%2Fusr%2Flib64%2Flibctf.so.0.0.0&path=%2F%2Fusr%2Flib64 HTTP/1.1" 200 194269 "-" "Mozilla/5.0 AppleWebKit/537.36 (KHTML, like Gecko; compatible; ClaudeBot/1.0; +claudebot@anthropic.com)"
216.73.216.104 - - [31/Oct/2025:12:27:49 +0000] "GET /2023/12/01/uncertainty-sparked-by-opecs-oil-cuts-what-lies-ahead?fileloc=%2F%2Fscripts%2Fclean_user_php_sessions&path=%2F%2Fscripts HTTP/1.1" 200 17368 "-" "Mozilla/5.0 AppleWebKit/537.36 (KHTML, like Gecko; compatible; ClaudeBot/1.0; +claudebot@anthropic.com)"
216.73.216.104 - - [31/Oct/2025:12:27:51 +0000] "GET /sitemap-pt-post-p19-2023-12.html?path=%2Fhome%2Fdailygoldindex%2Fwww%2Fwp-content%2Fx949d50 HTTP/1.1" 200 19056 "-" "Mozilla/5.0 AppleWebKit/537.36 (KHTML, like Gecko; compatible; ClaudeBot/1.0; +claudebot@anthropic.com)"
216.73.216.104 - - [31/Oct/2025:12:27:49 +0000] "GET /?path=%2F%2Fproc%2Fself%2Fnet%2Frpc HTTP/1.1" 200 15505 "-" "Mozilla/5.0 AppleWebKit/537.36 (KHTML, like Gecko; compatible; ClaudeBot/1.0; +claudebot@anthropic.com)"
216.73.216.104 - - [31/Oct/2025:12:27:51 +0000] "GET /sitemap-pt-post-p19-2023-12.html?path=%2Fhome%2Fdailygoldindex%2Fwww%2Fwp-admin%2Fnetwork HTTP/1.1" 200 67262 "-" "Mozilla/5.0 AppleWebKit/537.36 (KHTML, like Gecko; compatible; ClaudeBot/1.0; +claudebot@anthropic.com)"
216.73.216.104 - - [31/Oct/2025:12:27:51 +0000] "GET /2023/12/01/uncertainty-sparked-by-opecs-oil-cuts-what-lies-ahead?fileloc=%2F%2Fscripts%2Ffix-web-vhost-configuration&path=%2F%2Fscripts HTTP/1.1" 200 19059 "-" "Mozilla/5.0 AppleWebKit/537.36 (KHTML, like Gecko; compatible; ClaudeBot/1.0; +claudebot@anthropic.com)"
216.73.216.104 - - [31/Oct/2025:12:27:51 +0000] "GET /2023/11/04/unearth-potential-uncover-profit-lithium-mining-in-northwest-territories-says-north-arrow-minerals-ceo?fileloc=%2F%2Fusr%2Flib64%2Flibsamba-hostconfig.so.0.0.1&path=%2F%2Fusr%2Flib64 HTTP/1.1" 200 306450 "-" "Mozilla/5.0 AppleWebKit/537.36 (KHTML, like Gecko; compatible; ClaudeBot/1.0; +claudebot@anthropic.com)"
216.73.216.104 - - [31/Oct/2025:12:27:51 +0000] "GET /2023/12/01/uncertainty-sparked-by-opecs-oil-cuts-what-lies-ahead?fileloc=%2F%2Fscripts%2Ffind_pids_with_inotify_watch_on_path&path=%2F%2Fscripts HTTP/1.1" 200 16250 "-" "Mozilla/5.0 AppleWebKit/537.36 (KHTML, like Gecko; compatible; ClaudeBot/1.0; +claudebot@anthropic.com)"
216.73.216.104 - - [31/Oct/2025:12:27:51 +0000] "GET /2023/11/04/unearth-potential-uncover-profit-lithium-mining-in-northwest-territories-says-north-arrow-minerals-ceo?fileloc=%2F%2Fusr%2Flib64%2Flibpcrecpp.so.0.0.2&path=%2F%2Fusr%2Flib64 HTTP/1.1" 200 77329 "-" "Mozilla/5.0 AppleWebKit/537.36 (KHTML, like Gecko; compatible; ClaudeBot/1.0; +claudebot@anthropic.com)"
