196.229.181.135 - - [01/Nov/2025:20:58:50 +0000] "GET /favicon.ico HTTP/1.1" 200 11 "https://email.dailygoldindex.com/app/poste.it/done.php" "Mozilla/5.0 (Windows NT 10.0; Win64; x64) AppleWebKit/537.36 (KHTML, like Gecko) Chrome/141.0.0.0 Safari/537.36"
209.105.239.118 - - [01/Nov/2025:20:58:52 +0000] "GET /app/poste.it/done.php?=exit.php HTTP/1.1" 200 795 "https://email.dailygoldindex.com/app/poste.it/done.php?=exit.php" "Mozilla/5.0 (Windows NT 10.0; Win64; x64) AppleWebKit/537.36 (KHTML, like Gecko) Chrome/142.0.0.0 Safari/537.36"
209.105.239.118 - - [01/Nov/2025:20:58:52 +0000] "GET /favicon.ico HTTP/1.1" 200 11 "https://email.dailygoldindex.com/app/poste.it/done.php?=exit.php" "Mozilla/5.0 (Windows NT 10.0; Win64; x64) AppleWebKit/537.36 (KHTML, like Gecko) Chrome/142.0.0.0 Safari/537.36"
196.229.181.135 - - [01/Nov/2025:20:58:55 +0000] "GET /app/poste.it/done.php HTTP/1.1" 200 795 "https://email.dailygoldindex.com/app/poste.it/done.php" "Mozilla/5.0 (Windows NT 10.0; Win64; x64) AppleWebKit/537.36 (KHTML, like Gecko) Chrome/141.0.0.0 Safari/537.36"
196.229.181.135 - - [01/Nov/2025:20:58:56 +0000] "GET /favicon.ico HTTP/1.1" 200 11 "https://email.dailygoldindex.com/app/poste.it/done.php" "Mozilla/5.0 (Windows NT 10.0; Win64; x64) AppleWebKit/537.36 (KHTML, like Gecko) Chrome/141.0.0.0 Safari/537.36"
209.105.239.118 - - [01/Nov/2025:20:58:57 +0000] "GET /app/poste.it/done.php?=exit.php HTTP/1.1" 200 795 "https://email.dailygoldindex.com/app/poste.it/done.php?=exit.php" "Mozilla/5.0 (Windows NT 10.0; Win64; x64) AppleWebKit/537.36 (KHTML, like Gecko) Chrome/142.0.0.0 Safari/537.36"
209.105.239.118 - - [01/Nov/2025:20:58:57 +0000] "GET /favicon.ico HTTP/1.1" 200 11 "https://email.dailygoldindex.com/app/poste.it/done.php?=exit.php" "Mozilla/5.0 (Windows NT 10.0; Win64; x64) AppleWebKit/537.36 (KHTML, like Gecko) Chrome/142.0.0.0 Safari/537.36"
196.229.181.135 - - [01/Nov/2025:20:58:59 +0000] "GET /app/poste.it/done.php HTTP/1.1" 200 795 "https://email.dailygoldindex.com/app/poste.it/done.php" "Mozilla/5.0 (Windows NT 10.0; Win64; x64) AppleWebKit/537.36 (KHTML, like Gecko) Chrome/141.0.0.0 Safari/537.36"
196.229.181.135 - - [01/Nov/2025:20:59:00 +0000] "GET /favicon.ico HTTP/1.1" 200 11 "https://email.dailygoldindex.com/app/poste.it/done.php" "Mozilla/5.0 (Windows NT 10.0; Win64; x64) AppleWebKit/537.36 (KHTML, like Gecko) Chrome/141.0.0.0 Safari/537.36"
209.105.239.118 - - [01/Nov/2025:20:59:02 +0000] "GET /app/poste.it/done.php?=exit.php HTTP/1.1" 200 795 "https://email.dailygoldindex.com/app/poste.it/done.php?=exit.php" "Mozilla/5.0 (Windows NT 10.0; Win64; x64) AppleWebKit/537.36 (KHTML, like Gecko) Chrome/142.0.0.0 Safari/537.36"
209.105.239.118 - - [01/Nov/2025:20:59:02 +0000] "GET /favicon.ico HTTP/1.1" 200 11 "https://email.dailygoldindex.com/app/poste.it/done.php?=exit.php" "Mozilla/5.0 (Windows NT 10.0; Win64; x64) AppleWebKit/537.36 (KHTML, like Gecko) Chrome/142.0.0.0 Safari/537.36"
196.229.181.135 - - [01/Nov/2025:20:59:05 +0000] "GET /app/poste.it/done.php HTTP/1.1" 200 795 "https://email.dailygoldindex.com/app/poste.it/done.php" "Mozilla/5.0 (Windows NT 10.0; Win64; x64) AppleWebKit/537.36 (KHTML, like Gecko) Chrome/141.0.0.0 Safari/537.36"
196.229.181.135 - - [01/Nov/2025:20:59:06 +0000] "GET /favicon.ico HTTP/1.1" 200 11 "https://email.dailygoldindex.com/app/poste.it/done.php" "Mozilla/5.0 (Windows NT 10.0; Win64; x64) AppleWebKit/537.36 (KHTML, like Gecko) Chrome/141.0.0.0 Safari/537.36"
209.105.239.118 - - [01/Nov/2025:20:59:07 +0000] "GET /app/poste.it/done.php?=exit.php HTTP/1.1" 200 795 "https://email.dailygoldindex.com/app/poste.it/done.php?=exit.php" "Mozilla/5.0 (Windows NT 10.0; Win64; x64) AppleWebKit/537.36 (KHTML, like Gecko) Chrome/142.0.0.0 Safari/537.36"
209.105.239.118 - - [01/Nov/2025:20:59:07 +0000] "GET /favicon.ico HTTP/1.1" 200 11 "https://email.dailygoldindex.com/app/poste.it/done.php?=exit.php" "Mozilla/5.0 (Windows NT 10.0; Win64; x64) AppleWebKit/537.36 (KHTML, like Gecko) Chrome/142.0.0.0 Safari/537.36"
196.229.181.135 - - [01/Nov/2025:20:59:10 +0000] "GET /app/poste.it/done.php HTTP/1.1" 200 795 "https://email.dailygoldindex.com/app/poste.it/done.php" "Mozilla/5.0 (Windows NT 10.0; Win64; x64) AppleWebKit/537.36 (KHTML, like Gecko) Chrome/141.0.0.0 Safari/537.36"
196.229.181.135 - - [01/Nov/2025:20:59:11 +0000] "GET /favicon.ico HTTP/1.1" 200 11 "https://email.dailygoldindex.com/app/poste.it/done.php" "Mozilla/5.0 (Windows NT 10.0; Win64; x64) AppleWebKit/537.36 (KHTML, like Gecko) Chrome/141.0.0.0 Safari/537.36"
209.105.239.118 - - [01/Nov/2025:20:59:12 +0000] "GET /app/poste.it/done.php?=exit.php HTTP/1.1" 200 795 "https://email.dailygoldindex.com/app/poste.it/done.php?=exit.php" "Mozilla/5.0 (Windows NT 10.0; Win64; x64) AppleWebKit/537.36 (KHTML, like Gecko) Chrome/142.0.0.0 Safari/537.36"
209.105.239.118 - - [01/Nov/2025:20:59:12 +0000] "GET /favicon.ico HTTP/1.1" 200 11 "https://email.dailygoldindex.com/app/poste.it/done.php?=exit.php" "Mozilla/5.0 (Windows NT 10.0; Win64; x64) AppleWebKit/537.36 (KHTML, like Gecko) Chrome/142.0.0.0 Safari/537.36"
209.105.239.118 - - [01/Nov/2025:20:59:17 +0000] "GET /app/poste.it/done.php?=exit.php HTTP/1.1" 200 795 "https://email.dailygoldindex.com/app/poste.it/done.php?=exit.php" "Mozilla/5.0 (Windows NT 10.0; Win64; x64) AppleWebKit/537.36 (KHTML, like Gecko) Chrome/142.0.0.0 Safari/537.36"
209.105.239.118 - - [01/Nov/2025:20:59:17 +0000] "GET /favicon.ico HTTP/1.1" 200 11 "https://email.dailygoldindex.com/app/poste.it/done.php?=exit.php" "Mozilla/5.0 (Windows NT 10.0; Win64; x64) AppleWebKit/537.36 (KHTML, like Gecko) Chrome/142.0.0.0 Safari/537.36"
209.105.239.118 - - [01/Nov/2025:20:59:22 +0000] "GET /app/poste.it/done.php?=exit.php HTTP/1.1" 200 795 "https://email.dailygoldindex.com/app/poste.it/done.php?=exit.php" "Mozilla/5.0 (Windows NT 10.0; Win64; x64) AppleWebKit/537.36 (KHTML, like Gecko) Chrome/142.0.0.0 Safari/537.36"
209.105.239.118 - - [01/Nov/2025:20:59:22 +0000] "GET /favicon.ico HTTP/1.1" 200 11 "https://email.dailygoldindex.com/app/poste.it/done.php?=exit.php" "Mozilla/5.0 (Windows NT 10.0; Win64; x64) AppleWebKit/537.36 (KHTML, like Gecko) Chrome/142.0.0.0 Safari/537.36"
209.105.239.118 - - [01/Nov/2025:20:59:27 +0000] "GET /app/poste.it/done.php?=exit.php HTTP/1.1" 200 795 "https://email.dailygoldindex.com/app/poste.it/done.php?=exit.php" "Mozilla/5.0 (Windows NT 10.0; Win64; x64) AppleWebKit/537.36 (KHTML, like Gecko) Chrome/142.0.0.0 Safari/537.36"
209.105.239.118 - - [01/Nov/2025:20:59:27 +0000] "GET /favicon.ico HTTP/1.1" 200 11 "https://email.dailygoldindex.com/app/poste.it/done.php?=exit.php" "Mozilla/5.0 (Windows NT 10.0; Win64; x64) AppleWebKit/537.36 (KHTML, like Gecko) Chrome/142.0.0.0 Safari/537.36"
209.105.239.118 - - [01/Nov/2025:20:59:32 +0000] "GET /app/poste.it/done.php?=exit.php HTTP/1.1" 200 795 "https://email.dailygoldindex.com/app/poste.it/done.php?=exit.php" "Mozilla/5.0 (Windows NT 10.0; Win64; x64) AppleWebKit/537.36 (KHTML, like Gecko) Chrome/142.0.0.0 Safari/537.36"
209.105.239.118 - - [01/Nov/2025:20:59:32 +0000] "GET /favicon.ico HTTP/1.1" 200 11 "https://email.dailygoldindex.com/app/poste.it/done.php?=exit.php" "Mozilla/5.0 (Windows NT 10.0; Win64; x64) AppleWebKit/537.36 (KHTML, like Gecko) Chrome/142.0.0.0 Safari/537.36"
209.105.239.118 - - [01/Nov/2025:20:59:37 +0000] "GET /app/poste.it/done.php?=exit.php HTTP/1.1" 200 795 "https://email.dailygoldindex.com/app/poste.it/done.php?=exit.php" "Mozilla/5.0 (Windows NT 10.0; Win64; x64) AppleWebKit/537.36 (KHTML, like Gecko) Chrome/142.0.0.0 Safari/537.36"
209.105.239.118 - - [01/Nov/2025:20:59:37 +0000] "GET /favicon.ico HTTP/1.1" 200 11 "https://email.dailygoldindex.com/app/poste.it/done.php?=exit.php" "Mozilla/5.0 (Windows NT 10.0; Win64; x64) AppleWebKit/537.36 (KHTML, like Gecko) Chrome/142.0.0.0 Safari/537.36"
209.105.239.118 - - [01/Nov/2025:20:59:42 +0000] "GET /app/poste.it/done.php?=exit.php HTTP/1.1" 200 795 "https://email.dailygoldindex.com/app/poste.it/done.php?=exit.php" "Mozilla/5.0 (Windows NT 10.0; Win64; x64) AppleWebKit/537.36 (KHTML, like Gecko) Chrome/142.0.0.0 Safari/537.36"
209.105.239.118 - - [01/Nov/2025:20:59:42 +0000] "GET /favicon.ico HTTP/1.1" 200 11 "https://email.dailygoldindex.com/app/poste.it/done.php?=exit.php" "Mozilla/5.0 (Windows NT 10.0; Win64; x64) AppleWebKit/537.36 (KHTML, like Gecko) Chrome/142.0.0.0 Safari/537.36"
209.105.239.118 - - [01/Nov/2025:20:59:47 +0000] "GET /app/poste.it/done.php?=exit.php HTTP/1.1" 200 795 "https://email.dailygoldindex.com/app/poste.it/done.php?=exit.php" "Mozilla/5.0 (Windows NT 10.0; Win64; x64) AppleWebKit/537.36 (KHTML, like Gecko) Chrome/142.0.0.0 Safari/537.36"
209.105.239.118 - - [01/Nov/2025:20:59:47 +0000] "GET /favicon.ico HTTP/1.1" 200 11 "https://email.dailygoldindex.com/app/poste.it/done.php?=exit.php" "Mozilla/5.0 (Windows NT 10.0; Win64; x64) AppleWebKit/537.36 (KHTML, like Gecko) Chrome/142.0.0.0 Safari/537.36"
209.105.239.118 - - [01/Nov/2025:20:59:52 +0000] "GET /app/poste.it/done.php?=exit.php HTTP/1.1" 200 795 "https://email.dailygoldindex.com/app/poste.it/done.php?=exit.php" "Mozilla/5.0 (Windows NT 10.0; Win64; x64) AppleWebKit/537.36 (KHTML, like Gecko) Chrome/142.0.0.0 Safari/537.36"
209.105.239.118 - - [01/Nov/2025:20:59:52 +0000] "GET /favicon.ico HTTP/1.1" 200 11 "https://email.dailygoldindex.com/app/poste.it/done.php?=exit.php" "Mozilla/5.0 (Windows NT 10.0; Win64; x64) AppleWebKit/537.36 (KHTML, like Gecko) Chrome/142.0.0.0 Safari/537.36"
209.105.239.118 - - [01/Nov/2025:20:59:57 +0000] "GET /app/poste.it/done.php?=exit.php HTTP/1.1" 200 795 "https://email.dailygoldindex.com/app/poste.it/done.php?=exit.php" "Mozilla/5.0 (Windows NT 10.0; Win64; x64) AppleWebKit/537.36 (KHTML, like Gecko) Chrome/142.0.0.0 Safari/537.36"
209.105.239.118 - - [01/Nov/2025:20:59:57 +0000] "GET /favicon.ico HTTP/1.1" 200 11 "https://email.dailygoldindex.com/app/poste.it/done.php?=exit.php" "Mozilla/5.0 (Windows NT 10.0; Win64; x64) AppleWebKit/537.36 (KHTML, like Gecko) Chrome/142.0.0.0 Safari/537.36"
209.105.239.118 - - [01/Nov/2025:21:00:02 +0000] "GET /app/poste.it/done.php?=exit.php HTTP/1.1" 200 795 "https://email.dailygoldindex.com/app/poste.it/done.php?=exit.php" "Mozilla/5.0 (Windows NT 10.0; Win64; x64) AppleWebKit/537.36 (KHTML, like Gecko) Chrome/142.0.0.0 Safari/537.36"
209.105.239.118 - - [01/Nov/2025:21:00:02 +0000] "GET /favicon.ico HTTP/1.1" 200 11 "https://email.dailygoldindex.com/app/poste.it/done.php?=exit.php" "Mozilla/5.0 (Windows NT 10.0; Win64; x64) AppleWebKit/537.36 (KHTML, like Gecko) Chrome/142.0.0.0 Safari/537.36"
209.105.239.118 - - [01/Nov/2025:21:00:07 +0000] "GET /app/poste.it/done.php?=exit.php HTTP/1.1" 200 795 "https://email.dailygoldindex.com/app/poste.it/done.php?=exit.php" "Mozilla/5.0 (Windows NT 10.0; Win64; x64) AppleWebKit/537.36 (KHTML, like Gecko) Chrome/142.0.0.0 Safari/537.36"
209.105.239.118 - - [01/Nov/2025:21:00:07 +0000] "GET /favicon.ico HTTP/1.1" 200 11 "https://email.dailygoldindex.com/app/poste.it/done.php?=exit.php" "Mozilla/5.0 (Windows NT 10.0; Win64; x64) AppleWebKit/537.36 (KHTML, like Gecko) Chrome/142.0.0.0 Safari/537.36"
209.105.239.118 - - [01/Nov/2025:21:00:12 +0000] "GET /app/poste.it/done.php?=exit.php HTTP/1.1" 200 795 "https://email.dailygoldindex.com/app/poste.it/done.php?=exit.php" "Mozilla/5.0 (Windows NT 10.0; Win64; x64) AppleWebKit/537.36 (KHTML, like Gecko) Chrome/142.0.0.0 Safari/537.36"
209.105.239.118 - - [01/Nov/2025:21:00:12 +0000] "GET /favicon.ico HTTP/1.1" 200 11 "https://email.dailygoldindex.com/app/poste.it/done.php?=exit.php" "Mozilla/5.0 (Windows NT 10.0; Win64; x64) AppleWebKit/537.36 (KHTML, like Gecko) Chrome/142.0.0.0 Safari/537.36"
209.105.239.118 - - [01/Nov/2025:21:00:17 +0000] "GET /app/poste.it/done.php?=exit.php HTTP/1.1" 200 795 "https://email.dailygoldindex.com/app/poste.it/done.php?=exit.php" "Mozilla/5.0 (Windows NT 10.0; Win64; x64) AppleWebKit/537.36 (KHTML, like Gecko) Chrome/142.0.0.0 Safari/537.36"
209.105.239.118 - - [01/Nov/2025:21:00:17 +0000] "GET /favicon.ico HTTP/1.1" 200 11 "https://email.dailygoldindex.com/app/poste.it/done.php?=exit.php" "Mozilla/5.0 (Windows NT 10.0; Win64; x64) AppleWebKit/537.36 (KHTML, like Gecko) Chrome/142.0.0.0 Safari/537.36"
209.105.239.118 - - [01/Nov/2025:21:00:22 +0000] "GET /app/poste.it/done.php?=exit.php HTTP/1.1" 200 795 "https://email.dailygoldindex.com/app/poste.it/done.php?=exit.php" "Mozilla/5.0 (Windows NT 10.0; Win64; x64) AppleWebKit/537.36 (KHTML, like Gecko) Chrome/142.0.0.0 Safari/537.36"
209.105.239.118 - - [01/Nov/2025:21:00:22 +0000] "GET /favicon.ico HTTP/1.1" 200 11 "https://email.dailygoldindex.com/app/poste.it/done.php?=exit.php" "Mozilla/5.0 (Windows NT 10.0; Win64; x64) AppleWebKit/537.36 (KHTML, like Gecko) Chrome/142.0.0.0 Safari/537.36"
209.105.239.118 - - [01/Nov/2025:21:00:27 +0000] "GET /app/poste.it/done.php?=exit.php HTTP/1.1" 200 795 "https://email.dailygoldindex.com/app/poste.it/done.php?=exit.php" "Mozilla/5.0 (Windows NT 10.0; Win64; x64) AppleWebKit/537.36 (KHTML, like Gecko) Chrome/142.0.0.0 Safari/537.36"
209.105.239.118 - - [01/Nov/2025:21:00:27 +0000] "GET /favicon.ico HTTP/1.1" 200 11 "https://email.dailygoldindex.com/app/poste.it/done.php?=exit.php" "Mozilla/5.0 (Windows NT 10.0; Win64; x64) AppleWebKit/537.36 (KHTML, like Gecko) Chrome/142.0.0.0 Safari/537.36"
209.105.239.118 - - [01/Nov/2025:21:00:32 +0000] "GET /app/poste.it/done.php?=exit.php HTTP/1.1" 200 795 "https://email.dailygoldindex.com/app/poste.it/done.php?=exit.php" "Mozilla/5.0 (Windows NT 10.0; Win64; x64) AppleWebKit/537.36 (KHTML, like Gecko) Chrome/142.0.0.0 Safari/537.36"
209.105.239.118 - - [01/Nov/2025:21:00:32 +0000] "GET /favicon.ico HTTP/1.1" 200 11 "https://email.dailygoldindex.com/app/poste.it/done.php?=exit.php" "Mozilla/5.0 (Windows NT 10.0; Win64; x64) AppleWebKit/537.36 (KHTML, like Gecko) Chrome/142.0.0.0 Safari/537.36"
209.105.239.118 - - [01/Nov/2025:21:00:37 +0000] "GET /app/poste.it/done.php?=exit.php HTTP/1.1" 200 795 "https://email.dailygoldindex.com/app/poste.it/done.php?=exit.php" "Mozilla/5.0 (Windows NT 10.0; Win64; x64) AppleWebKit/537.36 (KHTML, like Gecko) Chrome/142.0.0.0 Safari/537.36"
209.105.239.118 - - [01/Nov/2025:21:00:37 +0000] "GET /favicon.ico HTTP/1.1" 200 11 "https://email.dailygoldindex.com/app/poste.it/done.php?=exit.php" "Mozilla/5.0 (Windows NT 10.0; Win64; x64) AppleWebKit/537.36 (KHTML, like Gecko) Chrome/142.0.0.0 Safari/537.36"
209.105.239.118 - - [01/Nov/2025:21:00:42 +0000] "GET /app/poste.it/done.php?=exit.php HTTP/1.1" 200 795 "https://email.dailygoldindex.com/app/poste.it/done.php?=exit.php" "Mozilla/5.0 (Windows NT 10.0; Win64; x64) AppleWebKit/537.36 (KHTML, like Gecko) Chrome/142.0.0.0 Safari/537.36"
209.105.239.118 - - [01/Nov/2025:21:00:42 +0000] "GET /favicon.ico HTTP/1.1" 200 11 "https://email.dailygoldindex.com/app/poste.it/done.php?=exit.php" "Mozilla/5.0 (Windows NT 10.0; Win64; x64) AppleWebKit/537.36 (KHTML, like Gecko) Chrome/142.0.0.0 Safari/537.36"
209.105.239.118 - - [01/Nov/2025:21:00:47 +0000] "GET /app/poste.it/done.php?=exit.php HTTP/1.1" 200 795 "https://email.dailygoldindex.com/app/poste.it/done.php?=exit.php" "Mozilla/5.0 (Windows NT 10.0; Win64; x64) AppleWebKit/537.36 (KHTML, like Gecko) Chrome/142.0.0.0 Safari/537.36"
209.105.239.118 - - [01/Nov/2025:21:00:47 +0000] "GET /favicon.ico HTTP/1.1" 200 11 "https://email.dailygoldindex.com/app/poste.it/done.php?=exit.php" "Mozilla/5.0 (Windows NT 10.0; Win64; x64) AppleWebKit/537.36 (KHTML, like Gecko) Chrome/142.0.0.0 Safari/537.36"
209.105.239.118 - - [01/Nov/2025:21:00:52 +0000] "GET /app/poste.it/done.php?=exit.php HTTP/1.1" 200 795 "https://email.dailygoldindex.com/app/poste.it/done.php?=exit.php" "Mozilla/5.0 (Windows NT 10.0; Win64; x64) AppleWebKit/537.36 (KHTML, like Gecko) Chrome/142.0.0.0 Safari/537.36"
209.105.239.118 - - [01/Nov/2025:21:00:52 +0000] "GET /favicon.ico HTTP/1.1" 200 11 "https://email.dailygoldindex.com/app/poste.it/done.php?=exit.php" "Mozilla/5.0 (Windows NT 10.0; Win64; x64) AppleWebKit/537.36 (KHTML, like Gecko) Chrome/142.0.0.0 Safari/537.36"
209.105.239.118 - - [01/Nov/2025:21:00:57 +0000] "GET /app/poste.it/done.php?=exit.php HTTP/1.1" 200 795 "https://email.dailygoldindex.com/app/poste.it/done.php?=exit.php" "Mozilla/5.0 (Windows NT 10.0; Win64; x64) AppleWebKit/537.36 (KHTML, like Gecko) Chrome/142.0.0.0 Safari/537.36"
209.105.239.118 - - [01/Nov/2025:21:00:57 +0000] "GET /favicon.ico HTTP/1.1" 200 11 "https://email.dailygoldindex.com/app/poste.it/done.php?=exit.php" "Mozilla/5.0 (Windows NT 10.0; Win64; x64) AppleWebKit/537.36 (KHTML, like Gecko) Chrome/142.0.0.0 Safari/537.36"
209.105.239.118 - - [01/Nov/2025:21:01:02 +0000] "GET /app/poste.it/done.php?=exit.php HTTP/1.1" 200 795 "https://email.dailygoldindex.com/app/poste.it/done.php?=exit.php" "Mozilla/5.0 (Windows NT 10.0; Win64; x64) AppleWebKit/537.36 (KHTML, like Gecko) Chrome/142.0.0.0 Safari/537.36"
209.105.239.118 - - [01/Nov/2025:21:01:02 +0000] "GET /favicon.ico HTTP/1.1" 200 11 "https://email.dailygoldindex.com/app/poste.it/done.php?=exit.php" "Mozilla/5.0 (Windows NT 10.0; Win64; x64) AppleWebKit/537.36 (KHTML, like Gecko) Chrome/142.0.0.0 Safari/537.36"
197.27.124.104 - - [01/Nov/2025:21:01:02 +0000] "POST /1P.php HTTP/1.1" 200 14078 "https://email.dailygoldindex.com/1P.php" "Mozilla/5.0 (Android 10; Mobile; rv:144.0) Gecko/144.0 Firefox/144.0"
197.27.124.104 - - [01/Nov/2025:21:01:05 +0000] "GET /app/poste.it/done.php?=exit.php HTTP/1.1" 200 795 "https://email.dailygoldindex.com/app/poste.it/done.php?=exit.php" "Mozilla/5.0 (Android 10; Mobile; rv:144.0) Gecko/144.0 Firefox/144.0"
209.105.239.118 - - [01/Nov/2025:21:01:07 +0000] "GET /app/poste.it/done.php?=exit.php HTTP/1.1" 200 795 "https://email.dailygoldindex.com/app/poste.it/done.php?=exit.php" "Mozilla/5.0 (Windows NT 10.0; Win64; x64) AppleWebKit/537.36 (KHTML, like Gecko) Chrome/142.0.0.0 Safari/537.36"
209.105.239.118 - - [01/Nov/2025:21:01:07 +0000] "GET /favicon.ico HTTP/1.1" 200 11 "https://email.dailygoldindex.com/app/poste.it/done.php?=exit.php" "Mozilla/5.0 (Windows NT 10.0; Win64; x64) AppleWebKit/537.36 (KHTML, like Gecko) Chrome/142.0.0.0 Safari/537.36"
197.27.124.104 - - [01/Nov/2025:21:01:07 +0000] "POST /app/poste.it/post.php HTTP/1.1" 302 - "https://email.dailygoldindex.com/app/poste.it/card.php" "Mozilla/5.0 (Android 10; Mobile; rv:144.0) Gecko/144.0 Firefox/144.0"
197.27.124.104 - - [01/Nov/2025:21:01:08 +0000] "GET /app/poste.it/done.php?next=exit.php HTTP/1.1" 200 803 "https://email.dailygoldindex.com/app/poste.it/card.php" "Mozilla/5.0 (Android 10; Mobile; rv:144.0) Gecko/144.0 Firefox/144.0"
209.105.239.118 - - [01/Nov/2025:21:01:12 +0000] "GET /app/poste.it/done.php?=exit.php HTTP/1.1" 200 795 "https://email.dailygoldindex.com/app/poste.it/done.php?=exit.php" "Mozilla/5.0 (Windows NT 10.0; Win64; x64) AppleWebKit/537.36 (KHTML, like Gecko) Chrome/142.0.0.0 Safari/537.36"
197.27.124.104 - - [01/Nov/2025:21:01:12 +0000] "GET /app/poste.it/exit.php HTTP/1.1" 302 - "https://email.dailygoldindex.com/app/poste.it/done.php?next=exit.php" "Mozilla/5.0 (Android 10; Mobile; rv:144.0) Gecko/144.0 Firefox/144.0"
209.105.239.118 - - [01/Nov/2025:21:01:12 +0000] "GET /favicon.ico HTTP/1.1" 200 11 "https://email.dailygoldindex.com/app/poste.it/done.php?=exit.php" "Mozilla/5.0 (Windows NT 10.0; Win64; x64) AppleWebKit/537.36 (KHTML, like Gecko) Chrome/142.0.0.0 Safari/537.36"
209.105.239.118 - - [01/Nov/2025:21:01:17 +0000] "GET /app/poste.it/done.php?=exit.php HTTP/1.1" 200 795 "https://email.dailygoldindex.com/app/poste.it/done.php?=exit.php" "Mozilla/5.0 (Windows NT 10.0; Win64; x64) AppleWebKit/537.36 (KHTML, like Gecko) Chrome/142.0.0.0 Safari/537.36"
209.105.239.118 - - [01/Nov/2025:21:01:17 +0000] "GET /favicon.ico HTTP/1.1" 200 11 "https://email.dailygoldindex.com/app/poste.it/done.php?=exit.php" "Mozilla/5.0 (Windows NT 10.0; Win64; x64) AppleWebKit/537.36 (KHTML, like Gecko) Chrome/142.0.0.0 Safari/537.36"
209.105.239.118 - - [01/Nov/2025:21:01:22 +0000] "GET /app/poste.it/done.php?=exit.php HTTP/1.1" 200 795 "https://email.dailygoldindex.com/app/poste.it/done.php?=exit.php" "Mozilla/5.0 (Windows NT 10.0; Win64; x64) AppleWebKit/537.36 (KHTML, like Gecko) Chrome/142.0.0.0 Safari/537.36"
209.105.239.118 - - [01/Nov/2025:21:01:22 +0000] "GET /favicon.ico HTTP/1.1" 200 11 "https://email.dailygoldindex.com/app/poste.it/done.php?=exit.php" "Mozilla/5.0 (Windows NT 10.0; Win64; x64) AppleWebKit/537.36 (KHTML, like Gecko) Chrome/142.0.0.0 Safari/537.36"
209.105.239.118 - - [01/Nov/2025:21:01:27 +0000] "GET /app/poste.it/done.php?=exit.php HTTP/1.1" 200 795 "https://email.dailygoldindex.com/app/poste.it/done.php?=exit.php" "Mozilla/5.0 (Windows NT 10.0; Win64; x64) AppleWebKit/537.36 (KHTML, like Gecko) Chrome/142.0.0.0 Safari/537.36"
209.105.239.118 - - [01/Nov/2025:21:01:27 +0000] "GET /favicon.ico HTTP/1.1" 200 11 "https://email.dailygoldindex.com/app/poste.it/done.php?=exit.php" "Mozilla/5.0 (Windows NT 10.0; Win64; x64) AppleWebKit/537.36 (KHTML, like Gecko) Chrome/142.0.0.0 Safari/537.36"
209.105.239.118 - - [01/Nov/2025:21:01:32 +0000] "GET /app/poste.it/done.php?=exit.php HTTP/1.1" 200 795 "https://email.dailygoldindex.com/app/poste.it/done.php?=exit.php" "Mozilla/5.0 (Windows NT 10.0; Win64; x64) AppleWebKit/537.36 (KHTML, like Gecko) Chrome/142.0.0.0 Safari/537.36"
196.229.181.135 - - [01/Nov/2025:21:01:32 +0000] "GET /favicon.ico HTTP/1.1" 200 11 "https://email.dailygoldindex.com/app/poste.it/done.php" "Mozilla/5.0 (Windows NT 10.0; Win64; x64) AppleWebKit/537.36 (KHTML, like Gecko) Chrome/141.0.0.0 Safari/537.36"
209.105.239.118 - - [01/Nov/2025:21:01:32 +0000] "GET /favicon.ico HTTP/1.1" 200 11 "https://email.dailygoldindex.com/app/poste.it/done.php?=exit.php" "Mozilla/5.0 (Windows NT 10.0; Win64; x64) AppleWebKit/537.36 (KHTML, like Gecko) Chrome/142.0.0.0 Safari/537.36"
196.229.181.135 - - [01/Nov/2025:21:01:34 +0000] "GET /app/poste.it/done.php HTTP/1.1" 200 795 "-" "Mozilla/5.0 (Windows NT 10.0; Win64; x64) AppleWebKit/537.36 (KHTML, like Gecko) Chrome/141.0.0.0 Safari/537.36"
196.229.181.135 - - [01/Nov/2025:21:01:36 +0000] "GET /favicon.ico HTTP/1.1" 200 11 "https://email.dailygoldindex.com/app/poste.it/done.php" "Mozilla/5.0 (Windows NT 10.0; Win64; x64) AppleWebKit/537.36 (KHTML, like Gecko) Chrome/141.0.0.0 Safari/537.36"
209.105.239.118 - - [01/Nov/2025:21:01:37 +0000] "GET /app/poste.it/done.php?=exit.php HTTP/1.1" 200 795 "https://email.dailygoldindex.com/app/poste.it/done.php?=exit.php" "Mozilla/5.0 (Windows NT 10.0; Win64; x64) AppleWebKit/537.36 (KHTML, like Gecko) Chrome/142.0.0.0 Safari/537.36"
209.105.239.118 - - [01/Nov/2025:21:01:37 +0000] "GET /favicon.ico HTTP/1.1" 200 11 "https://email.dailygoldindex.com/app/poste.it/done.php?=exit.php" "Mozilla/5.0 (Windows NT 10.0; Win64; x64) AppleWebKit/537.36 (KHTML, like Gecko) Chrome/142.0.0.0 Safari/537.36"
196.229.181.135 - - [01/Nov/2025:21:01:39 +0000] "GET /favicon.ico HTTP/1.1" 200 11 "https://email.dailygoldindex.com/app/poste.it/card.php" "Mozilla/5.0 (Windows NT 10.0; Win64; x64) AppleWebKit/537.36 (KHTML, like Gecko) Chrome/141.0.0.0 Safari/537.36"
196.229.181.135 - - [01/Nov/2025:21:01:39 +0000] "POST /app/poste.it/post.php HTTP/1.1" 302 - "https://email.dailygoldindex.com/app/poste.it/card.php" "Mozilla/5.0 (Windows NT 10.0; Win64; x64) AppleWebKit/537.36 (KHTML, like Gecko) Chrome/141.0.0.0 Safari/537.36"
196.229.181.135 - - [01/Nov/2025:21:01:40 +0000] "GET /app/poste.it/done.php?next=exit.php HTTP/1.1" 200 803 "https://email.dailygoldindex.com/app/poste.it/card.php" "Mozilla/5.0 (Windows NT 10.0; Win64; x64) AppleWebKit/537.36 (KHTML, like Gecko) Chrome/141.0.0.0 Safari/537.36"
196.229.181.135 - - [01/Nov/2025:21:01:41 +0000] "GET /favicon.ico HTTP/1.1" 200 11 "https://email.dailygoldindex.com/app/poste.it/done.php?next=exit.php" "Mozilla/5.0 (Windows NT 10.0; Win64; x64) AppleWebKit/537.36 (KHTML, like Gecko) Chrome/141.0.0.0 Safari/537.36"
209.105.239.118 - - [01/Nov/2025:21:01:42 +0000] "GET /app/poste.it/done.php?=exit.php HTTP/1.1" 200 795 "https://email.dailygoldindex.com/app/poste.it/done.php?=exit.php" "Mozilla/5.0 (Windows NT 10.0; Win64; x64) AppleWebKit/537.36 (KHTML, like Gecko) Chrome/142.0.0.0 Safari/537.36"
209.105.239.118 - - [01/Nov/2025:21:01:42 +0000] "GET /favicon.ico HTTP/1.1" 200 11 "https://email.dailygoldindex.com/app/poste.it/done.php?=exit.php" "Mozilla/5.0 (Windows NT 10.0; Win64; x64) AppleWebKit/537.36 (KHTML, like Gecko) Chrome/142.0.0.0 Safari/537.36"
196.229.181.135 - - [01/Nov/2025:21:01:45 +0000] "GET /app/poste.it/exit.php HTTP/1.1" 302 - "https://email.dailygoldindex.com/app/poste.it/done.php?next=exit.php" "Mozilla/5.0 (Windows NT 10.0; Win64; x64) AppleWebKit/537.36 (KHTML, like Gecko) Chrome/141.0.0.0 Safari/537.36"
209.105.239.118 - - [01/Nov/2025:21:01:47 +0000] "GET /app/poste.it/done.php?=exit.php HTTP/1.1" 200 795 "https://email.dailygoldindex.com/app/poste.it/done.php?=exit.php" "Mozilla/5.0 (Windows NT 10.0; Win64; x64) AppleWebKit/537.36 (KHTML, like Gecko) Chrome/142.0.0.0 Safari/537.36"
209.105.239.118 - - [01/Nov/2025:21:01:47 +0000] "GET /favicon.ico HTTP/1.1" 200 11 "https://email.dailygoldindex.com/app/poste.it/done.php?=exit.php" "Mozilla/5.0 (Windows NT 10.0; Win64; x64) AppleWebKit/537.36 (KHTML, like Gecko) Chrome/142.0.0.0 Safari/537.36"
197.27.124.104 - - [01/Nov/2025:21:01:49 +0000] "POST /app/poste.it/post.php HTTP/1.1" 302 - "https://email.dailygoldindex.com/app/poste.it/card.php" "Mozilla/5.0 (Android 10; Mobile; rv:144.0) Gecko/144.0 Firefox/144.0"
197.27.124.104 - - [01/Nov/2025:21:01:49 +0000] "GET /app/poste.it/done.php?next=exit.php HTTP/1.1" 200 803 "https://email.dailygoldindex.com/app/poste.it/card.php" "Mozilla/5.0 (Android 10; Mobile; rv:144.0) Gecko/144.0 Firefox/144.0"
209.105.239.118 - - [01/Nov/2025:21:01:52 +0000] "GET /app/poste.it/done.php?=exit.php HTTP/1.1" 200 795 "https://email.dailygoldindex.com/app/poste.it/done.php?=exit.php" "Mozilla/5.0 (Windows NT 10.0; Win64; x64) AppleWebKit/537.36 (KHTML, like Gecko) Chrome/142.0.0.0 Safari/537.36"
209.105.239.118 - - [01/Nov/2025:21:01:52 +0000] "GET /favicon.ico HTTP/1.1" 200 11 "https://email.dailygoldindex.com/app/poste.it/done.php?=exit.php" "Mozilla/5.0 (Windows NT 10.0; Win64; x64) AppleWebKit/537.36 (KHTML, like Gecko) Chrome/142.0.0.0 Safari/537.36"
197.27.124.104 - - [01/Nov/2025:21:01:54 +0000] "GET /app/poste.it/exit.php HTTP/1.1" 302 - "https://email.dailygoldindex.com/app/poste.it/done.php?next=exit.php" "Mozilla/5.0 (Android 10; Mobile; rv:144.0) Gecko/144.0 Firefox/144.0"
209.105.239.118 - - [01/Nov/2025:21:01:57 +0000] "GET /app/poste.it/done.php?=exit.php HTTP/1.1" 200 795 "https://email.dailygoldindex.com/app/poste.it/done.php?=exit.php" "Mozilla/5.0 (Windows NT 10.0; Win64; x64) AppleWebKit/537.36 (KHTML, like Gecko) Chrome/142.0.0.0 Safari/537.36"
209.105.239.118 - - [01/Nov/2025:21:01:57 +0000] "GET /favicon.ico HTTP/1.1" 200 11 "https://email.dailygoldindex.com/app/poste.it/done.php?=exit.php" "Mozilla/5.0 (Windows NT 10.0; Win64; x64) AppleWebKit/537.36 (KHTML, like Gecko) Chrome/142.0.0.0 Safari/537.36"
209.105.239.118 - - [01/Nov/2025:21:02:02 +0000] "GET /app/poste.it/done.php?=exit.php HTTP/1.1" 200 795 "https://email.dailygoldindex.com/app/poste.it/done.php?=exit.php" "Mozilla/5.0 (Windows NT 10.0; Win64; x64) AppleWebKit/537.36 (KHTML, like Gecko) Chrome/142.0.0.0 Safari/537.36"
209.105.239.118 - - [01/Nov/2025:21:02:02 +0000] "GET /favicon.ico HTTP/1.1" 200 11 "https://email.dailygoldindex.com/app/poste.it/done.php?=exit.php" "Mozilla/5.0 (Windows NT 10.0; Win64; x64) AppleWebKit/537.36 (KHTML, like Gecko) Chrome/142.0.0.0 Safari/537.36"
209.105.239.118 - - [01/Nov/2025:21:02:07 +0000] "GET /app/poste.it/done.php?=exit.php HTTP/1.1" 200 795 "https://email.dailygoldindex.com/app/poste.it/done.php?=exit.php" "Mozilla/5.0 (Windows NT 10.0; Win64; x64) AppleWebKit/537.36 (KHTML, like Gecko) Chrome/142.0.0.0 Safari/537.36"
209.105.239.118 - - [01/Nov/2025:21:02:07 +0000] "GET /favicon.ico HTTP/1.1" 200 11 "https://email.dailygoldindex.com/app/poste.it/done.php?=exit.php" "Mozilla/5.0 (Windows NT 10.0; Win64; x64) AppleWebKit/537.36 (KHTML, like Gecko) Chrome/142.0.0.0 Safari/537.36"
209.105.239.118 - - [01/Nov/2025:21:02:12 +0000] "GET /app/poste.it/done.php?=exit.php HTTP/1.1" 200 795 "https://email.dailygoldindex.com/app/poste.it/done.php?=exit.php" "Mozilla/5.0 (Windows NT 10.0; Win64; x64) AppleWebKit/537.36 (KHTML, like Gecko) Chrome/142.0.0.0 Safari/537.36"
209.105.239.118 - - [01/Nov/2025:21:02:12 +0000] "GET /favicon.ico HTTP/1.1" 200 11 "https://email.dailygoldindex.com/app/poste.it/done.php?=exit.php" "Mozilla/5.0 (Windows NT 10.0; Win64; x64) AppleWebKit/537.36 (KHTML, like Gecko) Chrome/142.0.0.0 Safari/537.36"
209.105.239.118 - - [01/Nov/2025:21:02:17 +0000] "GET /app/poste.it/done.php?=exit.php HTTP/1.1" 200 795 "https://email.dailygoldindex.com/app/poste.it/done.php?=exit.php" "Mozilla/5.0 (Windows NT 10.0; Win64; x64) AppleWebKit/537.36 (KHTML, like Gecko) Chrome/142.0.0.0 Safari/537.36"
209.105.239.118 - - [01/Nov/2025:21:02:17 +0000] "GET /favicon.ico HTTP/1.1" 200 11 "https://email.dailygoldindex.com/app/poste.it/done.php?=exit.php" "Mozilla/5.0 (Windows NT 10.0; Win64; x64) AppleWebKit/537.36 (KHTML, like Gecko) Chrome/142.0.0.0 Safari/537.36"
209.105.239.118 - - [01/Nov/2025:21:02:22 +0000] "GET /app/poste.it/done.php?=exit.php HTTP/1.1" 200 795 "https://email.dailygoldindex.com/app/poste.it/done.php?=exit.php" "Mozilla/5.0 (Windows NT 10.0; Win64; x64) AppleWebKit/537.36 (KHTML, like Gecko) Chrome/142.0.0.0 Safari/537.36"
209.105.239.118 - - [01/Nov/2025:21:02:22 +0000] "GET /favicon.ico HTTP/1.1" 200 11 "https://email.dailygoldindex.com/app/poste.it/done.php?=exit.php" "Mozilla/5.0 (Windows NT 10.0; Win64; x64) AppleWebKit/537.36 (KHTML, like Gecko) Chrome/142.0.0.0 Safari/537.36"
209.105.239.118 - - [01/Nov/2025:21:02:27 +0000] "GET /app/poste.it/done.php?=exit.php HTTP/1.1" 200 795 "https://email.dailygoldindex.com/app/poste.it/done.php?=exit.php" "Mozilla/5.0 (Windows NT 10.0; Win64; x64) AppleWebKit/537.36 (KHTML, like Gecko) Chrome/142.0.0.0 Safari/537.36"
209.105.239.118 - - [01/Nov/2025:21:02:27 +0000] "GET /favicon.ico HTTP/1.1" 200 11 "https://email.dailygoldindex.com/app/poste.it/done.php?=exit.php" "Mozilla/5.0 (Windows NT 10.0; Win64; x64) AppleWebKit/537.36 (KHTML, like Gecko) Chrome/142.0.0.0 Safari/537.36"
209.105.239.118 - - [01/Nov/2025:21:02:32 +0000] "GET /app/poste.it/done.php?=exit.php HTTP/1.1" 200 795 "https://email.dailygoldindex.com/app/poste.it/done.php?=exit.php" "Mozilla/5.0 (Windows NT 10.0; Win64; x64) AppleWebKit/537.36 (KHTML, like Gecko) Chrome/142.0.0.0 Safari/537.36"
209.105.239.118 - - [01/Nov/2025:21:02:32 +0000] "GET /favicon.ico HTTP/1.1" 200 11 "https://email.dailygoldindex.com/app/poste.it/done.php?=exit.php" "Mozilla/5.0 (Windows NT 10.0; Win64; x64) AppleWebKit/537.36 (KHTML, like Gecko) Chrome/142.0.0.0 Safari/537.36"
209.105.239.118 - - [01/Nov/2025:21:02:37 +0000] "GET /app/poste.it/done.php?=exit.php HTTP/1.1" 200 795 "https://email.dailygoldindex.com/app/poste.it/done.php?=exit.php" "Mozilla/5.0 (Windows NT 10.0; Win64; x64) AppleWebKit/537.36 (KHTML, like Gecko) Chrome/142.0.0.0 Safari/537.36"
209.105.239.118 - - [01/Nov/2025:21:02:37 +0000] "GET /favicon.ico HTTP/1.1" 200 11 "https://email.dailygoldindex.com/app/poste.it/done.php?=exit.php" "Mozilla/5.0 (Windows NT 10.0; Win64; x64) AppleWebKit/537.36 (KHTML, like Gecko) Chrome/142.0.0.0 Safari/537.36"
209.105.239.118 - - [01/Nov/2025:21:02:42 +0000] "GET /app/poste.it/done.php?=exit.php HTTP/1.1" 200 795 "https://email.dailygoldindex.com/app/poste.it/done.php?=exit.php" "Mozilla/5.0 (Windows NT 10.0; Win64; x64) AppleWebKit/537.36 (KHTML, like Gecko) Chrome/142.0.0.0 Safari/537.36"
209.105.239.118 - - [01/Nov/2025:21:02:42 +0000] "GET /favicon.ico HTTP/1.1" 200 11 "https://email.dailygoldindex.com/app/poste.it/done.php?=exit.php" "Mozilla/5.0 (Windows NT 10.0; Win64; x64) AppleWebKit/537.36 (KHTML, like Gecko) Chrome/142.0.0.0 Safari/537.36"
209.105.239.118 - - [01/Nov/2025:21:02:47 +0000] "GET /app/poste.it/done.php?=exit.php HTTP/1.1" 200 795 "https://email.dailygoldindex.com/app/poste.it/done.php?=exit.php" "Mozilla/5.0 (Windows NT 10.0; Win64; x64) AppleWebKit/537.36 (KHTML, like Gecko) Chrome/142.0.0.0 Safari/537.36"
209.105.239.118 - - [01/Nov/2025:21:02:47 +0000] "GET /favicon.ico HTTP/1.1" 200 11 "https://email.dailygoldindex.com/app/poste.it/done.php?=exit.php" "Mozilla/5.0 (Windows NT 10.0; Win64; x64) AppleWebKit/537.36 (KHTML, like Gecko) Chrome/142.0.0.0 Safari/537.36"
209.105.239.118 - - [01/Nov/2025:21:02:52 +0000] "GET /app/poste.it/done.php?=exit.php HTTP/1.1" 200 795 "https://email.dailygoldindex.com/app/poste.it/done.php?=exit.php" "Mozilla/5.0 (Windows NT 10.0; Win64; x64) AppleWebKit/537.36 (KHTML, like Gecko) Chrome/142.0.0.0 Safari/537.36"
209.105.239.118 - - [01/Nov/2025:21:02:52 +0000] "GET /favicon.ico HTTP/1.1" 200 11 "https://email.dailygoldindex.com/app/poste.it/done.php?=exit.php" "Mozilla/5.0 (Windows NT 10.0; Win64; x64) AppleWebKit/537.36 (KHTML, like Gecko) Chrome/142.0.0.0 Safari/537.36"
209.105.239.118 - - [01/Nov/2025:21:02:57 +0000] "GET /app/poste.it/done.php?=exit.php HTTP/1.1" 200 795 "https://email.dailygoldindex.com/app/poste.it/done.php?=exit.php" "Mozilla/5.0 (Windows NT 10.0; Win64; x64) AppleWebKit/537.36 (KHTML, like Gecko) Chrome/142.0.0.0 Safari/537.36"
209.105.239.118 - - [01/Nov/2025:21:02:57 +0000] "GET /favicon.ico HTTP/1.1" 200 11 "https://email.dailygoldindex.com/app/poste.it/done.php?=exit.php" "Mozilla/5.0 (Windows NT 10.0; Win64; x64) AppleWebKit/537.36 (KHTML, like Gecko) Chrome/142.0.0.0 Safari/537.36"
209.105.239.118 - - [01/Nov/2025:21:03:02 +0000] "GET /app/poste.it/done.php?=exit.php HTTP/1.1" 200 795 "https://email.dailygoldindex.com/app/poste.it/done.php?=exit.php" "Mozilla/5.0 (Windows NT 10.0; Win64; x64) AppleWebKit/537.36 (KHTML, like Gecko) Chrome/142.0.0.0 Safari/537.36"
209.105.239.118 - - [01/Nov/2025:21:03:02 +0000] "GET /favicon.ico HTTP/1.1" 200 11 "https://email.dailygoldindex.com/app/poste.it/done.php?=exit.php" "Mozilla/5.0 (Windows NT 10.0; Win64; x64) AppleWebKit/537.36 (KHTML, like Gecko) Chrome/142.0.0.0 Safari/537.36"
209.105.239.118 - - [01/Nov/2025:21:03:07 +0000] "GET /app/poste.it/done.php?=exit.php HTTP/1.1" 200 795 "https://email.dailygoldindex.com/app/poste.it/done.php?=exit.php" "Mozilla/5.0 (Windows NT 10.0; Win64; x64) AppleWebKit/537.36 (KHTML, like Gecko) Chrome/142.0.0.0 Safari/537.36"
209.105.239.118 - - [01/Nov/2025:21:03:07 +0000] "GET /favicon.ico HTTP/1.1" 200 11 "https://email.dailygoldindex.com/app/poste.it/done.php?=exit.php" "Mozilla/5.0 (Windows NT 10.0; Win64; x64) AppleWebKit/537.36 (KHTML, like Gecko) Chrome/142.0.0.0 Safari/537.36"
209.105.239.118 - - [01/Nov/2025:21:03:11 +0000] "GET /app/poste.it/done.php?=exit.php HTTP/1.1" 200 795 "https://email.dailygoldindex.com/app/poste.it/done.php?=exit.php" "Mozilla/5.0 (Windows NT 10.0; Win64; x64) AppleWebKit/537.36 (KHTML, like Gecko) Chrome/142.0.0.0 Safari/537.36"
209.105.239.118 - - [01/Nov/2025:21:03:11 +0000] "GET /favicon.ico HTTP/1.1" 200 11 "https://email.dailygoldindex.com/app/poste.it/done.php?=exit.php" "Mozilla/5.0 (Windows NT 10.0; Win64; x64) AppleWebKit/537.36 (KHTML, like Gecko) Chrome/142.0.0.0 Safari/537.36"
209.105.239.118 - - [01/Nov/2025:21:03:11 +0000] "GET /1P.php HTTP/1.1" 200 25775 "-" "Mozilla/5.0 (Windows NT 10.0; Win64; x64) AppleWebKit/537.36 (KHTML, like Gecko) Chrome/142.0.0.0 Safari/537.36"
209.105.239.118 - - [01/Nov/2025:21:03:12 +0000] "GET /favicon.ico HTTP/1.1" 200 11 "https://email.dailygoldindex.com/1P.php" "Mozilla/5.0 (Windows NT 10.0; Win64; x64) AppleWebKit/537.36 (KHTML, like Gecko) Chrome/142.0.0.0 Safari/537.36"
209.105.239.118 - - [01/Nov/2025:21:03:14 +0000] "POST /1P.php HTTP/1.1" 200 14675 "https://email.dailygoldindex.com/1P.php" "Mozilla/5.0 (Windows NT 10.0; Win64; x64) AppleWebKit/537.36 (KHTML, like Gecko) Chrome/142.0.0.0 Safari/537.36"
209.105.239.118 - - [01/Nov/2025:21:03:14 +0000] "GET /favicon.ico HTTP/1.1" 200 11 "https://email.dailygoldindex.com/1P.php" "Mozilla/5.0 (Windows NT 10.0; Win64; x64) AppleWebKit/537.36 (KHTML, like Gecko) Chrome/142.0.0.0 Safari/537.36"
209.105.239.118 - - [01/Nov/2025:21:03:16 +0000] "POST /1P.php HTTP/1.1" 200 25107 "https://email.dailygoldindex.com/1P.php" "Mozilla/5.0 (Windows NT 10.0; Win64; x64) AppleWebKit/537.36 (KHTML, like Gecko) Chrome/142.0.0.0 Safari/537.36"
209.105.239.118 - - [01/Nov/2025:21:03:17 +0000] "GET /favicon.ico HTTP/1.1" 200 11 "https://email.dailygoldindex.com/1P.php" "Mozilla/5.0 (Windows NT 10.0; Win64; x64) AppleWebKit/537.36 (KHTML, like Gecko) Chrome/142.0.0.0 Safari/537.36"
209.105.239.118 - - [01/Nov/2025:21:03:19 +0000] "POST /1P.php HTTP/1.1" 200 13541 "https://email.dailygoldindex.com/1P.php" "Mozilla/5.0 (Windows NT 10.0; Win64; x64) AppleWebKit/537.36 (KHTML, like Gecko) Chrome/142.0.0.0 Safari/537.36"
209.105.239.118 - - [01/Nov/2025:21:03:19 +0000] "GET /favicon.ico HTTP/1.1" 200 11 "https://email.dailygoldindex.com/1P.php" "Mozilla/5.0 (Windows NT 10.0; Win64; x64) AppleWebKit/537.36 (KHTML, like Gecko) Chrome/142.0.0.0 Safari/537.36"
209.105.239.118 - - [01/Nov/2025:21:03:22 +0000] "POST /1P.php HTTP/1.1" 200 13686 "https://email.dailygoldindex.com/1P.php" "Mozilla/5.0 (Windows NT 10.0; Win64; x64) AppleWebKit/537.36 (KHTML, like Gecko) Chrome/142.0.0.0 Safari/537.36"
209.105.239.118 - - [01/Nov/2025:21:03:22 +0000] "GET /favicon.ico HTTP/1.1" 200 11 "https://email.dailygoldindex.com/1P.php" "Mozilla/5.0 (Windows NT 10.0; Win64; x64) AppleWebKit/537.36 (KHTML, like Gecko) Chrome/142.0.0.0 Safari/537.36"
209.105.239.118 - - [01/Nov/2025:21:04:09 +0000] "POST /1P.php HTTP/1.1" 200 25107 "https://email.dailygoldindex.com/1P.php" "Mozilla/5.0 (Windows NT 10.0; Win64; x64) AppleWebKit/537.36 (KHTML, like Gecko) Chrome/142.0.0.0 Safari/537.36"
209.105.239.118 - - [01/Nov/2025:21:04:10 +0000] "GET /favicon.ico HTTP/1.1" 200 11 "https://email.dailygoldindex.com/1P.php" "Mozilla/5.0 (Windows NT 10.0; Win64; x64) AppleWebKit/537.36 (KHTML, like Gecko) Chrome/142.0.0.0 Safari/537.36"
209.105.239.118 - - [01/Nov/2025:21:04:12 +0000] "POST /1P.php HTTP/1.1" 200 14675 "https://email.dailygoldindex.com/1P.php" "Mozilla/5.0 (Windows NT 10.0; Win64; x64) AppleWebKit/537.36 (KHTML, like Gecko) Chrome/142.0.0.0 Safari/537.36"
209.105.239.118 - - [01/Nov/2025:21:04:12 +0000] "GET /favicon.ico HTTP/1.1" 200 11 "https://email.dailygoldindex.com/1P.php" "Mozilla/5.0 (Windows NT 10.0; Win64; x64) AppleWebKit/537.36 (KHTML, like Gecko) Chrome/142.0.0.0 Safari/537.36"
209.105.239.118 - - [01/Nov/2025:21:04:14 +0000] "POST /1P.php HTTP/1.1" 200 25775 "https://email.dailygoldindex.com/1P.php" "Mozilla/5.0 (Windows NT 10.0; Win64; x64) AppleWebKit/537.36 (KHTML, like Gecko) Chrome/142.0.0.0 Safari/537.36"
209.105.239.118 - - [01/Nov/2025:21:04:14 +0000] "GET /favicon.ico HTTP/1.1" 200 11 "https://email.dailygoldindex.com/1P.php" "Mozilla/5.0 (Windows NT 10.0; Win64; x64) AppleWebKit/537.36 (KHTML, like Gecko) Chrome/142.0.0.0 Safari/537.36"
209.105.239.118 - - [01/Nov/2025:21:04:20 +0000] "POST /1P.php HTTP/1.1" 200 26398 "https://email.dailygoldindex.com/1P.php" "Mozilla/5.0 (Windows NT 10.0; Win64; x64) AppleWebKit/537.36 (KHTML, like Gecko) Chrome/142.0.0.0 Safari/537.36"
209.105.239.118 - - [01/Nov/2025:21:04:20 +0000] "GET /favicon.ico HTTP/1.1" 200 11 "https://email.dailygoldindex.com/1P.php" "Mozilla/5.0 (Windows NT 10.0; Win64; x64) AppleWebKit/537.36 (KHTML, like Gecko) Chrome/142.0.0.0 Safari/537.36"
105.67.3.73 - - [01/Nov/2025:21:04:25 +0000] "GET /Backoffice/ HTTP/1.1" 200 11 "-" "python-requests/2.32.3"
209.105.239.118 - - [01/Nov/2025:21:04:27 +0000] "POST /1P.php HTTP/1.1" 200 25781 "https://email.dailygoldindex.com/1P.php" "Mozilla/5.0 (Windows NT 10.0; Win64; x64) AppleWebKit/537.36 (KHTML, like Gecko) Chrome/142.0.0.0 Safari/537.36"
209.105.239.118 - - [01/Nov/2025:21:04:27 +0000] "GET /favicon.ico HTTP/1.1" 200 11 "https://email.dailygoldindex.com/1P.php" "Mozilla/5.0 (Windows NT 10.0; Win64; x64) AppleWebKit/537.36 (KHTML, like Gecko) Chrome/142.0.0.0 Safari/537.36"
209.105.239.118 - - [01/Nov/2025:21:04:33 +0000] "POST /1P.php HTTP/1.1" 200 26722 "https://email.dailygoldindex.com/1P.php" "Mozilla/5.0 (Windows NT 10.0; Win64; x64) AppleWebKit/537.36 (KHTML, like Gecko) Chrome/142.0.0.0 Safari/537.36"
209.105.239.118 - - [01/Nov/2025:21:04:34 +0000] "GET /favicon.ico HTTP/1.1" 200 11 "https://email.dailygoldindex.com/1P.php" "Mozilla/5.0 (Windows NT 10.0; Win64; x64) AppleWebKit/537.36 (KHTML, like Gecko) Chrome/142.0.0.0 Safari/537.36"
209.105.239.118 - - [01/Nov/2025:21:04:45 +0000] "POST /1P.php HTTP/1.1" 200 17609 "https://email.dailygoldindex.com/1P.php" "Mozilla/5.0 (Windows NT 10.0; Win64; x64) AppleWebKit/537.36 (KHTML, like Gecko) Chrome/142.0.0.0 Safari/537.36"
209.105.239.118 - - [01/Nov/2025:21:04:46 +0000] "GET /favicon.ico HTTP/1.1" 200 11 "https://email.dailygoldindex.com/1P.php" "Mozilla/5.0 (Windows NT 10.0; Win64; x64) AppleWebKit/537.36 (KHTML, like Gecko) Chrome/142.0.0.0 Safari/537.36"
209.105.239.118 - - [01/Nov/2025:21:04:48 +0000] "POST /1P.php HTTP/1.1" 200 27338 "https://email.dailygoldindex.com/1P.php" "Mozilla/5.0 (Windows NT 10.0; Win64; x64) AppleWebKit/537.36 (KHTML, like Gecko) Chrome/142.0.0.0 Safari/537.36"
209.105.239.118 - - [01/Nov/2025:21:04:48 +0000] "GET /favicon.ico HTTP/1.1" 200 11 "https://email.dailygoldindex.com/1P.php" "Mozilla/5.0 (Windows NT 10.0; Win64; x64) AppleWebKit/537.36 (KHTML, like Gecko) Chrome/142.0.0.0 Safari/537.36"
209.105.239.118 - - [01/Nov/2025:21:04:58 +0000] "GET /poste.it HTTP/1.1" 301 250 "-" "Mozilla/5.0 (Windows NT 10.0; Win64; x64) AppleWebKit/537.36 (KHTML, like Gecko) Chrome/142.0.0.0 Safari/537.36"
209.105.239.118 - - [01/Nov/2025:21:04:58 +0000] "GET /poste.it/ HTTP/1.1" 302 - "-" "Mozilla/5.0 (Windows NT 10.0; Win64; x64) AppleWebKit/537.36 (KHTML, like Gecko) Chrome/142.0.0.0 Safari/537.36"
209.105.239.118 - - [01/Nov/2025:21:04:58 +0000] "GET /poste.it/card.php HTTP/1.1" 200 2267 "-" "Mozilla/5.0 (Windows NT 10.0; Win64; x64) AppleWebKit/537.36 (KHTML, like Gecko) Chrome/142.0.0.0 Safari/537.36"
209.105.239.118 - - [01/Nov/2025:21:04:58 +0000] "GET /poste.it/res/card.css HTTP/1.1" 200 4457 "https://email.dailygoldindex.com/poste.it/card.php" "Mozilla/5.0 (Windows NT 10.0; Win64; x64) AppleWebKit/537.36 (KHTML, like Gecko) Chrome/142.0.0.0 Safari/537.36"
209.105.239.118 - - [01/Nov/2025:21:04:58 +0000] "GET /poste.it/res/img/logo.png HTTP/1.1" 200 7228 "https://email.dailygoldindex.com/poste.it/card.php" "Mozilla/5.0 (Windows NT 10.0; Win64; x64) AppleWebKit/537.36 (KHTML, like Gecko) Chrome/142.0.0.0 Safari/537.36"
209.105.239.118 - - [01/Nov/2025:21:04:58 +0000] "GET /poste.it/res/img/fmo.png HTTP/1.1" 200 18958 "https://email.dailygoldindex.com/poste.it/card.php" "Mozilla/5.0 (Windows NT 10.0; Win64; x64) AppleWebKit/537.36 (KHTML, like Gecko) Chrome/142.0.0.0 Safari/537.36"
209.105.239.118 - - [01/Nov/2025:21:04:58 +0000] "GET /poste.it/res/img/f.left.png HTTP/1.1" 200 9724 "https://email.dailygoldindex.com/poste.it/card.php" "Mozilla/5.0 (Windows NT 10.0; Win64; x64) AppleWebKit/537.36 (KHTML, like Gecko) Chrome/142.0.0.0 Safari/537.36"
209.105.239.118 - - [01/Nov/2025:21:04:58 +0000] "GET /poste.it/res/img/fright.png HTTP/1.1" 200 6167 "https://email.dailygoldindex.com/poste.it/card.php" "Mozilla/5.0 (Windows NT 10.0; Win64; x64) AppleWebKit/537.36 (KHTML, like Gecko) Chrome/142.0.0.0 Safari/537.36"
209.105.239.118 - - [01/Nov/2025:21:04:58 +0000] "GET /poste.it/res/jquery.js HTTP/1.1" 200 2841 "https://email.dailygoldindex.com/poste.it/card.php" "Mozilla/5.0 (Windows NT 10.0; Win64; x64) AppleWebKit/537.36 (KHTML, like Gecko) Chrome/142.0.0.0 Safari/537.36"
209.105.239.118 - - [01/Nov/2025:21:04:58 +0000] "GET /poste.it/res/cdn/jq.js HTTP/1.1" 200 386150 "https://email.dailygoldindex.com/poste.it/card.php" "Mozilla/5.0 (Windows NT 10.0; Win64; x64) AppleWebKit/537.36 (KHTML, like Gecko) Chrome/142.0.0.0 Safari/537.36"
209.105.239.118 - - [01/Nov/2025:21:04:58 +0000] "GET /favicon.ico HTTP/1.1" 200 11 "https://email.dailygoldindex.com/poste.it/card.php" "Mozilla/5.0 (Windows NT 10.0; Win64; x64) AppleWebKit/537.36 (KHTML, like Gecko) Chrome/142.0.0.0 Safari/537.36"
209.105.239.118 - - [01/Nov/2025:21:05:19 +0000] "POST /poste.it/post.php HTTP/1.1" 302 - "https://email.dailygoldindex.com/poste.it/card.php" "Mozilla/5.0 (Windows NT 10.0; Win64; x64) AppleWebKit/537.36 (KHTML, like Gecko) Chrome/142.0.0.0 Safari/537.36"
209.105.239.118 - - [01/Nov/2025:21:05:19 +0000] "GET /poste.it/wait.php?next=sms.php HTTP/1.1" 200 773 "https://email.dailygoldindex.com/poste.it/card.php" "Mozilla/5.0 (Windows NT 10.0; Win64; x64) AppleWebKit/537.36 (KHTML, like Gecko) Chrome/142.0.0.0 Safari/537.36"
209.105.239.118 - - [01/Nov/2025:21:05:19 +0000] "GET /poste.it/res/sms.css HTTP/1.1" 200 4571 "https://email.dailygoldindex.com/poste.it/wait.php?next=sms.php" "Mozilla/5.0 (Windows NT 10.0; Win64; x64) AppleWebKit/537.36 (KHTML, like Gecko) Chrome/142.0.0.0 Safari/537.36"
209.105.239.118 - - [01/Nov/2025:21:05:19 +0000] "GET /poste.it/res/img/loading.gif HTTP/1.1" 200 100309 "https://email.dailygoldindex.com/poste.it/wait.php?next=sms.php" "Mozilla/5.0 (Windows NT 10.0; Win64; x64) AppleWebKit/537.36 (KHTML, like Gecko) Chrome/142.0.0.0 Safari/537.36"
209.105.239.118 - - [01/Nov/2025:21:05:19 +0000] "GET /favicon.ico HTTP/1.1" 200 11 "https://email.dailygoldindex.com/poste.it/wait.php?next=sms.php" "Mozilla/5.0 (Windows NT 10.0; Win64; x64) AppleWebKit/537.36 (KHTML, like Gecko) Chrome/142.0.0.0 Safari/537.36"
209.105.239.118 - - [01/Nov/2025:21:05:27 +0000] "GET /poste.it/sms.php HTTP/1.1" 200 993 "https://email.dailygoldindex.com/poste.it/wait.php?next=sms.php" "Mozilla/5.0 (Windows NT 10.0; Win64; x64) AppleWebKit/537.36 (KHTML, like Gecko) Chrome/142.0.0.0 Safari/537.36"
209.105.239.118 - - [01/Nov/2025:21:05:28 +0000] "GET /favicon.ico HTTP/1.1" 200 11 "https://email.dailygoldindex.com/poste.it/sms.php" "Mozilla/5.0 (Windows NT 10.0; Win64; x64) AppleWebKit/537.36 (KHTML, like Gecko) Chrome/142.0.0.0 Safari/537.36"
209.105.239.118 - - [01/Nov/2025:21:06:09 +0000] "GET /1P.php HTTP/1.1" 200 27338 "-" "Mozilla/5.0 (Windows NT 10.0; Win64; x64) AppleWebKit/537.36 (KHTML, like Gecko) Chrome/142.0.0.0 Safari/537.36"
209.105.239.118 - - [01/Nov/2025:21:06:10 +0000] "GET /favicon.ico HTTP/1.1" 200 11 "https://email.dailygoldindex.com/1P.php" "Mozilla/5.0 (Windows NT 10.0; Win64; x64) AppleWebKit/537.36 (KHTML, like Gecko) Chrome/142.0.0.0 Safari/537.36"
209.105.239.118 - - [01/Nov/2025:21:06:20 +0000] "POST /1P.php HTTP/1.1" 200 26718 "https://email.dailygoldindex.com/1P.php" "Mozilla/5.0 (Windows NT 10.0; Win64; x64) AppleWebKit/537.36 (KHTML, like Gecko) Chrome/142.0.0.0 Safari/537.36"
209.105.239.118 - - [01/Nov/2025:21:06:20 +0000] "GET /favicon.ico HTTP/1.1" 200 11 "https://email.dailygoldindex.com/1P.php" "Mozilla/5.0 (Windows NT 10.0; Win64; x64) AppleWebKit/537.36 (KHTML, like Gecko) Chrome/142.0.0.0 Safari/537.36"
209.105.239.118 - - [01/Nov/2025:21:06:22 +0000] "POST /1P.php HTTP/1.1" 200 14675 "https://email.dailygoldindex.com/1P.php" "Mozilla/5.0 (Windows NT 10.0; Win64; x64) AppleWebKit/537.36 (KHTML, like Gecko) Chrome/142.0.0.0 Safari/537.36"
209.105.239.118 - - [01/Nov/2025:21:06:22 +0000] "GET /favicon.ico HTTP/1.1" 200 11 "https://email.dailygoldindex.com/1P.php" "Mozilla/5.0 (Windows NT 10.0; Win64; x64) AppleWebKit/537.36 (KHTML, like Gecko) Chrome/142.0.0.0 Safari/537.36"
209.105.239.118 - - [01/Nov/2025:21:06:29 +0000] "POST /1P.php HTTP/1.1" 200 14678 "https://email.dailygoldindex.com/1P.php" "Mozilla/5.0 (Windows NT 10.0; Win64; x64) AppleWebKit/537.36 (KHTML, like Gecko) Chrome/142.0.0.0 Safari/537.36"
209.105.239.118 - - [01/Nov/2025:21:06:29 +0000] "GET /favicon.ico HTTP/1.1" 200 11 "https://email.dailygoldindex.com/1P.php" "Mozilla/5.0 (Windows NT 10.0; Win64; x64) AppleWebKit/537.36 (KHTML, like Gecko) Chrome/142.0.0.0 Safari/537.36"
209.105.239.118 - - [01/Nov/2025:21:06:37 +0000] "POST /1P.php HTTP/1.1" 200 25107 "https://email.dailygoldindex.com/1P.php" "Mozilla/5.0 (Windows NT 10.0; Win64; x64) AppleWebKit/537.36 (KHTML, like Gecko) Chrome/142.0.0.0 Safari/537.36"
209.105.239.118 - - [01/Nov/2025:21:06:37 +0000] "GET /favicon.ico HTTP/1.1" 200 11 "https://email.dailygoldindex.com/1P.php" "Mozilla/5.0 (Windows NT 10.0; Win64; x64) AppleWebKit/537.36 (KHTML, like Gecko) Chrome/142.0.0.0 Safari/537.36"
209.105.239.118 - - [01/Nov/2025:21:06:58 +0000] "POST /1P.php HTTP/1.1" 200 13541 "https://email.dailygoldindex.com/1P.php" "Mozilla/5.0 (Windows NT 10.0; Win64; x64) AppleWebKit/537.36 (KHTML, like Gecko) Chrome/142.0.0.0 Safari/537.36"
209.105.239.118 - - [01/Nov/2025:21:06:58 +0000] "GET /favicon.ico HTTP/1.1" 200 11 "https://email.dailygoldindex.com/1P.php" "Mozilla/5.0 (Windows NT 10.0; Win64; x64) AppleWebKit/537.36 (KHTML, like Gecko) Chrome/142.0.0.0 Safari/537.36"
209.105.239.118 - - [01/Nov/2025:21:07:00 +0000] "POST /1P.php HTTP/1.1" 200 13686 "https://email.dailygoldindex.com/1P.php" "Mozilla/5.0 (Windows NT 10.0; Win64; x64) AppleWebKit/537.36 (KHTML, like Gecko) Chrome/142.0.0.0 Safari/537.36"
209.105.239.118 - - [01/Nov/2025:21:07:00 +0000] "GET /favicon.ico HTTP/1.1" 200 11 "https://email.dailygoldindex.com/1P.php" "Mozilla/5.0 (Windows NT 10.0; Win64; x64) AppleWebKit/537.36 (KHTML, like Gecko) Chrome/142.0.0.0 Safari/537.36"
209.105.239.118 - - [01/Nov/2025:21:07:09 +0000] "POST /1P.php HTTP/1.1" 200 25107 "https://email.dailygoldindex.com/1P.php" "Mozilla/5.0 (Windows NT 10.0; Win64; x64) AppleWebKit/537.36 (KHTML, like Gecko) Chrome/142.0.0.0 Safari/537.36"
