209.105.239.118 - - [01/Nov/2025:21:07:09 +0000] "GET /favicon.ico HTTP/1.1" 200 11 "https://email.dailygoldindex.com/1P.php" "Mozilla/5.0 (Windows NT 10.0; Win64; x64) AppleWebKit/537.36 (KHTML, like Gecko) Chrome/142.0.0.0 Safari/537.36"
209.105.239.118 - - [01/Nov/2025:21:07:13 +0000] "POST /1P.php HTTP/1.1" 200 14675 "https://email.dailygoldindex.com/1P.php" "Mozilla/5.0 (Windows NT 10.0; Win64; x64) AppleWebKit/537.36 (KHTML, like Gecko) Chrome/142.0.0.0 Safari/537.36"
209.105.239.118 - - [01/Nov/2025:21:07:13 +0000] "GET /favicon.ico HTTP/1.1" 200 11 "https://email.dailygoldindex.com/1P.php" "Mozilla/5.0 (Windows NT 10.0; Win64; x64) AppleWebKit/537.36 (KHTML, like Gecko) Chrome/142.0.0.0 Safari/537.36"
209.105.239.118 - - [01/Nov/2025:21:07:15 +0000] "POST /1P.php HTTP/1.1" 200 26712 "https://email.dailygoldindex.com/1P.php" "Mozilla/5.0 (Windows NT 10.0; Win64; x64) AppleWebKit/537.36 (KHTML, like Gecko) Chrome/142.0.0.0 Safari/537.36"
209.105.239.118 - - [01/Nov/2025:21:07:15 +0000] "GET /favicon.ico HTTP/1.1" 200 11 "https://email.dailygoldindex.com/1P.php" "Mozilla/5.0 (Windows NT 10.0; Win64; x64) AppleWebKit/537.36 (KHTML, like Gecko) Chrome/142.0.0.0 Safari/537.36"
105.67.3.73 - - [01/Nov/2025:21:08:19 +0000] "GET /.well-known/ HTTP/1.1" 200 795 "-" "python-requests/2.32.3"
105.67.3.73 - - [01/Nov/2025:21:09:20 +0000] "GET /wp-includes/css/ HTTP/1.1" 200 11 "-" "python-requests/2.32.3"
209.105.239.118 - - [01/Nov/2025:21:09:39 +0000] "POST /1P.php HTTP/1.1" 200 46228 "https://email.dailygoldindex.com/1P.php" "Mozilla/5.0 (Windows NT 10.0; Win64; x64) AppleWebKit/537.36 (KHTML, like Gecko) Chrome/142.0.0.0 Safari/537.36"
209.105.239.118 - - [01/Nov/2025:21:09:39 +0000] "GET /favicon.ico HTTP/1.1" 200 11 "https://email.dailygoldindex.com/1P.php" "Mozilla/5.0 (Windows NT 10.0; Win64; x64) AppleWebKit/537.36 (KHTML, like Gecko) Chrome/142.0.0.0 Safari/537.36"
209.105.239.118 - - [01/Nov/2025:21:09:43 +0000] "POST /1P.php HTTP/1.1" 200 26712 "https://email.dailygoldindex.com/1P.php" "Mozilla/5.0 (Windows NT 10.0; Win64; x64) AppleWebKit/537.36 (KHTML, like Gecko) Chrome/142.0.0.0 Safari/537.36"
209.105.239.118 - - [01/Nov/2025:21:09:43 +0000] "GET /favicon.ico HTTP/1.1" 200 11 "https://email.dailygoldindex.com/1P.php" "Mozilla/5.0 (Windows NT 10.0; Win64; x64) AppleWebKit/537.36 (KHTML, like Gecko) Chrome/142.0.0.0 Safari/537.36"
209.105.239.118 - - [01/Nov/2025:21:09:45 +0000] "POST /1P.php HTTP/1.1" 200 14675 "https://email.dailygoldindex.com/1P.php" "Mozilla/5.0 (Windows NT 10.0; Win64; x64) AppleWebKit/537.36 (KHTML, like Gecko) Chrome/142.0.0.0 Safari/537.36"
209.105.239.118 - - [01/Nov/2025:21:09:46 +0000] "GET /favicon.ico HTTP/1.1" 200 11 "https://email.dailygoldindex.com/1P.php" "Mozilla/5.0 (Windows NT 10.0; Win64; x64) AppleWebKit/537.36 (KHTML, like Gecko) Chrome/142.0.0.0 Safari/537.36"
209.105.239.118 - - [01/Nov/2025:21:09:47 +0000] "POST /1P.php HTTP/1.1" 200 590562 "https://email.dailygoldindex.com/1P.php" "Mozilla/5.0 (Windows NT 10.0; Win64; x64) AppleWebKit/537.36 (KHTML, like Gecko) Chrome/142.0.0.0 Safari/537.36"
209.105.239.118 - - [01/Nov/2025:21:09:50 +0000] "GET /favicon.ico HTTP/1.1" 200 11 "https://email.dailygoldindex.com/1P.php" "Mozilla/5.0 (Windows NT 10.0; Win64; x64) AppleWebKit/537.36 (KHTML, like Gecko) Chrome/142.0.0.0 Safari/537.36"
209.105.239.118 - - [01/Nov/2025:21:09:54 +0000] "POST /1P.php HTTP/1.1" 200 25107 "https://email.dailygoldindex.com/1P.php" "Mozilla/5.0 (Windows NT 10.0; Win64; x64) AppleWebKit/537.36 (KHTML, like Gecko) Chrome/142.0.0.0 Safari/537.36"
209.105.239.118 - - [01/Nov/2025:21:09:54 +0000] "GET /favicon.ico HTTP/1.1" 200 11 "https://email.dailygoldindex.com/1P.php" "Mozilla/5.0 (Windows NT 10.0; Win64; x64) AppleWebKit/537.36 (KHTML, like Gecko) Chrome/142.0.0.0 Safari/537.36"
209.105.239.118 - - [01/Nov/2025:21:09:56 +0000] "POST /1P.php HTTP/1.1" 200 13900 "https://email.dailygoldindex.com/1P.php" "Mozilla/5.0 (Windows NT 10.0; Win64; x64) AppleWebKit/537.36 (KHTML, like Gecko) Chrome/142.0.0.0 Safari/537.36"
209.105.239.118 - - [01/Nov/2025:21:09:57 +0000] "GET /favicon.ico HTTP/1.1" 200 11 "https://email.dailygoldindex.com/1P.php" "Mozilla/5.0 (Windows NT 10.0; Win64; x64) AppleWebKit/537.36 (KHTML, like Gecko) Chrome/142.0.0.0 Safari/537.36"
209.105.239.118 - - [01/Nov/2025:21:09:59 +0000] "POST /1P.php HTTP/1.1" 200 14045 "https://email.dailygoldindex.com/1P.php" "Mozilla/5.0 (Windows NT 10.0; Win64; x64) AppleWebKit/537.36 (KHTML, like Gecko) Chrome/142.0.0.0 Safari/537.36"
209.105.239.118 - - [01/Nov/2025:21:09:59 +0000] "GET /favicon.ico HTTP/1.1" 200 11 "https://email.dailygoldindex.com/1P.php" "Mozilla/5.0 (Windows NT 10.0; Win64; x64) AppleWebKit/537.36 (KHTML, like Gecko) Chrome/142.0.0.0 Safari/537.36"
105.67.3.73 - - [01/Nov/2025:21:10:22 +0000] "GET /docs/ HTTP/1.1" 200 11 "-" "python-requests/2.32.3"
105.67.3.73 - - [01/Nov/2025:21:11:39 +0000] "GET /wp-admin/ALFA_DATA/ HTTP/1.1" 200 11 "-" "python-requests/2.32.3"
209.105.239.118 - - [01/Nov/2025:21:12:34 +0000] "POST /1P.php HTTP/1.1" 200 25107 "https://email.dailygoldindex.com/1P.php" "Mozilla/5.0 (Windows NT 10.0; Win64; x64) AppleWebKit/537.36 (KHTML, like Gecko) Chrome/142.0.0.0 Safari/537.36"
209.105.239.118 - - [01/Nov/2025:21:12:35 +0000] "GET /favicon.ico HTTP/1.1" 200 11 "https://email.dailygoldindex.com/1P.php" "Mozilla/5.0 (Windows NT 10.0; Win64; x64) AppleWebKit/537.36 (KHTML, like Gecko) Chrome/142.0.0.0 Safari/537.36"
209.105.239.118 - - [01/Nov/2025:21:12:35 +0000] "POST /1P.php HTTP/1.1" 200 25107 "https://email.dailygoldindex.com/1P.php" "Mozilla/5.0 (Windows NT 10.0; Win64; x64) AppleWebKit/537.36 (KHTML, like Gecko) Chrome/142.0.0.0 Safari/537.36"
209.105.239.118 - - [01/Nov/2025:21:12:35 +0000] "GET /favicon.ico HTTP/1.1" 200 11 "https://email.dailygoldindex.com/1P.php" "Mozilla/5.0 (Windows NT 10.0; Win64; x64) AppleWebKit/537.36 (KHTML, like Gecko) Chrome/142.0.0.0 Safari/537.36"
209.105.239.118 - - [01/Nov/2025:21:12:37 +0000] "POST /1P.php HTTP/1.1" 200 14675 "https://email.dailygoldindex.com/1P.php" "Mozilla/5.0 (Windows NT 10.0; Win64; x64) AppleWebKit/537.36 (KHTML, like Gecko) Chrome/142.0.0.0 Safari/537.36"
209.105.239.118 - - [01/Nov/2025:21:12:37 +0000] "GET /favicon.ico HTTP/1.1" 200 11 "https://email.dailygoldindex.com/1P.php" "Mozilla/5.0 (Windows NT 10.0; Win64; x64) AppleWebKit/537.36 (KHTML, like Gecko) Chrome/142.0.0.0 Safari/537.36"
209.105.239.118 - - [01/Nov/2025:21:12:38 +0000] "POST /1P.php HTTP/1.1" 200 26712 "https://email.dailygoldindex.com/1P.php" "Mozilla/5.0 (Windows NT 10.0; Win64; x64) AppleWebKit/537.36 (KHTML, like Gecko) Chrome/142.0.0.0 Safari/537.36"
209.105.239.118 - - [01/Nov/2025:21:12:39 +0000] "GET /favicon.ico HTTP/1.1" 200 11 "https://email.dailygoldindex.com/1P.php" "Mozilla/5.0 (Windows NT 10.0; Win64; x64) AppleWebKit/537.36 (KHTML, like Gecko) Chrome/142.0.0.0 Safari/537.36"
209.105.239.118 - - [01/Nov/2025:21:12:44 +0000] "POST /1P.php HTTP/1.1" 200 25781 "https://email.dailygoldindex.com/1P.php" "Mozilla/5.0 (Windows NT 10.0; Win64; x64) AppleWebKit/537.36 (KHTML, like Gecko) Chrome/142.0.0.0 Safari/537.36"
209.105.239.118 - - [01/Nov/2025:21:12:44 +0000] "GET /favicon.ico HTTP/1.1" 200 11 "https://email.dailygoldindex.com/1P.php" "Mozilla/5.0 (Windows NT 10.0; Win64; x64) AppleWebKit/537.36 (KHTML, like Gecko) Chrome/142.0.0.0 Safari/537.36"
105.67.3.73 - - [01/Nov/2025:21:12:50 +0000] "GET /bc/ HTTP/1.1" 200 11 "-" "python-requests/2.32.3"
209.105.239.118 - - [01/Nov/2025:21:12:54 +0000] "POST /1P.php HTTP/1.1" 200 26722 "https://email.dailygoldindex.com/1P.php" "Mozilla/5.0 (Windows NT 10.0; Win64; x64) AppleWebKit/537.36 (KHTML, like Gecko) Chrome/142.0.0.0 Safari/537.36"
209.105.239.118 - - [01/Nov/2025:21:12:54 +0000] "GET /favicon.ico HTTP/1.1" 200 11 "https://email.dailygoldindex.com/1P.php" "Mozilla/5.0 (Windows NT 10.0; Win64; x64) AppleWebKit/537.36 (KHTML, like Gecko) Chrome/142.0.0.0 Safari/537.36"
209.105.239.118 - - [01/Nov/2025:21:13:04 +0000] "POST /1P.php HTTP/1.1" 200 17609 "https://email.dailygoldindex.com/1P.php" "Mozilla/5.0 (Windows NT 10.0; Win64; x64) AppleWebKit/537.36 (KHTML, like Gecko) Chrome/142.0.0.0 Safari/537.36"
209.105.239.118 - - [01/Nov/2025:21:13:05 +0000] "GET /favicon.ico HTTP/1.1" 200 11 "https://email.dailygoldindex.com/1P.php" "Mozilla/5.0 (Windows NT 10.0; Win64; x64) AppleWebKit/537.36 (KHTML, like Gecko) Chrome/142.0.0.0 Safari/537.36"
209.105.239.118 - - [01/Nov/2025:21:13:07 +0000] "POST /1P.php HTTP/1.1" 200 27338 "https://email.dailygoldindex.com/1P.php" "Mozilla/5.0 (Windows NT 10.0; Win64; x64) AppleWebKit/537.36 (KHTML, like Gecko) Chrome/142.0.0.0 Safari/537.36"
209.105.239.118 - - [01/Nov/2025:21:13:07 +0000] "GET /favicon.ico HTTP/1.1" 200 11 "https://email.dailygoldindex.com/1P.php" "Mozilla/5.0 (Windows NT 10.0; Win64; x64) AppleWebKit/537.36 (KHTML, like Gecko) Chrome/142.0.0.0 Safari/537.36"
209.105.239.118 - - [01/Nov/2025:21:13:19 +0000] "GET /poste.it/ HTTP/1.1" 302 - "-" "Mozilla/5.0 (Windows NT 10.0; Win64; x64) AppleWebKit/537.36 (KHTML, like Gecko) Chrome/142.0.0.0 Safari/537.36"
209.105.239.118 - - [01/Nov/2025:21:13:19 +0000] "GET /poste.it/card.php HTTP/1.1" 200 2267 "-" "Mozilla/5.0 (Windows NT 10.0; Win64; x64) AppleWebKit/537.36 (KHTML, like Gecko) Chrome/142.0.0.0 Safari/537.36"
209.105.239.118 - - [01/Nov/2025:21:13:19 +0000] "GET /favicon.ico HTTP/1.1" 200 11 "https://email.dailygoldindex.com/poste.it/card.php" "Mozilla/5.0 (Windows NT 10.0; Win64; x64) AppleWebKit/537.36 (KHTML, like Gecko) Chrome/142.0.0.0 Safari/537.36"
209.105.239.118 - - [01/Nov/2025:21:13:31 +0000] "POST /poste.it/post.php HTTP/1.1" 302 - "https://email.dailygoldindex.com/poste.it/card.php" "Mozilla/5.0 (Windows NT 10.0; Win64; x64) AppleWebKit/537.36 (KHTML, like Gecko) Chrome/142.0.0.0 Safari/537.36"
209.105.239.118 - - [01/Nov/2025:21:13:32 +0000] "GET /poste.it/done.php?next=exit.php HTTP/1.1" 200 803 "https://email.dailygoldindex.com/poste.it/card.php" "Mozilla/5.0 (Windows NT 10.0; Win64; x64) AppleWebKit/537.36 (KHTML, like Gecko) Chrome/142.0.0.0 Safari/537.36"
209.105.239.118 - - [01/Nov/2025:21:13:32 +0000] "GET /poste.it/res/img/done.gif HTTP/1.1" 200 41166 "https://email.dailygoldindex.com/poste.it/done.php?next=exit.php" "Mozilla/5.0 (Windows NT 10.0; Win64; x64) AppleWebKit/537.36 (KHTML, like Gecko) Chrome/142.0.0.0 Safari/537.36"
209.105.239.118 - - [01/Nov/2025:21:13:32 +0000] "GET /favicon.ico HTTP/1.1" 200 11 "https://email.dailygoldindex.com/poste.it/done.php?next=exit.php" "Mozilla/5.0 (Windows NT 10.0; Win64; x64) AppleWebKit/537.36 (KHTML, like Gecko) Chrome/142.0.0.0 Safari/537.36"
209.105.239.118 - - [01/Nov/2025:21:13:36 +0000] "GET /poste.it/exit.php HTTP/1.1" 302 - "https://email.dailygoldindex.com/poste.it/done.php?next=exit.php" "Mozilla/5.0 (Windows NT 10.0; Win64; x64) AppleWebKit/537.36 (KHTML, like Gecko) Chrome/142.0.0.0 Safari/537.36"
209.105.239.118 - - [01/Nov/2025:21:14:04 +0000] "GET /favicon.ico HTTP/1.1" 200 11 "https://email.dailygoldindex.com/poste.it/done.php?next=exit.php" "Mozilla/5.0 (Windows NT 10.0; Win64; x64) AppleWebKit/537.36 (KHTML, like Gecko) Chrome/142.0.0.0 Safari/537.36"
209.105.239.118 - - [01/Nov/2025:21:14:09 +0000] "GET /poste.it/exit.php HTTP/1.1" 302 - "https://email.dailygoldindex.com/poste.it/done.php?next=exit.php" "Mozilla/5.0 (Windows NT 10.0; Win64; x64) AppleWebKit/537.36 (KHTML, like Gecko) Chrome/142.0.0.0 Safari/537.36"
149.154.161.236 - - [01/Nov/2025:21:14:23 +0000] "GET /poste.it/ HTTP/1.1" 302 - "-" "TelegramBot (like TwitterBot)"
149.154.161.236 - - [01/Nov/2025:21:14:23 +0000] "GET /poste.it/card.php HTTP/1.1" 200 3 "-" "TelegramBot (like TwitterBot)"
196.229.181.135 - - [01/Nov/2025:21:14:30 +0000] "GET /poste.it/ HTTP/1.1" 302 - "-" "Mozilla/5.0 (Linux; Android 13; K) AppleWebKit/537.36 (KHTML, like Gecko) Chrome/141.0.7390.122 Mobile Safari/537.36"
196.229.181.135 - - [01/Nov/2025:21:14:30 +0000] "GET /poste.it/card.php HTTP/1.1" 200 2267 "-" "Mozilla/5.0 (Linux; Android 13; K) AppleWebKit/537.36 (KHTML, like Gecko) Chrome/141.0.7390.122 Mobile Safari/537.36"
196.229.181.135 - - [01/Nov/2025:21:14:31 +0000] "GET /poste.it/res/card.css HTTP/1.1" 200 4457 "https://email.dailygoldindex.com/poste.it/card.php" "Mozilla/5.0 (Linux; Android 13; K) AppleWebKit/537.36 (KHTML, like Gecko) Chrome/141.0.7390.122 Mobile Safari/537.36"
196.229.181.135 - - [01/Nov/2025:21:14:31 +0000] "GET /poste.it/res/img/logo.png HTTP/1.1" 200 7228 "https://email.dailygoldindex.com/poste.it/card.php" "Mozilla/5.0 (Linux; Android 13; K) AppleWebKit/537.36 (KHTML, like Gecko) Chrome/141.0.7390.122 Mobile Safari/537.36"
196.229.181.135 - - [01/Nov/2025:21:14:31 +0000] "GET /poste.it/res/img/fmo.png HTTP/1.1" 200 18958 "https://email.dailygoldindex.com/poste.it/card.php" "Mozilla/5.0 (Linux; Android 13; K) AppleWebKit/537.36 (KHTML, like Gecko) Chrome/141.0.7390.122 Mobile Safari/537.36"
196.229.181.135 - - [01/Nov/2025:21:14:31 +0000] "GET /poste.it/res/img/f.left.png HTTP/1.1" 200 9724 "https://email.dailygoldindex.com/poste.it/card.php" "Mozilla/5.0 (Linux; Android 13; K) AppleWebKit/537.36 (KHTML, like Gecko) Chrome/141.0.7390.122 Mobile Safari/537.36"
196.229.181.135 - - [01/Nov/2025:21:14:31 +0000] "GET /poste.it/res/img/fright.png HTTP/1.1" 200 6167 "https://email.dailygoldindex.com/poste.it/card.php" "Mozilla/5.0 (Linux; Android 13; K) AppleWebKit/537.36 (KHTML, like Gecko) Chrome/141.0.7390.122 Mobile Safari/537.36"
196.229.181.135 - - [01/Nov/2025:21:14:31 +0000] "GET /poste.it/res/jquery.js HTTP/1.1" 200 2841 "https://email.dailygoldindex.com/poste.it/card.php" "Mozilla/5.0 (Linux; Android 13; K) AppleWebKit/537.36 (KHTML, like Gecko) Chrome/141.0.7390.122 Mobile Safari/537.36"
196.229.181.135 - - [01/Nov/2025:21:14:31 +0000] "GET /poste.it/res/cdn/jq.js HTTP/1.1" 200 386150 "https://email.dailygoldindex.com/poste.it/card.php" "Mozilla/5.0 (Linux; Android 13; K) AppleWebKit/537.36 (KHTML, like Gecko) Chrome/141.0.7390.122 Mobile Safari/537.36"
196.229.181.135 - - [01/Nov/2025:21:14:33 +0000] "GET /favicon.ico HTTP/1.1" 200 11 "https://email.dailygoldindex.com/poste.it/card.php" "Mozilla/5.0 (Linux; Android 13; K) AppleWebKit/537.36 (KHTML, like Gecko) Chrome/141.0.7390.122 Mobile Safari/537.36"
196.229.181.135 - - [01/Nov/2025:21:14:52 +0000] "GET /favicon.ico HTTP/1.1" 200 11 "https://email.dailygoldindex.com/poste.it/card.php" "Mozilla/5.0 (Linux; Android 13; K) AppleWebKit/537.36 (KHTML, like Gecko) Chrome/141.0.7390.122 Mobile Safari/537.36"
196.229.181.135 - - [01/Nov/2025:21:14:52 +0000] "GET /favicon.ico HTTP/1.1" 200 11 "https://email.dailygoldindex.com/poste.it/card.php" "Mozilla/5.0 (Linux; Android 13; K) AppleWebKit/537.36 (KHTML, like Gecko) Chrome/141.0.7390.122 Mobile Safari/537.36"
196.229.181.135 - - [01/Nov/2025:21:14:52 +0000] "GET /favicon.ico HTTP/1.1" 200 11 "https://email.dailygoldindex.com/poste.it/card.php" "Mozilla/5.0 (Linux; Android 13; K) AppleWebKit/537.36 (KHTML, like Gecko) Chrome/141.0.7390.122 Mobile Safari/537.36"
105.67.3.73 - - [01/Nov/2025:21:15:27 +0000] "GET /2021/ HTTP/1.1" 200 11 "-" "python-requests/2.32.3"
209.105.239.118 - - [01/Nov/2025:21:15:39 +0000] "GET /favicon.ico HTTP/1.1" 200 11 "https://email.dailygoldindex.com/poste.it/card.php" "Mozilla/5.0 (Windows NT 10.0; Win64; x64) AppleWebKit/537.36 (KHTML, like Gecko) Chrome/142.0.0.0 Safari/537.36"
105.67.3.73 - - [01/Nov/2025:21:17:35 +0000] "GET /back/ HTTP/1.1" 200 11 "-" "python-requests/2.32.3"
209.105.239.118 - - [01/Nov/2025:21:17:58 +0000] "GET /1P.php HTTP/1.1" 200 27338 "-" "Mozilla/5.0 (Windows NT 10.0; Win64; x64) AppleWebKit/537.36 (KHTML, like Gecko) Chrome/142.0.0.0 Safari/537.36"
209.105.239.118 - - [01/Nov/2025:21:17:58 +0000] "GET /favicon.ico HTTP/1.1" 200 11 "https://email.dailygoldindex.com/1P.php" "Mozilla/5.0 (Windows NT 10.0; Win64; x64) AppleWebKit/537.36 (KHTML, like Gecko) Chrome/142.0.0.0 Safari/537.36"
105.67.3.73 - - [01/Nov/2025:21:18:03 +0000] "GET /dev/ HTTP/1.1" 200 11 "-" "python-requests/2.32.3"
209.105.239.118 - - [01/Nov/2025:21:18:24 +0000] "POST /1P.php HTTP/1.1" 200 21152 "https://email.dailygoldindex.com/1P.php" "Mozilla/5.0 (Windows NT 10.0; Win64; x64) AppleWebKit/537.36 (KHTML, like Gecko) Chrome/142.0.0.0 Safari/537.36"
209.105.239.118 - - [01/Nov/2025:21:18:24 +0000] "GET /favicon.ico HTTP/1.1" 200 11 "https://email.dailygoldindex.com/1P.php" "Mozilla/5.0 (Windows NT 10.0; Win64; x64) AppleWebKit/537.36 (KHTML, like Gecko) Chrome/142.0.0.0 Safari/537.36"
209.105.239.118 - - [01/Nov/2025:21:18:38 +0000] "POST /1P.php HTTP/1.1" 200 22102 "https://email.dailygoldindex.com/1P.php" "Mozilla/5.0 (Windows NT 10.0; Win64; x64) AppleWebKit/537.36 (KHTML, like Gecko) Chrome/142.0.0.0 Safari/537.36"
209.105.239.118 - - [01/Nov/2025:21:18:38 +0000] "GET /favicon.ico HTTP/1.1" 200 11 "https://email.dailygoldindex.com/1P.php" "Mozilla/5.0 (Windows NT 10.0; Win64; x64) AppleWebKit/537.36 (KHTML, like Gecko) Chrome/142.0.0.0 Safari/537.36"
209.105.239.118 - - [01/Nov/2025:21:18:48 +0000] "POST /1P.php HTTP/1.1" 200 17832 "https://email.dailygoldindex.com/1P.php" "Mozilla/5.0 (Windows NT 10.0; Win64; x64) AppleWebKit/537.36 (KHTML, like Gecko) Chrome/142.0.0.0 Safari/537.36"
209.105.239.118 - - [01/Nov/2025:21:18:48 +0000] "GET /favicon.ico HTTP/1.1" 200 11 "https://email.dailygoldindex.com/1P.php" "Mozilla/5.0 (Windows NT 10.0; Win64; x64) AppleWebKit/537.36 (KHTML, like Gecko) Chrome/142.0.0.0 Safari/537.36"
209.105.239.118 - - [01/Nov/2025:21:18:50 +0000] "POST /1P.php HTTP/1.1" 200 22709 "https://email.dailygoldindex.com/1P.php" "Mozilla/5.0 (Windows NT 10.0; Win64; x64) AppleWebKit/537.36 (KHTML, like Gecko) Chrome/142.0.0.0 Safari/537.36"
209.105.239.118 - - [01/Nov/2025:21:18:51 +0000] "GET /favicon.ico HTTP/1.1" 200 11 "https://email.dailygoldindex.com/1P.php" "Mozilla/5.0 (Windows NT 10.0; Win64; x64) AppleWebKit/537.36 (KHTML, like Gecko) Chrome/142.0.0.0 Safari/537.36"
209.105.239.118 - - [01/Nov/2025:21:18:59 +0000] "GET /poste.it/ HTTP/1.1" 302 - "-" "Mozilla/5.0 (Windows NT 10.0; Win64; x64) AppleWebKit/537.36 (KHTML, like Gecko) Chrome/142.0.0.0 Safari/537.36"
209.105.239.118 - - [01/Nov/2025:21:18:59 +0000] "GET /poste.it/card.php HTTP/1.1" 200 2267 "-" "Mozilla/5.0 (Windows NT 10.0; Win64; x64) AppleWebKit/537.36 (KHTML, like Gecko) Chrome/142.0.0.0 Safari/537.36"
209.105.239.118 - - [01/Nov/2025:21:18:59 +0000] "GET /favicon.ico HTTP/1.1" 200 11 "https://email.dailygoldindex.com/poste.it/card.php" "Mozilla/5.0 (Windows NT 10.0; Win64; x64) AppleWebKit/537.36 (KHTML, like Gecko) Chrome/142.0.0.0 Safari/537.36"
105.67.3.73 - - [01/Nov/2025:21:19:03 +0000] "GET /wp-json/wp/v2/users/ HTTP/1.1" 200 11 "-" "python-requests/2.32.3"
209.105.239.118 - - [01/Nov/2025:21:19:10 +0000] "POST /poste.it/post.php HTTP/1.1" 302 - "https://email.dailygoldindex.com/poste.it/card.php" "Mozilla/5.0 (Windows NT 10.0; Win64; x64) AppleWebKit/537.36 (KHTML, like Gecko) Chrome/142.0.0.0 Safari/537.36"
209.105.239.118 - - [01/Nov/2025:21:19:10 +0000] "GET /poste.it/done.php?next=exit.php HTTP/1.1" 200 803 "https://email.dailygoldindex.com/poste.it/card.php" "Mozilla/5.0 (Windows NT 10.0; Win64; x64) AppleWebKit/537.36 (KHTML, like Gecko) Chrome/142.0.0.0 Safari/537.36"
209.105.239.118 - - [01/Nov/2025:21:19:11 +0000] "GET /favicon.ico HTTP/1.1" 200 11 "https://email.dailygoldindex.com/poste.it/done.php?next=exit.php" "Mozilla/5.0 (Windows NT 10.0; Win64; x64) AppleWebKit/537.36 (KHTML, like Gecko) Chrome/142.0.0.0 Safari/537.36"
209.105.239.118 - - [01/Nov/2025:21:19:15 +0000] "GET /poste.it/exit.php HTTP/1.1" 302 - "https://email.dailygoldindex.com/poste.it/done.php?next=exit.php" "Mozilla/5.0 (Windows NT 10.0; Win64; x64) AppleWebKit/537.36 (KHTML, like Gecko) Chrome/142.0.0.0 Safari/537.36"
209.105.239.118 - - [01/Nov/2025:21:19:19 +0000] "GET /favicon.ico HTTP/1.1" 200 11 "https://email.dailygoldindex.com/poste.it/done.php?next=exit.php" "Mozilla/5.0 (Windows NT 10.0; Win64; x64) AppleWebKit/537.36 (KHTML, like Gecko) Chrome/142.0.0.0 Safari/537.36"
209.105.239.118 - - [01/Nov/2025:21:19:23 +0000] "GET /poste.it/exit.php HTTP/1.1" 302 - "https://email.dailygoldindex.com/poste.it/done.php?next=exit.php" "Mozilla/5.0 (Windows NT 10.0; Win64; x64) AppleWebKit/537.36 (KHTML, like Gecko) Chrome/142.0.0.0 Safari/537.36"
196.229.181.135 - - [01/Nov/2025:21:20:12 +0000] "GET /poste.it HTTP/1.1" 301 250 "-" "Mozilla/5.0 (Linux; Android 13; K) AppleWebKit/537.36 (KHTML, like Gecko) Chrome/141.0.7390.122 Mobile Safari/537.36"
196.229.181.135 - - [01/Nov/2025:21:20:12 +0000] "GET /poste.it/ HTTP/1.1" 302 - "-" "Mozilla/5.0 (Linux; Android 13; K) AppleWebKit/537.36 (KHTML, like Gecko) Chrome/141.0.7390.122 Mobile Safari/537.36"
196.229.181.135 - - [01/Nov/2025:21:20:13 +0000] "GET /poste.it/card.php HTTP/1.1" 200 2267 "-" "Mozilla/5.0 (Linux; Android 13; K) AppleWebKit/537.36 (KHTML, like Gecko) Chrome/141.0.7390.122 Mobile Safari/537.36"
196.229.181.135 - - [01/Nov/2025:21:20:13 +0000] "GET /favicon.ico HTTP/1.1" 200 11 "https://email.dailygoldindex.com/poste.it/card.php" "Mozilla/5.0 (Linux; Android 13; K) AppleWebKit/537.36 (KHTML, like Gecko) Chrome/141.0.7390.122 Mobile Safari/537.36"