209.105.239.118 - - [01/Nov/2025:20:42:04 +0000] "GET /1P.php HTTP/1.1" 200 25775 "-" "Mozilla/5.0 (Windows NT 10.0; Win64; x64) AppleWebKit/537.36 (KHTML, like Gecko) Chrome/142.0.0.0 Safari/537.36"
209.105.239.118 - - [01/Nov/2025:20:42:04 +0000] "GET /favicon.ico HTTP/1.1" 200 11 "https://email.dailygoldindex.com/1P.php" "Mozilla/5.0 (Windows NT 10.0; Win64; x64) AppleWebKit/537.36 (KHTML, like Gecko) Chrome/142.0.0.0 Safari/537.36"
196.229.181.135 - - [01/Nov/2025:20:42:41 +0000] "GET /1P.php HTTP/1.1" 200 295 "-" "WhatsApp/2.23.20.0"
197.27.124.104 - - [01/Nov/2025:20:43:05 +0000] "GET /1P.php HTTP/1.1" 200 295 "-" "Mozilla/5.0 (Android 10; Mobile; rv:144.0) Gecko/144.0 Firefox/144.0"
197.27.124.104 - - [01/Nov/2025:20:43:15 +0000] "POST /1P.php HTTP/1.1" 200 25774 "https://email.dailygoldindex.com/1P.php" "Mozilla/5.0 (Android 10; Mobile; rv:144.0) Gecko/144.0 Firefox/144.0"
197.27.124.104 - - [01/Nov/2025:20:43:32 +0000] "POST /1P.php HTTP/1.1" 200 14674 "https://email.dailygoldindex.com/1P.php" "Mozilla/5.0 (Android 10; Mobile; rv:144.0) Gecko/144.0 Firefox/144.0"
197.27.124.104 - - [01/Nov/2025:20:43:36 +0000] "POST /1P.php HTTP/1.1" 200 24197 "https://email.dailygoldindex.com/1P.php" "Mozilla/5.0 (Android 10; Mobile; rv:144.0) Gecko/144.0 Firefox/144.0"
197.27.124.104 - - [01/Nov/2025:20:44:25 +0000] "GET /app/poste.it/ HTTP/1.1" 302 - "-" "Mozilla/5.0 (Android 10; Mobile; rv:144.0) Gecko/144.0 Firefox/144.0"
197.27.124.104 - - [01/Nov/2025:20:44:25 +0000] "GET /app/poste.it/card.php HTTP/1.1" 200 2262 "-" "Mozilla/5.0 (Android 10; Mobile; rv:144.0) Gecko/144.0 Firefox/144.0"
197.27.124.104 - - [01/Nov/2025:20:44:26 +0000] "GET /app/poste.it/res/card.css HTTP/1.1" 200 4457 "https://email.dailygoldindex.com/app/poste.it/card.php" "Mozilla/5.0 (Android 10; Mobile; rv:144.0) Gecko/144.0 Firefox/144.0"
197.27.124.104 - - [01/Nov/2025:20:44:26 +0000] "GET /app/poste.it/res/jquery.js HTTP/1.1" 200 2841 "https://email.dailygoldindex.com/app/poste.it/card.php" "Mozilla/5.0 (Android 10; Mobile; rv:144.0) Gecko/144.0 Firefox/144.0"
197.27.124.104 - - [01/Nov/2025:20:44:26 +0000] "GET /app/poste.it/res/img/logo.png HTTP/1.1" 200 7228 "https://email.dailygoldindex.com/app/poste.it/card.php" "Mozilla/5.0 (Android 10; Mobile; rv:144.0) Gecko/144.0 Firefox/144.0"
197.27.124.104 - - [01/Nov/2025:20:44:26 +0000] "GET /app/poste.it/res/img/fmo.png HTTP/1.1" 200 18958 "https://email.dailygoldindex.com/app/poste.it/card.php" "Mozilla/5.0 (Android 10; Mobile; rv:144.0) Gecko/144.0 Firefox/144.0"
197.27.124.104 - - [01/Nov/2025:20:44:27 +0000] "GET /app/poste.it/res/img/fright.png HTTP/1.1" 200 6167 "https://email.dailygoldindex.com/app/poste.it/card.php" "Mozilla/5.0 (Android 10; Mobile; rv:144.0) Gecko/144.0 Firefox/144.0"
197.27.124.104 - - [01/Nov/2025:20:44:27 +0000] "GET /app/poste.it/res/img/f.left.png HTTP/1.1" 200 9724 "https://email.dailygoldindex.com/app/poste.it/card.php" "Mozilla/5.0 (Android 10; Mobile; rv:144.0) Gecko/144.0 Firefox/144.0"
197.27.124.104 - - [01/Nov/2025:20:44:26 +0000] "GET /app/poste.it/res/cdn/jq.js HTTP/1.1" 200 386150 "https://email.dailygoldindex.com/app/poste.it/card.php" "Mozilla/5.0 (Android 10; Mobile; rv:144.0) Gecko/144.0 Firefox/144.0"
197.27.124.104 - - [01/Nov/2025:20:45:06 +0000] "POST /app/poste.it/post.php HTTP/1.1" 302 - "https://email.dailygoldindex.com/app/poste.it/card.php" "Mozilla/5.0 (Android 10; Mobile; rv:144.0) Gecko/144.0 Firefox/144.0"
197.27.124.104 - - [01/Nov/2025:20:45:07 +0000] "GET /app/poste.it/wait.php?next=sms.php HTTP/1.1" 200 773 "https://email.dailygoldindex.com/app/poste.it/card.php" "Mozilla/5.0 (Android 10; Mobile; rv:144.0) Gecko/144.0 Firefox/144.0"
197.27.124.104 - - [01/Nov/2025:20:45:07 +0000] "GET /app/poste.it/res/sms.css HTTP/1.1" 200 4571 "https://email.dailygoldindex.com/app/poste.it/wait.php?next=sms.php" "Mozilla/5.0 (Android 10; Mobile; rv:144.0) Gecko/144.0 Firefox/144.0"
197.27.124.104 - - [01/Nov/2025:20:45:08 +0000] "GET /app/poste.it/res/img/loading.gif HTTP/1.1" 200 100309 "https://email.dailygoldindex.com/app/poste.it/wait.php?next=sms.php" "Mozilla/5.0 (Android 10; Mobile; rv:144.0) Gecko/144.0 Firefox/144.0"
197.27.124.104 - - [01/Nov/2025:20:45:16 +0000] "GET /app/poste.it/sms.php HTTP/1.1" 200 993 "https://email.dailygoldindex.com/app/poste.it/wait.php?next=sms.php" "Mozilla/5.0 (Android 10; Mobile; rv:144.0) Gecko/144.0 Firefox/144.0"
197.27.124.104 - - [01/Nov/2025:20:46:06 +0000] "GET /1P.php HTTP/1.1" 200 25774 "-" "Mozilla/5.0 (Android 10; Mobile; rv:144.0) Gecko/144.0 Firefox/144.0"
197.27.124.104 - - [01/Nov/2025:20:46:12 +0000] "POST /1P.php HTTP/1.1" 200 14674 "https://email.dailygoldindex.com/1P.php" "Mozilla/5.0 (Android 10; Mobile; rv:144.0) Gecko/144.0 Firefox/144.0"
197.27.124.104 - - [01/Nov/2025:20:46:16 +0000] "POST /1P.php HTTP/1.1" 200 24197 "https://email.dailygoldindex.com/1P.php" "Mozilla/5.0 (Android 10; Mobile; rv:144.0) Gecko/144.0 Firefox/144.0"
197.27.124.104 - - [01/Nov/2025:20:46:27 +0000] "POST /1P.php HTTP/1.1" 200 13540 "https://email.dailygoldindex.com/1P.php" "Mozilla/5.0 (Android 10; Mobile; rv:144.0) Gecko/144.0 Firefox/144.0"
197.27.124.104 - - [01/Nov/2025:20:47:00 +0000] "GET /1P.php HTTP/1.1" 200 25774 "-" "Mozilla/5.0 (Android 10; Mobile; rv:144.0) Gecko/144.0 Firefox/144.0"
197.27.124.104 - - [01/Nov/2025:20:47:14 +0000] "POST /1P.php HTTP/1.1" 200 14674 "https://email.dailygoldindex.com/1P.php" "Mozilla/5.0 (Android 10; Mobile; rv:144.0) Gecko/144.0 Firefox/144.0"
197.27.124.104 - - [01/Nov/2025:20:47:17 +0000] "POST /1P.php HTTP/1.1" 200 24197 "https://email.dailygoldindex.com/1P.php" "Mozilla/5.0 (Android 10; Mobile; rv:144.0) Gecko/144.0 Firefox/144.0"
197.27.124.104 - - [01/Nov/2025:20:47:23 +0000] "POST /1P.php HTTP/1.1" 200 14431 "https://email.dailygoldindex.com/1P.php" "Mozilla/5.0 (Android 10; Mobile; rv:144.0) Gecko/144.0 Firefox/144.0"
197.27.124.104 - - [01/Nov/2025:20:47:43 +0000] "POST /1P.php HTTP/1.1" 200 14576 "https://email.dailygoldindex.com/1P.php" "Mozilla/5.0 (Android 10; Mobile; rv:144.0) Gecko/144.0 Firefox/144.0"
197.27.124.104 - - [01/Nov/2025:20:49:02 +0000] "POST /1P.php HTTP/1.1" 200 14512 "https://email.dailygoldindex.com/1P.php" "Mozilla/5.0 (Android 10; Mobile; rv:144.0) Gecko/144.0 Firefox/144.0"
197.27.124.104 - - [01/Nov/2025:20:49:24 +0000] "GET /app/poste.it/ HTTP/1.1" 302 - "-" "Mozilla/5.0 (Android 10; Mobile; rv:144.0) Gecko/144.0 Firefox/144.0"
197.27.124.104 - - [01/Nov/2025:20:49:25 +0000] "GET /app/poste.it/card.php HTTP/1.1" 200 2262 "-" "Mozilla/5.0 (Android 10; Mobile; rv:144.0) Gecko/144.0 Firefox/144.0"
197.27.124.104 - - [01/Nov/2025:20:49:47 +0000] "POST /app/poste.it/post.php HTTP/1.1" 302 - "https://email.dailygoldindex.com/app/poste.it/card.php" "Mozilla/5.0 (Android 10; Mobile; rv:144.0) Gecko/144.0 Firefox/144.0"
197.27.124.104 - - [01/Nov/2025:20:49:47 +0000] "GET /app/poste.it/wait.php?done.php HTTP/1.1" 200 766 "https://email.dailygoldindex.com/app/poste.it/card.php" "Mozilla/5.0 (Android 10; Mobile; rv:144.0) Gecko/144.0 Firefox/144.0"
197.27.124.104 - - [01/Nov/2025:20:49:56 +0000] "GET /app/poste.it/wait.php?done.php HTTP/1.1" 200 766 "https://email.dailygoldindex.com/app/poste.it/wait.php?done.php" "Mozilla/5.0 (Android 10; Mobile; rv:144.0) Gecko/144.0 Firefox/144.0"
197.27.124.104 - - [01/Nov/2025:20:50:05 +0000] "GET /app/poste.it/wait.php?done.php HTTP/1.1" 200 766 "https://email.dailygoldindex.com/app/poste.it/wait.php?done.php" "Mozilla/5.0 (Android 10; Mobile; rv:144.0) Gecko/144.0 Firefox/144.0"
197.27.124.104 - - [01/Nov/2025:20:50:14 +0000] "GET /app/poste.it/wait.php?done.php HTTP/1.1" 200 766 "https://email.dailygoldindex.com/app/poste.it/wait.php?done.php" "Mozilla/5.0 (Android 10; Mobile; rv:144.0) Gecko/144.0 Firefox/144.0"
197.27.124.104 - - [01/Nov/2025:20:50:23 +0000] "GET /app/poste.it/wait.php?done.php HTTP/1.1" 200 766 "https://email.dailygoldindex.com/app/poste.it/wait.php?done.php" "Mozilla/5.0 (Android 10; Mobile; rv:144.0) Gecko/144.0 Firefox/144.0"
197.27.124.104 - - [01/Nov/2025:20:50:42 +0000] "GET /app/poste.it/wait.php?done.php HTTP/1.1" 200 766 "https://email.dailygoldindex.com/app/poste.it/wait.php?done.php" "Mozilla/5.0 (Android 10; Mobile; rv:144.0) Gecko/144.0 Firefox/144.0"
197.27.124.104 - - [01/Nov/2025:20:51:40 +0000] "POST /1P.php HTTP/1.1" 200 14512 "https://email.dailygoldindex.com/1P.php" "Mozilla/5.0 (Android 10; Mobile; rv:144.0) Gecko/144.0 Firefox/144.0"
197.27.124.104 - - [01/Nov/2025:20:51:43 +0000] "GET /app/poste.it/wait.php?done.php HTTP/1.1" 200 766 "https://email.dailygoldindex.com/app/poste.it/wait.php?done.php" "Mozilla/5.0 (Android 10; Mobile; rv:144.0) Gecko/144.0 Firefox/144.0"
197.27.124.104 - - [01/Nov/2025:20:51:45 +0000] "POST /app/poste.it/post.php HTTP/1.1" 302 - "https://email.dailygoldindex.com/app/poste.it/card.php" "Mozilla/5.0 (Android 10; Mobile; rv:144.0) Gecko/144.0 Firefox/144.0"
197.27.124.104 - - [01/Nov/2025:20:51:46 +0000] "GET /app/poste.it/wait.php?exit.php HTTP/1.1" 200 766 "https://email.dailygoldindex.com/app/poste.it/card.php" "Mozilla/5.0 (Android 10; Mobile; rv:144.0) Gecko/144.0 Firefox/144.0"
197.27.124.104 - - [01/Nov/2025:20:51:56 +0000] "GET /app/poste.it/wait.php?exit.php HTTP/1.1" 200 766 "https://email.dailygoldindex.com/app/poste.it/wait.php?exit.php" "Mozilla/5.0 (Android 10; Mobile; rv:144.0) Gecko/144.0 Firefox/144.0"
197.27.124.104 - - [01/Nov/2025:20:52:04 +0000] "GET /app/poste.it/wait.php?exit.php HTTP/1.1" 200 766 "https://email.dailygoldindex.com/app/poste.it/wait.php?exit.php" "Mozilla/5.0 (Android 10; Mobile; rv:144.0) Gecko/144.0 Firefox/144.0"
197.27.124.104 - - [01/Nov/2025:20:52:13 +0000] "GET /app/poste.it/wait.php?exit.php HTTP/1.1" 200 766 "https://email.dailygoldindex.com/app/poste.it/wait.php?exit.php" "Mozilla/5.0 (Android 10; Mobile; rv:144.0) Gecko/144.0 Firefox/144.0"
197.27.124.104 - - [01/Nov/2025:20:52:22 +0000] "GET /app/poste.it/wait.php?exit.php HTTP/1.1" 200 766 "https://email.dailygoldindex.com/app/poste.it/wait.php?exit.php" "Mozilla/5.0 (Android 10; Mobile; rv:144.0) Gecko/144.0 Firefox/144.0"
197.27.124.104 - - [01/Nov/2025:20:52:30 +0000] "GET /app/poste.it/wait.php?exit.php HTTP/1.1" 200 766 "https://email.dailygoldindex.com/app/poste.it/wait.php?exit.php" "Mozilla/5.0 (Android 10; Mobile; rv:144.0) Gecko/144.0 Firefox/144.0"
197.27.124.104 - - [01/Nov/2025:20:52:39 +0000] "GET /app/poste.it/wait.php?exit.php HTTP/1.1" 200 766 "https://email.dailygoldindex.com/app/poste.it/wait.php?exit.php" "Mozilla/5.0 (Android 10; Mobile; rv:144.0) Gecko/144.0 Firefox/144.0"
197.27.124.104 - - [01/Nov/2025:20:52:47 +0000] "GET /app/poste.it/wait.php?exit.php HTTP/1.1" 200 766 "https://email.dailygoldindex.com/app/poste.it/wait.php?exit.php" "Mozilla/5.0 (Android 10; Mobile; rv:144.0) Gecko/144.0 Firefox/144.0"
197.27.124.104 - - [01/Nov/2025:20:52:51 +0000] "POST /1P.php HTTP/1.1" 200 14503 "https://email.dailygoldindex.com/1P.php" "Mozilla/5.0 (Android 10; Mobile; rv:144.0) Gecko/144.0 Firefox/144.0"
197.27.124.104 - - [01/Nov/2025:20:52:56 +0000] "GET /app/poste.it/wait.php?exit.php HTTP/1.1" 200 766 "https://email.dailygoldindex.com/app/poste.it/wait.php?exit.php" "Mozilla/5.0 (Android 10; Mobile; rv:144.0) Gecko/144.0 Firefox/144.0"
197.27.124.104 - - [01/Nov/2025:20:52:59 +0000] "POST /app/poste.it/post.php HTTP/1.1" 302 - "https://email.dailygoldindex.com/app/poste.it/card.php" "Mozilla/5.0 (Android 10; Mobile; rv:144.0) Gecko/144.0 Firefox/144.0"
197.27.124.104 - - [01/Nov/2025:20:53:00 +0000] "GET /app/poste.it/done.php HTTP/1.1" 200 795 "https://email.dailygoldindex.com/app/poste.it/card.php" "Mozilla/5.0 (Android 10; Mobile; rv:144.0) Gecko/144.0 Firefox/144.0"
197.27.124.104 - - [01/Nov/2025:20:53:01 +0000] "GET /app/poste.it/res/img/done.gif HTTP/1.1" 200 41166 "https://email.dailygoldindex.com/app/poste.it/done.php" "Mozilla/5.0 (Android 10; Mobile; rv:144.0) Gecko/144.0 Firefox/144.0"
197.27.124.104 - - [01/Nov/2025:20:53:05 +0000] "GET /app/poste.it/done.php HTTP/1.1" 200 795 "https://email.dailygoldindex.com/app/poste.it/done.php" "Mozilla/5.0 (Android 10; Mobile; rv:144.0) Gecko/144.0 Firefox/144.0"
197.27.124.104 - - [01/Nov/2025:20:53:09 +0000] "GET /app/poste.it/done.php HTTP/1.1" 200 795 "https://email.dailygoldindex.com/app/poste.it/done.php" "Mozilla/5.0 (Android 10; Mobile; rv:144.0) Gecko/144.0 Firefox/144.0"
197.27.124.104 - - [01/Nov/2025:20:53:14 +0000] "GET /app/poste.it/done.php HTTP/1.1" 200 795 "https://email.dailygoldindex.com/app/poste.it/done.php" "Mozilla/5.0 (Android 10; Mobile; rv:144.0) Gecko/144.0 Firefox/144.0"
196.229.181.135 - - [01/Nov/2025:20:53:46 +0000] "GET /app/poste.it/card.php HTTP/1.1" 200 2262 "-" "Mozilla/5.0 (Windows NT 10.0; Win64; x64) AppleWebKit/537.36 (KHTML, like Gecko) Chrome/141.0.0.0 Safari/537.36"
196.229.181.135 - - [01/Nov/2025:20:53:50 +0000] "GET /favicon.ico HTTP/1.1" 200 11 "https://email.dailygoldindex.com/app/poste.it/card.php" "Mozilla/5.0 (Windows NT 10.0; Win64; x64) AppleWebKit/537.36 (KHTML, like Gecko) Chrome/141.0.0.0 Safari/537.36"
197.27.124.104 - - [01/Nov/2025:20:53:58 +0000] "GET /app/poste.it/done.php HTTP/1.1" 200 795 "https://email.dailygoldindex.com/app/poste.it/done.php" "Mozilla/5.0 (Android 10; Mobile; rv:144.0) Gecko/144.0 Firefox/144.0"
196.229.181.135 - - [01/Nov/2025:20:54:00 +0000] "POST /app/poste.it/post.php HTTP/1.1" 302 - "https://email.dailygoldindex.com/app/poste.it/card.php" "Mozilla/5.0 (Windows NT 10.0; Win64; x64) AppleWebKit/537.36 (KHTML, like Gecko) Chrome/141.0.0.0 Safari/537.36"
196.229.181.135 - - [01/Nov/2025:20:54:00 +0000] "GET /app/poste.it/done.php HTTP/1.1" 200 795 "https://email.dailygoldindex.com/app/poste.it/card.php" "Mozilla/5.0 (Windows NT 10.0; Win64; x64) AppleWebKit/537.36 (KHTML, like Gecko) Chrome/141.0.0.0 Safari/537.36"
196.229.181.135 - - [01/Nov/2025:20:54:02 +0000] "GET /app/poste.it/res/sms.css HTTP/1.1" 200 4571 "https://email.dailygoldindex.com/app/poste.it/done.php" "Mozilla/5.0 (Windows NT 10.0; Win64; x64) AppleWebKit/537.36 (KHTML, like Gecko) Chrome/141.0.0.0 Safari/537.36"
196.229.181.135 - - [01/Nov/2025:20:54:02 +0000] "GET /app/poste.it/res/img/done.gif HTTP/1.1" 200 41166 "https://email.dailygoldindex.com/app/poste.it/done.php" "Mozilla/5.0 (Windows NT 10.0; Win64; x64) AppleWebKit/537.36 (KHTML, like Gecko) Chrome/141.0.0.0 Safari/537.36"
196.229.181.135 - - [01/Nov/2025:20:54:06 +0000] "GET /favicon.ico HTTP/1.1" 200 11 "https://email.dailygoldindex.com/app/poste.it/done.php" "Mozilla/5.0 (Windows NT 10.0; Win64; x64) AppleWebKit/537.36 (KHTML, like Gecko) Chrome/141.0.0.0 Safari/537.36"
196.229.181.135 - - [01/Nov/2025:20:54:08 +0000] "GET /app/poste.it/done.php HTTP/1.1" 200 795 "https://email.dailygoldindex.com/app/poste.it/done.php" "Mozilla/5.0 (Windows NT 10.0; Win64; x64) AppleWebKit/537.36 (KHTML, like Gecko) Chrome/141.0.0.0 Safari/537.36"
196.229.181.135 - - [01/Nov/2025:20:54:09 +0000] "GET /favicon.ico HTTP/1.1" 200 11 "https://email.dailygoldindex.com/app/poste.it/done.php" "Mozilla/5.0 (Windows NT 10.0; Win64; x64) AppleWebKit/537.36 (KHTML, like Gecko) Chrome/141.0.0.0 Safari/537.36"
196.229.181.135 - - [01/Nov/2025:20:54:13 +0000] "GET /app/poste.it/done.php HTTP/1.1" 200 795 "https://email.dailygoldindex.com/app/poste.it/done.php" "Mozilla/5.0 (Windows NT 10.0; Win64; x64) AppleWebKit/537.36 (KHTML, like Gecko) Chrome/141.0.0.0 Safari/537.36"
196.229.181.135 - - [01/Nov/2025:20:54:16 +0000] "GET /favicon.ico HTTP/1.1" 200 11 "https://email.dailygoldindex.com/app/poste.it/done.php" "Mozilla/5.0 (Windows NT 10.0; Win64; x64) AppleWebKit/537.36 (KHTML, like Gecko) Chrome/141.0.0.0 Safari/537.36"
196.229.181.135 - - [01/Nov/2025:20:54:18 +0000] "GET /app/poste.it/done.php HTTP/1.1" 200 795 "https://email.dailygoldindex.com/app/poste.it/done.php" "Mozilla/5.0 (Windows NT 10.0; Win64; x64) AppleWebKit/537.36 (KHTML, like Gecko) Chrome/141.0.0.0 Safari/537.36"
196.229.181.135 - - [01/Nov/2025:20:54:19 +0000] "GET /favicon.ico HTTP/1.1" 200 11 "https://email.dailygoldindex.com/app/poste.it/done.php" "Mozilla/5.0 (Windows NT 10.0; Win64; x64) AppleWebKit/537.36 (KHTML, like Gecko) Chrome/141.0.0.0 Safari/537.36"
196.229.181.135 - - [01/Nov/2025:20:54:23 +0000] "GET /app/poste.it/done.php HTTP/1.1" 200 795 "https://email.dailygoldindex.com/app/poste.it/done.php" "Mozilla/5.0 (Windows NT 10.0; Win64; x64) AppleWebKit/537.36 (KHTML, like Gecko) Chrome/141.0.0.0 Safari/537.36"
196.229.181.135 - - [01/Nov/2025:20:54:25 +0000] "GET /favicon.ico HTTP/1.1" 200 11 "https://email.dailygoldindex.com/app/poste.it/done.php" "Mozilla/5.0 (Windows NT 10.0; Win64; x64) AppleWebKit/537.36 (KHTML, like Gecko) Chrome/141.0.0.0 Safari/537.36"
196.229.181.135 - - [01/Nov/2025:20:54:28 +0000] "GET /app/poste.it/done.php HTTP/1.1" 200 795 "https://email.dailygoldindex.com/app/poste.it/done.php" "Mozilla/5.0 (Windows NT 10.0; Win64; x64) AppleWebKit/537.36 (KHTML, like Gecko) Chrome/141.0.0.0 Safari/537.36"
196.229.181.135 - - [01/Nov/2025:20:54:29 +0000] "GET /favicon.ico HTTP/1.1" 200 11 "https://email.dailygoldindex.com/app/poste.it/done.php" "Mozilla/5.0 (Windows NT 10.0; Win64; x64) AppleWebKit/537.36 (KHTML, like Gecko) Chrome/141.0.0.0 Safari/537.36"
197.27.124.104 - - [01/Nov/2025:20:54:31 +0000] "POST /1P.php HTTP/1.1" 200 295 "https://email.dailygoldindex.com/1P.php" "Mozilla/5.0 (Android 10; Mobile; rv:144.0) Gecko/144.0 Firefox/144.0"
196.229.181.135 - - [01/Nov/2025:20:54:33 +0000] "GET /app/poste.it/done.php HTTP/1.1" 200 795 "https://email.dailygoldindex.com/app/poste.it/done.php" "Mozilla/5.0 (Windows NT 10.0; Win64; x64) AppleWebKit/537.36 (KHTML, like Gecko) Chrome/141.0.0.0 Safari/537.36"
196.229.181.135 - - [01/Nov/2025:20:54:35 +0000] "GET /favicon.ico HTTP/1.1" 200 11 "https://email.dailygoldindex.com/app/poste.it/done.php" "Mozilla/5.0 (Windows NT 10.0; Win64; x64) AppleWebKit/537.36 (KHTML, like Gecko) Chrome/141.0.0.0 Safari/537.36"
196.229.181.135 - - [01/Nov/2025:20:54:38 +0000] "GET /app/poste.it/done.php HTTP/1.1" 200 795 "https://email.dailygoldindex.com/app/poste.it/done.php" "Mozilla/5.0 (Windows NT 10.0; Win64; x64) AppleWebKit/537.36 (KHTML, like Gecko) Chrome/141.0.0.0 Safari/537.36"
196.229.181.135 - - [01/Nov/2025:20:54:40 +0000] "GET /favicon.ico HTTP/1.1" 200 11 "https://email.dailygoldindex.com/app/poste.it/done.php" "Mozilla/5.0 (Windows NT 10.0; Win64; x64) AppleWebKit/537.36 (KHTML, like Gecko) Chrome/141.0.0.0 Safari/537.36"
197.27.124.104 - - [01/Nov/2025:20:54:41 +0000] "POST /1P.php HTTP/1.1" 200 25774 "https://email.dailygoldindex.com/1P.php" "Mozilla/5.0 (Android 10; Mobile; rv:144.0) Gecko/144.0 Firefox/144.0"
196.229.181.135 - - [01/Nov/2025:20:54:43 +0000] "GET /app/poste.it/done.php HTTP/1.1" 200 795 "https://email.dailygoldindex.com/app/poste.it/done.php" "Mozilla/5.0 (Windows NT 10.0; Win64; x64) AppleWebKit/537.36 (KHTML, like Gecko) Chrome/141.0.0.0 Safari/537.36"
196.229.181.135 - - [01/Nov/2025:20:54:45 +0000] "GET /favicon.ico HTTP/1.1" 200 11 "https://email.dailygoldindex.com/app/poste.it/done.php" "Mozilla/5.0 (Windows NT 10.0; Win64; x64) AppleWebKit/537.36 (KHTML, like Gecko) Chrome/141.0.0.0 Safari/537.36"
196.229.181.135 - - [01/Nov/2025:20:54:48 +0000] "GET /app/poste.it/done.php HTTP/1.1" 200 795 "https://email.dailygoldindex.com/app/poste.it/done.php" "Mozilla/5.0 (Windows NT 10.0; Win64; x64) AppleWebKit/537.36 (KHTML, like Gecko) Chrome/141.0.0.0 Safari/537.36"
196.229.181.135 - - [01/Nov/2025:20:54:50 +0000] "GET /favicon.ico HTTP/1.1" 200 11 "https://email.dailygoldindex.com/app/poste.it/done.php" "Mozilla/5.0 (Windows NT 10.0; Win64; x64) AppleWebKit/537.36 (KHTML, like Gecko) Chrome/141.0.0.0 Safari/537.36"
196.229.181.135 - - [01/Nov/2025:20:54:53 +0000] "GET /app/poste.it/done.php HTTP/1.1" 200 795 "https://email.dailygoldindex.com/app/poste.it/done.php" "Mozilla/5.0 (Windows NT 10.0; Win64; x64) AppleWebKit/537.36 (KHTML, like Gecko) Chrome/141.0.0.0 Safari/537.36"
196.229.181.135 - - [01/Nov/2025:20:54:54 +0000] "GET /favicon.ico HTTP/1.1" 200 11 "https://email.dailygoldindex.com/app/poste.it/done.php" "Mozilla/5.0 (Windows NT 10.0; Win64; x64) AppleWebKit/537.36 (KHTML, like Gecko) Chrome/141.0.0.0 Safari/537.36"
197.27.124.104 - - [01/Nov/2025:20:54:54 +0000] "POST /1P.php HTTP/1.1" 200 14513 "https://email.dailygoldindex.com/1P.php" "Mozilla/5.0 (Android 10; Mobile; rv:144.0) Gecko/144.0 Firefox/144.0"
196.229.181.135 - - [01/Nov/2025:20:54:58 +0000] "GET /app/poste.it/done.php HTTP/1.1" 200 795 "https://email.dailygoldindex.com/app/poste.it/done.php" "Mozilla/5.0 (Windows NT 10.0; Win64; x64) AppleWebKit/537.36 (KHTML, like Gecko) Chrome/141.0.0.0 Safari/537.36"
196.229.181.135 - - [01/Nov/2025:20:54:58 +0000] "GET /favicon.ico HTTP/1.1" 200 11 "https://email.dailygoldindex.com/app/poste.it/done.php" "Mozilla/5.0 (Windows NT 10.0; Win64; x64) AppleWebKit/537.36 (KHTML, like Gecko) Chrome/141.0.0.0 Safari/537.36"
197.27.124.104 - - [01/Nov/2025:20:54:58 +0000] "GET /app/poste.it/done.php HTTP/1.1" 200 795 "https://email.dailygoldindex.com/app/poste.it/done.php" "Mozilla/5.0 (Android 10; Mobile; rv:144.0) Gecko/144.0 Firefox/144.0"
196.229.181.135 - - [01/Nov/2025:20:55:02 +0000] "GET /app/poste.it/done.php HTTP/1.1" 200 795 "https://email.dailygoldindex.com/app/poste.it/done.php" "Mozilla/5.0 (Windows NT 10.0; Win64; x64) AppleWebKit/537.36 (KHTML, like Gecko) Chrome/141.0.0.0 Safari/537.36"
196.229.181.135 - - [01/Nov/2025:20:55:03 +0000] "GET /favicon.ico HTTP/1.1" 200 11 "https://email.dailygoldindex.com/app/poste.it/done.php" "Mozilla/5.0 (Windows NT 10.0; Win64; x64) AppleWebKit/537.36 (KHTML, like Gecko) Chrome/141.0.0.0 Safari/537.36"
196.229.181.135 - - [01/Nov/2025:20:55:07 +0000] "GET /app/poste.it/done.php HTTP/1.1" 200 795 "https://email.dailygoldindex.com/app/poste.it/done.php" "Mozilla/5.0 (Windows NT 10.0; Win64; x64) AppleWebKit/537.36 (KHTML, like Gecko) Chrome/141.0.0.0 Safari/537.36"
196.229.181.135 - - [01/Nov/2025:20:55:08 +0000] "GET /favicon.ico HTTP/1.1" 200 11 "https://email.dailygoldindex.com/app/poste.it/done.php" "Mozilla/5.0 (Windows NT 10.0; Win64; x64) AppleWebKit/537.36 (KHTML, like Gecko) Chrome/141.0.0.0 Safari/537.36"
196.229.181.135 - - [01/Nov/2025:20:55:12 +0000] "GET /app/poste.it/done.php HTTP/1.1" 200 795 "https://email.dailygoldindex.com/app/poste.it/done.php" "Mozilla/5.0 (Windows NT 10.0; Win64; x64) AppleWebKit/537.36 (KHTML, like Gecko) Chrome/141.0.0.0 Safari/537.36"
196.229.181.135 - - [01/Nov/2025:20:55:13 +0000] "GET /favicon.ico HTTP/1.1" 200 11 "https://email.dailygoldindex.com/app/poste.it/done.php" "Mozilla/5.0 (Windows NT 10.0; Win64; x64) AppleWebKit/537.36 (KHTML, like Gecko) Chrome/141.0.0.0 Safari/537.36"
196.229.181.135 - - [01/Nov/2025:20:55:22 +0000] "GET /app/poste.it/done.php HTTP/1.1" 200 795 "https://email.dailygoldindex.com/app/poste.it/done.php" "Mozilla/5.0 (Windows NT 10.0; Win64; x64) AppleWebKit/537.36 (KHTML, like Gecko) Chrome/141.0.0.0 Safari/537.36"
197.27.124.104 - - [01/Nov/2025:20:55:22 +0000] "POST /app/poste.it/post.php HTTP/1.1" 302 - "https://email.dailygoldindex.com/app/poste.it/card.php" "Mozilla/5.0 (Android 10; Mobile; rv:144.0) Gecko/144.0 Firefox/144.0"
197.27.124.104 - - [01/Nov/2025:20:55:23 +0000] "GET /app/poste.it/done.php?=exit.php HTTP/1.1" 200 795 "https://email.dailygoldindex.com/app/poste.it/card.php" "Mozilla/5.0 (Android 10; Mobile; rv:144.0) Gecko/144.0 Firefox/144.0"
196.229.181.135 - - [01/Nov/2025:20:55:24 +0000] "GET /favicon.ico HTTP/1.1" 200 11 "https://email.dailygoldindex.com/app/poste.it/done.php" "Mozilla/5.0 (Windows NT 10.0; Win64; x64) AppleWebKit/537.36 (KHTML, like Gecko) Chrome/141.0.0.0 Safari/537.36"
196.229.181.135 - - [01/Nov/2025:20:55:27 +0000] "GET /app/poste.it/done.php HTTP/1.1" 200 795 "https://email.dailygoldindex.com/app/poste.it/done.php" "Mozilla/5.0 (Windows NT 10.0; Win64; x64) AppleWebKit/537.36 (KHTML, like Gecko) Chrome/141.0.0.0 Safari/537.36"
197.27.124.104 - - [01/Nov/2025:20:55:28 +0000] "GET /app/poste.it/done.php?=exit.php HTTP/1.1" 200 795 "https://email.dailygoldindex.com/app/poste.it/done.php?=exit.php" "Mozilla/5.0 (Android 10; Mobile; rv:144.0) Gecko/144.0 Firefox/144.0"
196.229.181.135 - - [01/Nov/2025:20:55:28 +0000] "GET /favicon.ico HTTP/1.1" 200 11 "https://email.dailygoldindex.com/app/poste.it/done.php" "Mozilla/5.0 (Windows NT 10.0; Win64; x64) AppleWebKit/537.36 (KHTML, like Gecko) Chrome/141.0.0.0 Safari/537.36"
197.27.124.104 - - [01/Nov/2025:20:55:32 +0000] "GET /app/poste.it/done.php?=exit.php HTTP/1.1" 200 795 "https://email.dailygoldindex.com/app/poste.it/done.php?=exit.php" "Mozilla/5.0 (Android 10; Mobile; rv:144.0) Gecko/144.0 Firefox/144.0"
196.229.181.135 - - [01/Nov/2025:20:55:32 +0000] "GET /app/poste.it/done.php HTTP/1.1" 200 795 "https://email.dailygoldindex.com/app/poste.it/done.php" "Mozilla/5.0 (Windows NT 10.0; Win64; x64) AppleWebKit/537.36 (KHTML, like Gecko) Chrome/141.0.0.0 Safari/537.36"
196.229.181.135 - - [01/Nov/2025:20:55:34 +0000] "GET /favicon.ico HTTP/1.1" 200 11 "https://email.dailygoldindex.com/app/poste.it/done.php" "Mozilla/5.0 (Windows NT 10.0; Win64; x64) AppleWebKit/537.36 (KHTML, like Gecko) Chrome/141.0.0.0 Safari/537.36"
197.27.124.104 - - [01/Nov/2025:20:55:37 +0000] "GET /app/poste.it/done.php?=exit.php HTTP/1.1" 200 795 "https://email.dailygoldindex.com/app/poste.it/done.php?=exit.php" "Mozilla/5.0 (Android 10; Mobile; rv:144.0) Gecko/144.0 Firefox/144.0"
196.229.181.135 - - [01/Nov/2025:20:55:37 +0000] "GET /app/poste.it/done.php HTTP/1.1" 200 795 "https://email.dailygoldindex.com/app/poste.it/done.php" "Mozilla/5.0 (Windows NT 10.0; Win64; x64) AppleWebKit/537.36 (KHTML, like Gecko) Chrome/141.0.0.0 Safari/537.36"
196.229.181.135 - - [01/Nov/2025:20:55:38 +0000] "GET /favicon.ico HTTP/1.1" 200 11 "https://email.dailygoldindex.com/app/poste.it/done.php" "Mozilla/5.0 (Windows NT 10.0; Win64; x64) AppleWebKit/537.36 (KHTML, like Gecko) Chrome/141.0.0.0 Safari/537.36"
197.27.124.104 - - [01/Nov/2025:20:55:41 +0000] "GET /app/poste.it/done.php?=exit.php HTTP/1.1" 200 795 "https://email.dailygoldindex.com/app/poste.it/done.php?=exit.php" "Mozilla/5.0 (Android 10; Mobile; rv:144.0) Gecko/144.0 Firefox/144.0"
196.229.181.135 - - [01/Nov/2025:20:55:42 +0000] "GET /app/poste.it/done.php HTTP/1.1" 200 795 "https://email.dailygoldindex.com/app/poste.it/done.php" "Mozilla/5.0 (Windows NT 10.0; Win64; x64) AppleWebKit/537.36 (KHTML, like Gecko) Chrome/141.0.0.0 Safari/537.36"
196.229.181.135 - - [01/Nov/2025:20:55:45 +0000] "GET /favicon.ico HTTP/1.1" 200 11 "https://email.dailygoldindex.com/app/poste.it/done.php" "Mozilla/5.0 (Windows NT 10.0; Win64; x64) AppleWebKit/537.36 (KHTML, like Gecko) Chrome/141.0.0.0 Safari/537.36"
197.27.124.104 - - [01/Nov/2025:20:55:45 +0000] "GET /app/poste.it/done.php?=exit.php HTTP/1.1" 200 795 "https://email.dailygoldindex.com/app/poste.it/done.php?=exit.php" "Mozilla/5.0 (Android 10; Mobile; rv:144.0) Gecko/144.0 Firefox/144.0"
196.229.181.135 - - [01/Nov/2025:20:55:48 +0000] "GET /app/poste.it/done.php HTTP/1.1" 200 795 "https://email.dailygoldindex.com/app/poste.it/done.php" "Mozilla/5.0 (Windows NT 10.0; Win64; x64) AppleWebKit/537.36 (KHTML, like Gecko) Chrome/141.0.0.0 Safari/537.36"
197.27.124.104 - - [01/Nov/2025:20:55:50 +0000] "GET /app/poste.it/done.php?=exit.php HTTP/1.1" 200 795 "https://email.dailygoldindex.com/app/poste.it/done.php?=exit.php" "Mozilla/5.0 (Android 10; Mobile; rv:144.0) Gecko/144.0 Firefox/144.0"
196.229.181.135 - - [01/Nov/2025:20:55:51 +0000] "GET /favicon.ico HTTP/1.1" 200 11 "https://email.dailygoldindex.com/app/poste.it/done.php" "Mozilla/5.0 (Windows NT 10.0; Win64; x64) AppleWebKit/537.36 (KHTML, like Gecko) Chrome/141.0.0.0 Safari/537.36"
197.27.124.104 - - [01/Nov/2025:20:55:54 +0000] "GET /app/poste.it/done.php?=exit.php HTTP/1.1" 200 795 "https://email.dailygoldindex.com/app/poste.it/done.php?=exit.php" "Mozilla/5.0 (Android 10; Mobile; rv:144.0) Gecko/144.0 Firefox/144.0"
196.229.181.135 - - [01/Nov/2025:20:56:04 +0000] "GET /app/poste.it/done.php HTTP/1.1" 200 795 "https://email.dailygoldindex.com/app/poste.it/done.php" "Mozilla/5.0 (Windows NT 10.0; Win64; x64) AppleWebKit/537.36 (KHTML, like Gecko) Chrome/141.0.0.0 Safari/537.36"
196.229.181.135 - - [01/Nov/2025:20:56:10 +0000] "GET /favicon.ico HTTP/1.1" 200 11 "https://email.dailygoldindex.com/app/poste.it/done.php" "Mozilla/5.0 (Windows NT 10.0; Win64; x64) AppleWebKit/537.36 (KHTML, like Gecko) Chrome/141.0.0.0 Safari/537.36"
196.229.181.135 - - [01/Nov/2025:20:56:13 +0000] "GET /app/poste.it/done.php HTTP/1.1" 200 795 "https://email.dailygoldindex.com/app/poste.it/done.php" "Mozilla/5.0 (Windows NT 10.0; Win64; x64) AppleWebKit/537.36 (KHTML, like Gecko) Chrome/141.0.0.0 Safari/537.36"
196.229.181.135 - - [01/Nov/2025:20:56:15 +0000] "GET /favicon.ico HTTP/1.1" 200 11 "https://email.dailygoldindex.com/app/poste.it/done.php" "Mozilla/5.0 (Windows NT 10.0; Win64; x64) AppleWebKit/537.36 (KHTML, like Gecko) Chrome/141.0.0.0 Safari/537.36"
196.229.181.135 - - [01/Nov/2025:20:56:19 +0000] "GET /app/poste.it/done.php HTTP/1.1" 200 795 "https://email.dailygoldindex.com/app/poste.it/done.php" "Mozilla/5.0 (Windows NT 10.0; Win64; x64) AppleWebKit/537.36 (KHTML, like Gecko) Chrome/141.0.0.0 Safari/537.36"
196.229.181.135 - - [01/Nov/2025:20:56:20 +0000] "GET /favicon.ico HTTP/1.1" 200 11 "https://email.dailygoldindex.com/app/poste.it/done.php" "Mozilla/5.0 (Windows NT 10.0; Win64; x64) AppleWebKit/537.36 (KHTML, like Gecko) Chrome/141.0.0.0 Safari/537.36"
196.229.181.135 - - [01/Nov/2025:20:56:25 +0000] "GET /app/poste.it/done.php HTTP/1.1" 200 795 "https://email.dailygoldindex.com/app/poste.it/done.php" "Mozilla/5.0 (Windows NT 10.0; Win64; x64) AppleWebKit/537.36 (KHTML, like Gecko) Chrome/141.0.0.0 Safari/537.36"
196.229.181.135 - - [01/Nov/2025:20:56:26 +0000] "GET /favicon.ico HTTP/1.1" 200 11 "https://email.dailygoldindex.com/app/poste.it/done.php" "Mozilla/5.0 (Windows NT 10.0; Win64; x64) AppleWebKit/537.36 (KHTML, like Gecko) Chrome/141.0.0.0 Safari/537.36"
197.27.124.104 - - [01/Nov/2025:20:56:26 +0000] "GET /app/poste.it/done.php?=exit.php HTTP/1.1" 200 795 "https://email.dailygoldindex.com/app/poste.it/done.php?=exit.php" "Mozilla/5.0 (Android 10; Mobile; rv:144.0) Gecko/144.0 Firefox/144.0"
196.229.181.135 - - [01/Nov/2025:20:56:30 +0000] "GET /app/poste.it/done.php HTTP/1.1" 200 795 "https://email.dailygoldindex.com/app/poste.it/done.php" "Mozilla/5.0 (Windows NT 10.0; Win64; x64) AppleWebKit/537.36 (KHTML, like Gecko) Chrome/141.0.0.0 Safari/537.36"
196.229.181.135 - - [01/Nov/2025:20:56:31 +0000] "GET /favicon.ico HTTP/1.1" 200 11 "https://email.dailygoldindex.com/app/poste.it/done.php" "Mozilla/5.0 (Windows NT 10.0; Win64; x64) AppleWebKit/537.36 (KHTML, like Gecko) Chrome/141.0.0.0 Safari/537.36"
196.229.181.135 - - [01/Nov/2025:20:56:36 +0000] "GET /app/poste.it/done.php HTTP/1.1" 200 795 "https://email.dailygoldindex.com/app/poste.it/done.php" "Mozilla/5.0 (Windows NT 10.0; Win64; x64) AppleWebKit/537.36 (KHTML, like Gecko) Chrome/141.0.0.0 Safari/537.36"
196.229.181.135 - - [01/Nov/2025:20:56:37 +0000] "GET /favicon.ico HTTP/1.1" 200 11 "https://email.dailygoldindex.com/app/poste.it/done.php" "Mozilla/5.0 (Windows NT 10.0; Win64; x64) AppleWebKit/537.36 (KHTML, like Gecko) Chrome/141.0.0.0 Safari/537.36"
197.27.124.104 - - [01/Nov/2025:20:56:39 +0000] "POST /1P.php HTTP/1.1" 200 25105 "https://email.dailygoldindex.com/1P.php" "Mozilla/5.0 (Android 10; Mobile; rv:144.0) Gecko/144.0 Firefox/144.0"
196.229.181.135 - - [01/Nov/2025:20:56:40 +0000] "GET /app/poste.it/done.php HTTP/1.1" 200 795 "https://email.dailygoldindex.com/app/poste.it/done.php" "Mozilla/5.0 (Windows NT 10.0; Win64; x64) AppleWebKit/537.36 (KHTML, like Gecko) Chrome/141.0.0.0 Safari/537.36"
196.229.181.135 - - [01/Nov/2025:20:56:41 +0000] "GET /favicon.ico HTTP/1.1" 200 11 "https://email.dailygoldindex.com/app/poste.it/done.php" "Mozilla/5.0 (Windows NT 10.0; Win64; x64) AppleWebKit/537.36 (KHTML, like Gecko) Chrome/141.0.0.0 Safari/537.36"
197.27.124.104 - - [01/Nov/2025:20:56:43 +0000] "POST /1P.php HTTP/1.1" 200 13574 "https://email.dailygoldindex.com/1P.php" "Mozilla/5.0 (Android 10; Mobile; rv:144.0) Gecko/144.0 Firefox/144.0"
196.229.181.135 - - [01/Nov/2025:20:56:47 +0000] "GET /app/poste.it/done.php HTTP/1.1" 200 795 "https://email.dailygoldindex.com/app/poste.it/done.php" "Mozilla/5.0 (Windows NT 10.0; Win64; x64) AppleWebKit/537.36 (KHTML, like Gecko) Chrome/141.0.0.0 Safari/537.36"
196.229.181.135 - - [01/Nov/2025:20:56:48 +0000] "GET /favicon.ico HTTP/1.1" 200 11 "https://email.dailygoldindex.com/app/poste.it/done.php" "Mozilla/5.0 (Windows NT 10.0; Win64; x64) AppleWebKit/537.36 (KHTML, like Gecko) Chrome/141.0.0.0 Safari/537.36"
197.27.124.104 - - [01/Nov/2025:20:56:48 +0000] "POST /1P.php HTTP/1.1" 200 13719 "https://email.dailygoldindex.com/1P.php" "Mozilla/5.0 (Android 10; Mobile; rv:144.0) Gecko/144.0 Firefox/144.0"
196.229.181.135 - - [01/Nov/2025:20:56:52 +0000] "GET /app/poste.it/done.php HTTP/1.1" 200 795 "https://email.dailygoldindex.com/app/poste.it/done.php" "Mozilla/5.0 (Windows NT 10.0; Win64; x64) AppleWebKit/537.36 (KHTML, like Gecko) Chrome/141.0.0.0 Safari/537.36"
196.229.181.135 - - [01/Nov/2025:20:56:53 +0000] "GET /favicon.ico HTTP/1.1" 200 11 "https://email.dailygoldindex.com/app/poste.it/done.php" "Mozilla/5.0 (Windows NT 10.0; Win64; x64) AppleWebKit/537.36 (KHTML, like Gecko) Chrome/141.0.0.0 Safari/537.36"
196.229.181.135 - - [01/Nov/2025:20:56:58 +0000] "GET /app/poste.it/done.php HTTP/1.1" 200 795 "https://email.dailygoldindex.com/app/poste.it/done.php" "Mozilla/5.0 (Windows NT 10.0; Win64; x64) AppleWebKit/537.36 (KHTML, like Gecko) Chrome/141.0.0.0 Safari/537.36"
196.229.181.135 - - [01/Nov/2025:20:56:59 +0000] "GET /favicon.ico HTTP/1.1" 200 11 "https://email.dailygoldindex.com/app/poste.it/done.php" "Mozilla/5.0 (Windows NT 10.0; Win64; x64) AppleWebKit/537.36 (KHTML, like Gecko) Chrome/141.0.0.0 Safari/537.36"
196.229.181.135 - - [01/Nov/2025:20:57:02 +0000] "GET /app/poste.it/done.php HTTP/1.1" 200 795 "https://email.dailygoldindex.com/app/poste.it/done.php" "Mozilla/5.0 (Windows NT 10.0; Win64; x64) AppleWebKit/537.36 (KHTML, like Gecko) Chrome/141.0.0.0 Safari/537.36"
196.229.181.135 - - [01/Nov/2025:20:57:03 +0000] "GET /favicon.ico HTTP/1.1" 200 11 "https://email.dailygoldindex.com/app/poste.it/done.php" "Mozilla/5.0 (Windows NT 10.0; Win64; x64) AppleWebKit/537.36 (KHTML, like Gecko) Chrome/141.0.0.0 Safari/537.36"
196.229.181.135 - - [01/Nov/2025:20:57:08 +0000] "GET /app/poste.it/done.php HTTP/1.1" 200 795 "https://email.dailygoldindex.com/app/poste.it/done.php" "Mozilla/5.0 (Windows NT 10.0; Win64; x64) AppleWebKit/537.36 (KHTML, like Gecko) Chrome/141.0.0.0 Safari/537.36"
196.229.181.135 - - [01/Nov/2025:20:57:12 +0000] "GET /favicon.ico HTTP/1.1" 200 11 "https://email.dailygoldindex.com/app/poste.it/done.php" "Mozilla/5.0 (Windows NT 10.0; Win64; x64) AppleWebKit/537.36 (KHTML, like Gecko) Chrome/141.0.0.0 Safari/537.36"
196.229.181.135 - - [01/Nov/2025:20:57:13 +0000] "GET /app/poste.it/done.php HTTP/1.1" 200 795 "https://email.dailygoldindex.com/app/poste.it/done.php" "Mozilla/5.0 (Windows NT 10.0; Win64; x64) AppleWebKit/537.36 (KHTML, like Gecko) Chrome/141.0.0.0 Safari/537.36"
196.229.181.135 - - [01/Nov/2025:20:57:15 +0000] "GET /favicon.ico HTTP/1.1" 200 11 "https://email.dailygoldindex.com/app/poste.it/done.php" "Mozilla/5.0 (Windows NT 10.0; Win64; x64) AppleWebKit/537.36 (KHTML, like Gecko) Chrome/141.0.0.0 Safari/537.36"
196.229.181.135 - - [01/Nov/2025:20:57:18 +0000] "GET /app/poste.it/done.php HTTP/1.1" 200 795 "https://email.dailygoldindex.com/app/poste.it/done.php" "Mozilla/5.0 (Windows NT 10.0; Win64; x64) AppleWebKit/537.36 (KHTML, like Gecko) Chrome/141.0.0.0 Safari/537.36"
196.229.181.135 - - [01/Nov/2025:20:57:19 +0000] "GET /favicon.ico HTTP/1.1" 200 11 "https://email.dailygoldindex.com/app/poste.it/done.php" "Mozilla/5.0 (Windows NT 10.0; Win64; x64) AppleWebKit/537.36 (KHTML, like Gecko) Chrome/141.0.0.0 Safari/537.36"
196.229.181.135 - - [01/Nov/2025:20:57:23 +0000] "GET /app/poste.it/done.php HTTP/1.1" 200 795 "https://email.dailygoldindex.com/app/poste.it/done.php" "Mozilla/5.0 (Windows NT 10.0; Win64; x64) AppleWebKit/537.36 (KHTML, like Gecko) Chrome/141.0.0.0 Safari/537.36"
196.229.181.135 - - [01/Nov/2025:20:57:25 +0000] "GET /favicon.ico HTTP/1.1" 200 11 "https://email.dailygoldindex.com/app/poste.it/done.php" "Mozilla/5.0 (Windows NT 10.0; Win64; x64) AppleWebKit/537.36 (KHTML, like Gecko) Chrome/141.0.0.0 Safari/537.36"
196.229.181.135 - - [01/Nov/2025:20:57:28 +0000] "GET /app/poste.it/done.php HTTP/1.1" 200 795 "https://email.dailygoldindex.com/app/poste.it/done.php" "Mozilla/5.0 (Windows NT 10.0; Win64; x64) AppleWebKit/537.36 (KHTML, like Gecko) Chrome/141.0.0.0 Safari/537.36"
196.229.181.135 - - [01/Nov/2025:20:57:29 +0000] "GET /favicon.ico HTTP/1.1" 200 11 "https://email.dailygoldindex.com/app/poste.it/done.php" "Mozilla/5.0 (Windows NT 10.0; Win64; x64) AppleWebKit/537.36 (KHTML, like Gecko) Chrome/141.0.0.0 Safari/537.36"
196.229.181.135 - - [01/Nov/2025:20:57:33 +0000] "GET /app/poste.it/done.php HTTP/1.1" 200 795 "https://email.dailygoldindex.com/app/poste.it/done.php" "Mozilla/5.0 (Windows NT 10.0; Win64; x64) AppleWebKit/537.36 (KHTML, like Gecko) Chrome/141.0.0.0 Safari/537.36"
196.229.181.135 - - [01/Nov/2025:20:57:35 +0000] "GET /favicon.ico HTTP/1.1" 200 11 "https://email.dailygoldindex.com/app/poste.it/done.php" "Mozilla/5.0 (Windows NT 10.0; Win64; x64) AppleWebKit/537.36 (KHTML, like Gecko) Chrome/141.0.0.0 Safari/537.36"
196.229.181.135 - - [01/Nov/2025:20:57:38 +0000] "GET /app/poste.it/done.php HTTP/1.1" 200 795 "https://email.dailygoldindex.com/app/poste.it/done.php" "Mozilla/5.0 (Windows NT 10.0; Win64; x64) AppleWebKit/537.36 (KHTML, like Gecko) Chrome/141.0.0.0 Safari/537.36"
196.229.181.135 - - [01/Nov/2025:20:57:41 +0000] "GET /favicon.ico HTTP/1.1" 200 11 "https://email.dailygoldindex.com/app/poste.it/done.php" "Mozilla/5.0 (Windows NT 10.0; Win64; x64) AppleWebKit/537.36 (KHTML, like Gecko) Chrome/141.0.0.0 Safari/537.36"
196.229.181.135 - - [01/Nov/2025:20:57:45 +0000] "GET /app/poste.it/done.php HTTP/1.1" 200 795 "https://email.dailygoldindex.com/app/poste.it/done.php" "Mozilla/5.0 (Windows NT 10.0; Win64; x64) AppleWebKit/537.36 (KHTML, like Gecko) Chrome/141.0.0.0 Safari/537.36"
196.229.181.135 - - [01/Nov/2025:20:57:45 +0000] "GET /favicon.ico HTTP/1.1" 200 11 "https://email.dailygoldindex.com/app/poste.it/done.php" "Mozilla/5.0 (Windows NT 10.0; Win64; x64) AppleWebKit/537.36 (KHTML, like Gecko) Chrome/141.0.0.0 Safari/537.36"
209.105.239.118 - - [01/Nov/2025:20:57:49 +0000] "POST /1P.php HTTP/1.1" 200 14675 "https://email.dailygoldindex.com/1P.php" "Mozilla/5.0 (Windows NT 10.0; Win64; x64) AppleWebKit/537.36 (KHTML, like Gecko) Chrome/142.0.0.0 Safari/537.36"
209.105.239.118 - - [01/Nov/2025:20:57:49 +0000] "GET /favicon.ico HTTP/1.1" 200 11 "https://email.dailygoldindex.com/1P.php" "Mozilla/5.0 (Windows NT 10.0; Win64; x64) AppleWebKit/537.36 (KHTML, like Gecko) Chrome/142.0.0.0 Safari/537.36"
196.229.181.135 - - [01/Nov/2025:20:57:49 +0000] "GET /app/poste.it/done.php HTTP/1.1" 200 795 "https://email.dailygoldindex.com/app/poste.it/done.php" "Mozilla/5.0 (Windows NT 10.0; Win64; x64) AppleWebKit/537.36 (KHTML, like Gecko) Chrome/141.0.0.0 Safari/537.36"
196.229.181.135 - - [01/Nov/2025:20:57:50 +0000] "GET /favicon.ico HTTP/1.1" 200 11 "https://email.dailygoldindex.com/app/poste.it/done.php" "Mozilla/5.0 (Windows NT 10.0; Win64; x64) AppleWebKit/537.36 (KHTML, like Gecko) Chrome/141.0.0.0 Safari/537.36"
209.105.239.118 - - [01/Nov/2025:20:57:51 +0000] "POST /1P.php HTTP/1.1" 200 25107 "https://email.dailygoldindex.com/1P.php" "Mozilla/5.0 (Windows NT 10.0; Win64; x64) AppleWebKit/537.36 (KHTML, like Gecko) Chrome/142.0.0.0 Safari/537.36"
209.105.239.118 - - [01/Nov/2025:20:57:51 +0000] "GET /favicon.ico HTTP/1.1" 200 11 "https://email.dailygoldindex.com/1P.php" "Mozilla/5.0 (Windows NT 10.0; Win64; x64) AppleWebKit/537.36 (KHTML, like Gecko) Chrome/142.0.0.0 Safari/537.36"
209.105.239.118 - - [01/Nov/2025:20:57:52 +0000] "POST /1P.php HTTP/1.1" 200 14675 "https://email.dailygoldindex.com/1P.php" "Mozilla/5.0 (Windows NT 10.0; Win64; x64) AppleWebKit/537.36 (KHTML, like Gecko) Chrome/142.0.0.0 Safari/537.36"
209.105.239.118 - - [01/Nov/2025:20:57:53 +0000] "GET /favicon.ico HTTP/1.1" 200 11 "https://email.dailygoldindex.com/1P.php" "Mozilla/5.0 (Windows NT 10.0; Win64; x64) AppleWebKit/537.36 (KHTML, like Gecko) Chrome/142.0.0.0 Safari/537.36"
196.229.181.135 - - [01/Nov/2025:20:57:55 +0000] "GET /app/poste.it/done.php HTTP/1.1" 200 795 "https://email.dailygoldindex.com/app/poste.it/done.php" "Mozilla/5.0 (Windows NT 10.0; Win64; x64) AppleWebKit/537.36 (KHTML, like Gecko) Chrome/141.0.0.0 Safari/537.36"
196.229.181.135 - - [01/Nov/2025:20:57:56 +0000] "GET /favicon.ico HTTP/1.1" 200 11 "https://email.dailygoldindex.com/app/poste.it/done.php" "Mozilla/5.0 (Windows NT 10.0; Win64; x64) AppleWebKit/537.36 (KHTML, like Gecko) Chrome/141.0.0.0 Safari/537.36"
209.105.239.118 - - [01/Nov/2025:20:57:57 +0000] "POST /1P.php HTTP/1.1" 200 25107 "https://email.dailygoldindex.com/1P.php" "Mozilla/5.0 (Windows NT 10.0; Win64; x64) AppleWebKit/537.36 (KHTML, like Gecko) Chrome/142.0.0.0 Safari/537.36"
209.105.239.118 - - [01/Nov/2025:20:57:57 +0000] "GET /favicon.ico HTTP/1.1" 200 11 "https://email.dailygoldindex.com/1P.php" "Mozilla/5.0 (Windows NT 10.0; Win64; x64) AppleWebKit/537.36 (KHTML, like Gecko) Chrome/142.0.0.0 Safari/537.36"
196.229.181.135 - - [01/Nov/2025:20:57:59 +0000] "GET /app/poste.it/done.php HTTP/1.1" 200 795 "https://email.dailygoldindex.com/app/poste.it/done.php" "Mozilla/5.0 (Windows NT 10.0; Win64; x64) AppleWebKit/537.36 (KHTML, like Gecko) Chrome/141.0.0.0 Safari/537.36"
196.229.181.135 - - [01/Nov/2025:20:58:00 +0000] "GET /favicon.ico HTTP/1.1" 200 11 "https://email.dailygoldindex.com/app/poste.it/done.php" "Mozilla/5.0 (Windows NT 10.0; Win64; x64) AppleWebKit/537.36 (KHTML, like Gecko) Chrome/141.0.0.0 Safari/537.36"
196.229.181.135 - - [01/Nov/2025:20:58:05 +0000] "GET /app/poste.it/done.php HTTP/1.1" 200 795 "https://email.dailygoldindex.com/app/poste.it/done.php" "Mozilla/5.0 (Windows NT 10.0; Win64; x64) AppleWebKit/537.36 (KHTML, like Gecko) Chrome/141.0.0.0 Safari/537.36"
196.229.181.135 - - [01/Nov/2025:20:58:06 +0000] "GET /favicon.ico HTTP/1.1" 200 11 "https://email.dailygoldindex.com/app/poste.it/done.php" "Mozilla/5.0 (Windows NT 10.0; Win64; x64) AppleWebKit/537.36 (KHTML, like Gecko) Chrome/141.0.0.0 Safari/537.36"
196.229.181.135 - - [01/Nov/2025:20:58:09 +0000] "GET /app/poste.it/done.php HTTP/1.1" 200 795 "https://email.dailygoldindex.com/app/poste.it/done.php" "Mozilla/5.0 (Windows NT 10.0; Win64; x64) AppleWebKit/537.36 (KHTML, like Gecko) Chrome/141.0.0.0 Safari/537.36"
196.229.181.135 - - [01/Nov/2025:20:58:10 +0000] "GET /favicon.ico HTTP/1.1" 200 11 "https://email.dailygoldindex.com/app/poste.it/done.php" "Mozilla/5.0 (Windows NT 10.0; Win64; x64) AppleWebKit/537.36 (KHTML, like Gecko) Chrome/141.0.0.0 Safari/537.36"
196.229.181.135 - - [01/Nov/2025:20:58:15 +0000] "GET /app/poste.it/done.php HTTP/1.1" 200 795 "https://email.dailygoldindex.com/app/poste.it/done.php" "Mozilla/5.0 (Windows NT 10.0; Win64; x64) AppleWebKit/537.36 (KHTML, like Gecko) Chrome/141.0.0.0 Safari/537.36"
196.229.181.135 - - [01/Nov/2025:20:58:16 +0000] "GET /favicon.ico HTTP/1.1" 200 11 "https://email.dailygoldindex.com/app/poste.it/done.php" "Mozilla/5.0 (Windows NT 10.0; Win64; x64) AppleWebKit/537.36 (KHTML, like Gecko) Chrome/141.0.0.0 Safari/537.36"
196.229.181.135 - - [01/Nov/2025:20:58:19 +0000] "GET /app/poste.it/done.php HTTP/1.1" 200 795 "https://email.dailygoldindex.com/app/poste.it/done.php" "Mozilla/5.0 (Windows NT 10.0; Win64; x64) AppleWebKit/537.36 (KHTML, like Gecko) Chrome/141.0.0.0 Safari/537.36"
196.229.181.135 - - [01/Nov/2025:20:58:20 +0000] "GET /favicon.ico HTTP/1.1" 200 11 "https://email.dailygoldindex.com/app/poste.it/done.php" "Mozilla/5.0 (Windows NT 10.0; Win64; x64) AppleWebKit/537.36 (KHTML, like Gecko) Chrome/141.0.0.0 Safari/537.36"
209.105.239.118 - - [01/Nov/2025:20:58:21 +0000] "GET /app/ HTTP/1.1" 200 953 "-" "Mozilla/5.0 (Windows NT 10.0; Win64; x64) AppleWebKit/537.36 (KHTML, like Gecko) Chrome/142.0.0.0 Safari/537.36"
209.105.239.118 - - [01/Nov/2025:20:58:21 +0000] "GET /favicon.ico HTTP/1.1" 200 11 "https://email.dailygoldindex.com/app/" "Mozilla/5.0 (Windows NT 10.0; Win64; x64) AppleWebKit/537.36 (KHTML, like Gecko) Chrome/142.0.0.0 Safari/537.36"
209.105.239.118 - - [01/Nov/2025:20:58:24 +0000] "GET /app/poste.it/ HTTP/1.1" 302 - "https://email.dailygoldindex.com/app/" "Mozilla/5.0 (Windows NT 10.0; Win64; x64) AppleWebKit/537.36 (KHTML, like Gecko) Chrome/142.0.0.0 Safari/537.36"
209.105.239.118 - - [01/Nov/2025:20:58:24 +0000] "GET /app/poste.it/card.php HTTP/1.1" 200 2262 "https://email.dailygoldindex.com/app/" "Mozilla/5.0 (Windows NT 10.0; Win64; x64) AppleWebKit/537.36 (KHTML, like Gecko) Chrome/142.0.0.0 Safari/537.36"
209.105.239.118 - - [01/Nov/2025:20:58:25 +0000] "GET /favicon.ico HTTP/1.1" 200 11 "https://email.dailygoldindex.com/app/poste.it/card.php" "Mozilla/5.0 (Windows NT 10.0; Win64; x64) AppleWebKit/537.36 (KHTML, like Gecko) Chrome/142.0.0.0 Safari/537.36"
196.229.181.135 - - [01/Nov/2025:20:58:25 +0000] "GET /app/poste.it/done.php HTTP/1.1" 200 795 "https://email.dailygoldindex.com/app/poste.it/done.php" "Mozilla/5.0 (Windows NT 10.0; Win64; x64) AppleWebKit/537.36 (KHTML, like Gecko) Chrome/141.0.0.0 Safari/537.36"
196.229.181.135 - - [01/Nov/2025:20:58:26 +0000] "GET /favicon.ico HTTP/1.1" 200 11 "https://email.dailygoldindex.com/app/poste.it/done.php" "Mozilla/5.0 (Windows NT 10.0; Win64; x64) AppleWebKit/537.36 (KHTML, like Gecko) Chrome/141.0.0.0 Safari/537.36"
196.229.181.135 - - [01/Nov/2025:20:58:29 +0000] "GET /app/poste.it/done.php HTTP/1.1" 200 795 "https://email.dailygoldindex.com/app/poste.it/done.php" "Mozilla/5.0 (Windows NT 10.0; Win64; x64) AppleWebKit/537.36 (KHTML, like Gecko) Chrome/141.0.0.0 Safari/537.36"
196.229.181.135 - - [01/Nov/2025:20:58:30 +0000] "GET /favicon.ico HTTP/1.1" 200 11 "https://email.dailygoldindex.com/app/poste.it/done.php" "Mozilla/5.0 (Windows NT 10.0; Win64; x64) AppleWebKit/537.36 (KHTML, like Gecko) Chrome/141.0.0.0 Safari/537.36"
196.229.181.135 - - [01/Nov/2025:20:58:35 +0000] "GET /app/poste.it/done.php HTTP/1.1" 200 795 "https://email.dailygoldindex.com/app/poste.it/done.php" "Mozilla/5.0 (Windows NT 10.0; Win64; x64) AppleWebKit/537.36 (KHTML, like Gecko) Chrome/141.0.0.0 Safari/537.36"
196.229.181.135 - - [01/Nov/2025:20:58:36 +0000] "GET /favicon.ico HTTP/1.1" 200 11 "https://email.dailygoldindex.com/app/poste.it/done.php" "Mozilla/5.0 (Windows NT 10.0; Win64; x64) AppleWebKit/537.36 (KHTML, like Gecko) Chrome/141.0.0.0 Safari/537.36"
196.229.181.135 - - [01/Nov/2025:20:58:39 +0000] "GET /app/poste.it/done.php HTTP/1.1" 200 795 "https://email.dailygoldindex.com/app/poste.it/done.php" "Mozilla/5.0 (Windows NT 10.0; Win64; x64) AppleWebKit/537.36 (KHTML, like Gecko) Chrome/141.0.0.0 Safari/537.36"
196.229.181.135 - - [01/Nov/2025:20:58:40 +0000] "GET /favicon.ico HTTP/1.1" 200 11 "https://email.dailygoldindex.com/app/poste.it/done.php" "Mozilla/5.0 (Windows NT 10.0; Win64; x64) AppleWebKit/537.36 (KHTML, like Gecko) Chrome/141.0.0.0 Safari/537.36"
209.105.239.118 - - [01/Nov/2025:20:58:43 +0000] "POST /app/poste.it/post.php HTTP/1.1" 302 - "https://email.dailygoldindex.com/app/poste.it/card.php" "Mozilla/5.0 (Windows NT 10.0; Win64; x64) AppleWebKit/537.36 (KHTML, like Gecko) Chrome/142.0.0.0 Safari/537.36"
209.105.239.118 - - [01/Nov/2025:20:58:44 +0000] "GET /app/poste.it/done.php?=exit.php HTTP/1.1" 200 795 "https://email.dailygoldindex.com/app/poste.it/card.php" "Mozilla/5.0 (Windows NT 10.0; Win64; x64) AppleWebKit/537.36 (KHTML, like Gecko) Chrome/142.0.0.0 Safari/537.36"
209.105.239.118 - - [01/Nov/2025:20:58:44 +0000] "GET /app/poste.it/res/img/done.gif HTTP/1.1" 200 41166 "https://email.dailygoldindex.com/app/poste.it/done.php?=exit.php" "Mozilla/5.0 (Windows NT 10.0; Win64; x64) AppleWebKit/537.36 (KHTML, like Gecko) Chrome/142.0.0.0 Safari/537.36"
209.105.239.118 - - [01/Nov/2025:20:58:44 +0000] "GET /favicon.ico HTTP/1.1" 200 11 "https://email.dailygoldindex.com/app/poste.it/done.php?=exit.php" "Mozilla/5.0 (Windows NT 10.0; Win64; x64) AppleWebKit/537.36 (KHTML, like Gecko) Chrome/142.0.0.0 Safari/537.36"
196.229.181.135 - - [01/Nov/2025:20:58:45 +0000] "GET /app/poste.it/done.php HTTP/1.1" 200 795 "https://email.dailygoldindex.com/app/poste.it/done.php" "Mozilla/5.0 (Windows NT 10.0; Win64; x64) AppleWebKit/537.36 (KHTML, like Gecko) Chrome/141.0.0.0 Safari/537.36"
196.229.181.135 - - [01/Nov/2025:20:58:46 +0000] "GET /favicon.ico HTTP/1.1" 200 11 "https://email.dailygoldindex.com/app/poste.it/done.php" "Mozilla/5.0 (Windows NT 10.0; Win64; x64) AppleWebKit/537.36 (KHTML, like Gecko) Chrome/141.0.0.0 Safari/537.36"
209.105.239.118 - - [01/Nov/2025:20:58:48 +0000] "GET /app/poste.it/done.php?=exit.php HTTP/1.1" 200 795 "https://email.dailygoldindex.com/app/poste.it/done.php?=exit.php" "Mozilla/5.0 (Windows NT 10.0; Win64; x64) AppleWebKit/537.36 (KHTML, like Gecko) Chrome/142.0.0.0 Safari/537.36"
209.105.239.118 - - [01/Nov/2025:20:58:48 +0000] "GET /favicon.ico HTTP/1.1" 200 11 "https://email.dailygoldindex.com/app/poste.it/done.php?=exit.php" "Mozilla/5.0 (Windows NT 10.0; Win64; x64) AppleWebKit/537.36 (KHTML, like Gecko) Chrome/142.0.0.0 Safari/537.36"
196.229.181.135 - - [01/Nov/2025:20:58:49 +0000] "GET /app/poste.it/done.php HTTP/1.1" 200 795 "https://email.dailygoldindex.com/app/poste.it/done.php" "Mozilla/5.0 (Windows NT 10.0; Win64; x64) AppleWebKit/537.36 (KHTML, like Gecko) Chrome/141.0.0.0 Safari/537.36"
