HEX
Server: Apache
System: Linux nc-ph-4101.simplemoneygoals.com 5.14.0-503.21.1.el9_5.x86_64 #1 SMP PREEMPT_DYNAMIC Sun Jan 12 09:45:05 EST 2025 x86_64
User: dailygoldindex (1004)
PHP: 8.1.33
Disabled: NONE
Upload Files
File: /home/dailygoldindex/access-logs/dailygoldindex.com
49.7.227.204 - - [30/Oct/2025:12:20:38 +0000] "GET / HTTP/1.1" 301 235 "-" "Mozilla/5.0 (iPhone; CPU iPhone OS 13_2_3 like Mac OS X) AppleWebKit/605.1.15 (KHTML, like Gecko) Version/13.0.3 Mobile/15E148 Safari/604.1"
216.244.66.237 - - [30/Oct/2025:12:30:47 +0000] "GET /robots.txt HTTP/1.1" 301 245 "-" "Mozilla/5.0 (compatible; DotBot/1.2; +https://opensiteexplorer.org/dotbot; help@moz.com)"
188.132.137.43 - - [30/Oct/2025:12:41:18 +0000] "GET /wp-content/plugins/WordPressCore/include.php HTTP/1.1" 301 279 "-" "Mozilla/5.0 (Windows NT 10.0; Win64; x64) AppleWebKit/537.36 (KHTML, like Gecko) Chrome/138.0.7204.92 Safari/537.36"
170.106.192.3 - - [30/Oct/2025:13:09:02 +0000] "GET / HTTP/1.1" 301 239 "-" "Mozilla/5.0 (iPhone; CPU iPhone OS 13_2_3 like Mac OS X) AppleWebKit/605.1.15 (KHTML, like Gecko) Version/13.0.3 Mobile/15E148 Safari/604.1"
207.102.138.19 - - [30/Oct/2025:13:10:00 +0000] "GET / HTTP/1.1" 301 235 "-" "Mozilla/5.0 (Windows NT 10.0; Win64; x64) AppleWebKit/537.36 (KHTML, like Gecko) Chrome/122.0.0.0 Safari/537.36 Edg/122.0.0.0"
199.85.208.47 - - [30/Oct/2025:13:17:03 +0000] "GET /.well-known/acme-challenge/0IB97OO-XLHO7OG5T05AB0EGSWUGQ4QK HTTP/1.1" 200 64 "-" "Cpanel-HTTP-Client/1.0"
199.85.208.47 - - [30/Oct/2025:13:17:03 +0000] "GET /.well-known/acme-challenge/9Z28IX-PV1JB_QC6E2IQ3O-8YP947K12 HTTP/1.1" 200 64 "-" "Cpanel-HTTP-Client/1.0"
50.28.41.31 - - [30/Oct/2025:13:24:16 +0000] "GET /.well-known/acme-challenge/FWP7TMXB8O533FA0XDGC9YH27X12W-3D HTTP/1.1" 404 - "-" "Cpanel-HTTP-Client/1.0"
50.28.41.31 - - [30/Oct/2025:13:24:17 +0000] "GET /.well-known/acme-challenge/FI3QVW830_RO6O_S5LXWX9B9TVZOFZBH HTTP/1.1" 404 - "-" "Cpanel-HTTP-Client/1.0"
83.99.151.67 - - [30/Oct/2025:13:27:17 +0000] "GET /robots.txt HTTP/1.1" 301 245 "-" "Mozilla/5.0 (X11; Linux x86_64) AppleWebKit/537.36 (KHTML, like Gecko; GeedoProductSearch; +https://geedo.com/product-search.html) Chrome/134.0.0.0 Safari/537.36"
83.99.151.67 - - [30/Oct/2025:13:27:18 +0000] "GET / HTTP/1.1" 301 235 "-" "Mozilla/5.0 (X11; Linux x86_64) AppleWebKit/537.36 (KHTML, like Gecko; GeedoProductSearch; +https://geedo.com/product-search.html) Chrome/134.0.0.0 Safari/537.36"
190.2.143.208 - - [30/Oct/2025:13:35:01 +0000] "GET / HTTP/1.1" 301 235 "-" "LinkBloom/2.7.11 (Educational Domain Discovery; +https://hamidsoltani.com/linkbloom)"
20.18.64.97 - - [30/Oct/2025:13:40:39 +0000] "GET /wp-content/plugins/hellopress/wp_filemanager.php HTTP/1.1" 301 283 "-" "-"
20.18.64.97 - - [30/Oct/2025:13:40:41 +0000] "GET /shoha.php HTTP/1.1" 301 244 "-" "-"
20.18.64.97 - - [30/Oct/2025:13:40:42 +0000] "GET /atomlib.php HTTP/1.1" 301 246 "-" "-"
20.18.64.97 - - [30/Oct/2025:13:40:42 +0000] "GET /cong.php HTTP/1.1" 301 243 "-" "-"
20.18.64.97 - - [30/Oct/2025:13:40:43 +0000] "GET /g.php HTTP/1.1" 301 240 "-" "-"
20.18.64.97 - - [30/Oct/2025:13:40:44 +0000] "GET /log.php HTTP/1.1" 301 242 "-" "-"
20.18.64.97 - - [30/Oct/2025:13:40:44 +0000] "GET /1index.php HTTP/1.1" 301 245 "-" "-"
20.18.64.97 - - [30/Oct/2025:13:40:45 +0000] "GET /fmk.php HTTP/1.1" 301 242 "-" "-"
20.18.64.97 - - [30/Oct/2025:13:40:46 +0000] "GET /xl2023.php HTTP/1.1" 301 245 "-" "-"
20.18.64.97 - - [30/Oct/2025:13:40:46 +0000] "GET /new.php HTTP/1.1" 301 242 "-" "-"
20.18.64.97 - - [30/Oct/2025:13:40:47 +0000] "GET /AxAo.php HTTP/1.1" 301 243 "-" "-"
20.18.64.97 - - [30/Oct/2025:13:40:48 +0000] "GET /chosen.php HTTP/1.1" 301 245 "-" "-"
20.18.64.97 - - [30/Oct/2025:13:40:48 +0000] "GET /update/f35.php HTTP/1.1" 301 249 "-" "-"
216.244.66.237 - - [30/Oct/2025:14:04:47 +0000] "GET /robots.txt HTTP/1.1" 301 245 "-" "Mozilla/5.0 (compatible; DotBot/1.2; +https://opensiteexplorer.org/dotbot; help@moz.com)"
4.230.45.133 - - [30/Oct/2025:14:39:42 +0000] "GET /wp-content/plugins/hellopress/wp_filemanager.php HTTP/1.1" 301 283 "-" "-"
4.230.45.133 - - [30/Oct/2025:14:39:45 +0000] "GET /CLA.php HTTP/1.1" 301 242 "-" "-"
4.230.45.133 - - [30/Oct/2025:14:39:46 +0000] "GET /aa.php HTTP/1.1" 301 241 "-" "-"
4.230.45.133 - - [30/Oct/2025:14:39:47 +0000] "GET /gfile.php HTTP/1.1" 301 244 "-" "-"
4.230.45.133 - - [30/Oct/2025:14:39:48 +0000] "GET /nc4.php HTTP/1.1" 301 242 "-" "-"
4.230.45.133 - - [30/Oct/2025:14:39:48 +0000] "GET /aa.php HTTP/1.1" 301 241 "-" "-"
4.230.45.133 - - [30/Oct/2025:14:39:49 +0000] "GET /gfile.php HTTP/1.1" 301 244 "-" "-"
4.230.45.133 - - [30/Oct/2025:14:39:50 +0000] "GET /nc4.php HTTP/1.1" 301 242 "-" "-"
4.230.45.133 - - [30/Oct/2025:14:39:51 +0000] "GET /orm.php HTTP/1.1" 301 242 "-" "-"
4.230.45.133 - - [30/Oct/2025:14:39:51 +0000] "GET /gmo.php HTTP/1.1" 301 242 "-" "-"
4.230.45.133 - - [30/Oct/2025:14:39:52 +0000] "GET /akcc.php HTTP/1.1" 301 243 "-" "-"
4.230.45.133 - - [30/Oct/2025:14:39:53 +0000] "GET /nx.php HTTP/1.1" 301 241 "-" "-"
4.230.45.133 - - [30/Oct/2025:14:39:54 +0000] "GET /php.php HTTP/1.1" 301 242 "-" "-"
4.230.45.133 - - [30/Oct/2025:14:39:55 +0000] "GET /sx21_1.php HTTP/1.1" 301 245 "-" "-"
4.230.45.133 - - [30/Oct/2025:14:39:55 +0000] "GET /bluejackets.php HTTP/1.1" 301 250 "-" "-"
4.230.45.133 - - [30/Oct/2025:14:39:56 +0000] "GET /file17.php HTTP/1.1" 301 245 "-" "-"
4.230.45.133 - - [30/Oct/2025:14:39:57 +0000] "GET /pop.php HTTP/1.1" 301 242 "-" "-"
4.230.45.133 - - [30/Oct/2025:14:39:58 +0000] "GET /nx9.php HTTP/1.1" 301 242 "-" "-"
4.230.45.133 - - [30/Oct/2025:14:39:58 +0000] "GET /kwm4.php HTTP/1.1" 301 243 "-" "-"
4.230.45.133 - - [30/Oct/2025:14:39:59 +0000] "GET /ea3f.php HTTP/1.1" 301 243 "-" "-"
4.230.45.133 - - [30/Oct/2025:14:40:00 +0000] "GET /akp.php HTTP/1.1" 301 242 "-" "-"
4.230.45.133 - - [30/Oct/2025:14:40:01 +0000] "GET /xp.php HTTP/1.1" 301 241 "-" "-"
4.230.45.133 - - [30/Oct/2025:14:40:01 +0000] "GET /cwsd.php HTTP/1.1" 301 243 "-" "-"
4.230.45.133 - - [30/Oct/2025:14:40:02 +0000] "GET /1aa.php HTTP/1.1" 301 242 "-" "-"
4.230.45.133 - - [30/Oct/2025:14:40:03 +0000] "GET /litanies.php HTTP/1.1" 301 247 "-" "-"
4.230.45.133 - - [30/Oct/2025:14:40:04 +0000] "GET /asasx.php HTTP/1.1" 301 244 "-" "-"
4.230.45.133 - - [30/Oct/2025:14:40:05 +0000] "GET /just2.php HTTP/1.1" 301 244 "-" "-"
4.230.45.133 - - [30/Oct/2025:14:40:05 +0000] "GET /classwithtostring.php HTTP/1.1" 301 256 "-" "-"
4.230.45.133 - - [30/Oct/2025:14:40:06 +0000] "GET /j.php HTTP/1.1" 301 240 "-" "-"
4.230.45.133 - - [30/Oct/2025:14:40:07 +0000] "GET /g.php HTTP/1.1" 301 240 "-" "-"
4.230.45.133 - - [30/Oct/2025:14:40:08 +0000] "GET /ex.php HTTP/1.1" 301 241 "-" "-"
4.230.45.133 - - [30/Oct/2025:14:40:08 +0000] "GET /1.php HTTP/1.1" 301 240 "-" "-"
4.230.45.133 - - [30/Oct/2025:14:40:09 +0000] "GET /s.php HTTP/1.1" 301 240 "-" "-"
4.230.45.133 - - [30/Oct/2025:14:40:10 +0000] "GET /sx21_1.php HTTP/1.1" 301 245 "-" "-"
4.230.45.133 - - [30/Oct/2025:14:40:11 +0000] "GET /let.php HTTP/1.1" 301 242 "-" "-"
4.230.45.133 - - [30/Oct/2025:14:40:11 +0000] "GET /akcc.php HTTP/1.1" 301 243 "-" "-"
4.230.45.133 - - [30/Oct/2025:14:40:12 +0000] "GET /amphicyon.php HTTP/1.1" 301 248 "-" "-"
4.230.45.133 - - [30/Oct/2025:14:40:13 +0000] "GET /k.php HTTP/1.1" 301 240 "-" "-"
4.230.45.133 - - [30/Oct/2025:14:40:13 +0000] "GET /sec.php HTTP/1.1" 301 242 "-" "-"
4.230.45.133 - - [30/Oct/2025:14:40:14 +0000] "GET /xp.php HTTP/1.1" 301 241 "-" "-"
4.230.45.133 - - [30/Oct/2025:14:40:15 +0000] "GET /ext.php HTTP/1.1" 301 242 "-" "-"
4.230.45.133 - - [30/Oct/2025:14:40:16 +0000] "GET /0x.php HTTP/1.1" 301 241 "-" "-"
4.230.45.133 - - [30/Oct/2025:14:40:17 +0000] "GET /xp.php HTTP/1.1" 301 241 "-" "-"
4.230.45.133 - - [30/Oct/2025:14:40:17 +0000] "GET /file.php HTTP/1.1" 301 243 "-" "-"
4.230.45.133 - - [30/Oct/2025:14:40:18 +0000] "GET /themes.php HTTP/1.1" 301 245 "-" "-"
139.59.38.124 - - [30/Oct/2025:14:48:40 +0000] "GET / HTTP/1.1" 301 235 "-" "Mozilla/5.0 (X11; Linux x86_64) AppleWebKit/537.36 (KHTML, like Gecko) Chrome/139.0.0.0 Safari/537.36"
139.59.38.124 - - [30/Oct/2025:14:48:41 +0000] "GET /favicon.ico HTTP/1.1" 301 246 "http://dailygoldindex.com/" "Mozilla/5.0 (X11; Linux x86_64) AppleWebKit/537.36 (KHTML, like Gecko) Chrome/139.0.0.0 Safari/537.36"
216.244.66.237 - - [30/Oct/2025:15:37:27 +0000] "GET /robots.txt HTTP/1.1" 301 245 "-" "Mozilla/5.0 (compatible; DotBot/1.2; +https://opensiteexplorer.org/dotbot; help@moz.com)"
199.85.208.47 - - [30/Oct/2025:16:17:02 +0000] "GET /.well-known/acme-challenge/OTZ98DD790QN5J7N22RBPIDS_5362PGX HTTP/1.1" 200 64 "-" "Cpanel-HTTP-Client/1.0"
199.85.208.47 - - [30/Oct/2025:16:17:02 +0000] "GET /.well-known/acme-challenge/9-RJMRZI563TZCRFX2HJQU9RUMD6U9LL HTTP/1.1" 200 64 "-" "Cpanel-HTTP-Client/1.0"
43.130.106.18 - - [30/Oct/2025:16:23:28 +0000] "GET / HTTP/1.1" 301 235 "-" "Mozilla/5.0 (iPhone; CPU iPhone OS 13_2_3 like Mac OS X) AppleWebKit/605.1.15 (KHTML, like Gecko) Version/13.0.3 Mobile/15E148 Safari/604.1"
50.28.41.31 - - [30/Oct/2025:16:24:17 +0000] "GET /.well-known/acme-challenge/QMVWTOVZVKHWQJLR_H-1XRO1HDU19WF2 HTTP/1.1" 404 - "-" "Cpanel-HTTP-Client/1.0"
50.28.41.31 - - [30/Oct/2025:16:24:17 +0000] "GET /.well-known/acme-challenge/JTAS-O5MUIBL5ZZG29KUZ4POIXPPDOQV HTTP/1.1" 404 - "-" "Cpanel-HTTP-Client/1.0"
185.197.192.205 - - [30/Oct/2025:16:51:46 +0000] "GET / HTTP/1.1" 301 239 "-" "eMClient/10.3.2619.0"
185.197.192.205 - - [30/Oct/2025:16:52:41 +0000] "GET /favicon.ico HTTP/1.1" 301 250 "-" "eMClient/10.3.2619.0"
185.197.192.205 - - [30/Oct/2025:16:52:41 +0000] "GET /apple-touch-icon.png HTTP/1.1" 301 259 "-" "eMClient/10.3.2619.0"
185.197.192.205 - - [30/Oct/2025:16:52:41 +0000] "GET /apple-touch-icon-precomposed.png HTTP/1.1" 301 271 "-" "eMClient/10.3.2619.0"
185.197.192.205 - - [30/Oct/2025:16:52:42 +0000] "GET /favicon.ico HTTP/1.1" 301 246 "-" "eMClient/10.3.2619.0"
185.197.192.205 - - [30/Oct/2025:16:52:42 +0000] "GET /apple-touch-icon.png HTTP/1.1" 301 255 "-" "eMClient/10.3.2619.0"
185.197.192.205 - - [30/Oct/2025:16:52:42 +0000] "GET /apple-touch-icon-precomposed.png HTTP/1.1" 301 267 "-" "eMClient/10.3.2619.0"
217.154.189.35 - - [30/Oct/2025:17:32:49 +0000] "HEAD / HTTP/1.1" 301 - "https://dailygoldindex.com/" "Mozilla/5.0 (Windows NT 10.0; Win64; x64) AppleWebKit/537.36 (KHTML, like Gecko) Chrome/91.0.4472.124 Safari/537.36"
103.112.55.79 - - [30/Oct/2025:17:47:25 +0000] "GET /post.php HTTP/1.1" 301 243 "-" "Mozilla/5.0 (Windows NT 10.0; Win64; x64) AppleWebKit/537.36 (KHTML, like Gecko) Chrome/141.0.0.0 Safari/537.36"
182.42.105.144 - - [30/Oct/2025:18:38:30 +0000] "GET / HTTP/1.1" 301 239 "-" "Mozilla/5.0 (iPhone; CPU iPhone OS 13_2_3 like Mac OS X) AppleWebKit/605.1.15 (KHTML, like Gecko) Version/13.0.3 Mobile/15E148 Safari/604.1"
45.131.155.101 - - [30/Oct/2025:18:55:59 +0000] "GET / HTTP/1.1" 301 235 "-" "Mozilla/5.0 (Macintosh; Intel Mac OS X 10_15_7) AppleWebKit/537.36 (KHTML, like Gecko) Chrome/116.0.0.0 Safari/537.36"
199.85.208.47 - - [30/Oct/2025:19:17:02 +0000] "GET /.well-known/acme-challenge/VPI9L5Z-FE3SM_NYPG61GQ4CK6_93JFZ HTTP/1.1" 200 64 "-" "Cpanel-HTTP-Client/1.0"
199.85.208.47 - - [30/Oct/2025:19:17:02 +0000] "GET /.well-known/acme-challenge/FLM5S8N32PRUYAR025SSP0NU10JKS22D HTTP/1.1" 200 64 "-" "Cpanel-HTTP-Client/1.0"
50.28.41.31 - - [30/Oct/2025:19:24:16 +0000] "GET /.well-known/acme-challenge/-306C0108C2790WV52J0L8T356GEOXJA HTTP/1.1" 404 - "-" "Cpanel-HTTP-Client/1.0"
50.28.41.31 - - [30/Oct/2025:19:24:16 +0000] "GET /.well-known/acme-challenge/6TWR_0TV6-3P1I4D6G2NQ-4M8XN1E2C- HTTP/1.1" 404 - "-" "Cpanel-HTTP-Client/1.0"
196.251.81.64 - - [30/Oct/2025:19:25:55 +0000] "GET / HTTP/1.1" 301 235 "-" "Mozilla/5.0 (Windows NT 10.0; Win64; x64) AppleWebKit/537.36 (KHTML, like Gecko) Chrome/89.0.4389.114 Safari/537.36"
216.244.66.237 - - [30/Oct/2025:19:53:37 +0000] "GET /robots.txt HTTP/1.1" 301 245 "-" "Mozilla/5.0 (compatible; DotBot/1.2; +https://opensiteexplorer.org/dotbot; help@moz.com)"
13.74.149.244 - - [30/Oct/2025:20:25:24 +0000] "GET /wp-content/plugins/hellopress/wp_filemanager.php HTTP/1.1" 301 283 "-" "-"
169.150.203.249 - - [30/Oct/2025:20:41:59 +0000] "GET / HTTP/1.1" 301 235 "-" "Mozilla/5.0 (Windows NT 10.0; Win64; x64) AppleWebKit/537.36 (KHTML, like Gecko) Chrome/78.0.3904.108 Safari/537.36"
114.119.182.143 - - [30/Oct/2025:20:51:59 +0000] "GET /2023/11/16/nh-catapults-into-history-with-controversial-presidential-primary HTTP/1.1" 301 311 "-" "Mozilla/5.0 (Macintosh; Intel Mac OS X 10_15_7) AppleWebKit/537.36 (KHTML, like Gecko) Chrome/128.0.0.0 Safari/537.36"
119.8.171.235 - - [30/Oct/2025:20:53:29 +0000] "GET /2023/11/16/nh-catapults-into-history-with-controversial-presidential-primary HTTP/1.1" 301 311 "-" "Mozilla/5.0 (iPhone; CPU iPhone OS 16_0 like Mac OS X) AppleWebKit/605.1.15 (KHTML, like Gecko) Version/18.0 Mobile/15E148 Safari/604.1"
4.216.91.190 - - [30/Oct/2025:21:04:54 +0000] "GET //wp-content/plugins/fix/up.php HTTP/1.1" 301 264 "-" "Mozilla/5.0 (Windows NT 10.0; Win64; x64) AppleWebKit/537.36 (KHTML, like Gecko) Chrome/85.0.4183.102 Safari/537.36"
124.243.187.128 - - [30/Oct/2025:22:02:48 +0000] "GET /2023/11/16/nh-catapults-into-history-with-controversial-presidential-primary HTTP/1.1" 301 311 "http://dailygoldindex.com/2023/11/16/nh-catapults-into-history-with-controversial-presidential-primary" "Mozilla/5.0 (Macintosh; Intel Mac OS X 10_15_7) AppleWebKit/537.36 (KHTML, like Gecko) Chrome/123.0.0.0 Safari/537.36"
159.138.121.143 - - [30/Oct/2025:22:06:39 +0000] "GET /2023/11/16/nh-catapults-into-history-with-controversial-presidential-primary HTTP/1.1" 301 311 "http://dailygoldindex.com/2023/11/16/nh-catapults-into-history-with-controversial-presidential-primary" "Mozilla/5.0 (Macintosh; Intel Mac OS X 10_15_7) AppleWebKit/537.36 (KHTML, like Gecko) Chrome/123.0.0.0 Safari/537.36"
216.244.66.237 - - [30/Oct/2025:22:10:45 +0000] "GET /robots.txt HTTP/1.1" 301 245 "-" "Mozilla/5.0 (compatible; DotBot/1.2; +https://opensiteexplorer.org/dotbot; help@moz.com)"
199.85.208.47 - - [30/Oct/2025:22:17:02 +0000] "GET /.well-known/acme-challenge/JZKKNN8X-LO6PN7JU_D2VH_WKEMJ2LZ7 HTTP/1.1" 200 64 "-" "Cpanel-HTTP-Client/1.0"
199.85.208.47 - - [30/Oct/2025:22:17:02 +0000] "GET /.well-known/acme-challenge/YAR6BX3K_E1MC9TM3U2OQR0LHVMT_H6- HTTP/1.1" 200 64 "-" "Cpanel-HTTP-Client/1.0"
50.28.41.31 - - [30/Oct/2025:22:24:17 +0000] "GET /.well-known/acme-challenge/P_J-DK5SDSUUWLB9BMUS1FGNB8780QA_ HTTP/1.1" 404 - "-" "Cpanel-HTTP-Client/1.0"
50.28.41.31 - - [30/Oct/2025:22:24:17 +0000] "GET /.well-known/acme-challenge/UDCBVF539CJ_-9CRZ6QMF3DEOX1WEKF7 HTTP/1.1" 404 - "-" "Cpanel-HTTP-Client/1.0"
4.217.235.135 - - [30/Oct/2025:22:51:47 +0000] "POST /ALFA_DATA/alfacgiapi/perl.alfa HTTP/1.1" 301 265 "www.google.com" "Mozlila/5.0 (Linux; Android 7.0; SM-G892A Bulid/NRD90M; wv) AppleWebKit/537.36 (KHTML, like Gecko) Version/4.0 Chrome/60.0.3112.107 Moblie Safari/537.36"
4.217.235.135 - - [30/Oct/2025:22:51:47 +0000] "POST /wp-plain.php HTTP/1.1" 301 247 "www.google.com" "Mozilla/5.0 (Linux; Android 7.0; SM-G892A Bulid/NRD90M; wv) AppleWebKit/537.36 (KHTML, like Gecko) Version/4.0 Chrome/60.0.3112.107 Moblie Safari/537.36"
4.217.235.135 - - [30/Oct/2025:22:51:48 +0000] "GET / HTTP/1.1" 301 235 "-" "Mozlila/5.0 (Linux; Android 7.0; SM-G892A Bulid/NRD90M; wv) AppleWebKit/537.36 (KHTML, like Gecko) Version/4.0 Chrome/60.0.3112.107 Moblie Safari/537.36"
4.217.235.135 - - [30/Oct/2025:22:51:48 +0000] "GET /wp-content/themes/seotheme/db.php?u HTTP/1.1" 301 270 "www.google.com" "Mozlila/5.0 (Linux; Android 7.0; SM-G892A Bulid/NRD90M; wv) AppleWebKit/537.36 (KHTML, like Gecko) Version/4.0 Chrome/60.0.3112.107 Moblie Safari/537.36"
4.217.235.135 - - [30/Oct/2025:22:51:49 +0000] "POST /alfacgiapi/perl.alfa HTTP/1.1" 301 255 "www.google.com" "Mozlila/5.0 (Linux; Android 7.0; SM-G892A Bulid/NRD90M; wv) AppleWebKit/537.36 (KHTML, like Gecko) Version/4.0 Chrome/60.0.3112.107 Moblie Safari/537.36"
4.217.235.135 - - [30/Oct/2025:22:55:34 +0000] "POST /ALFA_DATA/alfacgiapi/perl.alfa HTTP/1.1" 301 265 "www.google.com" "Mozlila/5.0 (Linux; Android 7.0; SM-G892A Bulid/NRD90M; wv) AppleWebKit/537.36 (KHTML, like Gecko) Version/4.0 Chrome/60.0.3112.107 Moblie Safari/537.36"
4.217.235.135 - - [30/Oct/2025:22:55:34 +0000] "POST /wp-plain.php HTTP/1.1" 301 247 "www.google.com" "Mozilla/5.0 (Linux; Android 7.0; SM-G892A Bulid/NRD90M; wv) AppleWebKit/537.36 (KHTML, like Gecko) Version/4.0 Chrome/60.0.3112.107 Moblie Safari/537.36"
4.217.235.135 - - [30/Oct/2025:22:55:34 +0000] "GET / HTTP/1.1" 301 235 "-" "Mozlila/5.0 (Linux; Android 7.0; SM-G892A Bulid/NRD90M; wv) AppleWebKit/537.36 (KHTML, like Gecko) Version/4.0 Chrome/60.0.3112.107 Moblie Safari/537.36"
4.217.235.135 - - [30/Oct/2025:22:55:34 +0000] "GET /wp-content/themes/seotheme/db.php?u HTTP/1.1" 301 270 "www.google.com" "Mozlila/5.0 (Linux; Android 7.0; SM-G892A Bulid/NRD90M; wv) AppleWebKit/537.36 (KHTML, like Gecko) Version/4.0 Chrome/60.0.3112.107 Moblie Safari/537.36"
4.217.235.135 - - [30/Oct/2025:22:55:35 +0000] "POST /alfacgiapi/perl.alfa HTTP/1.1" 301 255 "www.google.com" "Mozlila/5.0 (Linux; Android 7.0; SM-G892A Bulid/NRD90M; wv) AppleWebKit/537.36 (KHTML, like Gecko) Version/4.0 Chrome/60.0.3112.107 Moblie Safari/537.36"
4.216.91.190 - - [30/Oct/2025:23:34:00 +0000] "GET //wp-content/plugins/fix/up.php HTTP/1.1" 301 264 "-" "Mozilla/5.0 (Windows NT 10.0; Win64; x64) AppleWebKit/537.36 (KHTML, like Gecko) Chrome/85.0.4183.102 Safari/537.36"
51.75.249.247 - - [31/Oct/2025:00:07:19 +0000] "GET /wp-admin/admin-ajax.php?action=duplicator_download&file=../wp-config.php HTTP/1.1" 301 311 "-" "python-requests/2.22.0"
182.42.105.85 - - [31/Oct/2025:00:30:23 +0000] "GET / HTTP/1.1" 301 235 "-" "Mozilla/5.0 (iPhone; CPU iPhone OS 13_2_3 like Mac OS X) AppleWebKit/605.1.15 (KHTML, like Gecko) Version/13.0.3 Mobile/15E148 Safari/604.1"
4.217.235.135 - - [31/Oct/2025:00:45:52 +0000] "GET / HTTP/1.1" 301 235 "-" "Mozlila/5.0 (Linux; Android 7.0; SM-G892A Bulid/NRD90M; wv) AppleWebKit/537.36 (KHTML, like Gecko) Version/4.0 Chrome/60.0.3112.107 Moblie Safari/537.36"
4.217.235.135 - - [31/Oct/2025:00:45:52 +0000] "POST /wp-plain.php HTTP/1.1" 301 247 "www.google.com" "Mozilla/5.0 (Linux; Android 7.0; SM-G892A Bulid/NRD90M; wv) AppleWebKit/537.36 (KHTML, like Gecko) Version/4.0 Chrome/60.0.3112.107 Moblie Safari/537.36"
4.217.235.135 - - [31/Oct/2025:00:45:52 +0000] "GET /wp-content/themes/seotheme/db.php?u HTTP/1.1" 301 270 "www.google.com" "Mozlila/5.0 (Linux; Android 7.0; SM-G892A Bulid/NRD90M; wv) AppleWebKit/537.36 (KHTML, like Gecko) Version/4.0 Chrome/60.0.3112.107 Moblie Safari/537.36"
4.217.235.135 - - [31/Oct/2025:00:45:52 +0000] "POST /ALFA_DATA/alfacgiapi/perl.alfa HTTP/1.1" 301 265 "www.google.com" "Mozlila/5.0 (Linux; Android 7.0; SM-G892A Bulid/NRD90M; wv) AppleWebKit/537.36 (KHTML, like Gecko) Version/4.0 Chrome/60.0.3112.107 Moblie Safari/537.36"
4.217.235.135 - - [31/Oct/2025:00:45:54 +0000] "POST /alfacgiapi/perl.alfa HTTP/1.1" 301 255 "www.google.com" "Mozlila/5.0 (Linux; Android 7.0; SM-G892A Bulid/NRD90M; wv) AppleWebKit/537.36 (KHTML, like Gecko) Version/4.0 Chrome/60.0.3112.107 Moblie Safari/537.36"
216.244.66.237 - - [31/Oct/2025:01:15:29 +0000] "GET /robots.txt HTTP/1.1" 301 245 "-" "Mozilla/5.0 (compatible; DotBot/1.2; +https://opensiteexplorer.org/dotbot; help@moz.com)"
199.85.208.47 - - [31/Oct/2025:01:17:03 +0000] "GET /.well-known/acme-challenge/S1UHN9Q_24H6PFKKOSGO6OJGY1F476X5 HTTP/1.1" 200 64 "-" "Cpanel-HTTP-Client/1.0"
199.85.208.47 - - [31/Oct/2025:01:17:03 +0000] "GET /.well-known/acme-challenge/IUW2UXSEEHOOLMTGY419Q8Q82W3-AIB0 HTTP/1.1" 200 64 "-" "Cpanel-HTTP-Client/1.0"
50.28.41.31 - - [31/Oct/2025:01:24:15 +0000] "GET /.well-known/acme-challenge/-6VGS-D03ZPX81JZS0I3E5J0PC_9JE_S HTTP/1.1" 404 - "-" "Cpanel-HTTP-Client/1.0"
50.28.41.31 - - [31/Oct/2025:01:24:16 +0000] "GET /.well-known/acme-challenge/YMTVGG28WY4ZYMHKX3PCWOIKQ7SLB1L0 HTTP/1.1" 404 - "-" "Cpanel-HTTP-Client/1.0"
193.37.33.111 - - [31/Oct/2025:01:38:32 +0000] "GET / HTTP/1.1" 301 235 "-" "Go-http-client/1.1"
193.37.33.111 - - [31/Oct/2025:01:38:33 +0000] "GET /wp-includes/css/buttons.css HTTP/1.1" 301 262 "-" "Go-http-client/1.1"
66.23.227.62 - - [31/Oct/2025:01:45:39 +0000] "HEAD / HTTP/1.1" 301 - "-" "Mozilla/5.0 (Windows NT 10.0; Win64; x64) AppleWebKit/537.36 (KHTML, like Gecko) Chrome/124.0.0.0 Safari/537.36"
216.244.66.237 - - [31/Oct/2025:02:03:59 +0000] "GET /robots.txt HTTP/1.1" 301 245 "-" "Mozilla/5.0 (compatible; DotBot/1.2; +https://opensiteexplorer.org/dotbot; help@moz.com)"
62.60.131.156 - - [31/Oct/2025:02:04:00 +0000] "GET / HTTP/1.1" 301 235 "-" "Mozilla/5.0 (Windows NT 10.0; Win64; x64) AppleWebKit/537.36 (KHTML, like Gecko) Chrome/79.0 Safari/537.36"
63.141.250.58 - - [31/Oct/2025:03:09:05 +0000] "GET /index.php?params=1 HTTP/1.1" 301 253 "-" "Mozilla/5.0 (Windows NT 10.0; Win64; x64) AppleWebKit/537.36 (KHTML, like Gecko) Chrome/91.0.4472.106 Safari/537.36"
173.208.148.34 - - [31/Oct/2025:03:09:17 +0000] "GET /index.php?params=1 HTTP/1.1" 301 253 "-" "Mozilla/5.0 (Windows NT 10.0; Win64; x64) AppleWebKit/537.36 (KHTML, like Gecko) Chrome/91.0.4472.106 Safari/537.36"
173.208.148.34 - - [31/Oct/2025:03:13:56 +0000] "GET /index.php?params=1 HTTP/1.1" 301 253 "-" "Mozilla/5.0 (Windows NT 10.0; Win64; x64) AppleWebKit/537.36 (KHTML, like Gecko) Chrome/91.0.4472.106 Safari/537.36"
103.196.26.177 - - [31/Oct/2025:03:23:00 +0000] "GET / HTTP/1.1" 301 235 "http://dailygoldindex.com" "Mozilla/5.0 (Windows NT 10.0; Win64; x64) AppleWebKit/537.36 (KHTML, like Gecko) Chrome/90.0.4430.212 Safari/537.36"
103.196.26.177 - - [31/Oct/2025:03:23:04 +0000] "GET / HTTP/1.1" 301 235 "http://dailygoldindex.com" "Mozilla/5.0+(compatible;+Googlebot/2.1;++http://www.google.com/bot.html)"
172.121.24.52 - - [31/Oct/2025:04:00:26 +0000] "GET / HTTP/1.1" 301 235 "-" "Mozilla/5.0 (compatible; Baiduspider/2.0; +http://www.baidu.com/search/spider.html)"
162.62.231.139 - - [31/Oct/2025:04:14:06 +0000] "GET / HTTP/1.1" 301 239 "-" "Mozilla/5.0 (iPhone; CPU iPhone OS 13_2_3 like Mac OS X) AppleWebKit/605.1.15 (KHTML, like Gecko) Version/13.0.3 Mobile/15E148 Safari/604.1"
199.85.208.47 - - [31/Oct/2025:04:17:02 +0000] "GET /.well-known/acme-challenge/EER5NPDDWIV_-R41VITFX0IEXH0F95SY HTTP/1.1" 200 64 "-" "Cpanel-HTTP-Client/1.0"
199.85.208.47 - - [31/Oct/2025:04:17:02 +0000] "GET /.well-known/acme-challenge/H9T15K1X99UVTAS6Q_QJR2L_YDGM5D4M HTTP/1.1" 200 64 "-" "Cpanel-HTTP-Client/1.0"
50.28.41.31 - - [31/Oct/2025:04:24:17 +0000] "GET /.well-known/acme-challenge/64EDAYLDOBG3310D6MYVKLPCSK_VXDFJ HTTP/1.1" 404 - "-" "Cpanel-HTTP-Client/1.0"
50.28.41.31 - - [31/Oct/2025:04:24:17 +0000] "GET /.well-known/acme-challenge/TX5IHGX5BX56HU1CZTO-RED3ENCWR8HX HTTP/1.1" 404 - "-" "Cpanel-HTTP-Client/1.0"
216.244.66.237 - - [31/Oct/2025:04:54:12 +0000] "GET /robots.txt HTTP/1.1" 301 245 "-" "Mozilla/5.0 (compatible; DotBot/1.2; +https://opensiteexplorer.org/dotbot; help@moz.com)"
35.243.244.246 - - [31/Oct/2025:06:28:11 +0000] "GET /wp-login.php HTTP/1.1" 301 247 "" "Mozilla/5.0 (Windows NT 10.0; Win64; x64; rv:144.0) Gecko/20100101 Firefox/144.0"
216.244.66.237 - - [31/Oct/2025:06:28:59 +0000] "GET /robots.txt HTTP/1.1" 301 245 "-" "Mozilla/5.0 (compatible; DotBot/1.2; +https://opensiteexplorer.org/dotbot; help@moz.com)"
119.96.24.54 - - [31/Oct/2025:06:31:05 +0000] "GET / HTTP/1.1" 301 239 "-" "Mozilla/5.0 (iPhone; CPU iPhone OS 13_2_3 like Mac OS X) AppleWebKit/605.1.15 (KHTML, like Gecko) Version/13.0.3 Mobile/15E148 Safari/604.1"
91.224.92.127 - - [31/Oct/2025:06:42:09 +0000] "GET /postnews.php HTTP/1.1" 301 247 "-" "Mozlila/5.0 (Linux; Android 7.0; SM-G892A Bulid/NRD90M; wv) AppleWebKit/537.36 (KHTML, like Gecko) Version/4.0 Chrome/60.0.3112.107 Moblie Safari/537.36"
4.216.91.190 - - [31/Oct/2025:07:08:02 +0000] "GET //wp-content/plugins/fix/up.php HTTP/1.1" 301 264 "-" "Mozilla/5.0 (Windows NT 10.0; Win64; x64) AppleWebKit/537.36 (KHTML, like Gecko) Chrome/85.0.4183.102 Safari/537.36"
216.244.66.237 - - [31/Oct/2025:07:16:29 +0000] "GET /robots.txt HTTP/1.1" 301 245 "-" "Mozilla/5.0 (compatible; DotBot/1.2; +https://opensiteexplorer.org/dotbot; help@moz.com)"
199.85.208.47 - - [31/Oct/2025:07:17:02 +0000] "GET /.well-known/acme-challenge/7SDZW_SZD02YPXM0_EUOWO3TW85HR-VR HTTP/1.1" 200 64 "-" "Cpanel-HTTP-Client/1.0"
199.85.208.47 - - [31/Oct/2025:07:17:02 +0000] "GET /.well-known/acme-challenge/U-KJN5DCDT59P8H01LLY6BL0LH5-CMSU HTTP/1.1" 200 64 "-" "Cpanel-HTTP-Client/1.0"
50.28.41.31 - - [31/Oct/2025:07:24:16 +0000] "GET /.well-known/acme-challenge/E23LJAPWLTZTOKOELLLJ6157MEQ61YUA HTTP/1.1" 404 - "-" "Cpanel-HTTP-Client/1.0"
50.28.41.31 - - [31/Oct/2025:07:24:17 +0000] "GET /.well-known/acme-challenge/LN6QO2R8YF1MYQFQZ_1EDQF2PIJYF36M HTTP/1.1" 404 - "-" "Cpanel-HTTP-Client/1.0"
216.244.66.237 - - [31/Oct/2025:08:03:23 +0000] "GET /robots.txt HTTP/1.1" 301 245 "-" "Mozilla/5.0 (compatible; DotBot/1.2; +https://opensiteexplorer.org/dotbot; help@moz.com)"
43.135.139.165 - - [31/Oct/2025:08:14:31 +0000] "GET / HTTP/1.1" 301 235 "-" "Mozilla/5.0 (iPhone; CPU iPhone OS 13_2_3 like Mac OS X) AppleWebKit/605.1.15 (KHTML, like Gecko) Version/13.0.3 Mobile/15E148 Safari/604.1"
196.251.86.13 - - [31/Oct/2025:08:35:53 +0000] "GET /license.php HTTP/1.1" 301 246 "-" "ALittle Client"
216.244.66.237 - - [31/Oct/2025:08:50:31 +0000] "GET /robots.txt HTTP/1.1" 301 245 "-" "Mozilla/5.0 (compatible; DotBot/1.2; +https://opensiteexplorer.org/dotbot; help@moz.com)"
217.154.189.35 - - [31/Oct/2025:09:05:32 +0000] "HEAD / HTTP/1.1" 301 - "https://dailygoldindex.com/" "Mozilla/5.0 (Windows NT 10.0; Win64; x64) AppleWebKit/537.36 (KHTML, like Gecko) Chrome/91.0.4472.124 Safari/537.36"
135.181.210.108 - - [31/Oct/2025:09:06:25 +0000] "GET /favicon.ico HTTP/1.1" 301 250 "-" "Mozilla/5.0 (Windows NT 10.0; Win64; x64) AppleWebKit/537.36 (KHTML, like Gecko) Chrome/55.0.2883.87 Safari/537.36 eM Client/9.2.2258.0"
135.181.210.108 - - [31/Oct/2025:09:06:25 +0000] "GET / HTTP/1.1" 301 239 "-" "Mozilla/5.0 (Windows NT 10.0; Win64; x64) AppleWebKit/537.36 (KHTML, like Gecko) Chrome/55.0.2883.87 Safari/537.36 eM Client/9.2.2258.0"
135.181.210.108 - - [31/Oct/2025:09:06:25 +0000] "GET /apple-touch-icon.png HTTP/1.1" 301 259 "-" "Mozilla/5.0 (Windows NT 10.0; Win64; x64) AppleWebKit/537.36 (KHTML, like Gecko) Chrome/55.0.2883.87 Safari/537.36 eM Client/9.2.2258.0"
135.181.210.108 - - [31/Oct/2025:09:06:25 +0000] "GET / HTTP/1.1" 301 235 "-" "Mozilla/5.0 (Windows NT 10.0; Win64; x64) AppleWebKit/537.36 (KHTML, like Gecko) Chrome/55.0.2883.87 Safari/537.36 eM Client/9.2.2258.0"
135.181.210.108 - - [31/Oct/2025:09:06:26 +0000] "GET /apple-touch-icon-precomposed.png HTTP/1.1" 301 271 "-" "Mozilla/5.0 (Windows NT 10.0; Win64; x64) AppleWebKit/537.36 (KHTML, like Gecko) Chrome/55.0.2883.87 Safari/537.36 eM Client/9.2.2258.0"
135.181.210.108 - - [31/Oct/2025:09:06:26 +0000] "GET /favicon.ico HTTP/1.1" 301 246 "-" "Mozilla/5.0 (Windows NT 10.0; Win64; x64) AppleWebKit/537.36 (KHTML, like Gecko) Chrome/55.0.2883.87 Safari/537.36 eM Client/9.2.2258.0"
135.181.210.108 - - [31/Oct/2025:09:06:26 +0000] "GET /apple-touch-icon.png HTTP/1.1" 301 255 "-" "Mozilla/5.0 (Windows NT 10.0; Win64; x64) AppleWebKit/537.36 (KHTML, like Gecko) Chrome/55.0.2883.87 Safari/537.36 eM Client/9.2.2258.0"
135.181.210.108 - - [31/Oct/2025:09:06:26 +0000] "GET /apple-touch-icon-precomposed.png HTTP/1.1" 301 267 "-" "Mozilla/5.0 (Windows NT 10.0; Win64; x64) AppleWebKit/537.36 (KHTML, like Gecko) Chrome/55.0.2883.87 Safari/537.36 eM Client/9.2.2258.0"
216.244.66.237 - - [31/Oct/2025:09:37:54 +0000] "GET /robots.txt HTTP/1.1" 301 245 "-" "Mozilla/5.0 (compatible; DotBot/1.2; +https://opensiteexplorer.org/dotbot; help@moz.com)"