216.73.216.44 - - [02/Nov/2025:12:11:48 +0000] "GET /2023/10/31/gagged-and-attacked-trumps-targeting-of-potential-witness-rocks-campaign?path=%2F%2Fusr%2Fshare%2Flocale%2Fng HTTP/1.1" 200 14151 "-" "Mozilla/5.0 AppleWebKit/537.36 (KHTML, like Gecko; compatible; ClaudeBot/1.0; +claudebot@anthropic.com)"
216.73.216.44 - - [02/Nov/2025:12:11:49 +0000] "GET /1282?path=%2F%2Fproc%2Fthread-self%2Fcwd%2Fwp-content%2Fimf785f0 HTTP/1.1" 200 20535 "-" "Mozilla/5.0 AppleWebKit/537.36 (KHTML, like Gecko; compatible; ClaudeBot/1.0; +claudebot@anthropic.com)"
216.73.216.44 - - [02/Nov/2025:12:11:49 +0000] "GET /2023/11/27/defining-moment-long-term-breadth-indicators-tested?path=%2F%2Fusr%2Fshare%2Fman%2Ffr%2Fman7 HTTP/1.1" 200 14353 "-" "Mozilla/5.0 AppleWebKit/537.36 (KHTML, like Gecko; compatible; ClaudeBot/1.0; +claudebot@anthropic.com)"
216.73.216.44 - - [02/Nov/2025:12:11:49 +0000] "GET /2023/12/08/take-the-right-path-to-trading-success-unlock-the-power-of-directional-indicators?fileloc=%2Fhome%2Fdailygoldindex%2Fmail%2Fdailygoldindex.com%2Fdaily%2F.Trash%2Fdovecot.index.log&path=%2Fhome%2Fdailygoldindex%2Fmail%2Fdailygoldindex.com%2Fdaily%2F.Trash HTTP/1.1" 200 12896 "-" "Mozilla/5.0 AppleWebKit/537.36 (KHTML, like Gecko; compatible; ClaudeBot/1.0; +claudebot@anthropic.com)"
216.73.216.44 - - [02/Nov/2025:12:11:49 +0000] "GET /2023/12/08/take-the-right-path-to-trading-success-unlock-the-power-of-directional-indicators?fileloc=%2Fhome%2Fdailygoldindex%2Fmail%2Fthe.dailygoldindex.com%2Fdaily%2Fdovecot.mailbox.log&path=%2Fhome%2Fdailygoldindex%2Fmail%2Fthe.dailygoldindex.com%2Fdaily HTTP/1.1" 200 12684 "-" "Mozilla/5.0 AppleWebKit/537.36 (KHTML, like Gecko; compatible; ClaudeBot/1.0; +claudebot@anthropic.com)"
216.73.216.44 - - [02/Nov/2025:12:11:49 +0000] "GET /2023/10/31/gagged-and-attacked-trumps-targeting-of-potential-witness-rocks-campaign?path=%2F%2Fusr%2Fshare%2Flocale%2Fbh HTTP/1.1" 200 14151 "-" "Mozilla/5.0 AppleWebKit/537.36 (KHTML, like Gecko; compatible; ClaudeBot/1.0; +claudebot@anthropic.com)"
216.73.216.44 - - [02/Nov/2025:12:11:49 +0000] "GET /?fileloc=%2F%2Fproc%2F10489%2Froot%2Fusr%2Fbin%2Fxzdec&path=%2F%2Fproc%2F10489%2Froot%2Fusr%2Fbin HTTP/1.1" 200 31643 "-" "Mozilla/5.0 AppleWebKit/537.36 (KHTML, like Gecko; compatible; ClaudeBot/1.0; +claudebot@anthropic.com)"
216.73.216.44 - - [02/Nov/2025:12:11:49 +0000] "GET /2023/10/31/gagged-and-attacked-trumps-targeting-of-potential-witness-rocks-campaign?path=%2F%2Fusr%2Fshare%2Flocale%2Fbat HTTP/1.1" 200 14156 "-" "Mozilla/5.0 AppleWebKit/537.36 (KHTML, like Gecko; compatible; ClaudeBot/1.0; +claudebot@anthropic.com)"
74.7.227.47 - - [02/Nov/2025:12:11:49 +0000] "GET /?path=//sys/class/net/eth1/subsystem/lo/subsystem/eth1/device/net/eth1/subsystem/eth0/device/firmware_node/subsystem/devices/device:0e/subsystem/drivers/hpet HTTP/1.1" 200 20614 "-" "Mozilla/5.0 AppleWebKit/537.36 (KHTML, like Gecko; compatible; GPTBot/1.2; +https://openai.com/gptbot)"
216.73.216.44 - - [02/Nov/2025:12:11:49 +0000] "GET /1282?path=%2F%2Fproc%2F64018%2Froot%2Flib%2Ffirmware%2Fcirrus%2Fcs35l41%2Fv6.39.0 HTTP/1.1" 200 14756 "-" "Mozilla/5.0 AppleWebKit/537.36 (KHTML, like Gecko; compatible; ClaudeBot/1.0; +claudebot@anthropic.com)"
216.73.216.44 - - [02/Nov/2025:12:11:49 +0000] "GET /2023/10/31/gagged-and-attacked-trumps-targeting-of-potential-witness-rocks-campaign?path=%2F%2Fusr%2Fshare%2Flocale%2Fxh HTTP/1.1" 200 14151 "-" "Mozilla/5.0 AppleWebKit/537.36 (KHTML, like Gecko; compatible; ClaudeBot/1.0; +claudebot@anthropic.com)"
216.73.216.44 - - [02/Nov/2025:12:11:49 +0000] "GET /2023/10/19/unearth-the-power-of-appia-rare-earths-uranium?path=%2Fhome%2Fdailygoldindex%2Fpublic_html%2Fwp-content%2Fwell-known%2Facme-challenge%2Ff%2Fe%2Fg HTTP/1.1" 200 25258 "-" "Mozilla/5.0 AppleWebKit/537.36 (KHTML, like Gecko; compatible; ClaudeBot/1.0; +claudebot@anthropic.com)"
216.73.216.44 - - [02/Nov/2025:12:11:49 +0000] "GET /2023/12/08/take-the-right-path-to-trading-success-unlock-the-power-of-directional-indicators?fileloc=%2Fhome%2Fdailygoldindex%2Fmail%2F.admin%40the_dailygoldindex_com%2F.Trash%2Fdovecot.index.log&path=%2Fhome%2Fdailygoldindex%2Fmail%2F.admin%40the_dailygoldindex_com%2F.Trash HTTP/1.1" 200 12876 "-" "Mozilla/5.0 AppleWebKit/537.36 (KHTML, like Gecko; compatible; ClaudeBot/1.0; +claudebot@anthropic.com)"
216.73.216.44 - - [02/Nov/2025:12:11:50 +0000] "GET /2023/11/04/convicted-crypto-exchange-dictator-sam-bankman-fried-on-all-counts-of-fraud?path=%2Fhome%2Fdailygoldindex%2Fwww%2Fwp-admin%2Fcss%2Fcolors%2Flight HTTP/1.1" 200 21003 "-" "Mozilla/5.0 AppleWebKit/537.36 (KHTML, like Gecko; compatible; ClaudeBot/1.0; +claudebot@anthropic.com)"
216.73.216.44 - - [02/Nov/2025:12:11:50 +0000] "GET /2023/11/17/maximizing-market-momentum-harness-the-power-of-pullback-swing-trading?fileloc=%2F%2Fusr%2Fshare%2Ficons%2FAdwaita%2Fscalable%2Fstatus%2Fnetwork-cellular-3g-symbolic.svg&path=%2F%2Fusr%2Fshare%2Ficons%2FAdwaita%2Fscalable%2Fstatus HTTP/1.1" 200 13322 "-" "Mozilla/5.0 AppleWebKit/537.36 (KHTML, like Gecko; compatible; ClaudeBot/1.0; +claudebot@anthropic.com)"
216.73.216.44 - - [02/Nov/2025:12:11:50 +0000] "GET /2023/10/31/gagged-and-attacked-trumps-targeting-of-potential-witness-rocks-campaign?path=%2F%2Fusr%2Fshare%2Flocale%2Fmyv HTTP/1.1" 200 14156 "-" "Mozilla/5.0 AppleWebKit/537.36 (KHTML, like Gecko; compatible; ClaudeBot/1.0; +claudebot@anthropic.com)"
216.73.216.44 - - [02/Nov/2025:12:11:50 +0000] "GET /2023/10/31/gagged-and-attacked-trumps-targeting-of-potential-witness-rocks-campaign?path=%2F%2Fusr%2Fshare%2Flocale%2Fsr_ME HTTP/1.1" 200 14166 "-" "Mozilla/5.0 AppleWebKit/537.36 (KHTML, like Gecko; compatible; ClaudeBot/1.0; +claudebot@anthropic.com)"
216.73.216.44 - - [02/Nov/2025:12:11:50 +0000] "GET /2023/11/13/lancaster-resources-ready-to-start-first-drill-program-administrative-approval-in-tow?path=%2F%2Fsys%2Fdevices%2Fpci0000%3A00%2Ffirmware_node%2FOVTI8856%3A00 HTTP/1.1" 200 26592 "-" "Mozilla/5.0 AppleWebKit/537.36 (KHTML, like Gecko; compatible; ClaudeBot/1.0; +claudebot@anthropic.com)"
216.73.216.44 - - [02/Nov/2025:12:11:50 +0000] "GET /2023/10/31/gagged-and-attacked-trumps-targeting-of-potential-witness-rocks-campaign?fileloc=%2F%2Flib%2Ffirmware%2Frtl_bt%2Frtl8761bu_config.bin.xz&path=%2F%2Flib%2Ffirmware%2Frtl_bt HTTP/1.1" 200 12463 "-" "Mozilla/5.0 AppleWebKit/537.36 (KHTML, like Gecko; compatible; ClaudeBot/1.0; +claudebot@anthropic.com)"
114.119.145.66 - - [02/Nov/2025:12:11:49 +0000] "GET /terms-and-conditions?path=/home/dailygoldindex/public_html/wp-includes/blocks HTTP/1.1" 200 268985 "https://dailygoldindex.com/terms-and-conditions?path=/home/dailygoldindex/public_html/wp-includes" "Mozilla/5.0 (Linux; Android 7.0;) AppleWebKit/537.36 (KHTML, like Gecko) Mobile Safari/537.36 (compatible; PetalBot;+https://webmaster.petalsearch.com/site/petalbot)"
216.73.216.44 - - [02/Nov/2025:12:11:50 +0000] "GET /?fileloc=%2F%2Fsys%2Fclass%2Finput%2Finput1%2Finhibited&path=%2F%2Fsys%2Fclass%2Finput%2Finput1 HTTP/1.1" 200 12403 "-" "Mozilla/5.0 AppleWebKit/537.36 (KHTML, like Gecko; compatible; ClaudeBot/1.0; +claudebot@anthropic.com)"
216.73.216.44 - - [02/Nov/2025:12:11:50 +0000] "GET /2024/01/03/james-bay-reels-as-oceana-rejects-monaro-lithium-project?fileloc=%2F%2Fsys%2Fdev%2Fblock%2F7%3A0%2Fsubsystem%2Floop0%2Fqueue%2Fnr_zones&path=%2F%2Fsys%2Fdev%2Fblock%2F7%3A0%2Fsubsystem%2Floop0%2Fqueue HTTP/1.1" 200 12595 "-" "Mozilla/5.0 AppleWebKit/537.36 (KHTML, like Gecko; compatible; ClaudeBot/1.0; +claudebot@anthropic.com)"
216.73.216.44 - - [02/Nov/2025:12:11:50 +0000] "GET /1282?path=%2F%2Fproc%2Fthread-self%2Fcwd%2Fwp-includes%2Fsodium_compat%2Fnamespaced HTTP/1.1" 200 20899 "-" "Mozilla/5.0 AppleWebKit/537.36 (KHTML, like Gecko; compatible; ClaudeBot/1.0; +claudebot@anthropic.com)"
216.73.216.44 - - [02/Nov/2025:12:11:50 +0000] "GET /2023/11/27/defining-moment-long-term-breadth-indicators-tested?fileloc=%2F%2Fusr%2Fshare%2Fman%2Fman8%2Fsystemd-initctl.socket.8.gz&path=%2F%2Fusr%2Fshare%2Fman%2Fman8 HTTP/1.1" 200 12492 "-" "Mozilla/5.0 AppleWebKit/537.36 (KHTML, like Gecko; compatible; ClaudeBot/1.0; +claudebot@anthropic.com)"
216.73.216.44 - - [02/Nov/2025:12:11:50 +0000] "GET /2023/10/31/gagged-and-attacked-trumps-targeting-of-potential-witness-rocks-campaign?path=%2F%2Fusr%2Fshare%2Flocale%2Fjbo HTTP/1.1" 200 14156 "-" "Mozilla/5.0 AppleWebKit/537.36 (KHTML, like Gecko; compatible; ClaudeBot/1.0; +claudebot@anthropic.com)"
216.73.216.44 - - [02/Nov/2025:12:11:51 +0000] "GET /2024/01/03/james-bay-reels-as-oceana-rejects-monaro-lithium-project?fileloc=%2F%2Fsys%2Fdevices%2Fpci0000%3A00%2F0000%3A00%3A17.0%2Ffirmware_node%2Fdevice%3A7c%2Fpath&path=%2F%2Fsys%2Fdevices%2Fpci0000%3A00%2F0000%3A00%3A17.0%2Ffirmware_node%2Fdevice%3A7c HTTP/1.1" 200 12667 "-" "Mozilla/5.0 AppleWebKit/537.36 (KHTML, like Gecko; compatible; ClaudeBot/1.0; +claudebot@anthropic.com)"
74.7.227.198 - - [02/Nov/2025:12:11:51 +0000] "GET /products/37fo13271?path=/home/dailygoldindex/public_html/58e7c HTTP/1.1" 200 14367 "-" "Mozilla/5.0 AppleWebKit/537.36 (KHTML, like Gecko; compatible; GPTBot/1.2; +https://openai.com/gptbot)"
216.73.216.44 - - [02/Nov/2025:12:11:51 +0000] "GET /2024/01/03/invest-wiselysmart-investing-with-redstone-resources-making-your-money-count?path=%2Fhome%2Fdailygoldindex%2Fwww%2Fwp-content%2Fwell-known%2Facme-challenge%2Fa%2Ff%2Fd HTTP/1.1" 200 25002 "-" "Mozilla/5.0 AppleWebKit/537.36 (KHTML, like Gecko; compatible; ClaudeBot/1.0; +claudebot@anthropic.com)"
216.73.216.44 - - [02/Nov/2025:12:11:51 +0000] "GET /2023/11/13/lancaster-resources-ready-to-start-first-drill-program-administrative-approval-in-tow?fileloc=%2F%2Fproc%2F28%2Ftask%2F28%2Fnet%2Fip_mr_cache&path=%2F%2Fproc%2F28%2Ftask%2F28%2Fnet HTTP/1.1" 200 12482 "-" "Mozilla/5.0 AppleWebKit/537.36 (KHTML, like Gecko; compatible; ClaudeBot/1.0; +claudebot@anthropic.com)"
216.73.216.44 - - [02/Nov/2025:12:11:51 +0000] "GET /?fileloc=%2F%2Fproc%2F10489%2Froot%2Fusr%2Fbin%2Fyum-builddep&path=%2F%2Fproc%2F10489%2Froot%2Fusr%2Fbin HTTP/1.1" 200 16791 "-" "Mozilla/5.0 AppleWebKit/537.36 (KHTML, like Gecko; compatible; ClaudeBot/1.0; +claudebot@anthropic.com)"
216.73.216.44 - - [02/Nov/2025:12:11:51 +0000] "GET /2023/12/23/dc-cannabis-charges-resolved-biden-expands-2022-clemency?fileloc=%2Fhome%2Fdailygoldindex%2Fwww%2Fwp-admin%2Fcss%2Fcolors%2Fcoffee%2Fcolors.css&path=%2Fhome%2Fdailygoldindex%2Fwww%2Fwp-admin%2Fcss%2Fcolors%2Fcoffee HTTP/1.1" 200 34032 "-" "Mozilla/5.0 AppleWebKit/537.36 (KHTML, like Gecko; compatible; ClaudeBot/1.0; +claudebot@anthropic.com)"
216.73.216.44 - - [02/Nov/2025:12:11:51 +0000] "GET /2023/11/04/convicted-crypto-exchange-dictator-sam-bankman-fried-on-all-counts-of-fraud?path=%2Fhome%2Fdailygoldindex%2Fpublic_html%2Fwp-content%2Fthemes%2Fjnews%2Fassets%2Ffonts%2Ffont-awesome HTTP/1.1" 200 18328 "-" "Mozilla/5.0 AppleWebKit/537.36 (KHTML, like Gecko; compatible; ClaudeBot/1.0; +claudebot@anthropic.com)"
216.73.216.44 - - [02/Nov/2025:12:11:51 +0000] "GET /2023/10/31/gagged-and-attacked-trumps-targeting-of-potential-witness-rocks-campaign?path=%2F%2Fusr%2Fshare%2Flocale%2Fho HTTP/1.1" 200 14151 "-" "Mozilla/5.0 AppleWebKit/537.36 (KHTML, like Gecko; compatible; ClaudeBot/1.0; +claudebot@anthropic.com)"
216.73.216.44 - - [02/Nov/2025:12:11:51 +0000] "GET /page/1280?fileloc=%2F%2Fsys%2Fclass%2Fdma_heap%2Fsystem%2Fdev&path=%2F%2Fsys%2Fclass%2Fdma_heap%2Fsystem HTTP/1.1" 200 12413 "-" "Mozilla/5.0 AppleWebKit/537.36 (KHTML, like Gecko; compatible; ClaudeBot/1.0; +claudebot@anthropic.com)"
216.73.216.44 - - [02/Nov/2025:12:11:51 +0000] "GET /?fileloc=%2F%2Fsys%2Fkernel%2Fslab%2Fdma-kmalloc-8%2Fcpu_partial&path=%2F%2Fsys%2Fkernel%2Fslab%2Fdma-kmalloc-8 HTTP/1.1" 200 12425 "-" "Mozilla/5.0 AppleWebKit/537.36 (KHTML, like Gecko; compatible; ClaudeBot/1.0; +claudebot@anthropic.com)"
216.73.216.44 - - [02/Nov/2025:12:11:51 +0000] "GET /2024/01/03/james-bay-reels-as-oceana-rejects-monaro-lithium-project?fileloc=%2F%2Fusr%2Fshare%2Flocale%2Fit%2FLC_MESSAGES%2Fsystemd.mo&path=%2F%2Fusr%2Fshare%2Flocale%2Fit%2FLC_MESSAGES HTTP/1.1" 200 40252 "-" "Mozilla/5.0 AppleWebKit/537.36 (KHTML, like Gecko; compatible; ClaudeBot/1.0; +claudebot@anthropic.com)"
216.73.216.44 - - [02/Nov/2025:12:11:51 +0000] "GET /2023/10/31/gagged-and-attacked-trumps-targeting-of-potential-witness-rocks-campaign?path=%2F%2Fusr%2Fshare%2Flocale%2Fhy HTTP/1.1" 200 14151 "-" "Mozilla/5.0 AppleWebKit/537.36 (KHTML, like Gecko; compatible; ClaudeBot/1.0; +claudebot@anthropic.com)"
216.73.216.44 - - [02/Nov/2025:12:11:52 +0000] "GET /2023/10/31/gagged-and-attacked-trumps-targeting-of-potential-witness-rocks-campaign?path=%2F%2Fusr%2Fshare%2Flocale%2Fsal HTTP/1.1" 200 14156 "-" "Mozilla/5.0 AppleWebKit/537.36 (KHTML, like Gecko; compatible; ClaudeBot/1.0; +claudebot@anthropic.com)"
74.7.227.47 - - [02/Nov/2025:12:11:52 +0000] "GET /?path=//sys/class/net/eth1/subsystem/lo/subsystem/eth1/device/net/eth1/subsystem/eth0/device/firmware_node/subsystem/devices/device:7b/subsystem/drivers/power_meter HTTP/1.1" 200 22483 "-" "Mozilla/5.0 AppleWebKit/537.36 (KHTML, like Gecko; compatible; GPTBot/1.2; +https://openai.com/gptbot)"
216.73.216.44 - - [02/Nov/2025:12:11:52 +0000] "GET /2023/11/13/lancaster-resources-ready-to-start-first-drill-program-administrative-approval-in-tow?fileloc=%2F%2Fproc%2F10489%2Froot%2Flib64%2Fgraphviz%2Flibgvplugin_neato_layout.so.6&path=%2F%2Fproc%2F10489%2Froot%2Flib64%2Fgraphviz HTTP/1.1" 200 1159601 "-" "Mozilla/5.0 AppleWebKit/537.36 (KHTML, like Gecko; compatible; ClaudeBot/1.0; +claudebot@anthropic.com)"
216.73.216.44 - - [02/Nov/2025:12:11:52 +0000] "GET /2023/10/31/gagged-and-attacked-trumps-targeting-of-potential-witness-rocks-campaign?path=%2F%2Fusr%2Fshare%2Flocale%2Fvo HTTP/1.1" 200 14151 "-" "Mozilla/5.0 AppleWebKit/537.36 (KHTML, like Gecko; compatible; ClaudeBot/1.0; +claudebot@anthropic.com)"
216.73.216.44 - - [02/Nov/2025:12:11:52 +0000] "GET /2023/10/31/gagged-and-attacked-trumps-targeting-of-potential-witness-rocks-campaign?path=%2F%2Fusr%2Fshare%2Flocale%2Fafa HTTP/1.1" 200 14156 "-" "Mozilla/5.0 AppleWebKit/537.36 (KHTML, like Gecko; compatible; ClaudeBot/1.0; +claudebot@anthropic.com)"
216.73.216.44 - - [02/Nov/2025:12:11:52 +0000] "GET /2023/10/19/unearth-the-power-of-appia-rare-earths-uranium?path=%2Fhome%2Fdailygoldindex%2Fpublic_html%2Fwp-content%2Fwell-known%2Facme-challenge%2Fd%2Fe%2Fg HTTP/1.1" 200 25258 "-" "Mozilla/5.0 AppleWebKit/537.36 (KHTML, like Gecko; compatible; ClaudeBot/1.0; +claudebot@anthropic.com)"
216.73.216.44 - - [02/Nov/2025:12:11:52 +0000] "GET /?fileloc=%2F%2Fsys%2Fkernel%2Fslab%2Fmnt_cache%2Fcache_dma&path=%2F%2Fsys%2Fkernel%2Fslab%2Fmnt_cache HTTP/1.1" 200 12411 "-" "Mozilla/5.0 AppleWebKit/537.36 (KHTML, like Gecko; compatible; ClaudeBot/1.0; +claudebot@anthropic.com)"
216.73.216.44 - - [02/Nov/2025:12:11:52 +0000] "GET /2023/11/27/defining-moment-long-term-breadth-indicators-tested?fileloc=%2F%2Fusr%2Fshare%2Fman%2Fman8%2Flvmdiskscan.8.gz&path=%2F%2Fusr%2Fshare%2Fman%2Fman8 HTTP/1.1" 200 17158 "-" "Mozilla/5.0 AppleWebKit/537.36 (KHTML, like Gecko; compatible; ClaudeBot/1.0; +claudebot@anthropic.com)"
216.73.216.44 - - [02/Nov/2025:12:11:52 +0000] "GET /?fileloc=%2F%2Fproc%2F10489%2Froot%2Fusr%2Fbin%2Fpaperconf&path=%2F%2Fproc%2F10489%2Froot%2Fusr%2Fbin HTTP/1.1" 200 32307 "-" "Mozilla/5.0 AppleWebKit/537.36 (KHTML, like Gecko; compatible; ClaudeBot/1.0; +claudebot@anthropic.com)"
216.73.216.44 - - [02/Nov/2025:12:11:52 +0000] "GET /2023/11/07/tlaibs-controversial-remarks-cause-uproar-among-democratic-peers-israel-palestinians-in-the-spotlight?path=%2Fhome%2Fdailygoldindex%2Fpublic_html%2Fwp-content%2Fplugins%2Fcontact-form-7%2Fmodules%2Fsendinblue HTTP/1.1" 200 21923 "-" "Mozilla/5.0 AppleWebKit/537.36 (KHTML, like Gecko; compatible; ClaudeBot/1.0; +claudebot@anthropic.com)"
216.73.216.44 - - [02/Nov/2025:12:11:52 +0000] "GET /?path=%2Fhome%2Fdailygoldindex%2Fmail%2F.admin%40email_dailygoldindex_com%2F.Sent%2Fnew HTTP/1.1" 200 13062 "-" "Mozilla/5.0 AppleWebKit/537.36 (KHTML, like Gecko; compatible; ClaudeBot/1.0; +claudebot@anthropic.com)"
216.73.216.44 - - [02/Nov/2025:12:11:52 +0000] "GET /2023/10/23/unlock-the-power-of-nvda-build-up-before-its-next-launch?fileloc=%2Fhome%2Fdailygoldindex%2Fmail%2F.admin%40dailygoldindex_com%2Fdovecot.list.index.log&path=%2Fhome%2Fdailygoldindex%2Fmail%2F.admin%40dailygoldindex_com HTTP/1.1" 200 19856 "-" "Mozilla/5.0 AppleWebKit/537.36 (KHTML, like Gecko; compatible; ClaudeBot/1.0; +claudebot@anthropic.com)"
216.73.216.44 - - [02/Nov/2025:12:11:53 +0000] "GET /2023/10/31/gagged-and-attacked-trumps-targeting-of-potential-witness-rocks-campaign?path=%2F%2Fusr%2Fshare%2Flocale%2Fdel HTTP/1.1" 200 14156 "-" "Mozilla/5.0 AppleWebKit/537.36 (KHTML, like Gecko; compatible; ClaudeBot/1.0; +claudebot@anthropic.com)"
216.73.216.44 - - [02/Nov/2025:12:11:53 +0000] "GET /2023/10/31/gagged-and-attacked-trumps-targeting-of-potential-witness-rocks-campaign?path=%2F%2Fusr%2Fshare%2Flocale%2Fid_ID HTTP/1.1" 200 14166 "-" "Mozilla/5.0 AppleWebKit/537.36 (KHTML, like Gecko; compatible; ClaudeBot/1.0; +claudebot@anthropic.com)"
216.73.216.44 - - [02/Nov/2025:12:11:53 +0000] "GET /2023/10/31/gagged-and-attacked-trumps-targeting-of-potential-witness-rocks-campaign?path=%2F%2Fusr%2Fshare%2Flocale%2Fbej HTTP/1.1" 200 14156 "-" "Mozilla/5.0 AppleWebKit/537.36 (KHTML, like Gecko; compatible; ClaudeBot/1.0; +claudebot@anthropic.com)"
216.73.216.44 - - [02/Nov/2025:12:11:53 +0000] "GET /2023/10/31/gagged-and-attacked-trumps-targeting-of-potential-witness-rocks-campaign?path=%2F%2Fusr%2Fshare%2Flocale%2Fmad HTTP/1.1" 200 14156 "-" "Mozilla/5.0 AppleWebKit/537.36 (KHTML, like Gecko; compatible; ClaudeBot/1.0; +claudebot@anthropic.com)"
216.73.216.44 - - [02/Nov/2025:12:11:53 +0000] "GET /1282?fileloc=%2F%2Fusr%2Fshare%2Fman%2Fsv%2Fman1%2Fmanpath.1.gz&path=%2F%2Fusr%2Fshare%2Fman%2Fsv%2Fman1 HTTP/1.1" 200 15497 "-" "Mozilla/5.0 AppleWebKit/537.36 (KHTML, like Gecko; compatible; ClaudeBot/1.0; +claudebot@anthropic.com)"
74.7.227.198 - - [02/Nov/2025:12:11:53 +0000] "GET /products/104ab4438?path=/home/dailygoldindex/public_html/58e7c HTTP/1.1" 200 14367 "-" "Mozilla/5.0 AppleWebKit/537.36 (KHTML, like Gecko; compatible; GPTBot/1.2; +https://openai.com/gptbot)"
216.73.216.44 - - [02/Nov/2025:12:11:53 +0000] "GET /?fileloc=%2F%2Fproc%2F10489%2Froot%2Fusr%2Fbin%2Ffreebcp&path=%2F%2Fproc%2F10489%2Froot%2Fusr%2Fbin HTTP/1.1" 200 43227 "-" "Mozilla/5.0 AppleWebKit/537.36 (KHTML, like Gecko; compatible; ClaudeBot/1.0; +claudebot@anthropic.com)"
216.73.216.44 - - [02/Nov/2025:12:11:53 +0000] "GET /2023/11/17/maximizing-market-momentum-harness-the-power-of-pullback-swing-trading?fileloc=%2F%2Fusr%2Fshare%2Ficons%2FAdwaita%2Fscalable%2Fstatus%2Fnetwork-wireless-signal-excellent-symbolic.svg&path=%2F%2Fusr%2Fshare%2Ficons%2FAdwaita%2Fscalable%2Fstatus HTTP/1.1" 200 13604 "-" "Mozilla/5.0 AppleWebKit/537.36 (KHTML, like Gecko; compatible; ClaudeBot/1.0; +claudebot@anthropic.com)"
216.73.216.44 - - [02/Nov/2025:12:11:53 +0000] "GET /?fileloc=%2F%2Fproc%2F10489%2Froot%2Fusr%2Fbin%2Fptardiff&path=%2F%2Fproc%2F10489%2Froot%2Fusr%2Fbin HTTP/1.1" 200 15112 "-" "Mozilla/5.0 AppleWebKit/537.36 (KHTML, like Gecko; compatible; ClaudeBot/1.0; +claudebot@anthropic.com)"
216.73.216.44 - - [02/Nov/2025:12:11:53 +0000] "GET /2023/10/31/gagged-and-attacked-trumps-targeting-of-potential-witness-rocks-campaign?path=%2F%2Fusr%2Fshare%2Flocale%2Fty HTTP/1.1" 200 14151 "-" "Mozilla/5.0 AppleWebKit/537.36 (KHTML, like Gecko; compatible; ClaudeBot/1.0; +claudebot@anthropic.com)"
216.73.216.44 - - [02/Nov/2025:12:11:53 +0000] "GET /2024/01/03/james-bay-reels-as-oceana-rejects-monaro-lithium-project?fileloc=%2F%2Fusr%2Fshare%2Flocale%2Ftg%2FLC_MESSAGES%2Ftracker3-miners.mo&path=%2F%2Fusr%2Fshare%2Flocale%2Ftg%2FLC_MESSAGES HTTP/1.1" 200 16604 "-" "Mozilla/5.0 AppleWebKit/537.36 (KHTML, like Gecko; compatible; ClaudeBot/1.0; +claudebot@anthropic.com)"
216.73.216.44 - - [02/Nov/2025:12:11:53 +0000] "GET /2024/01/03/james-bay-reels-as-oceana-rejects-monaro-lithium-project?fileloc=%2F%2Fusr%2Fshare%2Flocale%2Fit%2FLC_MESSAGES%2Fsudo.mo&path=%2F%2Fusr%2Fshare%2Flocale%2Fit%2FLC_MESSAGES HTTP/1.1" 200 35532 "-" "Mozilla/5.0 AppleWebKit/537.36 (KHTML, like Gecko; compatible; ClaudeBot/1.0; +claudebot@anthropic.com)"
216.73.216.44 - - [02/Nov/2025:12:11:54 +0000] "GET /?path=%2Fhome%2Fdailygoldindex%2Fmail%2F.newsletter%40dailygoldindex_com%2F.Sent%2Fnew HTTP/1.1" 200 13058 "-" "Mozilla/5.0 AppleWebKit/537.36 (KHTML, like Gecko; compatible; ClaudeBot/1.0; +claudebot@anthropic.com)"
216.73.216.44 - - [02/Nov/2025:12:11:54 +0000] "GET /2024/01/03/james-bay-reels-as-oceana-rejects-monaro-lithium-project?fileloc=%2F%2Fsys%2Fdev%2Fblock%2F7%3A0%2Fsubsystem%2Floop0%2Fqueue%2Fread_ahead_kb&path=%2F%2Fsys%2Fdev%2Fblock%2F7%3A0%2Fsubsystem%2Floop0%2Fqueue HTTP/1.1" 200 12603 "-" "Mozilla/5.0 AppleWebKit/537.36 (KHTML, like Gecko; compatible; ClaudeBot/1.0; +claudebot@anthropic.com)"
216.73.216.44 - - [02/Nov/2025:12:11:54 +0000] "GET /2023/11/27/defining-moment-long-term-breadth-indicators-tested?path=%2F%2Flib%2Fmodules%2F5.14.0-503.21.1.el9_5.x86_64%2Fkernel%2Fsound%2Fxen HTTP/1.1" 200 14680 "-" "Mozilla/5.0 AppleWebKit/537.36 (KHTML, like Gecko; compatible; ClaudeBot/1.0; +claudebot@anthropic.com)"
216.73.216.44 - - [02/Nov/2025:12:11:54 +0000] "GET /2023/10/31/gagged-and-attacked-trumps-targeting-of-potential-witness-rocks-campaign?path=%2F%2Fusr%2Fshare%2Flocale%2Fsc HTTP/1.1" 200 14151 "-" "Mozilla/5.0 AppleWebKit/537.36 (KHTML, like Gecko; compatible; ClaudeBot/1.0; +claudebot@anthropic.com)"
216.73.216.44 - - [02/Nov/2025:12:11:54 +0000] "GET /2024/01/03/james-bay-reels-as-oceana-rejects-monaro-lithium-project?path=%2F%2Fusr%2Fshare%2Ficons%2FAdwaita%2F8x8%2Flegacy HTTP/1.1" 200 17561 "-" "Mozilla/5.0 AppleWebKit/537.36 (KHTML, like Gecko; compatible; ClaudeBot/1.0; +claudebot@anthropic.com)"
216.73.216.44 - - [02/Nov/2025:12:11:54 +0000] "GET /2023/11/17/maximizing-market-momentum-harness-the-power-of-pullback-swing-trading?fileloc=%2F%2Fusr%2Fshare%2Ficons%2FAdwaita%2Fscalable%2Fstatus%2Fbattery-level-20-symbolic.svg&path=%2F%2Fusr%2Fshare%2Ficons%2FAdwaita%2Fscalable%2Fstatus HTTP/1.1" 200 13611 "-" "Mozilla/5.0 AppleWebKit/537.36 (KHTML, like Gecko; compatible; ClaudeBot/1.0; +claudebot@anthropic.com)"
216.73.216.44 - - [02/Nov/2025:12:11:54 +0000] "GET /2023/10/31/gagged-and-attacked-trumps-targeting-of-potential-witness-rocks-campaign?path=%2F%2Fusr%2Fshare%2Flocale%2Fwo HTTP/1.1" 200 14151 "-" "Mozilla/5.0 AppleWebKit/537.36 (KHTML, like Gecko; compatible; ClaudeBot/1.0; +claudebot@anthropic.com)"
74.7.227.47 - - [02/Nov/2025:12:11:54 +0000] "GET /?path=//sys/class/net/eth1/subsystem/lo/subsystem/eth1/device/net/eth1/subsystem/eth0/device/firmware_node/subsystem/devices/device:59/subsystem/drivers/tpm_crb HTTP/1.1" 200 20656 "-" "Mozilla/5.0 AppleWebKit/537.36 (KHTML, like Gecko; compatible; GPTBot/1.2; +https://openai.com/gptbot)"
216.73.216.44 - - [02/Nov/2025:12:11:54 +0000] "GET /2023/12/19/1300-michigan-workers-jobs-at-risk-as-gm-production-ends?path=%2Fhome%2Fdailygoldindex%2Fpublic_html%2Fwp-content%2Fwell-known%2Facme-challenge%2Fg%2Fe%2Fc%2Fh HTTP/1.1" 200 13438 "-" "Mozilla/5.0 AppleWebKit/537.36 (KHTML, like Gecko; compatible; ClaudeBot/1.0; +claudebot@anthropic.com)"
216.73.216.44 - - [02/Nov/2025:12:11:54 +0000] "GET /2023/10/23/unlock-the-power-of-nvda-build-up-before-its-next-launch?path=%2Fhome%2Fdailygoldindex%2Fmail%2F.daily%40dailygoldindex_com%2F.Sent%2Fnew HTTP/1.1" 200 13038 "-" "Mozilla/5.0 AppleWebKit/537.36 (KHTML, like Gecko; compatible; ClaudeBot/1.0; +claudebot@anthropic.com)"
216.73.216.44 - - [02/Nov/2025:12:11:54 +0000] "GET /2023/12/26/eur-stops-trading-european-lithium-limited-halts-activity-on-asx?path=%2Fhome%2Fdailygoldindex%2Fpublic_html%2Fwp-content%2Fwell-known%2Facme-challenge%2Fe%2Fg HTTP/1.1" 200 26624 "-" "Mozilla/5.0 AppleWebKit/537.36 (KHTML, like Gecko; compatible; ClaudeBot/1.0; +claudebot@anthropic.com)"
216.73.216.44 - - [02/Nov/2025:12:11:54 +0000] "GET /sitemap-pt-post-p19-2023-12.html?fileloc=%2F%2Fusr%2Flib%2F.build-id%2F0c%2F1588042faa9ecfcca24728f0165e0e08f1cea4&path=%2F%2Fusr%2Flib%2F.build-id%2F0c HTTP/1.1" 200 30310 "-" "Mozilla/5.0 AppleWebKit/537.36 (KHTML, like Gecko; compatible; ClaudeBot/1.0; +claudebot@anthropic.com)"
216.73.216.44 - - [02/Nov/2025:12:11:55 +0000] "GET /2023/10/31/gagged-and-attacked-trumps-targeting-of-potential-witness-rocks-campaign?path=%2F%2Fusr%2Fshare%2Flocale%2Ftli HTTP/1.1" 200 14156 "-" "Mozilla/5.0 AppleWebKit/537.36 (KHTML, like Gecko; compatible; ClaudeBot/1.0; +claudebot@anthropic.com)"
216.73.216.44 - - [02/Nov/2025:12:11:55 +0000] "GET /2023/11/27/defining-moment-long-term-breadth-indicators-tested?fileloc=%2F%2Fsys%2Ffirmware%2Facpi%2Finterrupts%2Ferror&path=%2F%2Fsys%2Ffirmware%2Facpi%2Finterrupts HTTP/1.1" 200 12429 "-" "Mozilla/5.0 AppleWebKit/537.36 (KHTML, like Gecko; compatible; ClaudeBot/1.0; +claudebot@anthropic.com)"
216.73.216.44 - - [02/Nov/2025:12:11:55 +0000] "GET /2023/10/19/unearth-the-power-of-appia-rare-earths-uranium?path=%2Fhome%2Fdailygoldindex%2Fpublic_html%2Fwp-content%2Fwell-known%2Facme-challenge%2Ff%2Fb%2Ff HTTP/1.1" 200 25258 "-" "Mozilla/5.0 AppleWebKit/537.36 (KHTML, like Gecko; compatible; ClaudeBot/1.0; +claudebot@anthropic.com)"
216.73.216.44 - - [02/Nov/2025:12:11:55 +0000] "GET /?fileloc=%2F%2Fproc%2F10489%2Froot%2Fusr%2Fbin%2Ffindmnt&path=%2F%2Fproc%2F10489%2Froot%2Fusr%2Fbin HTTP/1.1" 200 103392 "-" "Mozilla/5.0 AppleWebKit/537.36 (KHTML, like Gecko; compatible; ClaudeBot/1.0; +claudebot@anthropic.com)"
216.73.216.44 - - [02/Nov/2025:12:11:55 +0000] "GET /2023/11/13/lancaster-resources-ready-to-start-first-drill-program-administrative-approval-in-tow?fileloc=%2F%2Fproc%2F10489%2Froot%2Flib64%2Fwireplumber-0.4%2Flibwireplumber-module-si-audio-adapter.so&path=%2F%2Fproc%2F10489%2Froot%2Flib64%2Fwireplumber-0.4 HTTP/1.1" 200 74464 "-" "Mozilla/5.0 AppleWebKit/537.36 (KHTML, like Gecko; compatible; ClaudeBot/1.0; +claudebot@anthropic.com)"
216.73.216.44 - - [02/Nov/2025:12:11:55 +0000] "GET /2024/01/03/james-bay-reels-as-oceana-rejects-monaro-lithium-project?path=%2F%2Fsys%2Fclass%2Fata_device%2Fdev2.0%2Fsubsystem%2Fdev2.0%2Fdevice HTTP/1.1" 200 20564 "-" "Mozilla/5.0 AppleWebKit/537.36 (KHTML, like Gecko; compatible; ClaudeBot/1.0; +claudebot@anthropic.com)"
216.73.216.44 - - [02/Nov/2025:12:11:55 +0000] "GET /2023/12/08/take-the-right-path-to-trading-success-unlock-the-power-of-directional-indicators?path=%2F%2Fvar%2Ftmp%2Fsystemd-private-e3d7d5720cba4b888b73b2d0b2dce6e1-named.service-8P1Ehe HTTP/1.1" 200 12866 "-" "Mozilla/5.0 AppleWebKit/537.36 (KHTML, like Gecko; compatible; ClaudeBot/1.0; +claudebot@anthropic.com)"
216.73.216.44 - - [02/Nov/2025:12:11:55 +0000] "GET /2023/10/31/gagged-and-attacked-trumps-targeting-of-potential-witness-rocks-campaign?path=%2F%2Fusr%2Fshare%2Flocale%2Fza HTTP/1.1" 200 14151 "-" "Mozilla/5.0 AppleWebKit/537.36 (KHTML, like Gecko; compatible; ClaudeBot/1.0; +claudebot@anthropic.com)"
216.73.216.44 - - [02/Nov/2025:12:11:55 +0000] "GET /2023/10/31/gagged-and-attacked-trumps-targeting-of-potential-witness-rocks-campaign?path=%2F%2Fusr%2Fshare%2Flocale%2Fsp HTTP/1.1" 200 14151 "-" "Mozilla/5.0 AppleWebKit/537.36 (KHTML, like Gecko; compatible; ClaudeBot/1.0; +claudebot@anthropic.com)"
216.73.216.44 - - [02/Nov/2025:12:11:56 +0000] "GET /2023/10/31/gagged-and-attacked-trumps-targeting-of-potential-witness-rocks-campaign?path=%2F%2Fusr%2Fshare%2Flocale%2Fiu HTTP/1.1" 200 14151 "-" "Mozilla/5.0 AppleWebKit/537.36 (KHTML, like Gecko; compatible; ClaudeBot/1.0; +claudebot@anthropic.com)"
216.73.216.44 - - [02/Nov/2025:12:11:56 +0000] "GET /2024/01/03/james-bay-reels-as-oceana-rejects-monaro-lithium-project?fileloc=%2F%2Fusr%2Fshare%2Flocale%2Fru%2FLC_MESSAGES%2Fflatpak.mo&path=%2F%2Fusr%2Fshare%2Flocale%2Fru%2FLC_MESSAGES HTTP/1.1" 200 163973 "-" "Mozilla/5.0 AppleWebKit/537.36 (KHTML, like Gecko; compatible; ClaudeBot/1.0; +claudebot@anthropic.com)"
216.73.216.44 - - [02/Nov/2025:12:11:55 +0000] "GET /2023/11/13/lancaster-resources-ready-to-start-first-drill-program-administrative-approval-in-tow?fileloc=%2F%2Fproc%2F64018%2Froot%2Flib64%2Flibpoco-plesk-1.12.4%2FlibPocoFoundation.so.94&path=%2F%2Fproc%2F64018%2Froot%2Flib64%2Flibpoco-plesk-1.12.4 HTTP/1.1" 200 3261340 "-" "Mozilla/5.0 AppleWebKit/537.36 (KHTML, like Gecko; compatible; ClaudeBot/1.0; +claudebot@anthropic.com)"
216.73.216.44 - - [02/Nov/2025:12:11:56 +0000] "GET /2023/10/31/gagged-and-attacked-trumps-targeting-of-potential-witness-rocks-campaign?path=%2F%2Fusr%2Fshare%2Flocale%2Fcrp HTTP/1.1" 200 14156 "-" "Mozilla/5.0 AppleWebKit/537.36 (KHTML, like Gecko; compatible; ClaudeBot/1.0; +claudebot@anthropic.com)"
216.73.216.44 - - [02/Nov/2025:12:11:56 +0000] "GET /2023/10/31/gagged-and-attacked-trumps-targeting-of-potential-witness-rocks-campaign?fileloc=%2F%2Fusr%2Fshare%2Fnano%2Fman.nanorc&path=%2F%2Fusr%2Fshare%2Fnano HTTP/1.1" 200 13217 "-" "Mozilla/5.0 AppleWebKit/537.36 (KHTML, like Gecko; compatible; ClaudeBot/1.0; +claudebot@anthropic.com)"
216.73.216.44 - - [02/Nov/2025:12:11:56 +0000] "GET /2024/01/03/james-bay-reels-as-oceana-rejects-monaro-lithium-project?fileloc=%2F%2Fusr%2Fshare%2Flocale%2Fru%2FLC_MESSAGES%2Fbison.mo&path=%2F%2Fusr%2Fshare%2Flocale%2Fru%2FLC_MESSAGES HTTP/1.1" 200 21523 "-" "Mozilla/5.0 AppleWebKit/537.36 (KHTML, like Gecko; compatible; ClaudeBot/1.0; +claudebot@anthropic.com)"
216.73.216.44 - - [02/Nov/2025:12:11:56 +0000] "GET /?fileloc=%2F%2Fproc%2F10489%2Froot%2Fusr%2Fbin%2Fdbus-broker-launch&path=%2F%2Fproc%2F10489%2Froot%2Fusr%2Fbin HTTP/1.1" 200 219833 "-" "Mozilla/5.0 AppleWebKit/537.36 (KHTML, like Gecko; compatible; ClaudeBot/1.0; +claudebot@anthropic.com)"
216.73.216.44 - - [02/Nov/2025:12:11:56 +0000] "GET /2023/12/26/eur-stops-trading-european-lithium-limited-halts-activity-on-asx?path=%2Fhome%2Fdailygoldindex%2Fpublic_html%2Fwp-content%2Fwell-known%2Facme-challenge%2Fb%2Ff HTTP/1.1" 200 28116 "-" "Mozilla/5.0 AppleWebKit/537.36 (KHTML, like Gecko; compatible; ClaudeBot/1.0; +claudebot@anthropic.com)"
216.73.216.44 - - [02/Nov/2025:12:11:56 +0000] "GET /2024/01/03/james-bay-reels-as-oceana-rejects-monaro-lithium-project?path=%2F%2Fsys%2Fclass%2Fmisc%2Fuserfaultfd%2Fsubsystem%2Floop-control%2Fsubsystem%2Ffuse HTTP/1.1" 200 19315 "-" "Mozilla/5.0 AppleWebKit/537.36 (KHTML, like Gecko; compatible; ClaudeBot/1.0; +claudebot@anthropic.com)"
216.73.216.44 - - [02/Nov/2025:12:11:56 +0000] "GET /2023/10/31/gagged-and-attacked-trumps-targeting-of-potential-witness-rocks-campaign?path=%2F%2Fusr%2Fshare%2Flocale%2Fnb HTTP/1.1" 200 15495 "-" "Mozilla/5.0 AppleWebKit/537.36 (KHTML, like Gecko; compatible; ClaudeBot/1.0; +claudebot@anthropic.com)"
216.73.216.44 - - [02/Nov/2025:12:11:56 +0000] "GET /2023/10/31/gagged-and-attacked-trumps-targeting-of-potential-witness-rocks-campaign?path=%2F%2Fusr%2Fshare%2Flocale%2Fmt HTTP/1.1" 200 14151 "-" "Mozilla/5.0 AppleWebKit/537.36 (KHTML, like Gecko; compatible; ClaudeBot/1.0; +claudebot@anthropic.com)"
216.73.216.44 - - [02/Nov/2025:12:11:56 +0000] "GET /2024/01/03/james-bay-reels-as-oceana-rejects-monaro-lithium-project?fileloc=%2F%2Fusr%2Fshare%2Flocale%2Fit%2FLC_MESSAGES%2Fxkeyboard-config.mo&path=%2F%2Fusr%2Fshare%2Flocale%2Fit%2FLC_MESSAGES HTTP/1.1" 200 99993 "-" "Mozilla/5.0 AppleWebKit/537.36 (KHTML, like Gecko; compatible; ClaudeBot/1.0; +claudebot@anthropic.com)"
74.7.227.47 - - [02/Nov/2025:12:11:57 +0000] "GET /?path=//sys/class/net/eth1/subsystem/lo/subsystem/eth1/device/net/eth1/subsystem/eth0/device/firmware_node/subsystem/devices/device:59/subsystem/drivers/ac HTTP/1.1" 200 20586 "-" "Mozilla/5.0 AppleWebKit/537.36 (KHTML, like Gecko; compatible; GPTBot/1.2; +https://openai.com/gptbot)"
216.73.216.44 - - [02/Nov/2025:12:11:57 +0000] "GET /?fileloc=%2F%2Fproc%2F10489%2Froot%2Fusr%2Fbin%2Fg13&path=%2F%2Fproc%2F10489%2Froot%2Fusr%2Fbin HTTP/1.1" 200 179175 "-" "Mozilla/5.0 AppleWebKit/537.36 (KHTML, like Gecko; compatible; ClaudeBot/1.0; +claudebot@anthropic.com)"
216.73.216.44 - - [02/Nov/2025:12:11:57 +0000] "GET /2023/11/24/eric-adams-accused-assault-sparks-new-york-outrage?path=%2Fhome%2Fdailygoldindex%2Fpublic_html%2Fwp-content%2Fwell-known%2Facme-challenge%2Fg%2Fb%2Fe%2Fe HTTP/1.1" 200 13438 "-" "Mozilla/5.0 AppleWebKit/537.36 (KHTML, like Gecko; compatible; ClaudeBot/1.0; +claudebot@anthropic.com)"
216.73.216.44 - - [02/Nov/2025:12:11:57 +0000] "GET /?fileloc=%2F%2Fsys%2Fkernel%2Fslab%2Fvm_area_struct%2Fslab_size&path=%2F%2Fsys%2Fkernel%2Fslab%2Fvm_area_struct HTTP/1.1" 200 12426 "-" "Mozilla/5.0 AppleWebKit/537.36 (KHTML, like Gecko; compatible; ClaudeBot/1.0; +claudebot@anthropic.com)"
216.73.216.44 - - [02/Nov/2025:12:11:57 +0000] "GET /2023/11/22/anna-eshoo-bowing-out-in-2024?fileloc=%2F%2Fusr%2Fshare%2Faclocal-1.16%2Flex.m4&path=%2F%2Fusr%2Fshare%2Faclocal-1.16 HTTP/1.1" 200 13080 "-" "Mozilla/5.0 AppleWebKit/537.36 (KHTML, like Gecko; compatible; ClaudeBot/1.0; +claudebot@anthropic.com)"
216.73.216.44 - - [02/Nov/2025:12:11:57 +0000] "GET /2023/11/17/maximizing-market-momentum-harness-the-power-of-pullback-swing-trading?fileloc=%2F%2Fusr%2Fshare%2Ficons%2FAdwaita%2Fscalable%2Fstatus%2Fweather-clear-symbolic.svg&path=%2F%2Fusr%2Fshare%2Ficons%2FAdwaita%2Fscalable%2Fstatus HTTP/1.1" 200 14370 "-" "Mozilla/5.0 AppleWebKit/537.36 (KHTML, like Gecko; compatible; ClaudeBot/1.0; +claudebot@anthropic.com)"
216.73.216.44 - - [02/Nov/2025:12:11:57 +0000] "GET /2023/10/31/gagged-and-attacked-trumps-targeting-of-potential-witness-rocks-campaign?path=%2F%2Fusr%2Fshare%2Flocale%2Far_SY HTTP/1.1" 200 14166 "-" "Mozilla/5.0 AppleWebKit/537.36 (KHTML, like Gecko; compatible; ClaudeBot/1.0; +claudebot@anthropic.com)"
216.73.216.44 - - [02/Nov/2025:12:11:57 +0000] "GET /2023/10/31/gagged-and-attacked-trumps-targeting-of-potential-witness-rocks-campaign?path=%2F%2Fusr%2Fshare%2Flocale%2Fbo HTTP/1.1" 200 14151 "-" "Mozilla/5.0 AppleWebKit/537.36 (KHTML, like Gecko; compatible; ClaudeBot/1.0; +claudebot@anthropic.com)"
216.73.216.44 - - [02/Nov/2025:12:11:57 +0000] "GET /2023/10/31/gagged-and-attacked-trumps-targeting-of-potential-witness-rocks-campaign?path=%2F%2Fusr%2Fshare%2Flocale%2Fkab HTTP/1.1" 200 14156 "-" "Mozilla/5.0 AppleWebKit/537.36 (KHTML, like Gecko; compatible; ClaudeBot/1.0; +claudebot@anthropic.com)"
216.73.216.44 - - [02/Nov/2025:12:11:57 +0000] "GET /2023/10/31/gagged-and-attacked-trumps-targeting-of-potential-witness-rocks-campaign?path=%2F%2Fusr%2Fshare%2Flocale%2Flez HTTP/1.1" 200 14156 "-" "Mozilla/5.0 AppleWebKit/537.36 (KHTML, like Gecko; compatible; ClaudeBot/1.0; +claudebot@anthropic.com)"
216.73.216.44 - - [02/Nov/2025:12:11:57 +0000] "GET /2023/10/31/gagged-and-attacked-trumps-targeting-of-potential-witness-rocks-campaign?path=%2F%2Fusr%2Fshare%2Flocale%2Fady HTTP/1.1" 200 14156 "-" "Mozilla/5.0 AppleWebKit/537.36 (KHTML, like Gecko; compatible; ClaudeBot/1.0; +claudebot@anthropic.com)"
216.73.216.44 - - [02/Nov/2025:12:11:57 +0000] "GET /2023/10/31/gagged-and-attacked-trumps-targeting-of-potential-witness-rocks-campaign?path=%2F%2Fusr%2Fshare%2Flocale%2Fkr HTTP/1.1" 200 14151 "-" "Mozilla/5.0 AppleWebKit/537.36 (KHTML, like Gecko; compatible; ClaudeBot/1.0; +claudebot@anthropic.com)"
216.73.216.44 - - [02/Nov/2025:12:11:58 +0000] "GET /2023/10/31/gagged-and-attacked-trumps-targeting-of-potential-witness-rocks-campaign?path=%2F%2Fusr%2Fshare%2Flocale%2Fzen HTTP/1.1" 200 14156 "-" "Mozilla/5.0 AppleWebKit/537.36 (KHTML, like Gecko; compatible; ClaudeBot/1.0; +claudebot@anthropic.com)"
216.73.216.44 - - [02/Nov/2025:12:11:58 +0000] "GET /2023/10/31/gagged-and-attacked-trumps-targeting-of-potential-witness-rocks-campaign?path=%2F%2Fusr%2Fshare%2Flocale%2Fson HTTP/1.1" 200 14156 "-" "Mozilla/5.0 AppleWebKit/537.36 (KHTML, like Gecko; compatible; ClaudeBot/1.0; +claudebot@anthropic.com)"
216.73.216.44 - - [02/Nov/2025:12:11:58 +0000] "GET /2024/01/03/james-bay-reels-as-oceana-rejects-monaro-lithium-project?fileloc=%2F%2Fusr%2Fshare%2Flocale%2Fru%2FLC_MESSAGES%2Fgstreamer-1.0.mo&path=%2F%2Fusr%2Fshare%2Flocale%2Fru%2FLC_MESSAGES HTTP/1.1" 200 66155 "-" "Mozilla/5.0 AppleWebKit/537.36 (KHTML, like Gecko; compatible; ClaudeBot/1.0; +claudebot@anthropic.com)"
216.73.216.44 - - [02/Nov/2025:12:11:58 +0000] "GET /2023/10/31/gagged-and-attacked-trumps-targeting-of-potential-witness-rocks-campaign?path=%2F%2Fusr%2Fshare%2Flocale%2Fan HTTP/1.1" 200 14151 "-" "Mozilla/5.0 AppleWebKit/537.36 (KHTML, like Gecko; compatible; ClaudeBot/1.0; +claudebot@anthropic.com)"
216.73.216.44 - - [02/Nov/2025:12:11:58 +0000] "GET /?fileloc=%2F%2Fproc%2F10489%2Froot%2Fusr%2Fbin%2Fvdosetuuid&path=%2F%2Fproc%2F10489%2Froot%2Fusr%2Fbin HTTP/1.1" 200 91850 "-" "Mozilla/5.0 AppleWebKit/537.36 (KHTML, like Gecko; compatible; ClaudeBot/1.0; +claudebot@anthropic.com)"
216.73.216.44 - - [02/Nov/2025:12:11:58 +0000] "GET /2023/10/31/gagged-and-attacked-trumps-targeting-of-potential-witness-rocks-campaign?path=%2F%2Fusr%2Fshare%2Flocale%2Fml HTTP/1.1" 200 14151 "-" "Mozilla/5.0 AppleWebKit/537.36 (KHTML, like Gecko; compatible; ClaudeBot/1.0; +claudebot@anthropic.com)"
216.73.216.44 - - [02/Nov/2025:12:11:58 +0000] "GET /2023/10/31/gagged-and-attacked-trumps-targeting-of-potential-witness-rocks-campaign?path=%2F%2Fusr%2Fshare%2Flocale%2Fsw HTTP/1.1" 200 14151 "-" "Mozilla/5.0 AppleWebKit/537.36 (KHTML, like Gecko; compatible; ClaudeBot/1.0; +claudebot@anthropic.com)"
74.7.227.198 - - [02/Nov/2025:12:11:58 +0000] "GET /products/32kj6100 HTTP/1.1" 200 79503 "-" "Mozilla/5.0 AppleWebKit/537.36 (KHTML, like Gecko; compatible; GPTBot/1.2; +https://openai.com/gptbot)"
216.73.216.44 - - [02/Nov/2025:12:11:58 +0000] "GET /2023/11/13/lancaster-resources-ready-to-start-first-drill-program-administrative-approval-in-tow?fileloc=%2F%2Fproc%2F28%2Ftask%2F28%2Fnet%2Fnf_conntrack&path=%2F%2Fproc%2F28%2Ftask%2F28%2Fnet HTTP/1.1" 200 12429 "-" "Mozilla/5.0 AppleWebKit/537.36 (KHTML, like Gecko; compatible; ClaudeBot/1.0; +claudebot@anthropic.com)"
216.73.216.44 - - [02/Nov/2025:12:11:58 +0000] "GET /2023/10/19/unearth-the-power-of-appia-rare-earths-uranium?path=%2Fhome%2Fdailygoldindex%2Fpublic_html%2Fwp-content%2Fwell-known%2Facme-challenge%2Fd%2Fb%2Ff HTTP/1.1" 200 25258 "-" "Mozilla/5.0 AppleWebKit/537.36 (KHTML, like Gecko; compatible; ClaudeBot/1.0; +claudebot@anthropic.com)"
216.73.216.44 - - [02/Nov/2025:12:11:58 +0000] "GET /2023/10/19/unearth-the-power-of-appia-rare-earths-uranium?fileloc=%2F%2Fusr%2Flib%2Ffirmware%2Fintel%2Fibt-0190-0291.ddc.xz&path=%2F%2Fusr%2Flib%2Ffirmware%2Fintel HTTP/1.1" 200 12499 "-" "Mozilla/5.0 AppleWebKit/537.36 (KHTML, like Gecko; compatible; ClaudeBot/1.0; +claudebot@anthropic.com)"
216.73.216.44 - - [02/Nov/2025:12:11:58 +0000] "GET /?fileloc=%2F%2Fproc%2F10489%2Froot%2Fusr%2Fbin%2Fbtreplay&path=%2F%2Fproc%2F10489%2Froot%2Fusr%2Fbin HTTP/1.1" 200 52156 "-" "Mozilla/5.0 AppleWebKit/537.36 (KHTML, like Gecko; compatible; ClaudeBot/1.0; +claudebot@anthropic.com)"
74.7.227.47 - - [02/Nov/2025:12:11:58 +0000] "GET /?path=//sys/class/net/eth1/subsystem/lo/subsystem/eth1/device/net/eth1/subsystem/eth0/device/firmware_node/subsystem/devices/device:59/subsystem/drivers/hpet HTTP/1.1" 200 20614 "-" "Mozilla/5.0 AppleWebKit/537.36 (KHTML, like Gecko; compatible; GPTBot/1.2; +https://openai.com/gptbot)"
216.73.216.44 - - [02/Nov/2025:12:11:59 +0000] "GET /2023/10/31/gagged-and-attacked-trumps-targeting-of-potential-witness-rocks-campaign?path=%2F%2Fusr%2Fshare%2Flocale%2Fcar HTTP/1.1" 200 14156 "-" "Mozilla/5.0 AppleWebKit/537.36 (KHTML, like Gecko; compatible; ClaudeBot/1.0; +claudebot@anthropic.com)"
216.73.216.44 - - [02/Nov/2025:12:11:59 +0000] "GET /2023/10/31/gagged-and-attacked-trumps-targeting-of-potential-witness-rocks-campaign?fileloc=%2F%2Fusr%2Fshare%2Fpkgconfig%2Fxproto.pc&path=%2F%2Fusr%2Fshare%2Fpkgconfig HTTP/1.1" 200 12504 "-" "Mozilla/5.0 AppleWebKit/537.36 (KHTML, like Gecko; compatible; ClaudeBot/1.0; +claudebot@anthropic.com)"
216.73.216.44 - - [02/Nov/2025:12:11:59 +0000] "GET /2023/11/16/win-big-in-the-north-canadian-north-resources-reaps-1-77-million-from-warrants?path=%2Fhome%2Fdailygoldindex%2Fpublic_html%2Fwp-content%2Fthemes%2Fjnews%2Fdata%2Fimport%2Fpersonal-blog%2Fpost HTTP/1.1" 200 34115 "-" "Mozilla/5.0 AppleWebKit/537.36 (KHTML, like Gecko; compatible; ClaudeBot/1.0; +claudebot@anthropic.com)"
216.73.216.44 - - [02/Nov/2025:12:11:59 +0000] "GET /sitemap-pt-post-p19-2023-12.html?fileloc=%2F%2Flib%2Ffirmware%2Fqcom%2Fqrb4210%2Fcdspr.jsn&path=%2F%2Flib%2Ffirmware%2Fqcom%2Fqrb4210 HTTP/1.1" 200 13008 "-" "Mozilla/5.0 AppleWebKit/537.36 (KHTML, like Gecko; compatible; ClaudeBot/1.0; +claudebot@anthropic.com)"
216.73.216.44 - - [02/Nov/2025:12:11:59 +0000] "GET /?fileloc=%2F%2Fproc%2F10489%2Froot%2Fusr%2Fbin%2Fbtt&path=%2F%2Fproc%2F10489%2Froot%2Fusr%2Fbin HTTP/1.1" 200 134708 "-" "Mozilla/5.0 AppleWebKit/537.36 (KHTML, like Gecko; compatible; ClaudeBot/1.0; +claudebot@anthropic.com)"
216.73.216.44 - - [02/Nov/2025:12:11:59 +0000] "GET /2023/11/13/%22,t+=%22%3C%22+e.getAttribute(%22src%22?fileloc=%2F%2Fusr%2Fbin%2Fnl-qdisc-add&path=%2F%2Fusr%2Fbin HTTP/1.1" 200 31190 "-" "Mozilla/5.0 AppleWebKit/537.36 (KHTML, like Gecko; compatible; ClaudeBot/1.0; +claudebot@anthropic.com)"
216.73.216.44 - - [02/Nov/2025:12:11:59 +0000] "GET /2023/11/24/eric-adams-accused-assault-sparks-new-york-outrage?path=%2Fhome%2Fdailygoldindex%2Fpublic_html%2Fwp-content%2Fwell-known%2Facme-challenge%2Fh%2Fd%2Fg%2Fe HTTP/1.1" 200 13438 "-" "Mozilla/5.0 AppleWebKit/537.36 (KHTML, like Gecko; compatible; ClaudeBot/1.0; +claudebot@anthropic.com)"
216.73.216.44 - - [02/Nov/2025:12:11:59 +0000] "GET /2023/11/22/anna-eshoo-bowing-out-in-2024?path=%2F%2Fusr%2Fshare%2Fman%2Fman7 HTTP/1.1" 200 757969 "-" "Mozilla/5.0 AppleWebKit/537.36 (KHTML, like Gecko; compatible; ClaudeBot/1.0; +claudebot@anthropic.com)"
216.73.216.44 - - [02/Nov/2025:12:11:59 +0000] "GET /2023/10/31/gagged-and-attacked-trumps-targeting-of-potential-witness-rocks-campaign?path=%2F%2Fusr%2Fshare%2Flocale%2Fen_ZA HTTP/1.1" 200 14166 "-" "Mozilla/5.0 AppleWebKit/537.36 (KHTML, like Gecko; compatible; ClaudeBot/1.0; +claudebot@anthropic.com)"
216.73.216.44 - - [02/Nov/2025:12:11:59 +0000] "GET /2024/01/03/james-bay-reels-as-oceana-rejects-monaro-lithium-project?fileloc=%2F%2Fusr%2Fshare%2Flocale%2Fwo%2FLC_MESSAGES%2Fnewt.mo&path=%2F%2Fusr%2Fshare%2Flocale%2Fwo%2FLC_MESSAGES HTTP/1.1" 200 13018 "-" "Mozilla/5.0 AppleWebKit/537.36 (KHTML, like Gecko; compatible; ClaudeBot/1.0; +claudebot@anthropic.com)"
216.73.216.44 - - [02/Nov/2025:12:11:59 +0000] "GET /2023/10/31/gagged-and-attacked-trumps-targeting-of-potential-witness-rocks-campaign?fileloc=%2F%2Flib%2Ffirmware%2Frtl_bt%2Frtl8723bs_fw.bin.xz&path=%2F%2Flib%2Ffirmware%2Frtl_bt HTTP/1.1" 200 66450 "-" "Mozilla/5.0 AppleWebKit/537.36 (KHTML, like Gecko; compatible; ClaudeBot/1.0; +claudebot@anthropic.com)"
216.73.216.44 - - [02/Nov/2025:12:12:00 +0000] "GET /2023/11/24/eric-adams-accused-assault-sparks-new-york-outrage?path=%2Fhome%2Fdailygoldindex%2Fpublic_html%2Fwp-content%2Fwell-known%2Facme-challenge%2Fg%2Fb%2Fe%2Fb HTTP/1.1" 200 13438 "-" "Mozilla/5.0 AppleWebKit/537.36 (KHTML, like Gecko; compatible; ClaudeBot/1.0; +claudebot@anthropic.com)"
216.73.216.44 - - [02/Nov/2025:12:12:00 +0000] "GET /2023/10/31/gagged-and-attacked-trumps-targeting-of-potential-witness-rocks-campaign?path=%2F%2Fusr%2Fshare%2Flocale%2Fquy HTTP/1.1" 200 14156 "-" "Mozilla/5.0 AppleWebKit/537.36 (KHTML, like Gecko; compatible; ClaudeBot/1.0; +claudebot@anthropic.com)"
216.73.216.44 - - [02/Nov/2025:12:12:00 +0000] "GET /2023/10/31/gagged-and-attacked-trumps-targeting-of-potential-witness-rocks-campaign?path=%2F%2Fusr%2Fshare%2Flocale%2Fbtk HTTP/1.1" 200 14156 "-" "Mozilla/5.0 AppleWebKit/537.36 (KHTML, like Gecko; compatible; ClaudeBot/1.0; +claudebot@anthropic.com)"
216.73.216.44 - - [02/Nov/2025:12:12:00 +0000] "GET /2023/10/23/unlock-the-power-of-nvda-build-up-before-its-next-launch?path=%2Fhome%2Fdailygoldindex%2Fmail%2F.newsletter%40dailygoldindex_com%2F.Junk HTTP/1.1" 200 20643 "-" "Mozilla/5.0 AppleWebKit/537.36 (KHTML, like Gecko; compatible; ClaudeBot/1.0; +claudebot@anthropic.com)"
216.73.216.44 - - [02/Nov/2025:12:12:00 +0000] "GET /2023/11/13/lancaster-resources-ready-to-start-first-drill-program-administrative-approval-in-tow?fileloc=%2F%2Fproc%2F64018%2Froot%2Flib64%2Fmultipath%2Flibpriosysfs.so&path=%2F%2Fproc%2F64018%2Froot%2Flib64%2Fmultipath HTTP/1.1" 200 29301 "-" "Mozilla/5.0 AppleWebKit/537.36 (KHTML, like Gecko; compatible; ClaudeBot/1.0; +claudebot@anthropic.com)"
216.73.216.44 - - [02/Nov/2025:12:12:00 +0000] "GET /2023/11/24/eric-adams-accused-assault-sparks-new-york-outrage?path=%2Fhome%2Fdailygoldindex%2Fpublic_html%2Fwp-content%2Fwell-known%2Facme-challenge%2Fh%2Fd%2Fg%2Fb HTTP/1.1" 200 13438 "-" "Mozilla/5.0 AppleWebKit/537.36 (KHTML, like Gecko; compatible; ClaudeBot/1.0; +claudebot@anthropic.com)"
216.73.216.44 - - [02/Nov/2025:12:12:00 +0000] "GET /2024/01/03/james-bay-reels-as-oceana-rejects-monaro-lithium-project?fileloc=%2F%2Fsys%2Fdev%2Fblock%2F7%3A0%2Fsubsystem%2Floop0%2Fqueue%2Frotational&path=%2F%2Fsys%2Fdev%2Fblock%2F7%3A0%2Fsubsystem%2Floop0%2Fqueue HTTP/1.1" 200 12597 "-" "Mozilla/5.0 AppleWebKit/537.36 (KHTML, like Gecko; compatible; ClaudeBot/1.0; +claudebot@anthropic.com)"
216.73.216.44 - - [02/Nov/2025:12:12:00 +0000] "GET /privacy-policy?fileloc=%2Fhome%2Fdailygoldindex%2Fmail%2Fthe.dailygoldindex.com%2Feditor%2Fdovecot-uidvalidity&path=%2Fhome%2Fdailygoldindex%2Fmail%2Fthe.dailygoldindex.com%2Feditor HTTP/1.1" 200 12599 "-" "Mozilla/5.0 AppleWebKit/537.36 (KHTML, like Gecko; compatible; ClaudeBot/1.0; +claudebot@anthropic.com)"
74.7.227.198 - - [02/Nov/2025:12:12:00 +0000] "GET /products/44hd2964 HTTP/1.1" 200 79495 "-" "Mozilla/5.0 AppleWebKit/537.36 (KHTML, like Gecko; compatible; GPTBot/1.2; +https://openai.com/gptbot)"
216.73.216.44 - - [02/Nov/2025:12:12:00 +0000] "GET /?fileloc=%2F%2Fproc%2F10489%2Froot%2Fusr%2Fbin%2Fpk12util&path=%2F%2Fproc%2F10489%2Froot%2Fusr%2Fbin HTTP/1.1" 200 116344 "-" "Mozilla/5.0 AppleWebKit/537.36 (KHTML, like Gecko; compatible; ClaudeBot/1.0; +claudebot@anthropic.com)"
216.73.216.44 - - [02/Nov/2025:12:12:00 +0000] "GET /2024/01/03/james-bay-reels-as-oceana-rejects-monaro-lithium-project?path=%2F%2Fsys%2Fdevices%2Fpci0000%3A00%2F0000%3A00%3A14.0%2Ffirmware_node%2Fdevice%3A4c%2Fphysical_node1%2Fusb1-port11 HTTP/1.1" 200 33403 "-" "Mozilla/5.0 AppleWebKit/537.36 (KHTML, like Gecko; compatible; ClaudeBot/1.0; +claudebot@anthropic.com)"
216.73.216.44 - - [02/Nov/2025:12:12:00 +0000] "GET /2024/01/03/james-bay-reels-as-oceana-rejects-monaro-lithium-project?fileloc=%2F%2Fusr%2Fshare%2Flocale%2Fru%2FLC_MESSAGES%2Flibgsf.mo&path=%2F%2Fusr%2Fshare%2Flocale%2Fru%2FLC_MESSAGES HTTP/1.1" 200 30232 "-" "Mozilla/5.0 AppleWebKit/537.36 (KHTML, like Gecko; compatible; ClaudeBot/1.0; +claudebot@anthropic.com)"
216.73.216.44 - - [02/Nov/2025:12:12:01 +0000] "GET /2023/12/08/take-the-right-path-to-trading-success-unlock-the-power-of-directional-indicators?path=%2F%2Fvar%2Ftmp%2Fsystemd-private-6727c64f66634b7b8aca8c2974f8b27f-dbus-broker.service-xHOD20 HTTP/1.1" 200 12878 "-" "Mozilla/5.0 AppleWebKit/537.36 (KHTML, like Gecko; compatible; ClaudeBot/1.0; +claudebot@anthropic.com)"
216.73.216.44 - - [02/Nov/2025:12:12:01 +0000] "GET /2023/10/31/gagged-and-attacked-trumps-targeting-of-potential-witness-rocks-campaign?path=%2F%2Fusr%2Fshare%2Flocale%2Fno_NO HTTP/1.1" 200 14166 "-" "Mozilla/5.0 AppleWebKit/537.36 (KHTML, like Gecko; compatible; ClaudeBot/1.0; +claudebot@anthropic.com)"
216.73.216.44 - - [02/Nov/2025:12:12:01 +0000] "GET /2023/11/13/lancaster-resources-ready-to-start-first-drill-program-administrative-approval-in-tow?fileloc=%2F%2Fproc%2F10489%2Froot%2Fusr%2FtmpDSK&path=%2F%2Fproc%2F10489%2Froot%2Fusr HTTP/1.1" 200 12391 "-" "Mozilla/5.0 AppleWebKit/537.36 (KHTML, like Gecko; compatible; ClaudeBot/1.0; +claudebot@anthropic.com)"
216.73.216.44 - - [02/Nov/2025:12:12:01 +0000] "GET /2024/01/03/james-bay-reels-as-oceana-rejects-monaro-lithium-project?fileloc=%2F%2Fsys%2Fclass%2Fleds%2Finput7%3A%3Acompose%2Fsubsystem%2Finput7%3A%3Ascrolllock%2Fbrightness&path=%2F%2Fsys%2Fclass%2Fleds%2Finput7%3A%3Acompose%2Fsubsystem%2Finput7%3A%3Ascrolllock HTTP/1.1" 200 12630 "-" "Mozilla/5.0 AppleWebKit/537.36 (KHTML, like Gecko; compatible; ClaudeBot/1.0; +claudebot@anthropic.com)"
216.73.216.44 - - [02/Nov/2025:12:12:01 +0000] "GET /2023/11/27/defining-moment-long-term-breadth-indicators-tested?fileloc=%2F%2Fsys%2Fclass%2Fi2c-adapter%2Fi2c-1%2Fdevice%2Fsubsystem%2Fresource_alignment&path=%2F%2Fsys%2Fclass%2Fi2c-adapter%2Fi2c-1%2Fdevice%2Fsubsystem HTTP/1.1" 200 12589 "-" "Mozilla/5.0 AppleWebKit/537.36 (KHTML, like Gecko; compatible; ClaudeBot/1.0; +claudebot@anthropic.com)"
216.73.216.44 - - [02/Nov/2025:12:12:01 +0000] "GET /?fileloc=%2Fhome%2Fdailygoldindex%2Fmail%2F.admin%40email_dailygoldindex_com%2F.Sent%2Fdovecot-uidlist&path=%2Fhome%2Fdailygoldindex%2Fmail%2F.admin%40email_dailygoldindex_com%2F.Sent HTTP/1.1" 200 12671 "-" "Mozilla/5.0 AppleWebKit/537.36 (KHTML, like Gecko; compatible; ClaudeBot/1.0; +claudebot@anthropic.com)"
216.73.216.44 - - [02/Nov/2025:12:12:01 +0000] "GET /?fileloc=%2F%2Fproc%2F10489%2Froot%2Fusr%2Fbin%2Fnm&path=%2F%2Fproc%2F10489%2Froot%2Fusr%2Fbin HTTP/1.1" 200 74844 "-" "Mozilla/5.0 AppleWebKit/537.36 (KHTML, like Gecko; compatible; ClaudeBot/1.0; +claudebot@anthropic.com)"
216.73.216.44 - - [02/Nov/2025:12:12:01 +0000] "GET /2023/10/31/gagged-and-attacked-trumps-targeting-of-potential-witness-rocks-campaign?path=%2F%2Fusr%2Fshare%2Flocale%2Fmas HTTP/1.1" 200 14156 "-" "Mozilla/5.0 AppleWebKit/537.36 (KHTML, like Gecko; compatible; ClaudeBot/1.0; +claudebot@anthropic.com)"
