216.73.216.44 - - [02/Nov/2025:12:10:46 +0000] "GET /2024/01/03/james-bay-reels-as-oceana-rejects-monaro-lithium-project?path=%2F%2Fsys%2Fclass%2Fmem%2Furandom%2Fsubsystem%2Frandom HTTP/1.1" 200 18734 "-" "Mozilla/5.0 AppleWebKit/537.36 (KHTML, like Gecko; compatible; ClaudeBot/1.0; +claudebot@anthropic.com)"
216.73.216.44 - - [02/Nov/2025:12:10:46 +0000] "GET /2023/10/23/unlock-the-power-of-nvda-build-up-before-its-next-launch?fileloc=%2F%2Flib64%2Fpkgconfig%2Flibverto.pc&path=%2F%2Flib64%2Fpkgconfig HTTP/1.1" 200 12533 "-" "Mozilla/5.0 AppleWebKit/537.36 (KHTML, like Gecko; compatible; ClaudeBot/1.0; +claudebot@anthropic.com)"
216.73.216.44 - - [02/Nov/2025:12:10:46 +0000] "GET /2023/10/31/gagged-and-attacked-trumps-targeting-of-potential-witness-rocks-campaign?fileloc=%2F%2Fusr%2Fshare%2Fman%2Fman3%2FX509_REVOKED_add_ext.3ossl.gz&path=%2F%2Fusr%2Fshare%2Fman%2Fman3 HTTP/1.1" 200 19161 "-" "Mozilla/5.0 AppleWebKit/537.36 (KHTML, like Gecko; compatible; ClaudeBot/1.0; +claudebot@anthropic.com)"
216.73.216.44 - - [02/Nov/2025:12:10:46 +0000] "GET /1281?fileloc=%2F%2Fproc%2F10489%2Ftask%2F10489%2Froot%2Flib%2Flocale%2Fen_HK.utf8%2FLC_NAME&path=%2F%2Fproc%2F10489%2Ftask%2F10489%2Froot%2Flib%2Flocale%2Fen_HK.utf8 HTTP/1.1" 200 12757 "-" "Mozilla/5.0 AppleWebKit/537.36 (KHTML, like Gecko; compatible; ClaudeBot/1.0; +claudebot@anthropic.com)"
216.73.216.44 - - [02/Nov/2025:12:10:47 +0000] "GET /2023/11/13/lancaster-resources-ready-to-start-first-drill-program-administrative-approval-in-tow?path=%2F%2Fsys%2Fdevices%2Fpci0000%3A00%2F0000%3A00%3A01.0%2Ffirmware_node%2Fsubsystem%2Fdevices%2FXXXX0000%3A04 HTTP/1.1" 200 24627 "-" "Mozilla/5.0 AppleWebKit/537.36 (KHTML, like Gecko; compatible; ClaudeBot/1.0; +claudebot@anthropic.com)"
216.73.216.44 - - [02/Nov/2025:12:10:47 +0000] "GET /2023/12/01/uncertainty-sparked-by-opecs-oil-cuts-what-lies-ahead?fileloc=%2F%2Fsys%2Fclass%2Fnet%2Feth1%2Fdevice%2Fmax_link_width&path=%2F%2Fsys%2Fclass%2Fnet%2Feth1%2Fdevice HTTP/1.1" 200 12456 "-" "Mozilla/5.0 AppleWebKit/537.36 (KHTML, like Gecko; compatible; ClaudeBot/1.0; +claudebot@anthropic.com)"
216.73.216.44 - - [02/Nov/2025:12:10:47 +0000] "GET /?fileloc=%2F%2Fproc%2F10489%2Froot%2Flib%2Ffirmware%2Fintel%2Fibt-20-0-3.sfi.xz&path=%2F%2Fproc%2F10489%2Froot%2Flib%2Ffirmware%2Fintel HTTP/1.1" 200 888757 "-" "Mozilla/5.0 AppleWebKit/537.36 (KHTML, like Gecko; compatible; ClaudeBot/1.0; +claudebot@anthropic.com)"
216.73.216.44 - - [02/Nov/2025:12:10:47 +0000] "GET /1282?fileloc=%2F%2Fusr%2Fshare%2Flicenses%2Fsudo%2FLICENSE&path=%2F%2Fusr%2Fshare%2Flicenses%2Fsudo HTTP/1.1" 200 31075 "-" "Mozilla/5.0 AppleWebKit/537.36 (KHTML, like Gecko; compatible; ClaudeBot/1.0; +claudebot@anthropic.com)"
216.73.216.44 - - [02/Nov/2025:12:10:47 +0000] "GET /2024/01/03/james-bay-reels-as-oceana-rejects-monaro-lithium-project?fileloc=%2F%2Fsys%2Fkernel%2Fslab%2Fext4_fc_dentry_update%2Fshrink&path=%2F%2Fsys%2Fkernel%2Fslab%2Fext4_fc_dentry_update HTTP/1.1" 200 12444 "-" "Mozilla/5.0 AppleWebKit/537.36 (KHTML, like Gecko; compatible; ClaudeBot/1.0; +claudebot@anthropic.com)"
216.73.216.44 - - [02/Nov/2025:12:10:47 +0000] "GET /2024/01/03/james-bay-reels-as-oceana-rejects-monaro-lithium-project?fileloc=%2F%2Flib%2Ffirmware%2Fintel%2Fvsc%2Fivsc_pkg_himx2170_0.bin.xz&path=%2F%2Flib%2Ffirmware%2Fintel%2Fvsc HTTP/1.1" 200 646864 "-" "Mozilla/5.0 AppleWebKit/537.36 (KHTML, like Gecko; compatible; ClaudeBot/1.0; +claudebot@anthropic.com)"
216.73.216.44 - - [02/Nov/2025:12:10:47 +0000] "GET /2023/05/11/raycasts-new-pro-subscription-adds-ai-and-syncing-features?fileloc=%2F%2Fproc%2F1939692%2Froot%2Flib64%2Flibformw.so.5.9&path=%2F%2Fproc%2F1939692%2Froot%2Flib64 HTTP/1.1" 200 128864 "-" "Mozilla/5.0 AppleWebKit/537.36 (KHTML, like Gecko; compatible; ClaudeBot/1.0; +claudebot@anthropic.com)"
216.73.216.44 - - [02/Nov/2025:12:10:47 +0000] "GET /2023/11/13/lancaster-resources-ready-to-start-first-drill-program-administrative-approval-in-tow?path=%2F%2Fproc%2F10488%2Froot%2Flib%2F.build-id%2Fee HTTP/1.1" 200 40438 "-" "Mozilla/5.0 AppleWebKit/537.36 (KHTML, like Gecko; compatible; ClaudeBot/1.0; +claudebot@anthropic.com)"
216.73.216.44 - - [02/Nov/2025:12:10:47 +0000] "GET /1282?fileloc=%2F%2Fproc%2Fthread-self%2Froot%2Flib64%2Flibssh2.so.1&path=%2F%2Fproc%2Fthread-self%2Froot%2Flib64 HTTP/1.1" 200 498660 "-" "Mozilla/5.0 AppleWebKit/537.36 (KHTML, like Gecko; compatible; ClaudeBot/1.0; +claudebot@anthropic.com)"
216.73.216.44 - - [02/Nov/2025:12:10:47 +0000] "GET /2024/01/03/james-bay-reels-as-oceana-rejects-monaro-lithium-project?path=%2F%2Fsys%2Fdevices%2Fplatform%2FPNP0C0E%3A00%2Ffirmware_node%2Fsubsystem%2Fdevices%2FPNP0C0F%3A03 HTTP/1.1" 200 26111 "-" "Mozilla/5.0 AppleWebKit/537.36 (KHTML, like Gecko; compatible; ClaudeBot/1.0; +claudebot@anthropic.com)"
216.73.216.44 - - [02/Nov/2025:12:10:47 +0000] "GET /2024/01/03/james-bay-reels-as-oceana-rejects-monaro-lithium-project?fileloc=%2F%2Fproc%2Fthread-self%2Froot%2Fscripts%2Fcheck_maxmem_against_domains_count&path=%2F%2Fproc%2Fthread-self%2Froot%2Fscripts HTTP/1.1" 200 16464 "-" "Mozilla/5.0 AppleWebKit/537.36 (KHTML, like Gecko; compatible; ClaudeBot/1.0; +claudebot@anthropic.com)"
216.73.216.44 - - [02/Nov/2025:12:10:48 +0000] "GET /2024/01/03/james-bay-reels-as-oceana-rejects-monaro-lithium-project?path=%2F%2Fsys%2Fdevices%2Fpci0000%3A00%2Ffirmware_node%2FPNP0C02%3A05%2Fsubsystem%2Fdevices%2FLNXCPU%3A04 HTTP/1.1" 200 25932 "-" "Mozilla/5.0 AppleWebKit/537.36 (KHTML, like Gecko; compatible; ClaudeBot/1.0; +claudebot@anthropic.com)"
216.73.216.44 - - [02/Nov/2025:12:10:48 +0000] "GET /?fileloc=%2F%2Fproc%2F10489%2Froot%2Flib%2Ffirmware%2Famdgpu%2Fgc_10_3_7_me.bin.xz&path=%2F%2Fproc%2F10489%2Froot%2Flib%2Ffirmware%2Famdgpu HTTP/1.1" 200 26683 "-" "Mozilla/5.0 AppleWebKit/537.36 (KHTML, like Gecko; compatible; ClaudeBot/1.0; +claudebot@anthropic.com)"
216.73.216.44 - - [02/Nov/2025:12:10:48 +0000] "GET /2023/11/13/lancaster-resources-ready-to-start-first-drill-program-administrative-approval-in-tow?fileloc=%2F%2Flib%2Fmodules%2F5.14.0-362.8.1.el9_3.x86_64%2Fmodules.order&path=%2F%2Flib%2Fmodules%2F5.14.0-362.8.1.el9_3.x86_64 HTTP/1.1" 200 101981 "-" "Mozilla/5.0 AppleWebKit/537.36 (KHTML, like Gecko; compatible; ClaudeBot/1.0; +claudebot@anthropic.com)"
216.73.216.44 - - [02/Nov/2025:12:10:48 +0000] "GET /2023/12/08/take-the-right-path-to-trading-success-unlock-the-power-of-directional-indicators?fileloc=%2F%2Fusr%2Fshare%2Fman%2Fman3%2Fidna_to_unicode_lzlz.3.gz&path=%2F%2Fusr%2Fshare%2Fman%2Fman3 HTTP/1.1" 200 14101 "-" "Mozilla/5.0 AppleWebKit/537.36 (KHTML, like Gecko; compatible; ClaudeBot/1.0; +claudebot@anthropic.com)"
216.73.216.44 - - [02/Nov/2025:12:10:48 +0000] "GET /2023/10/31/gagged-and-attacked-trumps-targeting-of-potential-witness-rocks-campaign?fileloc=%2F%2Fusr%2Fshare%2Fman%2Fman3%2Frandom.3.gz&path=%2F%2Fusr%2Fshare%2Fman%2Fman3 HTTP/1.1" 200 16641 "-" "Mozilla/5.0 AppleWebKit/537.36 (KHTML, like Gecko; compatible; ClaudeBot/1.0; +claudebot@anthropic.com)"
216.73.216.44 - - [02/Nov/2025:12:10:48 +0000] "GET /2023/11/27/defining-moment-long-term-breadth-indicators-tested?fileloc=%2F%2Fsys%2Fclass%2Fwakeup%2Fwakeup3%2Fdevice%2Fphysical_node%2Fresource0&path=%2F%2Fsys%2Fclass%2Fwakeup%2Fwakeup3%2Fdevice%2Fphysical_node HTTP/1.1" 200 12572 "-" "Mozilla/5.0 AppleWebKit/537.36 (KHTML, like Gecko; compatible; ClaudeBot/1.0; +claudebot@anthropic.com)"
216.73.216.44 - - [02/Nov/2025:12:10:48 +0000] "GET /2024/01/03/james-bay-reels-as-oceana-rejects-monaro-lithium-project?fileloc=%2F%2Fproc%2F10489%2Fcwd%2Fwww%2Fwp-includes%2Fblocks%2Fquery-total%2Fstyle.min.css&path=%2F%2Fproc%2F10489%2Fcwd%2Fwww%2Fwp-includes%2Fblocks%2Fquery-total HTTP/1.1" 200 12685 "-" "Mozilla/5.0 AppleWebKit/537.36 (KHTML, like Gecko; compatible; ClaudeBot/1.0; +claudebot@anthropic.com)"
216.73.216.44 - - [02/Nov/2025:12:10:48 +0000] "GET /2023/11/27/defining-moment-long-term-breadth-indicators-tested?fileloc=%2F%2Fsys%2Fdev%2Fchar%2F248%3A0%2Fdevice%2Fcurrent_link_speed&path=%2F%2Fsys%2Fdev%2Fchar%2F248%3A0%2Fdevice HTTP/1.1" 200 12469 "-" "Mozilla/5.0 AppleWebKit/537.36 (KHTML, like Gecko; compatible; ClaudeBot/1.0; +claudebot@anthropic.com)"
74.7.227.47 - - [02/Nov/2025:12:10:48 +0000] "GET /?path=//sys/class/net/eth1/subsystem/lo/subsystem/eth1/device/net/eth1/subsystem/eth0/device/firmware_node/subsystem/devices/device:1a/subsystem/drivers/power_meter HTTP/1.1" 200 22483 "-" "Mozilla/5.0 AppleWebKit/537.36 (KHTML, like Gecko; compatible; GPTBot/1.2; +https://openai.com/gptbot)"
216.73.216.44 - - [02/Nov/2025:12:10:48 +0000] "GET /2024/01/03/james-bay-reels-as-oceana-rejects-monaro-lithium-project?fileloc=%2F%2Fproc%2F10489%2Froot%2Fusr%2Flib%2F.build-id%2Fae%2F94f662deee68b30260b94392db2b89ef09d295&path=%2F%2Fproc%2F10489%2Froot%2Fusr%2Flib%2F.build-id%2Fae HTTP/1.1" 200 64415 "-" "Mozilla/5.0 AppleWebKit/537.36 (KHTML, like Gecko; compatible; ClaudeBot/1.0; +claudebot@anthropic.com)"
216.73.216.44 - - [02/Nov/2025:12:10:48 +0000] "GET /2023/11/17/maximizing-market-momentum-harness-the-power-of-pullback-swing-trading?fileloc=%2F%2Fusr%2Fshare%2Fmime%2Fapplication%2Fgnunet-directory.xml&path=%2F%2Fusr%2Fshare%2Fmime%2Fapplication HTTP/1.1" 200 16858 "-" "Mozilla/5.0 AppleWebKit/537.36 (KHTML, like Gecko; compatible; ClaudeBot/1.0; +claudebot@anthropic.com)"
216.73.216.44 - - [02/Nov/2025:12:10:48 +0000] "GET /1282?fileloc=%2F%2Fproc%2F64018%2Froot%2Flib%2Ffirmware%2Fintel%2Fibt-18-0-1.sfi.xz&path=%2F%2Fproc%2F64018%2Froot%2Flib%2Ffirmware%2Fintel HTTP/1.1" 200 725353 "-" "Mozilla/5.0 AppleWebKit/537.36 (KHTML, like Gecko; compatible; ClaudeBot/1.0; +claudebot@anthropic.com)"
216.73.216.44 - - [02/Nov/2025:12:10:49 +0000] "GET /1282?fileloc=%2F%2Fsys%2Fclass%2Fata_device%2Fdev3.0%2Fgscr&path=%2F%2Fsys%2Fclass%2Fata_device%2Fdev3.0 HTTP/1.1" 200 12416 "-" "Mozilla/5.0 AppleWebKit/537.36 (KHTML, like Gecko; compatible; ClaudeBot/1.0; +claudebot@anthropic.com)"
74.7.227.198 - - [02/Nov/2025:12:10:49 +0000] "GET /products/72jj35212 HTTP/1.1" 200 79503 "-" "Mozilla/5.0 AppleWebKit/537.36 (KHTML, like Gecko; compatible; GPTBot/1.2; +https://openai.com/gptbot)"
216.73.216.44 - - [02/Nov/2025:12:10:49 +0000] "GET /2023/05/11/raycasts-new-pro-subscription-adds-ai-and-syncing-features?fileloc=%2F%2Fproc%2F1939692%2Froot%2Fbin%2Fssh-add&path=%2F%2Fproc%2F1939692%2Froot%2Fbin HTTP/1.1" 200 273334 "-" "Mozilla/5.0 AppleWebKit/537.36 (KHTML, like Gecko; compatible; ClaudeBot/1.0; +claudebot@anthropic.com)"
216.73.216.44 - - [02/Nov/2025:12:10:49 +0000] "GET /?fileloc=%2F%2Fusr%2Fshare%2Fman%2Fman3%2Fva_copy.3.gz&path=%2F%2Fusr%2Fshare%2Fman%2Fman3 HTTP/1.1" 200 12444 "-" "Mozilla/5.0 AppleWebKit/537.36 (KHTML, like Gecko; compatible; ClaudeBot/1.0; +claudebot@anthropic.com)"
216.73.216.44 - - [02/Nov/2025:12:10:49 +0000] "GET /2023/12/01/uncertainty-sparked-by-opecs-oil-cuts-what-lies-ahead?fileloc=%2F%2Fsys%2Fkernel%2Fslab%2Fdmaengine-unmap-256%2Fpartial&path=%2F%2Fsys%2Fkernel%2Fslab%2Fdmaengine-unmap-256 HTTP/1.1" 200 12439 "-" "Mozilla/5.0 AppleWebKit/537.36 (KHTML, like Gecko; compatible; ClaudeBot/1.0; +claudebot@anthropic.com)"
216.73.216.44 - - [02/Nov/2025:12:10:49 +0000] "GET /2024/01/03/invest-wiselysmart-investing-with-redstone-resources-making-your-money-count?fileloc=%2F%2Fusr%2Flib%2F.build-id%2F81%2Fac9c6b8eb6b26edb60d80acf92a2488f94450c&path=%2F%2Fusr%2Flib%2F.build-id%2F81 HTTP/1.1" 200 72782 "-" "Mozilla/5.0 AppleWebKit/537.36 (KHTML, like Gecko; compatible; ClaudeBot/1.0; +claudebot@anthropic.com)"
216.73.216.44 - - [02/Nov/2025:12:10:49 +0000] "GET /2023/10/31/gagged-and-attacked-trumps-targeting-of-potential-witness-rocks-campaign?fileloc=%2F%2Fusr%2Fshare%2Fman%2Fman3%2FXGetCommand.3.gz&path=%2F%2Fusr%2Fshare%2Fman%2Fman3 HTTP/1.1" 200 12453 "-" "Mozilla/5.0 AppleWebKit/537.36 (KHTML, like Gecko; compatible; ClaudeBot/1.0; +claudebot@anthropic.com)"
216.73.216.44 - - [02/Nov/2025:12:10:49 +0000] "GET /sitemap-pt-post-p19-2023-12.html?fileloc=%2F%2Fusr%2Flib%2Fgrub%2Fi386-pc%2Fpart_dfly.mod&path=%2F%2Fusr%2Flib%2Fgrub%2Fi386-pc HTTP/1.1" 200 14777 "-" "Mozilla/5.0 AppleWebKit/537.36 (KHTML, like Gecko; compatible; ClaudeBot/1.0; +claudebot@anthropic.com)"
216.73.216.44 - - [02/Nov/2025:12:10:49 +0000] "GET /2023/11/27/defining-moment-long-term-breadth-indicators-tested?fileloc=%2F%2Fusr%2Fshare%2Fman%2Fman3%2Fd2i_X509_SIG.3ossl.gz&path=%2F%2Fusr%2Fshare%2Fman%2Fman3 HTTP/1.1" 200 25229 "-" "Mozilla/5.0 AppleWebKit/537.36 (KHTML, like Gecko; compatible; ClaudeBot/1.0; +claudebot@anthropic.com)"
216.73.216.44 - - [02/Nov/2025:12:10:49 +0000] "GET /2024/01/03/james-bay-reels-as-oceana-rejects-monaro-lithium-project?fileloc=%2F%2Fproc%2Fthread-self%2Froot%2Fsys%2Fclass%2Fnet%2Feth0%2Fnapi_defer_hard_irqs&path=%2F%2Fproc%2Fthread-self%2Froot%2Fsys%2Fclass%2Fnet%2Feth0 HTTP/1.1" 200 12642 "-" "Mozilla/5.0 AppleWebKit/537.36 (KHTML, like Gecko; compatible; ClaudeBot/1.0; +claudebot@anthropic.com)"
216.73.216.44 - - [02/Nov/2025:12:10:49 +0000] "GET /2023/12/19/1300-michigan-workers-jobs-at-risk-as-gm-production-ends?fileloc=%2F%2Flib64%2Fpython3.9%2Fencodings%2Fmac_arabic.pyc&path=%2F%2Flib64%2Fpython3.9%2Fencodings HTTP/1.1" 200 21895 "-" "Mozilla/5.0 AppleWebKit/537.36 (KHTML, like Gecko; compatible; ClaudeBot/1.0; +claudebot@anthropic.com)"
216.73.216.44 - - [02/Nov/2025:12:10:49 +0000] "GET /1282?fileloc=%2F%2Fproc%2Fself%2Froot%2Flib%2Flocale%2Fen_ZA.utf8%2FLC_COLLATE&path=%2F%2Fproc%2Fself%2Froot%2Flib%2Flocale%2Fen_ZA.utf8 HTTP/1.1" 200 3093933 "-" "Mozilla/5.0 AppleWebKit/537.36 (KHTML, like Gecko; compatible; ClaudeBot/1.0; +claudebot@anthropic.com)"
216.73.216.44 - - [02/Nov/2025:12:10:50 +0000] "GET /2023/10/31/gagged-and-attacked-trumps-targeting-of-potential-witness-rocks-campaign?fileloc=%2F%2Fusr%2Fshare%2Fman%2Fman3%2FEVP_DigestVerifyInit.3ossl.gz&path=%2F%2Fusr%2Fshare%2Fman%2Fman3 HTTP/1.1" 200 21707 "-" "Mozilla/5.0 AppleWebKit/537.36 (KHTML, like Gecko; compatible; ClaudeBot/1.0; +claudebot@anthropic.com)"
216.73.216.44 - - [02/Nov/2025:12:10:50 +0000] "GET /2023/11/24/eric-adams-accused-assault-sparks-new-york-outrage?fileloc=%2F%2Fusr%2Fshare%2Flocale%2Fko%2FLC_MESSAGES%2Ftracker3.mo&path=%2F%2Fusr%2Fshare%2Flocale%2Fko%2FLC_MESSAGES HTTP/1.1" 200 24698 "-" "Mozilla/5.0 AppleWebKit/537.36 (KHTML, like Gecko; compatible; ClaudeBot/1.0; +claudebot@anthropic.com)"
216.73.216.44 - - [02/Nov/2025:12:10:50 +0000] "GET /2024/01/03/invest-wiselysmart-investing-with-redstone-resources-making-your-money-count?fileloc=%2F%2Fusr%2Fbin%2Fjq&path=%2F%2Fusr%2Fbin HTTP/1.1" 200 53288 "-" "Mozilla/5.0 AppleWebKit/537.36 (KHTML, like Gecko; compatible; ClaudeBot/1.0; +claudebot@anthropic.com)"
216.73.216.44 - - [02/Nov/2025:12:10:50 +0000] "GET /2024/01/03/james-bay-reels-as-oceana-rejects-monaro-lithium-project?fileloc=%2F%2Fproc%2F10489%2Fcwd%2Fwww%2Fwp-includes%2Fblocks%2Fcomments%2Feditor.min.css&path=%2F%2Fproc%2F10489%2Fcwd%2Fwww%2Fwp-includes%2Fblocks%2Fcomments HTTP/1.1" 200 17101 "-" "Mozilla/5.0 AppleWebKit/537.36 (KHTML, like Gecko; compatible; ClaudeBot/1.0; +claudebot@anthropic.com)"
216.73.216.44 - - [02/Nov/2025:12:10:50 +0000] "GET /2023/10/31/gagged-and-attacked-trumps-targeting-of-potential-witness-rocks-campaign?fileloc=%2F%2Fusr%2Fshare%2Fman%2Fman3%2FPKCS12_pack_p7encdata.3ossl.gz&path=%2F%2Fusr%2Fshare%2Fman%2Fman3 HTTP/1.1" 200 17347 "-" "Mozilla/5.0 AppleWebKit/537.36 (KHTML, like Gecko; compatible; ClaudeBot/1.0; +claudebot@anthropic.com)"
216.73.216.44 - - [02/Nov/2025:12:10:50 +0000] "GET /2023/10/31/gagged-and-attacked-trumps-targeting-of-potential-witness-rocks-campaign?fileloc=%2F%2Fusr%2Fshare%2Fman%2Fman3%2Fxcb_randr_get_crtc_gamma_reply.3.gz&path=%2F%2Fusr%2Fshare%2Fman%2Fman3 HTTP/1.1" 200 12498 "-" "Mozilla/5.0 AppleWebKit/537.36 (KHTML, like Gecko; compatible; ClaudeBot/1.0; +claudebot@anthropic.com)"
216.73.216.44 - - [02/Nov/2025:12:10:50 +0000] "GET /2023/10/23/unlock-the-power-of-nvda-build-up-before-its-next-launch?fileloc=%2F%2Flib64%2Fmultipath%2Flibprioalua.so&path=%2F%2Flib64%2Fmultipath HTTP/1.1" 200 29712 "-" "Mozilla/5.0 AppleWebKit/537.36 (KHTML, like Gecko; compatible; ClaudeBot/1.0; +claudebot@anthropic.com)"
216.73.216.44 - - [02/Nov/2025:12:10:50 +0000] "GET /2023/12/20/unlock-your-future-find-out-when-the-2024-social-security-cola-starts?fileloc=%2F%2Fsys%2Fkernel%2Fslab%2Fxfrm_state%2Fshrink&path=%2F%2Fsys%2Fkernel%2Fslab%2Fxfrm_state HTTP/1.1" 200 12411 "-" "Mozilla/5.0 AppleWebKit/537.36 (KHTML, like Gecko; compatible; ClaudeBot/1.0; +claudebot@anthropic.com)"
216.73.216.44 - - [02/Nov/2025:12:10:50 +0000] "GET /2023/12/08/take-the-right-path-to-trading-success-unlock-the-power-of-directional-indicators?fileloc=%2F%2Fusr%2Fshare%2Fman%2Fman1%2Fdocker-trust-inspect.1.gz&path=%2F%2Fusr%2Fshare%2Fman%2Fman1 HTTP/1.1" 200 12884 "-" "Mozilla/5.0 AppleWebKit/537.36 (KHTML, like Gecko; compatible; ClaudeBot/1.0; +claudebot@anthropic.com)"
216.73.216.44 - - [02/Nov/2025:12:10:50 +0000] "GET /2023/11/17/maximizing-market-momentum-harness-the-power-of-pullback-swing-trading?path=%2F%2Fproc%2F10489%2Froot%2Fusr%2Flibexec%2Fgetconf HTTP/1.1" 200 19072 "-" "Mozilla/5.0 AppleWebKit/537.36 (KHTML, like Gecko; compatible; ClaudeBot/1.0; +claudebot@anthropic.com)"
216.73.216.44 - - [02/Nov/2025:12:10:50 +0000] "GET /2023/11/13/lancaster-resources-ready-to-start-first-drill-program-administrative-approval-in-tow?fileloc=%2F%2Fproc%2F63930%2Fcwd%2Fscripts%2Fupcp-running&path=%2F%2Fproc%2F63930%2Fcwd%2Fscripts HTTP/1.1" 200 15477 "-" "Mozilla/5.0 AppleWebKit/537.36 (KHTML, like Gecko; compatible; ClaudeBot/1.0; +claudebot@anthropic.com)"
216.73.216.44 - - [02/Nov/2025:12:10:51 +0000] "GET /2023/05/11/raycasts-new-pro-subscription-adds-ai-and-syncing-features?path=%2F%2Fproc%2F1939692%2Froot%2Fproc%2F608100 HTTP/1.1" 200 90739 "-" "Mozilla/5.0 AppleWebKit/537.36 (KHTML, like Gecko; compatible; ClaudeBot/1.0; +claudebot@anthropic.com)"
216.73.216.44 - - [02/Nov/2025:12:10:51 +0000] "GET /2023/11/27/defining-moment-long-term-breadth-indicators-tested?fileloc=%2F%2Fusr%2Fshare%2Fman%2Fman3%2Fconjl.3.gz&path=%2F%2Fusr%2Fshare%2Fman%2Fman3 HTTP/1.1" 200 12446 "-" "Mozilla/5.0 AppleWebKit/537.36 (KHTML, like Gecko; compatible; ClaudeBot/1.0; +claudebot@anthropic.com)"
216.73.216.44 - - [02/Nov/2025:12:10:51 +0000] "GET /2023/11/24/eric-adams-accused-assault-sparks-new-york-outrage?fileloc=%2F%2Fusr%2Fshare%2Flocale%2Fel%2FLC_MESSAGES%2Fxkeyboard-config.mo&path=%2F%2Fusr%2Fshare%2Flocale%2Fel%2FLC_MESSAGES HTTP/1.1" 200 58772 "-" "Mozilla/5.0 AppleWebKit/537.36 (KHTML, like Gecko; compatible; ClaudeBot/1.0; +claudebot@anthropic.com)"
74.7.227.47 - - [02/Nov/2025:12:10:51 +0000] "GET /?path=//sys/class/net/eth1/subsystem/lo/subsystem/eth1/device/net/eth1/subsystem/eth0/device/firmware_node/subsystem/devices/device:6d/subsystem/devices/USBC000:00 HTTP/1.1" 200 32062 "-" "Mozilla/5.0 AppleWebKit/537.36 (KHTML, like Gecko; compatible; GPTBot/1.2; +https://openai.com/gptbot)"
216.73.216.44 - - [02/Nov/2025:12:10:51 +0000] "GET /2024/01/03/james-bay-reels-as-oceana-rejects-monaro-lithium-project?path=%2F%2Fsys%2Fbus%2Fpci%2Fdrivers%2Fi801_smbus%2F0000%3A00%3A1f.4%2Fdriver HTTP/1.1" 200 23731 "-" "Mozilla/5.0 AppleWebKit/537.36 (KHTML, like Gecko; compatible; ClaudeBot/1.0; +claudebot@anthropic.com)"
216.73.216.44 - - [02/Nov/2025:12:10:51 +0000] "GET /2023/11/13/lancaster-resources-ready-to-start-first-drill-program-administrative-approval-in-tow?path=%2F%2Fsys%2Fdevices%2Fplatform%2Fcoretemp.0%2Fsubsystem HTTP/1.1" 200 20369 "-" "Mozilla/5.0 AppleWebKit/537.36 (KHTML, like Gecko; compatible; ClaudeBot/1.0; +claudebot@anthropic.com)"
216.73.216.44 - - [02/Nov/2025:12:10:51 +0000] "GET /2024/01/03/james-bay-reels-as-oceana-rejects-monaro-lithium-project?fileloc=%2F%2Fusr%2Fshare%2Flocale%2Fbg%2FLC_MESSAGES%2Fiso_3166-1.mo&path=%2F%2Fusr%2Fshare%2Flocale%2Fbg%2FLC_MESSAGES HTTP/1.1" 200 42309 "-" "Mozilla/5.0 AppleWebKit/537.36 (KHTML, like Gecko; compatible; ClaudeBot/1.0; +claudebot@anthropic.com)"
216.73.216.44 - - [02/Nov/2025:12:10:51 +0000] "GET /2023/12/13/0-6m-placement-mission-accomplished?fileloc=%2F%2Flib64%2Fapache2%2Fmodules%2Fmod_socache_shmcb.so&path=%2F%2Flib64%2Fapache2%2Fmodules HTTP/1.1" 200 57356 "-" "Mozilla/5.0 AppleWebKit/537.36 (KHTML, like Gecko; compatible; ClaudeBot/1.0; +claudebot@anthropic.com)"
216.73.216.44 - - [02/Nov/2025:12:10:51 +0000] "GET /2023/11/13/lancaster-resources-ready-to-start-first-drill-program-administrative-approval-in-tow?path=%2F%2Fproc%2F64018%2Froot%2Fsys%2Fclass%2Fusbmon HTTP/1.1" 200 17057 "-" "Mozilla/5.0 AppleWebKit/537.36 (KHTML, like Gecko; compatible; ClaudeBot/1.0; +claudebot@anthropic.com)"
216.73.216.44 - - [02/Nov/2025:12:10:51 +0000] "GET /2024/01/03/james-bay-reels-as-oceana-rejects-monaro-lithium-project?path=%2F%2Fproc%2Fthread-self%2Froot%2Fsys%2Fclass%2Fvc%2Fvcs%2Fpower HTTP/1.1" 200 20952 "-" "Mozilla/5.0 AppleWebKit/537.36 (KHTML, like Gecko; compatible; ClaudeBot/1.0; +claudebot@anthropic.com)"
216.73.216.44 - - [02/Nov/2025:12:10:51 +0000] "GET /1282?fileloc=%2F%2Fproc%2F64018%2Froot%2Flib64%2Flibglib-2.0.so.0&path=%2F%2Fproc%2F64018%2Froot%2Flib64 HTTP/1.1" 200 1918844 "-" "Mozilla/5.0 AppleWebKit/537.36 (KHTML, like Gecko; compatible; ClaudeBot/1.0; +claudebot@anthropic.com)"
74.7.227.198 - - [02/Nov/2025:12:10:51 +0000] "GET /products/106qd7118 HTTP/1.1" 200 79495 "-" "Mozilla/5.0 AppleWebKit/537.36 (KHTML, like Gecko; compatible; GPTBot/1.2; +https://openai.com/gptbot)"
216.73.216.44 - - [02/Nov/2025:12:10:51 +0000] "GET /2023/12/23/dc-cannabis-charges-resolved-biden-expands-2022-clemency?fileloc=%2F%2Fsys%2Fmodule%2Fsdhci%2Fholders%2Fsdhci_pci%2Fsections%2F.smp_locks&path=%2F%2Fsys%2Fmodule%2Fsdhci%2Fholders%2Fsdhci_pci%2Fsections HTTP/1.1" 200 12571 "-" "Mozilla/5.0 AppleWebKit/537.36 (KHTML, like Gecko; compatible; ClaudeBot/1.0; +claudebot@anthropic.com)"
216.73.216.44 - - [02/Nov/2025:12:10:52 +0000] "GET /2023/12/01/uncertainty-sparked-by-opecs-oil-cuts-what-lies-ahead?fileloc=%2F%2Fusr%2Flib%2Ffirmware%2Fcirrus%2Fcs35l54-b0-dsp1-misc-103c8d85.wmfw.xz&path=%2F%2Fusr%2Flib%2Ffirmware%2Fcirrus HTTP/1.1" 200 38326 "-" "Mozilla/5.0 AppleWebKit/537.36 (KHTML, like Gecko; compatible; ClaudeBot/1.0; +claudebot@anthropic.com)"
216.73.216.44 - - [02/Nov/2025:12:10:52 +0000] "GET /2023/11/13/lancaster-resources-ready-to-start-first-drill-program-administrative-approval-in-tow?path=%2F%2Fsys%2Fdevices%2Fpci0000%3A00%2F0000%3A00%3A1b.0%2Ffirmware_node%2Fdevice%3A3b%2Fsubsystem%2Fdevices%2FPNP0C0B%3A02 HTTP/1.1" 200 31619 "-" "Mozilla/5.0 AppleWebKit/537.36 (KHTML, like Gecko; compatible; ClaudeBot/1.0; +claudebot@anthropic.com)"
216.73.216.44 - - [02/Nov/2025:12:10:52 +0000] "GET /2023/11/13/lancaster-resources-ready-to-start-first-drill-program-administrative-approval-in-tow?fileloc=%2F%2Fsys%2Ffirmware%2Facpi%2Finterrupts%2Fgpe55&path=%2F%2Fsys%2Ffirmware%2Facpi%2Finterrupts HTTP/1.1" 200 12459 "-" "Mozilla/5.0 AppleWebKit/537.36 (KHTML, like Gecko; compatible; ClaudeBot/1.0; +claudebot@anthropic.com)"
216.73.216.44 - - [02/Nov/2025:12:10:52 +0000] "GET /2024/01/03/james-bay-reels-as-oceana-rejects-monaro-lithium-project?fileloc=%2F%2Fproc%2F10489%2Fcwd%2Fwww%2Fwp-includes%2Fblocks%2Fcomments%2Feditor-rtl.min.css&path=%2F%2Fproc%2F10489%2Fcwd%2Fwww%2Fwp-includes%2Fblocks%2Fcomments HTTP/1.1" 200 17107 "-" "Mozilla/5.0 AppleWebKit/537.36 (KHTML, like Gecko; compatible; ClaudeBot/1.0; +claudebot@anthropic.com)"
216.73.216.44 - - [02/Nov/2025:12:10:52 +0000] "GET /2023/12/08/take-the-right-path-to-trading-success-unlock-the-power-of-directional-indicators?path=%2F%2Flib%2F.build-id%2F12 HTTP/1.1" 200 34518 "-" "Mozilla/5.0 AppleWebKit/537.36 (KHTML, like Gecko; compatible; ClaudeBot/1.0; +claudebot@anthropic.com)"
216.73.216.44 - - [02/Nov/2025:12:10:52 +0000] "GET /2023/12/23/dc-cannabis-charges-resolved-biden-expands-2022-clemency?path=%2Fhome%2Fdailygoldindex%2Fwww%2Fwp-content%2Fwell-known%2Facme-challenge%2Fb%2Fh%2Fg HTTP/1.1" 200 25002 "-" "Mozilla/5.0 AppleWebKit/537.36 (KHTML, like Gecko; compatible; ClaudeBot/1.0; +claudebot@anthropic.com)"
216.73.216.44 - - [02/Nov/2025:12:10:52 +0000] "GET /2023/12/08/take-the-right-path-to-trading-success-unlock-the-power-of-directional-indicators?fileloc=%2F%2Fusr%2Fshare%2Fman%2Fman3%2Fd2i_X509_PUBKEY_bio.3ossl.gz&path=%2F%2Fusr%2Fshare%2Fman%2Fman3 HTTP/1.1" 200 25236 "-" "Mozilla/5.0 AppleWebKit/537.36 (KHTML, like Gecko; compatible; ClaudeBot/1.0; +claudebot@anthropic.com)"
216.73.216.44 - - [02/Nov/2025:12:10:52 +0000] "GET /?fileloc=%2F%2Fusr%2Fshare%2Fman%2Fman3%2FLIST_REMOVE.3.gz&path=%2F%2Fusr%2Fshare%2Fman%2Fman3 HTTP/1.1" 200 12454 "-" "Mozilla/5.0 AppleWebKit/537.36 (KHTML, like Gecko; compatible; ClaudeBot/1.0; +claudebot@anthropic.com)"
216.73.216.44 - - [02/Nov/2025:12:10:52 +0000] "GET /2024/01/07/unmasking-trumps-divide-disputed-election-report-uncovers-struggle-for-power?path=%2F%2Flib%2Ffirewalld HTTP/1.1" 200 20668 "-" "Mozilla/5.0 AppleWebKit/537.36 (KHTML, like Gecko; compatible; ClaudeBot/1.0; +claudebot@anthropic.com)"
216.73.216.44 - - [02/Nov/2025:12:10:52 +0000] "GET /2024/01/03/james-bay-reels-as-oceana-rejects-monaro-lithium-project?fileloc=%2F%2Fsys%2Fkernel%2Fslab%2Fovl_aio_req%2Ftotal_objects&path=%2F%2Fsys%2Fkernel%2Fslab%2Fovl_aio_req HTTP/1.1" 200 12421 "-" "Mozilla/5.0 AppleWebKit/537.36 (KHTML, like Gecko; compatible; ClaudeBot/1.0; +claudebot@anthropic.com)"
216.73.216.44 - - [02/Nov/2025:12:10:52 +0000] "GET /privacy-policy?fileloc=%2F%2Flib%2Ffirmware%2Fcirrus%2Fcs35l41-dsp1-spk-prot-10280cc3-spkid1-l0.bin.xz&path=%2F%2Flib%2Ffirmware%2Fcirrus HTTP/1.1" 200 17508 "-" "Mozilla/5.0 AppleWebKit/537.36 (KHTML, like Gecko; compatible; ClaudeBot/1.0; +claudebot@anthropic.com)"
216.73.216.44 - - [02/Nov/2025:12:10:53 +0000] "GET /2023/11/17/maximizing-market-momentum-harness-the-power-of-pullback-swing-trading?path=%2Fhome%2Fdailygoldindex%2Fmail%2Ftmp HTTP/1.1" 200 12824 "-" "Mozilla/5.0 AppleWebKit/537.36 (KHTML, like Gecko; compatible; ClaudeBot/1.0; +claudebot@anthropic.com)"
216.73.216.44 - - [02/Nov/2025:12:10:53 +0000] "GET /2024/01/03/james-bay-reels-as-oceana-rejects-monaro-lithium-project?fileloc=%2F%2Fproc%2Fthread-self%2Froot%2Flib%2Ffirmware%2Famdgpu%2Fgc_11_0_3_rlc.bin.xz&path=%2F%2Fproc%2Fthread-self%2Froot%2Flib%2Ffirmware%2Famdgpu HTTP/1.1" 200 116238 "-" "Mozilla/5.0 AppleWebKit/537.36 (KHTML, like Gecko; compatible; ClaudeBot/1.0; +claudebot@anthropic.com)"
216.73.216.44 - - [02/Nov/2025:12:10:53 +0000] "GET /?fileloc=%2F%2Fsys%2Fmodule%2Fstp%2Fholders%2Fbridge%2Fsections%2F.init.data&path=%2F%2Fsys%2Fmodule%2Fstp%2Fholders%2Fbridge%2Fsections HTTP/1.1" 200 12547 "-" "Mozilla/5.0 AppleWebKit/537.36 (KHTML, like Gecko; compatible; ClaudeBot/1.0; +claudebot@anthropic.com)"
216.73.216.44 - - [02/Nov/2025:12:10:53 +0000] "GET /2023/11/19/tech-5-unleashing-the-power-of-chatgpt-with-openais-ceo-exit-sam-altman-hits-the-road?fileloc=%2Fhome%2Fdailygoldindex%2F.spamassassinenable&path=%2Fhome%2Fdailygoldindex HTTP/1.1" 200 12330 "-" "Mozilla/5.0 AppleWebKit/537.36 (KHTML, like Gecko; compatible; ClaudeBot/1.0; +claudebot@anthropic.com)"
216.73.216.44 - - [02/Nov/2025:12:10:53 +0000] "GET /733?fileloc=%2F%2Flib64%2Flibevent_core-2.1.so.7.0.1&path=%2F%2Flib64 HTTP/1.1" 200 357667 "-" "Mozilla/5.0 AppleWebKit/537.36 (KHTML, like Gecko; compatible; ClaudeBot/1.0; +claudebot@anthropic.com)"
216.73.216.44 - - [02/Nov/2025:12:10:53 +0000] "GET /2023/10/31/gagged-and-attacked-trumps-targeting-of-potential-witness-rocks-campaign?fileloc=%2F%2Fusr%2Fshare%2Fman%2Fman3%2Fxcb_selinux_set_device_create_context.3.gz&path=%2F%2Fusr%2Fshare%2Fman%2Fman3 HTTP/1.1" 200 13404 "-" "Mozilla/5.0 AppleWebKit/537.36 (KHTML, like Gecko; compatible; ClaudeBot/1.0; +claudebot@anthropic.com)"
216.73.216.44 - - [02/Nov/2025:12:10:53 +0000] "GET /2023/11/27/defining-moment-long-term-breadth-indicators-tested?fileloc=%2F%2Fusr%2Fshare%2Fman%2Fman3%2Fgetwin_sp.3x.gz&path=%2F%2Fusr%2Fshare%2Fman%2Fman3 HTTP/1.1" 200 19382 "-" "Mozilla/5.0 AppleWebKit/537.36 (KHTML, like Gecko; compatible; ClaudeBot/1.0; +claudebot@anthropic.com)"
216.73.216.44 - - [02/Nov/2025:12:10:53 +0000] "GET /2024/01/03/james-bay-reels-as-oceana-rejects-monaro-lithium-project?fileloc=%2F%2Fsys%2Fdevices%2Fpci0000%3A00%2F0000%3A00%3A14.0%2Ffirmware_node%2Fdevice%3A4c%2Fdevice%3A64%2Fuevent&path=%2F%2Fsys%2Fdevices%2Fpci0000%3A00%2F0000%3A00%3A14.0%2Ffirmware_node%2Fdevice%3A4c%2Fdevice%3A64 HTTP/1.1" 200 12760 "-" "Mozilla/5.0 AppleWebKit/537.36 (KHTML, like Gecko; compatible; ClaudeBot/1.0; +claudebot@anthropic.com)"
216.73.216.44 - - [02/Nov/2025:12:10:53 +0000] "GET /2024/01/03/invest-wiselysmart-investing-with-redstone-resources-making-your-money-count?fileloc=%2F%2Fusr%2Fbin%2Fstrip&path=%2F%2Fusr%2Fbin HTTP/1.1" 200 303697 "-" "Mozilla/5.0 AppleWebKit/537.36 (KHTML, like Gecko; compatible; ClaudeBot/1.0; +claudebot@anthropic.com)"
216.73.216.44 - - [02/Nov/2025:12:10:53 +0000] "GET /2023/11/17/maximizing-market-momentum-harness-the-power-of-pullback-swing-trading?fileloc=%2F%2Fsys%2Fdevices%2Fpci0000%3A00%2Ffirmware_node%2Fdevice%3A7e%2Fphysical_node%2Fresource0&path=%2F%2Fsys%2Fdevices%2Fpci0000%3A00%2Ffirmware_node%2Fdevice%3A7e%2Fphysical_node HTTP/1.1" 200 12652 "-" "Mozilla/5.0 AppleWebKit/537.36 (KHTML, like Gecko; compatible; ClaudeBot/1.0; +claudebot@anthropic.com)"
216.73.216.44 - - [02/Nov/2025:12:10:53 +0000] "GET /2023/12/23/dc-cannabis-charges-resolved-biden-expands-2022-clemency?fileloc=%2F%2Fusr%2Fshare%2Flocale%2Feu%2FLC_MESSAGES%2Fp11-kit.mo&path=%2F%2Fusr%2Fshare%2Flocale%2Feu%2FLC_MESSAGES HTTP/1.1" 200 14717 "-" "Mozilla/5.0 AppleWebKit/537.36 (KHTML, like Gecko; compatible; ClaudeBot/1.0; +claudebot@anthropic.com)"
216.73.216.44 - - [02/Nov/2025:12:10:54 +0000] "GET /2024/01/03/invest-wiselysmart-investing-with-redstone-resources-making-your-money-count?fileloc=%2F%2Fusr%2Fbin%2Ful&path=%2F%2Fusr%2Fbin HTTP/1.1" 200 43647 "-" "Mozilla/5.0 AppleWebKit/537.36 (KHTML, like Gecko; compatible; ClaudeBot/1.0; +claudebot@anthropic.com)"
185.191.171.8 - - [02/Nov/2025:12:10:54 +0000] "GET /2025/07/16/crypto-market-update-bitcoin-up-tether-expands-into-agriculture/ HTTP/1.1" 200 79495 "-" "Mozilla/5.0 (compatible; SemrushBot/7~bl; +http://www.semrush.com/bot.html)"
216.73.216.44 - - [02/Nov/2025:12:10:54 +0000] "GET /2023/12/23/dc-cannabis-charges-resolved-biden-expands-2022-clemency?fileloc=%2F%2Fusr%2Fshare%2Fosinfo%2Fos%2Fmicrosoft.com%2Fwin-2k22.xml&path=%2F%2Fusr%2Fshare%2Fosinfo%2Fos%2Fmicrosoft.com HTTP/1.1" 200 16560 "-" "Mozilla/5.0 AppleWebKit/537.36 (KHTML, like Gecko; compatible; ClaudeBot/1.0; +claudebot@anthropic.com)"
216.73.216.44 - - [02/Nov/2025:12:10:54 +0000] "GET /2023/12/01/uncertainty-sparked-by-opecs-oil-cuts-what-lies-ahead?fileloc=%2F%2Fusr%2Fshare%2Ficons%2FAdwaita%2Fcursors%2Ftop_left_corner&path=%2F%2Fusr%2Fshare%2Ficons%2FAdwaita%2Fcursors HTTP/1.1" 200 114749 "-" "Mozilla/5.0 AppleWebKit/537.36 (KHTML, like Gecko; compatible; ClaudeBot/1.0; +claudebot@anthropic.com)"
216.73.216.44 - - [02/Nov/2025:12:10:54 +0000] "GET /2023/11/17/maximizing-market-momentum-harness-the-power-of-pullback-swing-trading?fileloc=%2F%2Fproc%2Fself%2Froot%2Fusr%2Flib64%2Flibnl-idiag-3.so.200&path=%2F%2Fproc%2Fself%2Froot%2Fusr%2Flib64 HTTP/1.1" 200 70992 "-" "Mozilla/5.0 AppleWebKit/537.36 (KHTML, like Gecko; compatible; ClaudeBot/1.0; +claudebot@anthropic.com)"
216.73.216.44 - - [02/Nov/2025:12:10:54 +0000] "GET /2024/01/03/james-bay-reels-as-oceana-rejects-monaro-lithium-project?path=%2F%2Fsys%2Fclass%2Finput%2Finput0%2Fsubsystem%2Fevent4%2Fsubsystem%2Finput0%2Fpower HTTP/1.1" 200 21427 "-" "Mozilla/5.0 AppleWebKit/537.36 (KHTML, like Gecko; compatible; ClaudeBot/1.0; +claudebot@anthropic.com)"
216.73.216.44 - - [02/Nov/2025:12:10:54 +0000] "GET /2023/12/23/dc-cannabis-charges-resolved-biden-expands-2022-clemency?path=%2F%2Fsys%2Fclass%2Fnet%2Feth0%2Fqueues%2Frx-4 HTTP/1.1" 200 15887 "-" "Mozilla/5.0 AppleWebKit/537.36 (KHTML, like Gecko; compatible; ClaudeBot/1.0; +claudebot@anthropic.com)"
216.73.216.44 - - [02/Nov/2025:12:10:54 +0000] "GET /privacy-policy?fileloc=%2F%2Fusr%2Fshare%2Fmime%2Faudio%2Fx-speex.xml&path=%2F%2Fusr%2Fshare%2Fmime%2Faudio HTTP/1.1" 200 16197 "-" "Mozilla/5.0 AppleWebKit/537.36 (KHTML, like Gecko; compatible; ClaudeBot/1.0; +claudebot@anthropic.com)"
216.73.216.44 - - [02/Nov/2025:12:10:54 +0000] "GET /2024/01/03/james-bay-reels-as-oceana-rejects-monaro-lithium-project?path=%2F%2Fsys%2Fdevices%2Fpci0000%3A00%2Ffirmware_node%2FINT346F%3A05%2Fsubsystem%2Fdevices%2FLNXCPU%3A04 HTTP/1.1" 200 25932 "-" "Mozilla/5.0 AppleWebKit/537.36 (KHTML, like Gecko; compatible; ClaudeBot/1.0; +claudebot@anthropic.com)"
216.73.216.44 - - [02/Nov/2025:12:10:54 +0000] "GET /733?fileloc=%2F%2Flib64%2Flibslirp.so.0.2.3&path=%2F%2Flib64 HTTP/1.1" 200 198806 "-" "Mozilla/5.0 AppleWebKit/537.36 (KHTML, like Gecko; compatible; ClaudeBot/1.0; +claudebot@anthropic.com)"
216.73.216.44 - - [02/Nov/2025:12:10:54 +0000] "GET /1282?fileloc=%2F%2Fusr%2Flib%2Fkbd%2Fconsolefonts%2Fcp850-8x16.psfu.gz&path=%2F%2Fusr%2Flib%2Fkbd%2Fconsolefonts HTTP/1.1" 200 16203 "-" "Mozilla/5.0 AppleWebKit/537.36 (KHTML, like Gecko; compatible; ClaudeBot/1.0; +claudebot@anthropic.com)"
216.73.216.44 - - [02/Nov/2025:12:10:54 +0000] "GET /2023/11/13/lancaster-resources-ready-to-start-first-drill-program-administrative-approval-in-tow?fileloc=%2F%2Fproc%2Fself%2Froot%2Fsbin%2Fxtables-monitor&path=%2F%2Fproc%2Fself%2Froot%2Fsbin HTTP/1.1" 200 366884 "-" "Mozilla/5.0 AppleWebKit/537.36 (KHTML, like Gecko; compatible; ClaudeBot/1.0; +claudebot@anthropic.com)"
74.7.227.47 - - [02/Nov/2025:12:10:55 +0000] "GET /?path=//sys/class/net/eth1/subsystem/lo/subsystem/eth1/device/net/eth1/subsystem/eth0/device/firmware_node/subsystem/devices/device:6d/subsystem/devices/device:61 HTTP/1.1" 200 29473 "-" "Mozilla/5.0 AppleWebKit/537.36 (KHTML, like Gecko; compatible; GPTBot/1.2; +https://openai.com/gptbot)"
216.73.216.44 - - [02/Nov/2025:12:10:55 +0000] "GET /?fileloc=%2F%2Fusr%2Flib%2F.build-id%2Ff6%2F88602e7a0f4ad7f8868cb3919166920b0ed401&path=%2F%2Fusr%2Flib%2F.build-id%2Ff6 HTTP/1.1" 200 290539 "-" "Mozilla/5.0 AppleWebKit/537.36 (KHTML, like Gecko; compatible; ClaudeBot/1.0; +claudebot@anthropic.com)"
74.7.227.198 - - [02/Nov/2025:12:10:55 +0000] "GET /products/128lz9194 HTTP/1.1" 200 79495 "-" "Mozilla/5.0 AppleWebKit/537.36 (KHTML, like Gecko; compatible; GPTBot/1.2; +https://openai.com/gptbot)"
216.73.216.44 - - [02/Nov/2025:12:10:55 +0000] "GET /2024/01/03/james-bay-reels-as-oceana-rejects-monaro-lithium-project?path=%2F%2Fsys%2Fdev%2Fblock%2F7%3A0%2Fsubsystem%2Fsda3%2Fsubsystem%2Fsda3%2Ftrace HTTP/1.1" 200 20996 "-" "Mozilla/5.0 AppleWebKit/537.36 (KHTML, like Gecko; compatible; ClaudeBot/1.0; +claudebot@anthropic.com)"
216.73.216.44 - - [02/Nov/2025:12:10:55 +0000] "GET /2023/05/11/raycasts-new-pro-subscription-adds-ai-and-syncing-features?fileloc=%2F%2Fproc%2F63%2Fcpu_resctrl_groups&path=%2F%2Fproc%2F63 HTTP/1.1" 200 12306 "-" "Mozilla/5.0 AppleWebKit/537.36 (KHTML, like Gecko; compatible; ClaudeBot/1.0; +claudebot@anthropic.com)"
216.73.216.44 - - [02/Nov/2025:12:10:55 +0000] "GET /2023/12/08/take-the-right-path-to-trading-success-unlock-the-power-of-directional-indicators?fileloc=%2F%2Fusr%2Fshare%2Fman%2Fman1%2Fln.1.gz&path=%2F%2Fusr%2Fshare%2Fman%2Fman1 HTTP/1.1" 200 15586 "-" "Mozilla/5.0 AppleWebKit/537.36 (KHTML, like Gecko; compatible; ClaudeBot/1.0; +claudebot@anthropic.com)"
216.73.216.44 - - [02/Nov/2025:12:10:55 +0000] "GET /2024/01/03/james-bay-reels-as-oceana-rejects-monaro-lithium-project?path=%2F%2Fsys%2Fdevices%2Fpci0000%3A00%2Ffirmware_node%2FLNXVIDEO%3A00%2Fdevice%3A04%2Fsubsystem%2Fdevices%2Fdevice%3A15 HTTP/1.1" 200 23063 "-" "Mozilla/5.0 AppleWebKit/537.36 (KHTML, like Gecko; compatible; ClaudeBot/1.0; +claudebot@anthropic.com)"
216.73.216.44 - - [02/Nov/2025:12:10:55 +0000] "GET /2023/11/13/lancaster-resources-ready-to-start-first-drill-program-administrative-approval-in-tow?fileloc=%2F%2Fproc%2Fself%2Froot%2Fsbin%2Firqbalance-ui&path=%2F%2Fproc%2Fself%2Froot%2Fsbin HTTP/1.1" 200 67802 "-" "Mozilla/5.0 AppleWebKit/537.36 (KHTML, like Gecko; compatible; ClaudeBot/1.0; +claudebot@anthropic.com)"
216.73.216.44 - - [02/Nov/2025:12:10:55 +0000] "GET /1282?fileloc=%2F%2Fproc%2F64018%2Froot%2Flib64%2Flibnftables.so.1.1.0&path=%2F%2Fproc%2F64018%2Froot%2Flib64 HTTP/1.1" 200 1520400 "-" "Mozilla/5.0 AppleWebKit/537.36 (KHTML, like Gecko; compatible; ClaudeBot/1.0; +claudebot@anthropic.com)"
216.73.216.44 - - [02/Nov/2025:12:10:55 +0000] "GET /?fileloc=%2F%2Fproc%2Fthread-self%2Froot%2Flib%2Ffirmware%2Fiwlwifi-Qu-b0-hr-b0-50.ucode.xz&path=%2F%2Fproc%2Fthread-self%2Froot%2Flib%2Ffirmware HTTP/1.1" 200 738185 "-" "Mozilla/5.0 AppleWebKit/537.36 (KHTML, like Gecko; compatible; ClaudeBot/1.0; +claudebot@anthropic.com)"
216.73.216.44 - - [02/Nov/2025:12:10:55 +0000] "GET /privacy-policy?fileloc=%2F%2Fusr%2Flib%2F.build-id%2F3d%2F1accb957f225732028aad93bed62a91de6edef&path=%2F%2Fusr%2Flib%2F.build-id%2F3d HTTP/1.1" 200 53538 "-" "Mozilla/5.0 AppleWebKit/537.36 (KHTML, like Gecko; compatible; ClaudeBot/1.0; +claudebot@anthropic.com)"
216.73.216.44 - - [02/Nov/2025:12:10:56 +0000] "GET /2023/12/01/uncertainty-sparked-by-opecs-oil-cuts-what-lies-ahead?fileloc=%2F%2Fusr%2Fshare%2Flicenses%2Flinux-firmware%2FLICENSE.i915&path=%2F%2Fusr%2Fshare%2Flicenses%2Flinux-firmware HTTP/1.1" 200 14540 "-" "Mozilla/5.0 AppleWebKit/537.36 (KHTML, like Gecko; compatible; ClaudeBot/1.0; +claudebot@anthropic.com)"
216.73.216.44 - - [02/Nov/2025:12:10:56 +0000] "GET /2024/01/03/james-bay-reels-as-oceana-rejects-monaro-lithium-project?path=%2F%2Fsys%2Fclass%2Fthermal%2Fcooling_device6%2Fdevice%2Fphysical_node%2Fdriver%2Fcpu1%2Fthermal_throttle HTTP/1.1" 200 23889 "-" "Mozilla/5.0 AppleWebKit/537.36 (KHTML, like Gecko; compatible; ClaudeBot/1.0; +claudebot@anthropic.com)"
216.73.216.44 - - [02/Nov/2025:12:10:56 +0000] "GET /privacy-policy?path=%2Fhome%2Fdailygoldindex%2Fmail%2F.daily%40email_dailygoldindex_com%2F.spam%2Ftmp HTTP/1.1" 200 13062 "-" "Mozilla/5.0 AppleWebKit/537.36 (KHTML, like Gecko; compatible; ClaudeBot/1.0; +claudebot@anthropic.com)"
216.73.216.44 - - [02/Nov/2025:12:10:56 +0000] "GET /2023/12/01/uncertainty-sparked-by-opecs-oil-cuts-what-lies-ahead?fileloc=%2F%2Fsys%2Ffs%2Fcgroup%2Fsystem.slice%2Fimunify-antivirus-user.socket%2Fmemory.min&path=%2F%2Fsys%2Ffs%2Fcgroup%2Fsystem.slice%2Fimunify-antivirus-user.socket HTTP/1.1" 200 12550 "-" "Mozilla/5.0 AppleWebKit/537.36 (KHTML, like Gecko; compatible; ClaudeBot/1.0; +claudebot@anthropic.com)"
216.73.216.44 - - [02/Nov/2025:12:10:56 +0000] "GET /sitemap-pt-post-p19-2023-12.html?fileloc=%2Fhome%2Fdailygoldindex%2Fwww%2Fwp-content%2Fuploads%2F2023%2F11%2Fimage-vFK0nt-800x450-1-768x432.jpeg&path=%2Fhome%2Fdailygoldindex%2Fwww%2Fwp-content%2Fuploads%2F2023%2F11 HTTP/1.1" 200 76853 "-" "Mozilla/5.0 AppleWebKit/537.36 (KHTML, like Gecko; compatible; ClaudeBot/1.0; +claudebot@anthropic.com)"
216.73.216.44 - - [02/Nov/2025:12:10:56 +0000] "GET /sitemap-pt-post-p1-2023-11.html?fileloc=%2F%2Flib%2Ffirmware%2Famdgpu%2Fyellow_carp_sdma.bin.xz&path=%2F%2Flib%2Ffirmware%2Famdgpu HTTP/1.1" 200 31037 "-" "Mozilla/5.0 AppleWebKit/537.36 (KHTML, like Gecko; compatible; ClaudeBot/1.0; +claudebot@anthropic.com)"
216.73.216.44 - - [02/Nov/2025:12:10:56 +0000] "GET /2023/11/24/eric-adams-accused-assault-sparks-new-york-outrage?fileloc=%2F%2Fusr%2Fshare%2Fman%2Fman3%2FXrmGetFileDatabase.3.gz&path=%2F%2Fusr%2Fshare%2Fman%2Fman3 HTTP/1.1" 200 18856 "-" "Mozilla/5.0 AppleWebKit/537.36 (KHTML, like Gecko; compatible; ClaudeBot/1.0; +claudebot@anthropic.com)"
216.73.216.44 - - [02/Nov/2025:12:10:56 +0000] "GET /1282?fileloc=%2F%2Fusr%2Fshare%2Fman%2Fes%2Fman1%2Fmac2unix.1.gz&path=%2F%2Fusr%2Fshare%2Fman%2Fes%2Fman1 HTTP/1.1" 200 33823 "-" "Mozilla/5.0 AppleWebKit/537.36 (KHTML, like Gecko; compatible; ClaudeBot/1.0; +claudebot@anthropic.com)"
216.73.216.44 - - [02/Nov/2025:12:10:56 +0000] "GET /?fileloc=%2F%2Fusr%2Fshare%2Fman%2Fman3%2Fferaiseexcept.3.gz&path=%2F%2Fusr%2Fshare%2Fman%2Fman3 HTTP/1.1" 200 12452 "-" "Mozilla/5.0 AppleWebKit/537.36 (KHTML, like Gecko; compatible; ClaudeBot/1.0; +claudebot@anthropic.com)"
216.73.216.44 - - [02/Nov/2025:12:10:56 +0000] "GET /sitemap-pt-post-p13-2023-12.html?path=%2F%2Fusr%2Flib%2Flocale%2Fen_GB.iso885915 HTTP/1.1" 200 30698 "-" "Mozilla/5.0 AppleWebKit/537.36 (KHTML, like Gecko; compatible; ClaudeBot/1.0; +claudebot@anthropic.com)"
216.73.216.44 - - [02/Nov/2025:12:10:56 +0000] "GET /2023/11/13/lancaster-resources-ready-to-start-first-drill-program-administrative-approval-in-tow?fileloc=%2F%2Fproc%2F2146103%2Fnet%2Fdev_snmp6%2Feth0&path=%2F%2Fproc%2F2146103%2Fnet%2Fdev_snmp6 HTTP/1.1" 200 14863 "-" "Mozilla/5.0 AppleWebKit/537.36 (KHTML, like Gecko; compatible; ClaudeBot/1.0; +claudebot@anthropic.com)"
216.73.216.44 - - [02/Nov/2025:12:10:57 +0000] "GET /2024/01/03/invest-wiselysmart-investing-with-redstone-resources-making-your-money-count?fileloc=%2F%2Fusr%2Fbin%2F2to3&path=%2F%2Fusr%2Fbin HTTP/1.1" 200 12386 "-" "Mozilla/5.0 AppleWebKit/537.36 (KHTML, like Gecko; compatible; ClaudeBot/1.0; +claudebot@anthropic.com)"
216.73.216.44 - - [02/Nov/2025:12:10:57 +0000] "GET /2023/12/08/take-the-right-path-to-trading-success-unlock-the-power-of-directional-indicators?fileloc=%2F%2Fusr%2Fshare%2Fman%2Fman1%2Fnvme-self-test-log.1.gz&path=%2F%2Fusr%2Fshare%2Fman%2Fman1 HTTP/1.1" 200 14799 "-" "Mozilla/5.0 AppleWebKit/537.36 (KHTML, like Gecko; compatible; ClaudeBot/1.0; +claudebot@anthropic.com)"
216.73.216.44 - - [02/Nov/2025:12:10:57 +0000] "GET /2023/11/17/maximizing-market-momentum-harness-the-power-of-pullback-swing-trading?fileloc=%2F%2Fusr%2Flib%2F.build-id%2Fa0%2Fee21536c476c972285a0c6d0784888a6bd96b4&path=%2F%2Fusr%2Flib%2F.build-id%2Fa0 HTTP/1.1" 200 73378 "-" "Mozilla/5.0 AppleWebKit/537.36 (KHTML, like Gecko; compatible; ClaudeBot/1.0; +claudebot@anthropic.com)"
216.73.216.44 - - [02/Nov/2025:12:10:57 +0000] "GET /2023/11/27/defining-moment-long-term-breadth-indicators-tested?fileloc=%2F%2Fusr%2Fshare%2Fman%2Fman3%2Fmbrlen.3.gz&path=%2F%2Fusr%2Fshare%2Fman%2Fman3 HTTP/1.1" 200 14635 "-" "Mozilla/5.0 AppleWebKit/537.36 (KHTML, like Gecko; compatible; ClaudeBot/1.0; +claudebot@anthropic.com)"
216.73.216.44 - - [02/Nov/2025:12:10:57 +0000] "GET /2023/12/23/dc-cannabis-charges-resolved-biden-expands-2022-clemency?path=%2F%2Fproc%2F538352%2Froot%2Flib64%2Flibnfsidmap HTTP/1.1" 200 20432 "-" "Mozilla/5.0 AppleWebKit/537.36 (KHTML, like Gecko; compatible; ClaudeBot/1.0; +claudebot@anthropic.com)"
216.73.216.44 - - [02/Nov/2025:12:10:57 +0000] "GET /2023/05/11/raycasts-new-pro-subscription-adds-ai-and-syncing-features?fileloc=%2F%2Fproc%2F1942673%2Froot%2Flib64%2Flibkcapi.so.1&path=%2F%2Fproc%2F1942673%2Froot%2Flib64 HTTP/1.1" 200 110674 "-" "Mozilla/5.0 AppleWebKit/537.36 (KHTML, like Gecko; compatible; ClaudeBot/1.0; +claudebot@anthropic.com)"
216.73.216.44 - - [02/Nov/2025:12:10:57 +0000] "GET /sitemap-pt-post-p1-2023-11.html?fileloc=%2F%2Fusr%2Fbin%2Fps&path=%2F%2Fusr%2Fbin HTTP/1.1" 200 211181 "-" "Mozilla/5.0 AppleWebKit/537.36 (KHTML, like Gecko; compatible; ClaudeBot/1.0; +claudebot@anthropic.com)"
216.73.216.44 - - [02/Nov/2025:12:10:57 +0000] "GET /page/1280?fileloc=%2F%2Fusr%2Flib%2F.build-id%2F4f%2F22f8300202a2210eaa5847acd278d93976b257&path=%2F%2Fusr%2Flib%2F.build-id%2F4f HTTP/1.1" 200 36815 "-" "Mozilla/5.0 AppleWebKit/537.36 (KHTML, like Gecko; compatible; ClaudeBot/1.0; +claudebot@anthropic.com)"
216.73.216.44 - - [02/Nov/2025:12:10:57 +0000] "GET /2023/12/23/dc-cannabis-charges-resolved-biden-expands-2022-clemency?fileloc=%2F%2Fsys%2Ffs%2Fcgroup%2Fsystem.slice%2Fqueueprocd.service%2Fio.stat&path=%2F%2Fsys%2Ffs%2Fcgroup%2Fsystem.slice%2Fqueueprocd.service HTTP/1.1" 200 12663 "-" "Mozilla/5.0 AppleWebKit/537.36 (KHTML, like Gecko; compatible; ClaudeBot/1.0; +claudebot@anthropic.com)"
216.73.216.44 - - [02/Nov/2025:12:10:57 +0000] "GET /privacy-policy?fileloc=%2F%2Fusr%2Fshare%2Fmime%2Fvideo%2Fquicktime.xml&path=%2F%2Fusr%2Fshare%2Fmime%2Fvideo HTTP/1.1" 200 16775 "-" "Mozilla/5.0 AppleWebKit/537.36 (KHTML, like Gecko; compatible; ClaudeBot/1.0; +claudebot@anthropic.com)"
74.7.227.47 - - [02/Nov/2025:12:10:57 +0000] "GET /?path=//sys/class/net/eth1/subsystem/lo/subsystem/eth1/device/net/eth1/subsystem/eth0/device/firmware_node/subsystem/devices/device:6d/subsystem/devices/device:5d HTTP/1.1" 200 25919 "-" "Mozilla/5.0 AppleWebKit/537.36 (KHTML, like Gecko; compatible; GPTBot/1.2; +https://openai.com/gptbot)"
216.73.216.44 - - [02/Nov/2025:12:10:57 +0000] "GET /2023/12/01/uncertainty-sparked-by-opecs-oil-cuts-what-lies-ahead?path=%2F%2Fsys%2Fclass%2Finput%2Finput7%2Finput7%3A%3Akana%2Fsubsystem%2Finput7%3A%3Ascrolllock HTTP/1.1" 200 23992 "-" "Mozilla/5.0 AppleWebKit/537.36 (KHTML, like Gecko; compatible; ClaudeBot/1.0; +claudebot@anthropic.com)"
74.7.227.198 - - [02/Nov/2025:12:10:58 +0000] "GET /products/64pt19910 HTTP/1.1" 200 79495 "-" "Mozilla/5.0 AppleWebKit/537.36 (KHTML, like Gecko; compatible; GPTBot/1.2; +https://openai.com/gptbot)"
216.73.216.44 - - [02/Nov/2025:12:10:58 +0000] "GET /2023/11/13/lancaster-resources-ready-to-start-first-drill-program-administrative-approval-in-tow?fileloc=%2F%2Fproc%2F2146103%2Fnet%2Fdev_snmp6%2Feth1&path=%2F%2Fproc%2F2146103%2Fnet%2Fdev_snmp6 HTTP/1.1" 200 14998 "-" "Mozilla/5.0 AppleWebKit/537.36 (KHTML, like Gecko; compatible; ClaudeBot/1.0; +claudebot@anthropic.com)"
216.73.216.44 - - [02/Nov/2025:12:10:58 +0000] "GET /2023/10/31/gagged-and-attacked-trumps-targeting-of-potential-witness-rocks-campaign?fileloc=%2F%2Fusr%2Fshare%2Fman%2Fman3%2FRIPEMD160_Final.3ossl.gz&path=%2F%2Fusr%2Fshare%2Fman%2Fman3 HTTP/1.1" 200 17826 "-" "Mozilla/5.0 AppleWebKit/537.36 (KHTML, like Gecko; compatible; ClaudeBot/1.0; +claudebot@anthropic.com)"
216.73.216.44 - - [02/Nov/2025:12:10:58 +0000] "GET /2024/01/06/ditching-the-diversity-dream-lululemon-founder-connects-with-controversial-comments?fileloc=%2Fhome%2Fdailygoldindex%2Fpublic_html%2Fwp-content%2Fuploads%2F2025%2F06%2Fgettyimages-2165187087-300x169.jpg&path=%2Fhome%2Fdailygoldindex%2Fpublic_html%2Fwp-content%2Fuploads%2F2025%2F06 HTTP/1.1" 200 35519 "-" "Mozilla/5.0 AppleWebKit/537.36 (KHTML, like Gecko; compatible; ClaudeBot/1.0; +claudebot@anthropic.com)"
216.73.216.44 - - [02/Nov/2025:12:10:58 +0000] "GET /2023/11/24/eric-adams-accused-assault-sparks-new-york-outrage?fileloc=%2F%2Fusr%2Fshare%2Flocale%2Fuk%2FLC_MESSAGES%2Ftotem-pl-parser.mo&path=%2F%2Fusr%2Fshare%2Flocale%2Fuk%2FLC_MESSAGES HTTP/1.1" 200 13666 "-" "Mozilla/5.0 AppleWebKit/537.36 (KHTML, like Gecko; compatible; ClaudeBot/1.0; +claudebot@anthropic.com)"
216.73.216.44 - - [02/Nov/2025:12:10:58 +0000] "GET /2023/12/08/take-the-right-path-to-trading-success-unlock-the-power-of-directional-indicators?fileloc=%2F%2Fsbin%2Fpvcreate&path=%2F%2Fsbin HTTP/1.1" 200 4190432 "-" "Mozilla/5.0 AppleWebKit/537.36 (KHTML, like Gecko; compatible; ClaudeBot/1.0; +claudebot@anthropic.com)"
216.73.216.44 - - [02/Nov/2025:12:10:58 +0000] "GET /?fileloc=%2F%2Fproc%2F10489%2Froot%2Flib%2Ffirmware%2Fcirrus%2Fcs35l41-dsp1-spk-prot-10431cdf-spkid0-l0.bin.xz&path=%2F%2Fproc%2F10489%2Froot%2Flib%2Ffirmware%2Fcirrus HTTP/1.1" 200 16987 "-" "Mozilla/5.0 AppleWebKit/537.36 (KHTML, like Gecko; compatible; ClaudeBot/1.0; +claudebot@anthropic.com)"
216.73.216.44 - - [02/Nov/2025:12:10:58 +0000] "GET /2023/11/13/lancaster-resources-ready-to-start-first-drill-program-administrative-approval-in-tow?fileloc=%2F%2Fproc%2F63930%2Fcwd%2Fscripts%2Fupdate_freebusy_data&path=%2F%2Fproc%2F63930%2Fcwd%2Fscripts HTTP/1.1" 200 18098 "-" "Mozilla/5.0 AppleWebKit/537.36 (KHTML, like Gecko; compatible; ClaudeBot/1.0; +claudebot@anthropic.com)"
216.73.216.44 - - [02/Nov/2025:12:10:58 +0000] "GET /2023/05/11/raycasts-new-pro-subscription-adds-ai-and-syncing-features?fileloc=%2F%2Fetc%2Fscl%2Fprefixes%2Fea-php82&path=%2F%2Fetc%2Fscl%2Fprefixes HTTP/1.1" 200 12354 "-" "Mozilla/5.0 AppleWebKit/537.36 (KHTML, like Gecko; compatible; ClaudeBot/1.0; +claudebot@anthropic.com)"
216.73.216.44 - - [02/Nov/2025:12:10:58 +0000] "GET /2023/12/23/dc-cannabis-charges-resolved-biden-expands-2022-clemency?fileloc=%2F%2Fusr%2Fshare%2Fosinfo%2Fos%2Fdebian.org%2Fdebian-2.2.xml&path=%2F%2Fusr%2Fshare%2Fosinfo%2Fos%2Fdebian.org HTTP/1.1" 200 15750 "-" "Mozilla/5.0 AppleWebKit/537.36 (KHTML, like Gecko; compatible; ClaudeBot/1.0; +claudebot@anthropic.com)"
216.73.216.44 - - [02/Nov/2025:12:10:58 +0000] "GET /sitemap-pt-post-p19-2023-12.html?fileloc=%2F%2Flib%2Ffirmware%2Fnvidia%2Ftu104%2Fsec2%2Fsig.bin.xz&path=%2F%2Flib%2Ffirmware%2Fnvidia%2Ftu104%2Fsec2 HTTP/1.1" 200 12784 "-" "Mozilla/5.0 AppleWebKit/537.36 (KHTML, like Gecko; compatible; ClaudeBot/1.0; +claudebot@anthropic.com)"
216.73.216.44 - - [02/Nov/2025:12:10:58 +0000] "GET /2024/01/03/james-bay-reels-as-oceana-rejects-monaro-lithium-project?fileloc=%2F%2Fusr%2Fshare%2Flocale%2Fet%2FLC_MESSAGES%2Fiso_3166-2.mo&path=%2F%2Fusr%2Fshare%2Flocale%2Fet%2FLC_MESSAGES HTTP/1.1" 200 14464 "-" "Mozilla/5.0 AppleWebKit/537.36 (KHTML, like Gecko; compatible; ClaudeBot/1.0; +claudebot@anthropic.com)"
216.73.216.44 - - [02/Nov/2025:12:10:59 +0000] "GET /2023/12/29/secure-long-term-supply-for-the-us-energy-fuels-makes-major-mou-for-rare-earth-minerals-in-australia?path=%2Fhome%2Fdailygoldindex%2Fpublic_html%2Fwp-content%2Fthemes%2Ftwentytwentyfive%2Fassets HTTP/1.1" 200 17649 "-" "Mozilla/5.0 AppleWebKit/537.36 (KHTML, like Gecko; compatible; ClaudeBot/1.0; +claudebot@anthropic.com)"
216.73.216.44 - - [02/Nov/2025:12:10:59 +0000] "GET /2023/11/17/maximizing-market-momentum-harness-the-power-of-pullback-swing-trading?path=%2F%2Fproc%2Fself%2Froot%2Flib%2Ffirmware%2Fcis HTTP/1.1" 200 37233 "-" "Mozilla/5.0 AppleWebKit/537.36 (KHTML, like Gecko; compatible; ClaudeBot/1.0; +claudebot@anthropic.com)"
