216.73.216.44 - - [02/Nov/2025:12:05:28 +0000] "GET /privacy-policy?fileloc=%2F%2Fusr%2Fshare%2Fman%2Fman3type%2Fuint32_t.3type.gz&path=%2F%2Fusr%2Fshare%2Fman%2Fman3type HTTP/1.1" 200 12479 "-" "Mozilla/5.0 AppleWebKit/537.36 (KHTML, like Gecko; compatible; ClaudeBot/1.0; +claudebot@anthropic.com)"
216.73.216.44 - - [02/Nov/2025:12:05:28 +0000] "GET /2023/12/01/uncertainty-sparked-by-opecs-oil-cuts-what-lies-ahead?path=%2Fhome%2Fdailygoldindex%2Fpublic_html%2Fwp-content%2Fwell-known%2Facme-challenge%2Fb%2Fa%2Fd%2Fd HTTP/1.1" 200 13438 "-" "Mozilla/5.0 AppleWebKit/537.36 (KHTML, like Gecko; compatible; ClaudeBot/1.0; +claudebot@anthropic.com)"
216.73.216.44 - - [02/Nov/2025:12:05:28 +0000] "GET /2023/12/01/uncertainty-sparked-by-opecs-oil-cuts-what-lies-ahead?path=%2Fhome%2Fdailygoldindex%2Fpublic_html%2Fwp-content%2Fwell-known%2Facme-challenge%2Fa%2Fb%2Fd%2Fd HTTP/1.1" 200 13438 "-" "Mozilla/5.0 AppleWebKit/537.36 (KHTML, like Gecko; compatible; ClaudeBot/1.0; +claudebot@anthropic.com)"
216.73.216.44 - - [02/Nov/2025:12:05:28 +0000] "GET /2023/10/23/unlock-the-power-of-nvda-build-up-before-its-next-launch?path=%2F%2Fvar%2Fcache%2Fdnf%2Fwp-toolkit-thirdparties-6c899eb7ebb2c0af%2Fpackages HTTP/1.1" 200 12953 "-" "Mozilla/5.0 AppleWebKit/537.36 (KHTML, like Gecko; compatible; ClaudeBot/1.0; +claudebot@anthropic.com)"
216.73.216.44 - - [02/Nov/2025:12:05:28 +0000] "GET /privacy-policy?fileloc=%2F%2Fusr%2Flib%2F.build-id%2F97%2Ff7cec5235b68b6550bf2d68e2dfe2676f1878d&path=%2F%2Fusr%2Flib%2F.build-id%2F97 HTTP/1.1" 200 32107 "-" "Mozilla/5.0 AppleWebKit/537.36 (KHTML, like Gecko; compatible; ClaudeBot/1.0; +claudebot@anthropic.com)"
216.73.216.44 - - [02/Nov/2025:12:05:29 +0000] "GET /2024/01/03/james-bay-reels-as-oceana-rejects-monaro-lithium-project?fileloc=%2F%2Fsys%2Fbus%2Fplatform%2Fdrivers%2Fi2c_designware%2Fmodule%2Fsections%2F.orc_unwind&path=%2F%2Fsys%2Fbus%2Fplatform%2Fdrivers%2Fi2c_designware%2Fmodule%2Fsections HTTP/1.1" 200 12679 "-" "Mozilla/5.0 AppleWebKit/537.36 (KHTML, like Gecko; compatible; ClaudeBot/1.0; +claudebot@anthropic.com)"
74.7.227.47 - - [02/Nov/2025:12:05:29 +0000] "GET /?path=//sys/class/net/eth1/subsystem/lo/subsystem/eth1/device/net/eth1/subsystem/eth0/device/firmware_node/subsystem/devices/device:01/subsystem/drivers/thermal HTTP/1.1" 200 22415 "-" "Mozilla/5.0 AppleWebKit/537.36 (KHTML, like Gecko; compatible; GPTBot/1.2; +https://openai.com/gptbot)"
216.73.216.44 - - [02/Nov/2025:12:05:29 +0000] "GET /1281?fileloc=%2F%2Fproc%2F10489%2Froot%2Fusr%2Flib%2F.build-id%2F9b%2F67bcdd977918b0ca35f7f7f7b9a966b80bbcb8&path=%2F%2Fproc%2F10489%2Froot%2Fusr%2Flib%2F.build-id%2F9b HTTP/1.1" 200 62103 "-" "Mozilla/5.0 AppleWebKit/537.36 (KHTML, like Gecko; compatible; ClaudeBot/1.0; +claudebot@anthropic.com)"
216.73.216.44 - - [02/Nov/2025:12:05:29 +0000] "GET /2023/11/13/lancaster-resources-ready-to-start-first-drill-program-administrative-approval-in-tow?fileloc=%2Fhome%2Fdailygoldindex%2Fmail%2Femail.dailygoldindex.com%2Feditor%2F.Trash%2Fdovecot.index.log&path=%2Fhome%2Fdailygoldindex%2Fmail%2Femail.dailygoldindex.com%2Feditor%2F.Trash HTTP/1.1" 200 12746 "-" "Mozilla/5.0 AppleWebKit/537.36 (KHTML, like Gecko; compatible; ClaudeBot/1.0; +claudebot@anthropic.com)"
216.73.216.44 - - [02/Nov/2025:12:05:29 +0000] "GET /2024/01/03/james-bay-reels-as-oceana-rejects-monaro-lithium-project?fileloc=%2F%2Fusr%2Fshare%2Fapache2%2Ficons%2Fsmall%2Fcontinued.gif&path=%2F%2Fusr%2Fshare%2Fapache2%2Ficons%2Fsmall HTTP/1.1" 200 12663 "-" "Mozilla/5.0 AppleWebKit/537.36 (KHTML, like Gecko; compatible; ClaudeBot/1.0; +claudebot@anthropic.com)"
216.73.216.44 - - [02/Nov/2025:12:05:29 +0000] "GET /2024/01/03/james-bay-reels-as-oceana-rejects-monaro-lithium-project?fileloc=%2F%2Fsys%2Fdevices%2Fpci0000%3A00%2F0000%3A00%3A1f.4%2Ffirmware_node%2Fphysical_node%2Fvendor&path=%2F%2Fsys%2Fdevices%2Fpci0000%3A00%2F0000%3A00%3A1f.4%2Ffirmware_node%2Fphysical_node HTTP/1.1" 200 12667 "-" "Mozilla/5.0 AppleWebKit/537.36 (KHTML, like Gecko; compatible; ClaudeBot/1.0; +claudebot@anthropic.com)"
216.73.216.44 - - [02/Nov/2025:12:05:29 +0000] "GET /2023/11/13/lancaster-resources-ready-to-start-first-drill-program-administrative-approval-in-tow?path=%2F%2Fproc%2F10488%2Froot%2Fusr%2Fshare%2Flicenses%2Fiwl3160-firmware HTTP/1.1" 200 14641 "-" "Mozilla/5.0 AppleWebKit/537.36 (KHTML, like Gecko; compatible; ClaudeBot/1.0; +claudebot@anthropic.com)"
216.73.216.44 - - [02/Nov/2025:12:05:29 +0000] "GET /privacy-policy?fileloc=%2F%2Fusr%2Flib%2F.build-id%2Fb4%2F5e8272020d2dae43f2d266e5a649851f8c6c53&path=%2F%2Fusr%2Flib%2F.build-id%2Fb4 HTTP/1.1" 200 9211525 "-" "Mozilla/5.0 AppleWebKit/537.36 (KHTML, like Gecko; compatible; ClaudeBot/1.0; +claudebot@anthropic.com)"
216.73.216.44 - - [02/Nov/2025:12:05:29 +0000] "GET /2023/11/27/defining-moment-long-term-breadth-indicators-tested?fileloc=%2F%2Fsys%2Fclass%2Fleds%2Finput7%3A%3Akana%2Fdevice%2Finput7%3A%3Akana%2Fdevice%2Fcapabilities%2Fabs&path=%2F%2Fsys%2Fclass%2Fleds%2Finput7%3A%3Akana%2Fdevice%2Finput7%3A%3Akana%2Fdevice%2Fcapabilities HTTP/1.1" 200 12785 "-" "Mozilla/5.0 AppleWebKit/537.36 (KHTML, like Gecko; compatible; ClaudeBot/1.0; +claudebot@anthropic.com)"
216.73.216.44 - - [02/Nov/2025:12:05:29 +0000] "GET /2023/11/13/lancaster-resources-ready-to-start-first-drill-program-administrative-approval-in-tow?fileloc=%2F%2Fsys%2Fdevices%2Fplatform%2FPNP0C0B%3A00%2Ffirmware_node%2Fuid&path=%2F%2Fsys%2Fdevices%2Fplatform%2FPNP0C0B%3A00%2Ffirmware_node HTTP/1.1" 200 12527 "-" "Mozilla/5.0 AppleWebKit/537.36 (KHTML, like Gecko; compatible; ClaudeBot/1.0; +claudebot@anthropic.com)"
74.7.227.198 - - [02/Nov/2025:12:05:29 +0000] "GET /products/104gs1368 HTTP/1.1" 200 79495 "-" "Mozilla/5.0 AppleWebKit/537.36 (KHTML, like Gecko; compatible; GPTBot/1.2; +https://openai.com/gptbot)"
216.73.216.44 - - [02/Nov/2025:12:05:29 +0000] "GET /privacy-policy?fileloc=%2F%2Fusr%2Flib%2F.build-id%2F93%2F7e4fab0536a117eb8c4a1b8ca52f2e12e6c5b1&path=%2F%2Fusr%2Flib%2F.build-id%2F93 HTTP/1.1" 200 36870 "-" "Mozilla/5.0 AppleWebKit/537.36 (KHTML, like Gecko; compatible; ClaudeBot/1.0; +claudebot@anthropic.com)"
216.73.216.44 - - [02/Nov/2025:12:05:29 +0000] "GET /2023/11/04/convicted-crypto-exchange-dictator-sam-bankman-fried-on-all-counts-of-fraud?path=%2Fhome%2Fdailygoldindex%2Fpublic_html%2Fwp-content%2Fwell-known%2Facme-challenge%2Fb%2Fd%2Fd%2Fd HTTP/1.1" 200 13438 "-" "Mozilla/5.0 AppleWebKit/537.36 (KHTML, like Gecko; compatible; ClaudeBot/1.0; +claudebot@anthropic.com)"
216.73.216.44 - - [02/Nov/2025:12:05:30 +0000] "GET /2023/11/13/lancaster-resources-ready-to-start-first-drill-program-administrative-approval-in-tow?path=%2F%2Fproc%2Fthread-self%2Fcwd%2Fwp-includes%2Fblocks%2Fpreformatted HTTP/1.1" 200 21004 "-" "Mozilla/5.0 AppleWebKit/537.36 (KHTML, like Gecko; compatible; ClaudeBot/1.0; +claudebot@anthropic.com)"
216.73.216.44 - - [02/Nov/2025:12:05:30 +0000] "GET /privacy-policy?fileloc=%2F%2Fusr%2Flib%2F.build-id%2F8e%2F7c0f4d95e4b65c7be4da42cf4ea4d170e8fa24&path=%2F%2Fusr%2Flib%2F.build-id%2F8e HTTP/1.1" 200 83410 "-" "Mozilla/5.0 AppleWebKit/537.36 (KHTML, like Gecko; compatible; ClaudeBot/1.0; +claudebot@anthropic.com)"
216.73.216.44 - - [02/Nov/2025:12:05:30 +0000] "GET /2023/11/04/convicted-crypto-exchange-dictator-sam-bankman-fried-on-all-counts-of-fraud?path=%2Fhome%2Fdailygoldindex%2Fpublic_html%2Fwp-content%2Fwell-known%2Facme-challenge%2Fb%2Ff%2Fd%2Fd HTTP/1.1" 200 13438 "-" "Mozilla/5.0 AppleWebKit/537.36 (KHTML, like Gecko; compatible; ClaudeBot/1.0; +claudebot@anthropic.com)"
216.73.216.44 - - [02/Nov/2025:12:05:30 +0000] "GET /1281?path=%2F%2Fproc%2F10489%2Froot%2Flib%2Ffirmware%2Fnvidia%2Ftu104%2Fgsp HTTP/1.1" 200 26031 "-" "Mozilla/5.0 AppleWebKit/537.36 (KHTML, like Gecko; compatible; ClaudeBot/1.0; +claudebot@anthropic.com)"
216.73.216.44 - - [02/Nov/2025:12:05:30 +0000] "GET /2024/01/03/[1-'+(toclevels+1?fileloc=%2F%2Flib64%2Flibdrm_amdgpu.so.1.123.0&path=%2F%2Flib64 HTTP/1.1" 200 78963 "-" "Mozilla/5.0 AppleWebKit/537.36 (KHTML, like Gecko; compatible; ClaudeBot/1.0; +claudebot@anthropic.com)"
216.73.216.44 - - [02/Nov/2025:12:05:30 +0000] "GET /2023/11/13/lancaster-resources-ready-to-start-first-drill-program-administrative-approval-in-tow?path=%2F%2Fproc%2F10488%2Fcwd%2Fpublic_html%2F.well-known%2Facme-challenge HTTP/1.1" 200 12969 "-" "Mozilla/5.0 AppleWebKit/537.36 (KHTML, like Gecko; compatible; ClaudeBot/1.0; +claudebot@anthropic.com)"
216.73.216.44 - - [02/Nov/2025:12:05:30 +0000] "GET /2024/01/03/[1-'+(toclevels+1?fileloc=%2F%2Flib64%2Flibfdisk.so.1.1.0&path=%2F%2Flib64 HTTP/1.1" 200 524206 "-" "Mozilla/5.0 AppleWebKit/537.36 (KHTML, like Gecko; compatible; ClaudeBot/1.0; +claudebot@anthropic.com)"
216.73.216.44 - - [02/Nov/2025:12:05:30 +0000] "GET /privacy-policy?fileloc=%2F%2Fusr%2Fshare%2Flocale%2Flt%2FLC_MESSAGES%2Fglib20.mo&path=%2F%2Fusr%2Fshare%2Flocale%2Flt%2FLC_MESSAGES HTTP/1.1" 200 155172 "-" "Mozilla/5.0 AppleWebKit/537.36 (KHTML, like Gecko; compatible; ClaudeBot/1.0; +claudebot@anthropic.com)"
216.73.216.44 - - [02/Nov/2025:12:05:30 +0000] "GET /privacy-policy?fileloc=%2F%2Fusr%2Flib%2F.build-id%2F06%2F866b4659fe43fa0af9742fc5e4a6bb9fbd660d&path=%2F%2Fusr%2Flib%2F.build-id%2F06 HTTP/1.1" 200 35742 "-" "Mozilla/5.0 AppleWebKit/537.36 (KHTML, like Gecko; compatible; ClaudeBot/1.0; +claudebot@anthropic.com)"
216.73.216.44 - - [02/Nov/2025:12:05:30 +0000] "GET /2023/11/13/lancaster-resources-ready-to-start-first-drill-program-administrative-approval-in-tow?path=%2F%2Fproc%2Fthread-self%2Fcwd%2Fwp-includes%2Fblocks%2Fterm-description HTTP/1.1" 200 21092 "-" "Mozilla/5.0 AppleWebKit/537.36 (KHTML, like Gecko; compatible; ClaudeBot/1.0; +claudebot@anthropic.com)"
216.73.216.44 - - [02/Nov/2025:12:05:30 +0000] "GET /2024/01/03/invest-wiselysmart-investing-with-redstone-resources-making-your-money-count?fileloc=%2F%2Fusr%2Flib64%2Fhmaccalc%2Fsha512hmac.hmac&path=%2F%2Fusr%2Flib64%2Fhmaccalc HTTP/1.1" 200 12486 "-" "Mozilla/5.0 AppleWebKit/537.36 (KHTML, like Gecko; compatible; ClaudeBot/1.0; +claudebot@anthropic.com)"
216.73.216.44 - - [02/Nov/2025:12:05:31 +0000] "GET /2024/01/03/james-bay-reels-as-oceana-rejects-monaro-lithium-project?path=%2F%2Fsys%2Fclass%2Fwmi_bus%2Fwmi_bus-PNP0C14%3A01%2Fdevice%2Ffirmware_node%2Fphysical_node%2Fpower HTTP/1.1" 200 21745 "-" "Mozilla/5.0 AppleWebKit/537.36 (KHTML, like Gecko; compatible; ClaudeBot/1.0; +claudebot@anthropic.com)"
216.73.216.44 - - [02/Nov/2025:12:05:31 +0000] "GET /2023/11/13/lancaster-resources-ready-to-start-first-drill-program-administrative-approval-in-tow?fileloc=%2F%2Fsys%2Fkernel%2Fslab%2Fnuma_policy%2Fvalidate&path=%2F%2Fsys%2Fkernel%2Fslab%2Fnuma_policy HTTP/1.1" 200 12416 "-" "Mozilla/5.0 AppleWebKit/537.36 (KHTML, like Gecko; compatible; ClaudeBot/1.0; +claudebot@anthropic.com)"
216.73.216.44 - - [02/Nov/2025:12:05:31 +0000] "GET /2024/01/03/invest-wiselysmart-investing-with-redstone-resources-making-your-money-count?fileloc=%2F%2Fusr%2Flib%2Ffirewalld%2Fservices%2Fprivoxy.xml&path=%2F%2Fusr%2Flib%2Ffirewalld%2Fservices HTTP/1.1" 200 13012 "-" "Mozilla/5.0 AppleWebKit/537.36 (KHTML, like Gecko; compatible; ClaudeBot/1.0; +claudebot@anthropic.com)"
216.73.216.44 - - [02/Nov/2025:12:05:31 +0000] "GET /2023/12/08/take-the-right-path-to-trading-success-unlock-the-power-of-directional-indicators?fileloc=%2F%2Fusr%2Fshare%2Fman%2Fman1%2Fdocker-container-pause.1.gz&path=%2F%2Fusr%2Fshare%2Fman%2Fman1 HTTP/1.1" 200 13364 "-" "Mozilla/5.0 AppleWebKit/537.36 (KHTML, like Gecko; compatible; ClaudeBot/1.0; +claudebot@anthropic.com)"
216.73.216.44 - - [02/Nov/2025:12:05:31 +0000] "GET /2024/01/03/[1-'+(toclevels+1?fileloc=%2F%2Flib64%2Flibgettextlib-0.21.so&path=%2F%2Flib64 HTTP/1.1" 200 425698 "-" "Mozilla/5.0 AppleWebKit/537.36 (KHTML, like Gecko; compatible; ClaudeBot/1.0; +claudebot@anthropic.com)"
216.73.216.44 - - [02/Nov/2025:12:05:31 +0000] "GET /2024/01/03/james-bay-reels-as-oceana-rejects-monaro-lithium-project?fileloc=%2F%2Fusr%2Fshare%2Fapache2%2Ficons%2Fsmall%2Ffolder2.gif&path=%2F%2Fusr%2Fshare%2Fapache2%2Ficons%2Fsmall HTTP/1.1" 200 12663 "-" "Mozilla/5.0 AppleWebKit/537.36 (KHTML, like Gecko; compatible; ClaudeBot/1.0; +claudebot@anthropic.com)"
216.73.216.44 - - [02/Nov/2025:12:05:31 +0000] "GET /2023/05/11/raycasts-new-pro-subscription-adds-ai-and-syncing-features?path=%2F%2Fproc%2F234%2Fattr HTTP/1.1" 200 21264 "-" "Mozilla/5.0 AppleWebKit/537.36 (KHTML, like Gecko; compatible; ClaudeBot/1.0; +claudebot@anthropic.com)"
216.73.216.44 - - [02/Nov/2025:12:05:31 +0000] "GET /privacy-policy?fileloc=%2F%2Fusr%2Flib%2F.build-id%2Fd1%2F74da2733ce9f33849cb201a5c7c5dc33ccd92b&path=%2F%2Fusr%2Flib%2F.build-id%2Fd1 HTTP/1.1" 200 207146 "-" "Mozilla/5.0 AppleWebKit/537.36 (KHTML, like Gecko; compatible; ClaudeBot/1.0; +claudebot@anthropic.com)"
74.7.227.47 - - [02/Nov/2025:12:05:31 +0000] "GET /?path=//sys/class/net/eth1/subsystem/lo/subsystem/eth1/device/net/eth1/subsystem/eth0/device/firmware_node/subsystem/devices/device:7d/subsystem HTTP/1.1" 200 23568 "-" "Mozilla/5.0 AppleWebKit/537.36 (KHTML, like Gecko; compatible; GPTBot/1.2; +https://openai.com/gptbot)"
216.73.216.44 - - [02/Nov/2025:12:05:31 +0000] "GET /2023/12/23/dc-cannabis-charges-resolved-biden-expands-2022-clemency?path=%2F%2Fsys%2Fclass%2Fi2c-adapter%2Fi2c-4%2Fdevice%2Ffirmware_node%2Fphysical_node2%2Fdriver HTTP/1.1" 200 22651 "-" "Mozilla/5.0 AppleWebKit/537.36 (KHTML, like Gecko; compatible; ClaudeBot/1.0; +claudebot@anthropic.com)"
216.73.216.44 - - [02/Nov/2025:12:05:31 +0000] "GET /2023/11/08/record-breaking-credit-card-balances-unpacking-a-1-08-trillion-surge-in-the-third-quarter?path=%2Fhome%2Fdailygoldindex%2Fpublic_html%2Fwp-content%2Fwell-known%2Facme-challenge%2Fa%2Fb HTTP/1.1" 200 25112 "-" "Mozilla/5.0 AppleWebKit/537.36 (KHTML, like Gecko; compatible; ClaudeBot/1.0; +claudebot@anthropic.com)"
216.73.216.44 - - [02/Nov/2025:12:05:31 +0000] "GET /2024/01/03/invest-wiselysmart-investing-with-redstone-resources-making-your-money-count?fileloc=%2F%2Fusr%2Flib%2Ffirewalld%2Fservices%2Fnfs3.xml&path=%2F%2Fusr%2Flib%2Ffirewalld%2Fservices HTTP/1.1" 200 12868 "-" "Mozilla/5.0 AppleWebKit/537.36 (KHTML, like Gecko; compatible; ClaudeBot/1.0; +claudebot@anthropic.com)"
216.73.216.44 - - [02/Nov/2025:12:05:32 +0000] "GET /2024/01/03/[1-'+(toclevels+1?fileloc=%2F%2Flib64%2Flibxmlrpc.so.3&path=%2F%2Flib64 HTTP/1.1" 200 193983 "-" "Mozilla/5.0 AppleWebKit/537.36 (KHTML, like Gecko; compatible; ClaudeBot/1.0; +claudebot@anthropic.com)"
216.73.216.44 - - [02/Nov/2025:12:05:32 +0000] "GET /2023/05/11/raycasts-new-pro-subscription-adds-ai-and-syncing-features?path=%2F%2Fproc%2F33%2Fattr HTTP/1.1" 200 21237 "-" "Mozilla/5.0 AppleWebKit/537.36 (KHTML, like Gecko; compatible; ClaudeBot/1.0; +claudebot@anthropic.com)"
216.73.216.44 - - [02/Nov/2025:12:05:32 +0000] "GET /2023/12/29/appeals-court-overturns-ban-on-apple-watch?path=%2F%2Fusr%2Finclude%2Flinux%2Fisdn HTTP/1.1" 200 14262 "-" "Mozilla/5.0 AppleWebKit/537.36 (KHTML, like Gecko; compatible; ClaudeBot/1.0; +claudebot@anthropic.com)"
216.73.216.44 - - [02/Nov/2025:12:05:32 +0000] "GET /1282?fileloc=%2F%2Fsys%2Ffs%2Fcgroup%2Fsystem.slice%2Ftuned.service%2Fio.latency&path=%2F%2Fsys%2Ffs%2Fcgroup%2Fsystem.slice%2Ftuned.service HTTP/1.1" 200 12500 "-" "Mozilla/5.0 AppleWebKit/537.36 (KHTML, like Gecko; compatible; ClaudeBot/1.0; +claudebot@anthropic.com)"
216.73.216.44 - - [02/Nov/2025:12:05:32 +0000] "GET /2023/11/17/maximizing-market-momentum-harness-the-power-of-pullback-swing-trading?path=%2Fhome%2Fdailygoldindex%2Fpublic_html%2Fwp-content%2Fwell-known%2Facme-challenge%2Fg%2Fg%2Fg%2Fd HTTP/1.1" 200 13438 "-" "Mozilla/5.0 AppleWebKit/537.36 (KHTML, like Gecko; compatible; ClaudeBot/1.0; +claudebot@anthropic.com)"
216.73.216.44 - - [02/Nov/2025:12:05:32 +0000] "GET /1281?path=%2Fhome%2Fdailygoldindex%2Fwww%2Fwp-content%2Fwell-known%2Facme-challenge%2Fh%2Fa%2Fe HTTP/1.1" 200 25002 "-" "Mozilla/5.0 AppleWebKit/537.36 (KHTML, like Gecko; compatible; ClaudeBot/1.0; +claudebot@anthropic.com)"
216.73.216.44 - - [02/Nov/2025:12:05:32 +0000] "GET /2024/01/03/[1-'+(toclevels+1?fileloc=%2F%2Flib64%2Flibsss_nss_idmap.so.0&path=%2F%2Flib64 HTTP/1.1" 200 69900 "-" "Mozilla/5.0 AppleWebKit/537.36 (KHTML, like Gecko; compatible; ClaudeBot/1.0; +claudebot@anthropic.com)"
216.73.216.44 - - [02/Nov/2025:12:05:32 +0000] "GET /2023/11/13/lancaster-resources-ready-to-start-first-drill-program-administrative-approval-in-tow?path=%2F%2Flib%2Fmodules%2F5.14.0-362.8.1.el9_3.x86_64%2Fkernel%2Fdrivers%2Fmtd%2Fubi HTTP/1.1" 200 14752 "-" "Mozilla/5.0 AppleWebKit/537.36 (KHTML, like Gecko; compatible; ClaudeBot/1.0; +claudebot@anthropic.com)"
216.73.216.44 - - [02/Nov/2025:12:05:32 +0000] "GET /2024/01/03/[1-'+(toclevels+1?fileloc=%2F%2Flib64%2Flibasprintf.so&path=%2F%2Flib64 HTTP/1.1" 200 29584 "-" "Mozilla/5.0 AppleWebKit/537.36 (KHTML, like Gecko; compatible; ClaudeBot/1.0; +claudebot@anthropic.com)"
74.7.227.198 - - [02/Nov/2025:12:05:32 +0000] "GET /products/285bl8839 HTTP/1.1" 200 79495 "-" "Mozilla/5.0 AppleWebKit/537.36 (KHTML, like Gecko; compatible; GPTBot/1.2; +https://openai.com/gptbot)"
216.73.216.44 - - [02/Nov/2025:12:05:32 +0000] "GET /2023/11/13/lancaster-resources-ready-to-start-first-drill-program-administrative-approval-in-tow?path=%2F%2Fproc%2F10488%2Froot%2Fusr%2Fshare%2Flicenses%2Fdwz HTTP/1.1" 200 17568 "-" "Mozilla/5.0 AppleWebKit/537.36 (KHTML, like Gecko; compatible; ClaudeBot/1.0; +claudebot@anthropic.com)"
216.73.216.44 - - [02/Nov/2025:12:05:33 +0000] "GET /2024/01/03/[1-'+(toclevels+1?fileloc=%2F%2Flib64%2Flibgstfft-1.0.so.0.2212.0&path=%2F%2Flib64 HTTP/1.1" 200 76755 "-" "Mozilla/5.0 AppleWebKit/537.36 (KHTML, like Gecko; compatible; ClaudeBot/1.0; +claudebot@anthropic.com)"
216.73.216.44 - - [02/Nov/2025:12:05:33 +0000] "GET /2023/10/31/gagged-and-attacked-trumps-targeting-of-potential-witness-rocks-campaign?fileloc=%2F%2Fusr%2Flib%2Fsystemd%2Fcatalog%2Fsystemd.pl.catalog&path=%2F%2Fusr%2Flib%2Fsystemd%2Fcatalog HTTP/1.1" 200 34583 "-" "Mozilla/5.0 AppleWebKit/537.36 (KHTML, like Gecko; compatible; ClaudeBot/1.0; +claudebot@anthropic.com)"
216.73.216.44 - - [02/Nov/2025:12:05:33 +0000] "GET /2024/01/03/james-bay-reels-as-oceana-rejects-monaro-lithium-project?fileloc=%2F%2Fproc%2F10489%2Froot%2Fusr%2Flib%2F.build-id%2Fdd%2F843af77d02030f324dbcc710dc35b6b77a2337&path=%2F%2Fproc%2F10489%2Froot%2Fusr%2Flib%2F.build-id%2Fdd HTTP/1.1" 200 37232 "-" "Mozilla/5.0 AppleWebKit/537.36 (KHTML, like Gecko; compatible; ClaudeBot/1.0; +claudebot@anthropic.com)"
216.73.216.44 - - [02/Nov/2025:12:05:33 +0000] "GET /privacy-policy?fileloc=%2F%2Fusr%2Fshare%2Flocale%2Flt%2FLC_MESSAGES%2Fp11-kit.mo&path=%2F%2Fusr%2Fshare%2Flocale%2Flt%2FLC_MESSAGES HTTP/1.1" 200 14935 "-" "Mozilla/5.0 AppleWebKit/537.36 (KHTML, like Gecko; compatible; ClaudeBot/1.0; +claudebot@anthropic.com)"
216.73.216.44 - - [02/Nov/2025:12:05:33 +0000] "GET /2023/12/01/uncertainty-sparked-by-opecs-oil-cuts-what-lies-ahead?path=%2Fhome%2Fdailygoldindex%2Fpublic_html%2Fwp-content%2Fwell-known%2Facme-challenge%2Fg%2Fe%2Fe%2Fb HTTP/1.1" 200 13438 "-" "Mozilla/5.0 AppleWebKit/537.36 (KHTML, like Gecko; compatible; ClaudeBot/1.0; +claudebot@anthropic.com)"
216.73.216.44 - - [02/Nov/2025:12:05:33 +0000] "GET /2023/12/01/uncertainty-sparked-by-opecs-oil-cuts-what-lies-ahead?path=%2Fhome%2Fdailygoldindex%2Fpublic_html%2Fwp-content%2Fwell-known%2Facme-challenge%2Fe%2Fg%2Fe%2Fb HTTP/1.1" 200 13438 "-" "Mozilla/5.0 AppleWebKit/537.36 (KHTML, like Gecko; compatible; ClaudeBot/1.0; +claudebot@anthropic.com)"
216.73.216.44 - - [02/Nov/2025:12:05:33 +0000] "GET /privacy-policy?fileloc=%2F%2Fusr%2Flib%2F.build-id%2Fab%2Fecfbbf1a8f8929b682fc0786d3a42a1fdf5d72&path=%2F%2Fusr%2Flib%2F.build-id%2Fab HTTP/1.1" 200 7323631 "-" "Mozilla/5.0 AppleWebKit/537.36 (KHTML, like Gecko; compatible; ClaudeBot/1.0; +claudebot@anthropic.com)"
216.73.216.44 - - [02/Nov/2025:12:05:33 +0000] "GET /2023/12/01/uncertainty-sparked-by-opecs-oil-cuts-what-lies-ahead?path=%2Fhome%2Fdailygoldindex%2Fpublic_html%2Fwp-content%2Fwell-known%2Facme-challenge%2Fd%2Fe%2Fg%2Fa HTTP/1.1" 200 13438 "-" "Mozilla/5.0 AppleWebKit/537.36 (KHTML, like Gecko; compatible; ClaudeBot/1.0; +claudebot@anthropic.com)"
216.73.216.44 - - [02/Nov/2025:12:05:32 +0000] "GET /2024/01/03/[1-'+(toclevels+1?fileloc=%2F%2Flib64%2FlibLLVM.so.19.1&path=%2F%2Flib64 HTTP/1.1" 500 2653 "-" "Mozilla/5.0 AppleWebKit/537.36 (KHTML, like Gecko; compatible; ClaudeBot/1.0; +claudebot@anthropic.com)"
216.73.216.44 - - [02/Nov/2025:12:05:33 +0000] "GET /page/734?path=%2Fhome%2Fdailygoldindex%2Fwww%2Fwp-content%2Fwell-known%2Facme-challenge%2Fa%2Fb%2Fa%2Fd HTTP/1.1" 200 13366 "-" "Mozilla/5.0 AppleWebKit/537.36 (KHTML, like Gecko; compatible; ClaudeBot/1.0; +claudebot@anthropic.com)"
216.73.216.44 - - [02/Nov/2025:12:05:33 +0000] "GET /1281?path=%2Fhome%2Fdailygoldindex%2Fwww%2Fwp-content%2Fwell-known%2Facme-challenge%2Fh%2Fa%2Fb HTTP/1.1" 200 25002 "-" "Mozilla/5.0 AppleWebKit/537.36 (KHTML, like Gecko; compatible; ClaudeBot/1.0; +claudebot@anthropic.com)"
216.73.216.44 - - [02/Nov/2025:12:05:34 +0000] "GET /2023/12/01/uncertainty-sparked-by-opecs-oil-cuts-what-lies-ahead?path=%2Fhome%2Fdailygoldindex%2Fpublic_html%2Fwp-content%2Fwell-known%2Facme-challenge%2Ff%2Fe%2Fg%2Fa HTTP/1.1" 200 13438 "-" "Mozilla/5.0 AppleWebKit/537.36 (KHTML, like Gecko; compatible; ClaudeBot/1.0; +claudebot@anthropic.com)"
216.73.216.44 - - [02/Nov/2025:12:05:33 +0000] "GET /2024/01/03/[1-'+(toclevels+1?fileloc=%2F%2Flib64%2Fliblock_manager.so.2.6&path=%2F%2Flib64 HTTP/1.1" 200 2754598 "-" "Mozilla/5.0 AppleWebKit/537.36 (KHTML, like Gecko; compatible; ClaudeBot/1.0; +claudebot@anthropic.com)"
216.73.216.44 - - [02/Nov/2025:12:05:34 +0000] "GET /2023/11/15/walk-in-and-wreak-havoc-at-the-war-on-christmas?path=%2Fhome%2Fdailygoldindex%2Fpublic_html%2Fwp-content%2Fwell-known%2Facme-challenge%2Fh%2Fb%2Fd%2Fd HTTP/1.1" 200 13438 "-" "Mozilla/5.0 AppleWebKit/537.36 (KHTML, like Gecko; compatible; ClaudeBot/1.0; +claudebot@anthropic.com)"
216.73.216.44 - - [02/Nov/2025:12:05:34 +0000] "GET /2023/11/04/convicted-crypto-exchange-dictator-sam-bankman-fried-on-all-counts-of-fraud?path=%2Fhome%2Fdailygoldindex%2Fpublic_html%2Fwp-content%2Fwell-known%2Facme-challenge%2Fa%2Fg%2Fg%2Fa HTTP/1.1" 200 13438 "-" "Mozilla/5.0 AppleWebKit/537.36 (KHTML, like Gecko; compatible; ClaudeBot/1.0; +claudebot@anthropic.com)"
216.73.216.44 - - [02/Nov/2025:12:05:34 +0000] "GET /2024/01/07/unmasking-trumps-divide-disputed-election-report-uncovers-struggle-for-power?path=%2F%2Fusr%2Flib%2Ffontconfig HTTP/1.1" 200 14081 "-" "Mozilla/5.0 AppleWebKit/537.36 (KHTML, like Gecko; compatible; ClaudeBot/1.0; +claudebot@anthropic.com)"
216.73.216.44 - - [02/Nov/2025:12:05:34 +0000] "GET /2023/11/04/convicted-crypto-exchange-dictator-sam-bankman-fried-on-all-counts-of-fraud?path=%2Fhome%2Fdailygoldindex%2Fpublic_html%2Fwp-content%2Fwell-known%2Facme-challenge%2Fg%2Fa%2Fg%2Fa HTTP/1.1" 200 13438 "-" "Mozilla/5.0 AppleWebKit/537.36 (KHTML, like Gecko; compatible; ClaudeBot/1.0; +claudebot@anthropic.com)"
216.73.216.44 - - [02/Nov/2025:12:05:34 +0000] "GET /privacy-policy?fileloc=%2F%2Fusr%2Fshare%2Fzoneinfo%2FMexico%2FGeneral&path=%2F%2Fusr%2Fshare%2Fzoneinfo%2FMexico HTTP/1.1" 200 14256 "-" "Mozilla/5.0 AppleWebKit/537.36 (KHTML, like Gecko; compatible; ClaudeBot/1.0; +claudebot@anthropic.com)"
216.73.216.44 - - [02/Nov/2025:12:05:34 +0000] "GET /2023/11/22/profit-from-the-skyrocketing-stock-of-gap-is-now-the-time?path=%2Fhome%2Fdailygoldindex%2Fpublic_html%2Fwp-content%2Fwell-known%2Facme-challenge%2Fg%2Ff%2Fg%2Fd HTTP/1.1" 200 13438 "-" "Mozilla/5.0 AppleWebKit/537.36 (KHTML, like Gecko; compatible; ClaudeBot/1.0; +claudebot@anthropic.com)"
216.73.216.44 - - [02/Nov/2025:12:05:34 +0000] "GET /2023/12/01/uncertainty-sparked-by-opecs-oil-cuts-what-lies-ahead?path=%2Fhome%2Fdailygoldindex%2Fpublic_html%2Fwp-content%2Fwell-known%2Facme-challenge%2Fe%2Fb%2Fd%2Ff HTTP/1.1" 200 13438 "-" "Mozilla/5.0 AppleWebKit/537.36 (KHTML, like Gecko; compatible; ClaudeBot/1.0; +claudebot@anthropic.com)"
216.73.216.44 - - [02/Nov/2025:12:05:35 +0000] "GET /2024/01/03/james-bay-reels-as-oceana-rejects-monaro-lithium-project?fileloc=%2F%2Fproc%2F10489%2Froot%2Fusr%2Flib%2Fkbd%2Fconsolefonts%2FREADME.Greek&path=%2F%2Fproc%2F10489%2Froot%2Fusr%2Flib%2Fkbd%2Fconsolefonts HTTP/1.1" 200 - "-" "Mozilla/5.0 AppleWebKit/537.36 (KHTML, like Gecko; compatible; ClaudeBot/1.0; +claudebot@anthropic.com)"
216.73.216.44 - - [02/Nov/2025:12:05:34 +0000] "GET /2023/12/01/uncertainty-sparked-by-opecs-oil-cuts-what-lies-ahead?path=%2Fhome%2Fdailygoldindex%2Fpublic_html%2Fwp-content%2Fwell-known%2Facme-challenge%2Fb%2Fe%2Fd%2Ff HTTP/1.1" 200 13438 "-" "Mozilla/5.0 AppleWebKit/537.36 (KHTML, like Gecko; compatible; ClaudeBot/1.0; +claudebot@anthropic.com)"
216.73.216.44 - - [02/Nov/2025:12:05:34 +0000] "GET /2024/01/03/[1-'+(toclevels+1?fileloc=%2F%2Flib64%2Flibbluetooth.so.3&path=%2F%2Flib64 HTTP/1.1" 200 288969 "-" "Mozilla/5.0 AppleWebKit/537.36 (KHTML, like Gecko; compatible; ClaudeBot/1.0; +claudebot@anthropic.com)"
216.73.216.44 - - [02/Nov/2025:12:05:35 +0000] "GET /2023/11/13/lancaster-resources-ready-to-start-first-drill-program-administrative-approval-in-tow?path=%2F%2Fproc%2F10488%2Froot%2Fusr%2Fshare%2Flicenses%2Fiwl1000-firmware HTTP/1.1" 200 14641 "-" "Mozilla/5.0 AppleWebKit/537.36 (KHTML, like Gecko; compatible; ClaudeBot/1.0; +claudebot@anthropic.com)"
216.73.216.44 - - [02/Nov/2025:12:05:35 +0000] "GET /2023/05/11/raycasts-new-pro-subscription-adds-ai-and-syncing-features?path=%2F%2Fproc%2F23%2Ftask HTTP/1.1" 200 14040 "-" "Mozilla/5.0 AppleWebKit/537.36 (KHTML, like Gecko; compatible; ClaudeBot/1.0; +claudebot@anthropic.com)"
74.7.227.47 - - [02/Nov/2025:12:05:35 +0000] "GET /?path=//sys/class/net/eth1/subsystem/lo/subsystem/eth1/device/net/eth1/subsystem/eth0/device/firmware_node/subsystem/devices/device:7b/subsystem HTTP/1.1" 200 23568 "-" "Mozilla/5.0 AppleWebKit/537.36 (KHTML, like Gecko; compatible; GPTBot/1.2; +https://openai.com/gptbot)"
216.73.216.44 - - [02/Nov/2025:12:05:35 +0000] "GET /page/734?path=%2Fhome%2Fdailygoldindex%2Fwww%2Fwp-content%2Fwell-known%2Facme-challenge%2Fa%2Fb%2Fb%2Fh HTTP/1.1" 200 13366 "-" "Mozilla/5.0 AppleWebKit/537.36 (KHTML, like Gecko; compatible; ClaudeBot/1.0; +claudebot@anthropic.com)"
216.73.216.44 - - [02/Nov/2025:12:05:35 +0000] "GET /1281?path=%2Fhome%2Fdailygoldindex%2Fwww%2Fwp-content%2Fwell-known%2Facme-challenge%2Fh%2Fa%2Fa HTTP/1.1" 200 25002 "-" "Mozilla/5.0 AppleWebKit/537.36 (KHTML, like Gecko; compatible; ClaudeBot/1.0; +claudebot@anthropic.com)"
216.73.216.44 - - [02/Nov/2025:12:05:35 +0000] "GET /2023/05/11/raycasts-new-pro-subscription-adds-ai-and-syncing-features?path=%2F%2Fproc%2F59%2Ffd HTTP/1.1" 200 12733 "-" "Mozilla/5.0 AppleWebKit/537.36 (KHTML, like Gecko; compatible; ClaudeBot/1.0; +claudebot@anthropic.com)"
216.73.216.44 - - [02/Nov/2025:12:05:36 +0000] "GET /2023/05/11/raycasts-new-pro-subscription-adds-ai-and-syncing-features?fileloc=%2F%2Fproc%2F1939692%2Froot%2Fsbin%2Frtstat&path=%2F%2Fproc%2F1939692%2Froot%2Fsbin HTTP/1.1" 200 42943 "-" "Mozilla/5.0 AppleWebKit/537.36 (KHTML, like Gecko; compatible; ClaudeBot/1.0; +claudebot@anthropic.com)"
216.73.216.44 - - [02/Nov/2025:12:05:36 +0000] "GET /2024/01/03/james-bay-reels-as-oceana-rejects-monaro-lithium-project?fileloc=%2F%2Flib%2Ffirmware%2Fnvidia%2Fgp102%2Fgr%2Fsw_ctx.bin.xz&path=%2F%2Flib%2Ffirmware%2Fnvidia%2Fgp102%2Fgr HTTP/1.1" 200 14686 "-" "Mozilla/5.0 AppleWebKit/537.36 (KHTML, like Gecko; compatible; ClaudeBot/1.0; +claudebot@anthropic.com)"
216.73.216.44 - - [02/Nov/2025:12:05:36 +0000] "GET /2023/12/08/take-the-right-path-to-trading-success-unlock-the-power-of-directional-indicators?path=%2F%2Flib%2F.build-id%2Faf HTTP/1.1" 200 32970 "-" "Mozilla/5.0 AppleWebKit/537.36 (KHTML, like Gecko; compatible; ClaudeBot/1.0; +claudebot@anthropic.com)"
216.73.216.44 - - [02/Nov/2025:12:05:36 +0000] "GET /2024/01/03/james-bay-reels-as-oceana-rejects-monaro-lithium-project?fileloc=%2F%2Fproc%2F10489%2Froot%2Fusr%2Flib%2F.build-id%2F03%2F363522752a364e1aa924f7ede3a5927f05dd39&path=%2F%2Fproc%2F10489%2Froot%2Fusr%2Flib%2F.build-id%2F03 HTTP/1.1" 200 31178 "-" "Mozilla/5.0 AppleWebKit/537.36 (KHTML, like Gecko; compatible; ClaudeBot/1.0; +claudebot@anthropic.com)"
216.73.216.44 - - [02/Nov/2025:12:05:36 +0000] "GET /1281?fileloc=%2F%2Fproc%2F10489%2Froot%2Flib%2Ffirmware%2Fcirrus%2Fcs35l41-dsp1-spk-prot-17aa38a9-spkid0-l0.bin.xz&path=%2F%2Fproc%2F10489%2Froot%2Flib%2Ffirmware%2Fcirrus HTTP/1.1" 200 17720 "-" "Mozilla/5.0 AppleWebKit/537.36 (KHTML, like Gecko; compatible; ClaudeBot/1.0; +claudebot@anthropic.com)"
216.73.216.44 - - [02/Nov/2025:12:05:36 +0000] "GET /?fileloc=%2F%2Flib%2Fmodules%2F5.14.0-362.8.1.el9_3.x86_64%2Fkernel%2Fdrivers%2Fmemstick%2Fhost%2Fr592.ko.xz&path=%2F%2Flib%2Fmodules%2F5.14.0-362.8.1.el9_3.x86_64%2Fkernel%2Fdrivers%2Fmemstick%2Fhost HTTP/1.1" 200 34737 "-" "Mozilla/5.0 AppleWebKit/537.36 (KHTML, like Gecko; compatible; ClaudeBot/1.0; +claudebot@anthropic.com)"
216.73.216.44 - - [02/Nov/2025:12:05:36 +0000] "GET /?fileloc=%2F%2Fproc%2F10489%2Froot%2Flib%2Ffontconfig%2Fcache%2F3830d5c3ddfd5cd38a049b759396e72e-le64.cache-8&path=%2F%2Fproc%2F10489%2Froot%2Flib%2Ffontconfig%2Fcache HTTP/1.1" 200 12928 "-" "Mozilla/5.0 AppleWebKit/537.36 (KHTML, like Gecko; compatible; ClaudeBot/1.0; +claudebot@anthropic.com)"
216.73.216.44 - - [02/Nov/2025:12:05:36 +0000] "GET /2024/01/03/james-bay-reels-as-oceana-rejects-monaro-lithium-project?fileloc=%2F%2Fproc%2F10489%2Froot%2Fusr%2Flib%2F.build-id%2F6e%2F1183845b5a4d58eabf251d01d2294e74cbcbaa&path=%2F%2Fproc%2F10489%2Froot%2Fusr%2Flib%2F.build-id%2F6e HTTP/1.1" 200 29877 "-" "Mozilla/5.0 AppleWebKit/537.36 (KHTML, like Gecko; compatible; ClaudeBot/1.0; +claudebot@anthropic.com)"
216.73.216.44 - - [02/Nov/2025:12:05:36 +0000] "GET /2023/12/08/take-the-right-path-to-trading-success-unlock-the-power-of-directional-indicators?fileloc=%2F%2Fusr%2Fshare%2Fman%2Fman1%2Fsim_lsmplugin.1.gz&path=%2F%2Fusr%2Fshare%2Fman%2Fman1 HTTP/1.1" 200 13717 "-" "Mozilla/5.0 AppleWebKit/537.36 (KHTML, like Gecko; compatible; ClaudeBot/1.0; +claudebot@anthropic.com)"
216.73.216.44 - - [02/Nov/2025:12:05:36 +0000] "GET /2023/12/08/take-the-right-path-to-trading-success-unlock-the-power-of-directional-indicators?fileloc=%2F%2Fusr%2Fshare%2Fman%2Fman1%2Fopenssl-ca.1ossl.gz&path=%2F%2Fusr%2Fshare%2Fman%2Fman1 HTTP/1.1" 200 35195 "-" "Mozilla/5.0 AppleWebKit/537.36 (KHTML, like Gecko; compatible; ClaudeBot/1.0; +claudebot@anthropic.com)"
216.73.216.44 - - [02/Nov/2025:12:05:36 +0000] "GET /2023/11/27/defining-moment-long-term-breadth-indicators-tested?fileloc=%2F%2Fusr%2Fshare%2Fman%2Fda%2Fman1%2Frvim.1.gz&path=%2F%2Fusr%2Fshare%2Fman%2Fda%2Fman1 HTTP/1.1" 200 22734 "-" "Mozilla/5.0 AppleWebKit/537.36 (KHTML, like Gecko; compatible; ClaudeBot/1.0; +claudebot@anthropic.com)"
216.73.216.44 - - [02/Nov/2025:12:05:37 +0000] "GET /2023/12/08/take-the-right-path-to-trading-success-unlock-the-power-of-directional-indicators?fileloc=%2F%2Fusr%2Fshare%2Fman%2Fman1%2Fgtk-launch.1.gz&path=%2F%2Fusr%2Fshare%2Fman%2Fman1 HTTP/1.1" 200 14143 "-" "Mozilla/5.0 AppleWebKit/537.36 (KHTML, like Gecko; compatible; ClaudeBot/1.0; +claudebot@anthropic.com)"
216.73.216.44 - - [02/Nov/2025:12:05:37 +0000] "GET /2023/12/08/take-the-right-path-to-trading-success-unlock-the-power-of-directional-indicators?fileloc=%2F%2Fusr%2Fshare%2Fman%2Fman1%2Ftchmgr.1.gz&path=%2F%2Fusr%2Fshare%2Fman%2Fman1 HTTP/1.1" 200 14408 "-" "Mozilla/5.0 AppleWebKit/537.36 (KHTML, like Gecko; compatible; ClaudeBot/1.0; +claudebot@anthropic.com)"
216.73.216.44 - - [02/Nov/2025:12:05:37 +0000] "GET /2023/12/19/24-stocking-stuffers-that-could-send-your-love-soaring-in-2024?fileloc=%2Fhome%2Fdailygoldindex%2F.cpanel%2Fvcards%2F.cpanel_vcf_import_daily%40dailygoldindex.com&path=%2Fhome%2Fdailygoldindex%2F.cpanel%2Fvcards HTTP/1.1" 200 12489 "-" "Mozilla/5.0 AppleWebKit/537.36 (KHTML, like Gecko; compatible; ClaudeBot/1.0; +claudebot@anthropic.com)"
216.73.216.44 - - [02/Nov/2025:12:05:37 +0000] "GET /1281?fileloc=%2F%2Fproc%2F10489%2Froot%2Flib%2Ffirmware%2Fcirrus%2Fcs35l41-dsp1-spk-prot-10280c4d-spkid1-r1.bin.xz&path=%2F%2Fproc%2F10489%2Froot%2Flib%2Ffirmware%2Fcirrus HTTP/1.1" 200 17049 "-" "Mozilla/5.0 AppleWebKit/537.36 (KHTML, like Gecko; compatible; ClaudeBot/1.0; +claudebot@anthropic.com)"
216.73.216.44 - - [02/Nov/2025:12:05:37 +0000] "GET /2023/12/08/take-the-right-path-to-trading-success-unlock-the-power-of-directional-indicators?path=%2F%2Flib%2F.build-id%2Fc6 HTTP/1.1" 200 43878 "-" "Mozilla/5.0 AppleWebKit/537.36 (KHTML, like Gecko; compatible; ClaudeBot/1.0; +claudebot@anthropic.com)"
216.73.216.44 - - [02/Nov/2025:12:05:37 +0000] "GET /privacy-policy?fileloc=%2Fhome%2Fdailygoldindex%2Ftmp%2Fwebalizer%2Fssl%2Femail.dailygoldindex.com%2Fusage_202506.html&path=%2Fhome%2Fdailygoldindex%2Ftmp%2Fwebalizer%2Fssl%2Femail.dailygoldindex.com HTTP/1.1" 200 157055 "-" "Mozilla/5.0 AppleWebKit/537.36 (KHTML, like Gecko; compatible; ClaudeBot/1.0; +claudebot@anthropic.com)"
216.73.216.44 - - [02/Nov/2025:12:05:37 +0000] "GET /2023/12/08/take-the-right-path-to-trading-success-unlock-the-power-of-directional-indicators?path=%2F%2Flib%2F.build-id%2F0e HTTP/1.1" 200 37627 "-" "Mozilla/5.0 AppleWebKit/537.36 (KHTML, like Gecko; compatible; ClaudeBot/1.0; +claudebot@anthropic.com)"
74.7.227.47 - - [02/Nov/2025:12:05:37 +0000] "GET /?path=//sys/class/net/eth1/subsystem/lo/subsystem/eth1/device/net/eth1/subsystem/eth0/device/firmware_node/subsystem/devices/device:17/subsystem HTTP/1.1" 200 23568 "-" "Mozilla/5.0 AppleWebKit/537.36 (KHTML, like Gecko; compatible; GPTBot/1.2; +https://openai.com/gptbot)"
216.73.216.44 - - [02/Nov/2025:12:05:37 +0000] "GET /2023/05/11/raycasts-new-pro-subscription-adds-ai-and-syncing-features?fileloc=%2F%2Fproc%2F1998489%2Fnet%2Funix&path=%2F%2Fproc%2F1998489%2Fnet HTTP/1.1" 200 66624 "-" "Mozilla/5.0 AppleWebKit/537.36 (KHTML, like Gecko; compatible; ClaudeBot/1.0; +claudebot@anthropic.com)"
216.73.216.44 - - [02/Nov/2025:12:05:37 +0000] "GET /2024/01/03/james-bay-reels-as-oceana-rejects-monaro-lithium-project?fileloc=%2F%2Fproc%2F10489%2Froot%2Fusr%2Flib%2F.build-id%2Fb9%2Fdb7f5384be80d334ca2650fec2445aebe0435e&path=%2F%2Fproc%2F10489%2Froot%2Fusr%2Flib%2F.build-id%2Fb9 HTTP/1.1" 200 129066 "-" "Mozilla/5.0 AppleWebKit/537.36 (KHTML, like Gecko; compatible; ClaudeBot/1.0; +claudebot@anthropic.com)"
216.73.216.44 - - [02/Nov/2025:12:05:37 +0000] "GET /2024/01/07/unmasking-trumps-divide-disputed-election-report-uncovers-struggle-for-power?path=%2F%2Fusr%2Ftmp%2Fsystemd-private-e52077d938104b4dabbd225e2ee53ea4-chronyd.service-XUwhC0 HTTP/1.1" 200 12870 "-" "Mozilla/5.0 AppleWebKit/537.36 (KHTML, like Gecko; compatible; ClaudeBot/1.0; +claudebot@anthropic.com)"
216.73.216.44 - - [02/Nov/2025:12:05:38 +0000] "GET /2024/01/07/unmasking-trumps-divide-disputed-election-report-uncovers-struggle-for-power?fileloc=%2F%2Fusr%2Ftmp%2Fda39a3ee5e6b4b0d3255bfef95601890afd80709lGb0fE&path=%2F%2Fusr%2Ftmp HTTP/1.1" 200 12323 "-" "Mozilla/5.0 AppleWebKit/537.36 (KHTML, like Gecko; compatible; ClaudeBot/1.0; +claudebot@anthropic.com)"
216.73.216.44 - - [02/Nov/2025:12:05:38 +0000] "GET /2023/12/23/dc-cannabis-charges-resolved-biden-expands-2022-clemency?path=%2Fhome%2Fdailygoldindex%2Fwww%2Fwp-content%2Fwell-known%2Facme-challenge%2Fg%2Ff%2Fc%2Fa HTTP/1.1" 200 13366 "-" "Mozilla/5.0 AppleWebKit/537.36 (KHTML, like Gecko; compatible; ClaudeBot/1.0; +claudebot@anthropic.com)"
216.73.216.44 - - [02/Nov/2025:12:05:38 +0000] "GET /?fileloc=%2F%2Fsys%2Fclass%2Finput%2Finput0%2Fdevice%2Fuevent&path=%2F%2Fsys%2Fclass%2Finput%2Finput0%2Fdevice HTTP/1.1" 200 12501 "-" "Mozilla/5.0 AppleWebKit/537.36 (KHTML, like Gecko; compatible; ClaudeBot/1.0; +claudebot@anthropic.com)"
216.73.216.44 - - [02/Nov/2025:12:05:38 +0000] "GET /2024/01/07/unmasking-trumps-divide-disputed-election-report-uncovers-struggle-for-power?path=%2F%2Fusr%2Ftmp%2Fsystemd-private-e52077d938104b4dabbd225e2ee53ea4-named.service-SgtaxQ HTTP/1.1" 200 12866 "-" "Mozilla/5.0 AppleWebKit/537.36 (KHTML, like Gecko; compatible; ClaudeBot/1.0; +claudebot@anthropic.com)"
216.73.216.44 - - [02/Nov/2025:12:05:38 +0000] "GET /page/'?fileloc=%2F%2Flib%2Ffirmware%2Fiwlwifi-7265D-29.ucode.xz&path=%2F%2Flib%2Ffirmware HTTP/1.1" 200 508731 "-" "Mozilla/5.0 AppleWebKit/537.36 (KHTML, like Gecko; compatible; ClaudeBot/1.0; +claudebot@anthropic.com)"
216.73.216.44 - - [02/Nov/2025:12:05:38 +0000] "GET /2024/01/03/james-bay-reels-as-oceana-rejects-monaro-lithium-project?fileloc=%2F%2Fsys%2Fbus%2Fplatform%2Fdevices%2Fmicrocode%2Fmodalias&path=%2F%2Fsys%2Fbus%2Fplatform%2Fdevices%2Fmicrocode HTTP/1.1" 200 12501 "-" "Mozilla/5.0 AppleWebKit/537.36 (KHTML, like Gecko; compatible; ClaudeBot/1.0; +claudebot@anthropic.com)"
216.73.216.44 - - [02/Nov/2025:12:05:38 +0000] "GET /2024/01/03/james-bay-reels-as-oceana-rejects-monaro-lithium-project?fileloc=%2F%2Fsys%2Fdevices%2Fplatform%2Fipmi_bmc.0%2Fipmi0%2Ffirmware_node%2Fphysical_node%2Fidles&path=%2F%2Fsys%2Fdevices%2Fplatform%2Fipmi_bmc.0%2Fipmi0%2Ffirmware_node%2Fphysical_node HTTP/1.1" 200 12724 "-" "Mozilla/5.0 AppleWebKit/537.36 (KHTML, like Gecko; compatible; ClaudeBot/1.0; +claudebot@anthropic.com)"
74.7.227.198 - - [02/Nov/2025:12:05:38 +0000] "GET /products/272zj4412 HTTP/1.1" 200 79495 "-" "Mozilla/5.0 AppleWebKit/537.36 (KHTML, like Gecko; compatible; GPTBot/1.2; +https://openai.com/gptbot)"
216.73.216.44 - - [02/Nov/2025:12:05:38 +0000] "GET /2024/01/03/james-bay-reels-as-oceana-rejects-monaro-lithium-project?fileloc=%2F%2Fproc%2F10489%2Froot%2Fusr%2Flib%2F.build-id%2F6e%2F08f6bda100cf2360e58f0d67bef2f2ae4c4500&path=%2F%2Fproc%2F10489%2Froot%2Fusr%2Flib%2F.build-id%2F6e HTTP/1.1" 200 155280 "-" "Mozilla/5.0 AppleWebKit/537.36 (KHTML, like Gecko; compatible; ClaudeBot/1.0; +claudebot@anthropic.com)"
216.73.216.44 - - [02/Nov/2025:12:05:38 +0000] "GET /2024/01/03/james-bay-reels-as-oceana-rejects-monaro-lithium-project?fileloc=%2F%2Fproc%2F10489%2Froot%2Fusr%2Flib%2F.build-id%2F03%2F77160b5202e83c68cf26451e598287b463edb4&path=%2F%2Fproc%2F10489%2Froot%2Fusr%2Flib%2F.build-id%2F03 HTTP/1.1" 200 69766 "-" "Mozilla/5.0 AppleWebKit/537.36 (KHTML, like Gecko; compatible; ClaudeBot/1.0; +claudebot@anthropic.com)"
216.73.216.44 - - [02/Nov/2025:12:05:38 +0000] "GET /1282?fileloc=%2F%2Fsys%2Fdev%2Fblock%2F8%3A0%2Fsda3%2Fsubsystem%2Floop0%2Fbdi%2Fmin_bytes&path=%2F%2Fsys%2Fdev%2Fblock%2F8%3A0%2Fsda3%2Fsubsystem%2Floop0%2Fbdi HTTP/1.1" 200 12660 "-" "Mozilla/5.0 AppleWebKit/537.36 (KHTML, like Gecko; compatible; ClaudeBot/1.0; +claudebot@anthropic.com)"
216.73.216.44 - - [02/Nov/2025:12:05:38 +0000] "GET /page/'?fileloc=%2F%2Flib%2Ffirmware%2Fiwlwifi-ty-a0-gf-a0-86.ucode.xz&path=%2F%2Flib%2Ffirmware HTTP/1.1" 200 1020929 "-" "Mozilla/5.0 AppleWebKit/537.36 (KHTML, like Gecko; compatible; ClaudeBot/1.0; +claudebot@anthropic.com)"
216.73.216.44 - - [02/Nov/2025:12:05:39 +0000] "GET /2023/12/23/dc-cannabis-charges-resolved-biden-expands-2022-clemency?path=%2Fhome%2Fdailygoldindex%2Fwww%2Fwp-content%2Fwell-known%2Facme-challenge%2Fe%2Fh%2Fa HTTP/1.1" 200 25002 "-" "Mozilla/5.0 AppleWebKit/537.36 (KHTML, like Gecko; compatible; ClaudeBot/1.0; +claudebot@anthropic.com)"
216.73.216.44 - - [02/Nov/2025:12:05:39 +0000] "GET /1281?fileloc=%2F%2Fproc%2F10489%2Froot%2Fusr%2Flib%2F.build-id%2F32%2F6d1ccf61710f61dba2049f04a91b1c5181b520&path=%2F%2Fproc%2F10489%2Froot%2Fusr%2Flib%2F.build-id%2F32 HTTP/1.1" 200 38308 "-" "Mozilla/5.0 AppleWebKit/537.36 (KHTML, like Gecko; compatible; ClaudeBot/1.0; +claudebot@anthropic.com)"
216.73.216.44 - - [02/Nov/2025:12:05:39 +0000] "GET /1282?path=%2F%2Fproc%2Fthread-self%2Froot%2Flib%2Flocale%2Fen_GB.utf8 HTTP/1.1" 200 31453 "-" "Mozilla/5.0 AppleWebKit/537.36 (KHTML, like Gecko; compatible; ClaudeBot/1.0; +claudebot@anthropic.com)"
216.73.216.44 - - [02/Nov/2025:12:05:39 +0000] "GET /2023/12/08/take-the-right-path-to-trading-success-unlock-the-power-of-directional-indicators?fileloc=%2F%2Fusr%2Fshare%2Fman%2Fman1%2Fpkeyutl.1ossl.gz&path=%2F%2Fusr%2Fshare%2Fman%2Fman1 HTTP/1.1" 200 17758 "-" "Mozilla/5.0 AppleWebKit/537.36 (KHTML, like Gecko; compatible; ClaudeBot/1.0; +claudebot@anthropic.com)"
216.73.216.44 - - [02/Nov/2025:12:05:39 +0000] "GET /1281?fileloc=%2F%2Fproc%2F10489%2Froot%2Flib%2Ffirmware%2Fcirrus%2Fcs35l41-dsp1-spk-prot-103c8e13-spkid0.bin.xz&path=%2F%2Fproc%2F10489%2Froot%2Flib%2Ffirmware%2Fcirrus HTTP/1.1" 200 17034 "-" "Mozilla/5.0 AppleWebKit/537.36 (KHTML, like Gecko; compatible; ClaudeBot/1.0; +claudebot@anthropic.com)"
216.73.216.44 - - [02/Nov/2025:12:05:39 +0000] "GET /2024/01/03/invest-wiselysmart-investing-with-redstone-resources-making-your-money-count?fileloc=%2F%2Fusr%2Flib%2F.build-id%2F08%2F8cd2285eb76a099d4b4d6230abd5375080b974&path=%2F%2Fusr%2Flib%2F.build-id%2F08 HTTP/1.1" 200 66737 "-" "Mozilla/5.0 AppleWebKit/537.36 (KHTML, like Gecko; compatible; ClaudeBot/1.0; +claudebot@anthropic.com)"
216.73.216.44 - - [02/Nov/2025:12:05:39 +0000] "GET /2024/01/03/james-bay-reels-as-oceana-rejects-monaro-lithium-project?fileloc=%2F%2Fproc%2F10489%2Froot%2Fusr%2Flib%2F.build-id%2F7e%2Fa578163944aded26f1c1aee3637623936e567d&path=%2F%2Fproc%2F10489%2Froot%2Fusr%2Flib%2F.build-id%2F7e HTTP/1.1" 200 1868588 "-" "Mozilla/5.0 AppleWebKit/537.36 (KHTML, like Gecko; compatible; ClaudeBot/1.0; +claudebot@anthropic.com)"
216.73.216.44 - - [02/Nov/2025:12:05:39 +0000] "GET /2024/01/03/james-bay-reels-as-oceana-rejects-monaro-lithium-project?fileloc=%2F%2Fproc%2F10489%2Froot%2Fusr%2Flib%2F.build-id%2Ff1%2Fc57badcf0c2118cc53e3c8e061c827b9b3ad52&path=%2F%2Fproc%2F10489%2Froot%2Fusr%2Flib%2F.build-id%2Ff1 HTTP/1.1" 200 223095 "-" "Mozilla/5.0 AppleWebKit/537.36 (KHTML, like Gecko; compatible; ClaudeBot/1.0; +claudebot@anthropic.com)"
216.73.216.44 - - [02/Nov/2025:12:05:39 +0000] "GET /2023/11/24/eric-adams-accused-assault-sparks-new-york-outrage?fileloc=%2F%2Fusr%2Flib%2Ffirmware%2Fintel%2Fvsc%2Fivsc_skucfg_himx2172_0_1.bin.xz&path=%2F%2Fusr%2Flib%2Ffirmware%2Fintel%2Fvsc HTTP/1.1" 200 13672 "-" "Mozilla/5.0 AppleWebKit/537.36 (KHTML, like Gecko; compatible; ClaudeBot/1.0; +claudebot@anthropic.com)"
216.73.216.44 - - [02/Nov/2025:12:05:39 +0000] "GET /2023/05/11/raycasts-new-pro-subscription-adds-ai-and-syncing-features?fileloc=%2F%2Fproc%2F1939692%2Froot%2Fsbin%2Fblockdev&path=%2F%2Fproc%2F1939692%2Froot%2Fsbin HTTP/1.1" 200 54906 "-" "Mozilla/5.0 AppleWebKit/537.36 (KHTML, like Gecko; compatible; ClaudeBot/1.0; +claudebot@anthropic.com)"
216.73.216.44 - - [02/Nov/2025:12:05:39 +0000] "GET /2023/12/08/take-the-right-path-to-trading-success-unlock-the-power-of-directional-indicators?fileloc=%2F%2Fusr%2Fshare%2Fman%2Fman1%2Fsystemd-cat.1.gz&path=%2F%2Fusr%2Fshare%2Fman%2Fman1 HTTP/1.1" 200 15738 "-" "Mozilla/5.0 AppleWebKit/537.36 (KHTML, like Gecko; compatible; ClaudeBot/1.0; +claudebot@anthropic.com)"
216.73.216.44 - - [02/Nov/2025:12:05:40 +0000] "GET /2024/01/03/james-bay-reels-as-oceana-rejects-monaro-lithium-project?fileloc=%2F%2Fusr%2Fshare%2Flicenses%2Fgpgme%2FCOPYING&path=%2F%2Fusr%2Fshare%2Flicenses%2Fgpgme HTTP/1.1" 200 30574 "-" "Mozilla/5.0 AppleWebKit/537.36 (KHTML, like Gecko; compatible; ClaudeBot/1.0; +claudebot@anthropic.com)"
216.73.216.44 - - [02/Nov/2025:12:05:40 +0000] "GET /2024/01/03/james-bay-reels-as-oceana-rejects-monaro-lithium-project?fileloc=%2F%2Fproc%2F10489%2Froot%2Fusr%2Flib%2F.build-id%2Fe2%2F5a4ac8d9a047b66e46f7ff1654e8c00965f326&path=%2F%2Fproc%2F10489%2Froot%2Fusr%2Flib%2F.build-id%2Fe2 HTTP/1.1" 200 3874330 "-" "Mozilla/5.0 AppleWebKit/537.36 (KHTML, like Gecko; compatible; ClaudeBot/1.0; +claudebot@anthropic.com)"
216.73.216.44 - - [02/Nov/2025:12:05:40 +0000] "GET /2023/11/27/defining-moment-long-term-breadth-indicators-tested?fileloc=%2F%2Flib%2Fdracut%2Fmodules.d%2F35connman%2Fcm-wait-online-initrd.service&path=%2F%2Flib%2Fdracut%2Fmodules.d%2F35connman HTTP/1.1" 200 12791 "-" "Mozilla/5.0 AppleWebKit/537.36 (KHTML, like Gecko; compatible; ClaudeBot/1.0; +claudebot@anthropic.com)"
216.73.216.44 - - [02/Nov/2025:12:05:40 +0000] "GET /2023/12/08/take-the-right-path-to-trading-success-unlock-the-power-of-directional-indicators?fileloc=%2F%2Fusr%2Fshare%2Fman%2Fman1%2Flibtool.1.gz&path=%2F%2Fusr%2Fshare%2Fman%2Fman1 HTTP/1.1" 200 15658 "-" "Mozilla/5.0 AppleWebKit/537.36 (KHTML, like Gecko; compatible; ClaudeBot/1.0; +claudebot@anthropic.com)"
216.73.216.44 - - [02/Nov/2025:12:05:40 +0000] "GET /?fileloc=%2F%2Fproc%2Fself%2Froot%2Fusr%2Fshare%2Fdoc%2Fpolkit-pkla-compat%2FNEWS&path=%2F%2Fproc%2Fself%2Froot%2Fusr%2Fshare%2Fdoc%2Fpolkit-pkla-compat HTTP/1.1" 200 12653 "-" "Mozilla/5.0 AppleWebKit/537.36 (KHTML, like Gecko; compatible; ClaudeBot/1.0; +claudebot@anthropic.com)"
216.73.216.44 - - [02/Nov/2025:12:05:40 +0000] "GET /2024/01/03/james-bay-reels-as-oceana-rejects-monaro-lithium-project?path=%2F%2Fsys%2Fdevices%2Fpci0000%3A00%2Ffirmware_node%2FINT34BC%3A00%2Fsubsystem%2Fdevices HTTP/1.1" 200 399570 "-" "Mozilla/5.0 AppleWebKit/537.36 (KHTML, like Gecko; compatible; ClaudeBot/1.0; +claudebot@anthropic.com)"
74.7.227.47 - - [02/Nov/2025:12:05:40 +0000] "GET /?path=//sys/class/net/eth1/subsystem/lo/subsystem/eth1/device/net/eth1/subsystem/eth0/device/wakeup/wakeup28/device/subsystem/drivers/ehci-pci HTTP/1.1" 200 24009 "-" "Mozilla/5.0 AppleWebKit/537.36 (KHTML, like Gecko; compatible; GPTBot/1.2; +https://openai.com/gptbot)"
216.73.216.44 - - [02/Nov/2025:12:05:40 +0000] "GET /2023/11/13/lancaster-resources-ready-to-start-first-drill-program-administrative-approval-in-tow?fileloc=%2F%2Fsys%2Fbus%2Fpci%2Fdevices%2F0000%3A00%3A15.1%2Fi2c_designware.1%2Fpower%2Fcontrol&path=%2F%2Fsys%2Fbus%2Fpci%2Fdevices%2F0000%3A00%3A15.1%2Fi2c_designware.1%2Fpower HTTP/1.1" 200 12666 "-" "Mozilla/5.0 AppleWebKit/537.36 (KHTML, like Gecko; compatible; ClaudeBot/1.0; +claudebot@anthropic.com)"
216.73.216.44 - - [02/Nov/2025:12:05:40 +0000] "GET /1281?fileloc=%2F%2Fproc%2F10489%2Froot%2Fusr%2Flib%2F.build-id%2F73%2Ff94af1969203b11f1b4c250bd5c6a3735e0d2d&path=%2F%2Fproc%2F10489%2Froot%2Fusr%2Flib%2F.build-id%2F73 HTTP/1.1" 200 87836 "-" "Mozilla/5.0 AppleWebKit/537.36 (KHTML, like Gecko; compatible; ClaudeBot/1.0; +claudebot@anthropic.com)"
216.73.216.44 - - [02/Nov/2025:12:05:40 +0000] "GET /?fileloc=%2F%2Flib%2Fmodules%2F5.14.0-503.21.1.el9_5.x86_64%2Fkernel%2Fnet%2Fsched%2Fact_mirred.ko.xz&path=%2F%2Flib%2Fmodules%2F5.14.0-503.21.1.el9_5.x86_64%2Fkernel%2Fnet%2Fsched HTTP/1.1" 200 30402 "-" "Mozilla/5.0 AppleWebKit/537.36 (KHTML, like Gecko; compatible; ClaudeBot/1.0; +claudebot@anthropic.com)"
74.7.227.198 - - [02/Nov/2025:12:05:40 +0000] "GET /products/37pa11567 HTTP/1.1" 200 79495 "-" "Mozilla/5.0 AppleWebKit/537.36 (KHTML, like Gecko; compatible; GPTBot/1.2; +https://openai.com/gptbot)"
216.73.216.44 - - [02/Nov/2025:12:05:40 +0000] "GET /2024/01/03/james-bay-reels-as-oceana-rejects-monaro-lithium-project?fileloc=%2F%2Fproc%2F10489%2Froot%2Fusr%2Flib%2F.build-id%2Fab%2Fb5ee8b40c51346dfff199c6fa6e9759b78c43f&path=%2F%2Fproc%2F10489%2Froot%2Fusr%2Flib%2F.build-id%2Fab HTTP/1.1" 200 31627 "-" "Mozilla/5.0 AppleWebKit/537.36 (KHTML, like Gecko; compatible; ClaudeBot/1.0; +claudebot@anthropic.com)"
216.73.216.44 - - [02/Nov/2025:12:05:40 +0000] "GET /2024/01/03/james-bay-reels-as-oceana-rejects-monaro-lithium-project?path=%2F%2Fsys%2Fbus%2Fplatform%2Fdrivers%2Fintel_pmc_core%2Fmodule%2Fdrivers HTTP/1.1" 200 14550 "-" "Mozilla/5.0 AppleWebKit/537.36 (KHTML, like Gecko; compatible; ClaudeBot/1.0; +claudebot@anthropic.com)"
216.73.216.44 - - [02/Nov/2025:12:05:41 +0000] "GET /2024/01/03/james-bay-reels-as-oceana-rejects-monaro-lithium-project?fileloc=%2F%2Fusr%2Fshare%2Flocale%2Fmk%2FLC_MESSAGES%2Fiso_639-2.mo&path=%2F%2Fusr%2Fshare%2Flocale%2Fmk%2FLC_MESSAGES HTTP/1.1" 200 14578 "-" "Mozilla/5.0 AppleWebKit/537.36 (KHTML, like Gecko; compatible; ClaudeBot/1.0; +claudebot@anthropic.com)"
216.73.216.44 - - [02/Nov/2025:12:05:41 +0000] "GET /2023/12/23/dc-cannabis-charges-resolved-biden-expands-2022-clemency?path=%2Fhome%2Fdailygoldindex%2Fwww%2Fwp-content%2Fwell-known%2Facme-challenge%2Fa%2Fh%2Fe HTTP/1.1" 200 25002 "-" "Mozilla/5.0 AppleWebKit/537.36 (KHTML, like Gecko; compatible; ClaudeBot/1.0; +claudebot@anthropic.com)"
216.73.216.44 - - [02/Nov/2025:12:05:41 +0000] "GET /2024/01/03/james-bay-reels-as-oceana-rejects-monaro-lithium-project?fileloc=%2F%2Fproc%2F10489%2Froot%2Fusr%2Flib%2F.build-id%2F79%2F6073d0412fd5b7dd82313eb4275a0e1bbe9a54&path=%2F%2Fproc%2F10489%2Froot%2Fusr%2Flib%2F.build-id%2F79 HTTP/1.1" 200 67574 "-" "Mozilla/5.0 AppleWebKit/537.36 (KHTML, like Gecko; compatible; ClaudeBot/1.0; +claudebot@anthropic.com)"
216.73.216.44 - - [02/Nov/2025:12:05:41 +0000] "GET /page/'?path=%2F%2Flib%2Ffirmware%2Fcavium HTTP/1.1" 200 15712 "-" "Mozilla/5.0 AppleWebKit/537.36 (KHTML, like Gecko; compatible; ClaudeBot/1.0; +claudebot@anthropic.com)"
216.73.216.44 - - [02/Nov/2025:12:05:41 +0000] "GET /2024/01/03/james-bay-reels-as-oceana-rejects-monaro-lithium-project?fileloc=%2F%2Fproc%2F10489%2Froot%2Fusr%2Flib%2F.build-id%2Fd5%2Fc8c0fda602b3e9d9b86dfd8a26ff4207841592&path=%2F%2Fproc%2F10489%2Froot%2Fusr%2Flib%2F.build-id%2Fd5 HTTP/1.1" 200 48501 "-" "Mozilla/5.0 AppleWebKit/537.36 (KHTML, like Gecko; compatible; ClaudeBot/1.0; +claudebot@anthropic.com)"
216.73.216.44 - - [02/Nov/2025:12:05:41 +0000] "GET /?fileloc=%2F%2Flib%2Fmodules%2F5.14.0-362.8.1.el9_3.x86_64%2Fkernel%2Fdrivers%2Fmemstick%2Fhost%2Fjmb38x_ms.ko.xz&path=%2F%2Flib%2Fmodules%2F5.14.0-362.8.1.el9_3.x86_64%2Fkernel%2Fdrivers%2Fmemstick%2Fhost HTTP/1.1" 200 32587 "-" "Mozilla/5.0 AppleWebKit/537.36 (KHTML, like Gecko; compatible; ClaudeBot/1.0; +claudebot@anthropic.com)"
