216.73.216.44 - - [02/Nov/2025:12:10:34 +0000] "GET /2023/10/31/gagged-and-attacked-trumps-targeting-of-potential-witness-rocks-campaign?path=%2F%2Fusr%2Fshare%2Flicenses%2Fncdu HTTP/1.1" 200 14259 "-" "Mozilla/5.0 AppleWebKit/537.36 (KHTML, like Gecko; compatible; ClaudeBot/1.0; +claudebot@anthropic.com)"
216.73.216.44 - - [02/Nov/2025:12:10:34 +0000] "GET /2023/12/23/dc-cannabis-charges-resolved-biden-expands-2022-clemency?fileloc=%2F%2Fproc%2Ffs%2Fext4%2Fsda1%2Fmb_structs_summary&path=%2F%2Fproc%2Ffs%2Fext4%2Fsda1 HTTP/1.1" 200 13135 "-" "Mozilla/5.0 AppleWebKit/537.36 (KHTML, like Gecko; compatible; ClaudeBot/1.0; +claudebot@anthropic.com)"
74.7.227.198 - - [02/Nov/2025:12:10:34 +0000] "GET /products/61ub32445 HTTP/1.1" 200 79495 "-" "Mozilla/5.0 AppleWebKit/537.36 (KHTML, like Gecko; compatible; GPTBot/1.2; +https://openai.com/gptbot)"
216.73.216.44 - - [02/Nov/2025:12:10:34 +0000] "GET /2023/11/24/eric-adams-accused-assault-sparks-new-york-outrage?fileloc=%2F%2Fusr%2Fshare%2Fman%2Fman3%2FExtUtils%3A%3APacklist.3pm.gz&path=%2F%2Fusr%2Fshare%2Fman%2Fman3 HTTP/1.1" 200 17421 "-" "Mozilla/5.0 AppleWebKit/537.36 (KHTML, like Gecko; compatible; ClaudeBot/1.0; +claudebot@anthropic.com)"
216.73.216.44 - - [02/Nov/2025:12:10:34 +0000] "GET /1281?path=%2F%2Fproc%2F10488%2Froot%2Fsys%2Fmodule%2Fpmt_telemetry HTTP/1.1" 200 30761 "-" "Mozilla/5.0 AppleWebKit/537.36 (KHTML, like Gecko; compatible; ClaudeBot/1.0; +claudebot@anthropic.com)"
216.73.216.44 - - [02/Nov/2025:12:10:35 +0000] "GET /2024/01/03/james-bay-reels-as-oceana-rejects-monaro-lithium-project?path=%2F%2Fusr%2Fshare%2Ficons%2Fhicolor%2F72x72%2Fstock%2Fform HTTP/1.1" 200 12988 "-" "Mozilla/5.0 AppleWebKit/537.36 (KHTML, like Gecko; compatible; ClaudeBot/1.0; +claudebot@anthropic.com)"
216.73.216.44 - - [02/Nov/2025:12:10:35 +0000] "GET /privacy-policy?fileloc=%2F%2Flib%2Ffirmware%2Frtl_nic%2Frtl8107e-1.fw.xz&path=%2F%2Flib%2Ffirmware%2Frtl_nic HTTP/1.1" 200 13764 "-" "Mozilla/5.0 AppleWebKit/537.36 (KHTML, like Gecko; compatible; ClaudeBot/1.0; +claudebot@anthropic.com)"
216.73.216.44 - - [02/Nov/2025:12:10:35 +0000] "GET /2023/11/13/lancaster-resources-ready-to-start-first-drill-program-administrative-approval-in-tow?fileloc=%2F%2Fproc%2F482%2Fnet%2Fstat%2Farp_cache&path=%2F%2Fproc%2F482%2Fnet%2Fstat HTTP/1.1" 200 13521 "-" "Mozilla/5.0 AppleWebKit/537.36 (KHTML, like Gecko; compatible; ClaudeBot/1.0; +claudebot@anthropic.com)"
216.73.216.44 - - [02/Nov/2025:12:10:35 +0000] "GET /2023/11/27/defining-moment-long-term-breadth-indicators-tested?fileloc=%2F%2Fusr%2Fshare%2Fman%2Fman2%2Fkexec_load.2.gz&path=%2F%2Fusr%2Fshare%2Fman%2Fman2 HTTP/1.1" 200 18293 "-" "Mozilla/5.0 AppleWebKit/537.36 (KHTML, like Gecko; compatible; ClaudeBot/1.0; +claudebot@anthropic.com)"
216.73.216.44 - - [02/Nov/2025:12:10:35 +0000] "GET /2023/10/31/gagged-and-attacked-trumps-targeting-of-potential-witness-rocks-campaign?fileloc=%2F%2Fusr%2Flib%2F.build-id%2Fc7%2F5beaa8479a54152cf30dc9cd65661847cb09c9&path=%2F%2Fusr%2Flib%2F.build-id%2Fc7 HTTP/1.1" 200 42301 "-" "Mozilla/5.0 AppleWebKit/537.36 (KHTML, like Gecko; compatible; ClaudeBot/1.0; +claudebot@anthropic.com)"
216.73.216.44 - - [02/Nov/2025:12:10:35 +0000] "GET /2023/11/17/maximizing-market-momentum-harness-the-power-of-pullback-swing-trading?fileloc=%2F%2Fusr%2Fshare%2Fzoneinfo%2Fposix%2FAmerica%2FBahia_Banderas&path=%2F%2Fusr%2Fshare%2Fzoneinfo%2Fposix%2FAmerica HTTP/1.1" 200 14113 "-" "Mozilla/5.0 AppleWebKit/537.36 (KHTML, like Gecko; compatible; ClaudeBot/1.0; +claudebot@anthropic.com)"
216.73.216.44 - - [02/Nov/2025:12:10:35 +0000] "GET /?fileloc=%2F%2Fusr%2Fshare%2Fman%2Fman3%2Fxcb_xf86dri_get_client_driver_name.3.gz&path=%2F%2Fusr%2Fshare%2Fman%2Fman3 HTTP/1.1" 200 14213 "-" "Mozilla/5.0 AppleWebKit/537.36 (KHTML, like Gecko; compatible; ClaudeBot/1.0; +claudebot@anthropic.com)"
216.73.216.44 - - [02/Nov/2025:12:10:35 +0000] "GET /sitemap-pt-post-p19-2023-12.html?fileloc=%2F%2Fusr%2Fshare%2Flicenses%2Fbc%2FCOPYING.LIB&path=%2F%2Fusr%2Fshare%2Flicenses%2Fbc HTTP/1.1" 200 20148 "-" "Mozilla/5.0 AppleWebKit/537.36 (KHTML, like Gecko; compatible; ClaudeBot/1.0; +claudebot@anthropic.com)"
216.73.216.44 - - [02/Nov/2025:12:10:35 +0000] "GET /2023/11/27/defining-moment-long-term-breadth-indicators-tested?fileloc=%2F%2Fsys%2Fdev%2Fblock%2F8%3A0%2Fsda1%2Fstat&path=%2F%2Fsys%2Fdev%2Fblock%2F8%3A0%2Fsda1 HTTP/1.1" 200 12585 "-" "Mozilla/5.0 AppleWebKit/537.36 (KHTML, like Gecko; compatible; ClaudeBot/1.0; +claudebot@anthropic.com)"
216.73.216.44 - - [02/Nov/2025:12:10:35 +0000] "GET /2023/12/01/uncertainty-sparked-by-opecs-oil-cuts-what-lies-ahead?fileloc=%2F%2Flib%2Ffirmware%2Fqcom%2Fvenus-5.4%2Fvenus_s2.mbn.xz&path=%2F%2Flib%2Ffirmware%2Fqcom%2Fvenus-5.4 HTTP/1.1" 200 680603 "-" "Mozilla/5.0 AppleWebKit/537.36 (KHTML, like Gecko; compatible; ClaudeBot/1.0; +claudebot@anthropic.com)"
216.73.216.44 - - [02/Nov/2025:12:10:35 +0000] "GET /2024/01/03/james-bay-reels-as-oceana-rejects-monaro-lithium-project?fileloc=%2F%2Fsys%2Fclass%2Fata_device%2Fdev6.0%2Fsubsystem%2Fdev4.0%2Fdma_mode&path=%2F%2Fsys%2Fclass%2Fata_device%2Fdev6.0%2Fsubsystem%2Fdev4.0 HTTP/1.1" 200 12593 "-" "Mozilla/5.0 AppleWebKit/537.36 (KHTML, like Gecko; compatible; ClaudeBot/1.0; +claudebot@anthropic.com)"
216.244.66.237 - - [02/Nov/2025:12:10:36 +0000] "GET /wp-content/uploads/2025/06/112809-kafr-malek-west-bank-attack-horizontal-ll-clean-00-00-02-17-still002.jpg HTTP/1.1" 200 49734 "-" "Mozilla/5.0 (compatible; DotBot/1.2; +https://opensiteexplorer.org/dotbot; help@moz.com)"
216.73.216.44 - - [02/Nov/2025:12:10:36 +0000] "GET /page/734?fileloc=%2Fhome%2Fdailygoldindex%2Fmail%2Fthe.dailygoldindex.com%2Fsupport%2F.spam%2Fdovecot.index.log&path=%2Fhome%2Fdailygoldindex%2Fmail%2Fthe.dailygoldindex.com%2Fsupport%2F.spam HTTP/1.1" 200 12954 "-" "Mozilla/5.0 AppleWebKit/537.36 (KHTML, like Gecko; compatible; ClaudeBot/1.0; +claudebot@anthropic.com)"
216.73.216.44 - - [02/Nov/2025:12:10:36 +0000] "GET /2023/11/13/lancaster-resources-ready-to-start-first-drill-program-administrative-approval-in-tow?fileloc=%2F%2Fsys%2Fkernel%2Fslab%2FAcpi-Namespace%2Fdestroy_by_rcu&path=%2F%2Fsys%2Fkernel%2Fslab%2FAcpi-Namespace HTTP/1.1" 200 12431 "-" "Mozilla/5.0 AppleWebKit/537.36 (KHTML, like Gecko; compatible; ClaudeBot/1.0; +claudebot@anthropic.com)"
216.73.216.44 - - [02/Nov/2025:12:10:36 +0000] "GET /2023/12/23/dc-cannabis-charges-resolved-biden-expands-2022-clemency?fileloc=%2F%2Fsys%2Ffs%2Fcgroup%2Fsystem.slice%2Fsw-engine.service%2Fmemory.swap.high&path=%2F%2Fsys%2Ffs%2Fcgroup%2Fsystem.slice%2Fsw-engine.service HTTP/1.1" 200 12522 "-" "Mozilla/5.0 AppleWebKit/537.36 (KHTML, like Gecko; compatible; ClaudeBot/1.0; +claudebot@anthropic.com)"
216.73.216.44 - - [02/Nov/2025:12:10:36 +0000] "GET /2023/12/29/appeals-court-overturns-ban-on-apple-watch?fileloc=%2F%2Fusr%2Fsbin%2Flchage&path=%2F%2Fusr%2Fsbin HTTP/1.1" 200 40680 "-" "Mozilla/5.0 AppleWebKit/537.36 (KHTML, like Gecko; compatible; ClaudeBot/1.0; +claudebot@anthropic.com)"
216.73.216.44 - - [02/Nov/2025:12:10:36 +0000] "GET /2023/12/08/take-the-right-path-to-trading-success-unlock-the-power-of-directional-indicators?fileloc=%2F%2Fusr%2Fshare%2Fman%2Fman3%2Fcasinl.3.gz&path=%2F%2Fusr%2Fshare%2Fman%2Fman3 HTTP/1.1" 200 12448 "-" "Mozilla/5.0 AppleWebKit/537.36 (KHTML, like Gecko; compatible; ClaudeBot/1.0; +claudebot@anthropic.com)"
216.73.216.44 - - [02/Nov/2025:12:10:36 +0000] "GET /privacy-policy?fileloc=%2F%2Flib%2Ffirmware%2Fcirrus%2Fcs35l41-dsp1-spk-prot-10280b28-spkid1-r0.bin.xz&path=%2F%2Flib%2Ffirmware%2Fcirrus HTTP/1.1" 200 17316 "-" "Mozilla/5.0 AppleWebKit/537.36 (KHTML, like Gecko; compatible; ClaudeBot/1.0; +claudebot@anthropic.com)"
216.73.216.44 - - [02/Nov/2025:12:10:36 +0000] "GET /2023/10/31/gagged-and-attacked-trumps-targeting-of-potential-witness-rocks-campaign?fileloc=%2F%2Flib%2Ffirmware%2Fcirrus%2Fcs35l41-dsp1-spk-prot-103c8cdd-spkid0.bin.xz&path=%2F%2Flib%2Ffirmware%2Fcirrus HTTP/1.1" 200 16209 "-" "Mozilla/5.0 AppleWebKit/537.36 (KHTML, like Gecko; compatible; ClaudeBot/1.0; +claudebot@anthropic.com)"
216.73.216.44 - - [02/Nov/2025:12:10:36 +0000] "GET /privacy-policy?fileloc=%2F%2Flib%2Ffirmware%2Fcirrus%2Fcs35l41-dsp1-spk-prot-10433a60-spkid1-r0.bin.xz&path=%2F%2Flib%2Ffirmware%2Fcirrus HTTP/1.1" 200 16750 "-" "Mozilla/5.0 AppleWebKit/537.36 (KHTML, like Gecko; compatible; ClaudeBot/1.0; +claudebot@anthropic.com)"
216.73.216.44 - - [02/Nov/2025:12:10:37 +0000] "GET /1282?fileloc=%2F%2Fsys%2Ffs%2Fcgroup%2Fsystem.slice%2Fsshd.service%2Fhugetlb.2MB.events.local&path=%2F%2Fsys%2Ffs%2Fcgroup%2Fsystem.slice%2Fsshd.service HTTP/1.1" 500 - "-" "Mozilla/5.0 AppleWebKit/537.36 (KHTML, like Gecko; compatible; ClaudeBot/1.0; +claudebot@anthropic.com)"
216.73.216.44 - - [02/Nov/2025:12:10:36 +0000] "GET /2023/12/23/dc-cannabis-charges-resolved-biden-expands-2022-clemency?fileloc=%2F%2Fproc%2Fthread-self%2Froot%2Fscripts%2Frebuildinstalledssldb&path=%2F%2Fproc%2Fthread-self%2Froot%2Fscripts HTTP/1.1" 200 15510 "-" "Mozilla/5.0 AppleWebKit/537.36 (KHTML, like Gecko; compatible; ClaudeBot/1.0; +claudebot@anthropic.com)"
216.73.216.44 - - [02/Nov/2025:12:10:36 +0000] "GET /2023/12/23/dc-cannabis-charges-resolved-biden-expands-2022-clemency?fileloc=%2F%2Fusr%2Fshare%2Fosinfo%2Fos%2Fsystem76.com%2Fpopos-20.04.xml&path=%2F%2Fusr%2Fshare%2Fosinfo%2Fos%2Fsystem76.com HTTP/1.1" 200 16003 "-" "Mozilla/5.0 AppleWebKit/537.36 (KHTML, like Gecko; compatible; ClaudeBot/1.0; +claudebot@anthropic.com)"
74.7.227.198 - - [02/Nov/2025:12:10:36 +0000] "GET /products/81pr38179 HTTP/1.1" 200 79495 "-" "Mozilla/5.0 AppleWebKit/537.36 (KHTML, like Gecko; compatible; GPTBot/1.2; +https://openai.com/gptbot)"
216.73.216.44 - - [02/Nov/2025:12:10:36 +0000] "GET /2023/11/13/lancaster-resources-ready-to-start-first-drill-program-administrative-approval-in-tow?fileloc=%2F%2Fsys%2Fmodule%2Fjbd2%2Fsections%2F__tracepoints_strings&path=%2F%2Fsys%2Fmodule%2Fjbd2%2Fsections HTTP/1.1" 200 12420 "-" "Mozilla/5.0 AppleWebKit/537.36 (KHTML, like Gecko; compatible; ClaudeBot/1.0; +claudebot@anthropic.com)"
216.73.216.44 - - [02/Nov/2025:12:10:37 +0000] "GET /?fileloc=%2F%2Fsys%2Ffs%2Fcgroup%2Fsystem.slice%2Fauditd.service%2Fmemory.swap.peak&path=%2F%2Fsys%2Ffs%2Fcgroup%2Fsystem.slice%2Fauditd.service HTTP/1.1" 200 12516 "-" "Mozilla/5.0 AppleWebKit/537.36 (KHTML, like Gecko; compatible; ClaudeBot/1.0; +claudebot@anthropic.com)"
216.73.216.44 - - [02/Nov/2025:12:10:37 +0000] "GET /2023/11/17/maximizing-market-momentum-harness-the-power-of-pullback-swing-trading?path=%2F%2Fproc%2F10489%2Froot%2Fusr%2Fshare%2FX11%2Flocale%2Fiso8859-3 HTTP/1.1" 200 17722 "-" "Mozilla/5.0 AppleWebKit/537.36 (KHTML, like Gecko; compatible; ClaudeBot/1.0; +claudebot@anthropic.com)"
216.73.216.44 - - [02/Nov/2025:12:10:37 +0000] "GET /2023/11/24/eric-adams-accused-assault-sparks-new-york-outrage?fileloc=%2F%2Fusr%2Fshare%2Fman%2Fman3%2FFile%3A%3AHomeDir%3A%3AWindows.3pm.gz&path=%2F%2Fusr%2Fshare%2Fman%2Fman3 HTTP/1.1" 200 16460 "-" "Mozilla/5.0 AppleWebKit/537.36 (KHTML, like Gecko; compatible; ClaudeBot/1.0; +claudebot@anthropic.com)"
216.73.216.44 - - [02/Nov/2025:12:10:37 +0000] "GET /page/734?fileloc=%2F%2Flib64%2Fmultipath%2Flibcheckcciss_tur.so&path=%2F%2Flib64%2Fmultipath HTTP/1.1" 200 29088 "-" "Mozilla/5.0 AppleWebKit/537.36 (KHTML, like Gecko; compatible; ClaudeBot/1.0; +claudebot@anthropic.com)"
74.7.227.47 - - [02/Nov/2025:12:10:37 +0000] "GET /?path=//sys/class/net/eth1/subsystem/lo/subsystem/eth1/device/net/eth1/subsystem/eth0/device/firmware_node/subsystem/devices/device:1a/subsystem/drivers/battery HTTP/1.1" 200 20656 "-" "Mozilla/5.0 AppleWebKit/537.36 (KHTML, like Gecko; compatible; GPTBot/1.2; +https://openai.com/gptbot)"
216.73.216.44 - - [02/Nov/2025:12:10:37 +0000] "GET /2023/11/13/lancaster-resources-ready-to-start-first-drill-program-administrative-approval-in-tow?fileloc=%2F%2Fsys%2Fdevices%2Fpci0000%3A00%2F0000%3A00%3A17.0%2Ffirmware_node%2Fwakeup%2Fwakeup8%2Fsubsystem%2Fwakeup12%2Fmax_time_ms&path=%2F%2Fsys%2Fdevices%2Fpci0000%3A00%2F0000%3A00%3A17.0%2Ffirmware_node%2Fwakeup%2Fwakeup8%2Fsubsystem%2Fwakeup12 HTTP/1.1" 200 12990 "-" "Mozilla/5.0 AppleWebKit/537.36 (KHTML, like Gecko; compatible; ClaudeBot/1.0; +claudebot@anthropic.com)"
216.73.216.44 - - [02/Nov/2025:12:10:37 +0000] "GET /2023/05/11/raycasts-new-pro-subscription-adds-ai-and-syncing-features?fileloc=%2F%2Fproc%2F1939692%2Froot%2Flib64%2Flibcap.so&path=%2F%2Fproc%2F1939692%2Froot%2Flib64 HTTP/1.1" 200 62626 "-" "Mozilla/5.0 AppleWebKit/537.36 (KHTML, like Gecko; compatible; ClaudeBot/1.0; +claudebot@anthropic.com)"
216.73.216.44 - - [02/Nov/2025:12:10:37 +0000] "GET /?path=%2F%2Fproc%2Fself%2Froot%2Flib%2Flocale%2Fen_SG HTTP/1.1" 200 30840 "-" "Mozilla/5.0 AppleWebKit/537.36 (KHTML, like Gecko; compatible; ClaudeBot/1.0; +claudebot@anthropic.com)"
216.73.216.44 - - [02/Nov/2025:12:10:37 +0000] "GET /1281?fileloc=%2F%2Fproc%2F10489%2Froot%2Fusr%2Flib%2F.build-id%2F4f%2F50581b5e5758faaa7ce54c2c8aee271a0c597f&path=%2F%2Fproc%2F10489%2Froot%2Fusr%2Flib%2F.build-id%2F4f HTTP/1.1" 200 38289 "-" "Mozilla/5.0 AppleWebKit/537.36 (KHTML, like Gecko; compatible; ClaudeBot/1.0; +claudebot@anthropic.com)"
216.73.216.44 - - [02/Nov/2025:12:10:37 +0000] "GET /page/1280?fileloc=%2F%2Fsys%2Fkernel%2Fslab%2Fpending_reservation%2Fsanity_checks&path=%2F%2Fsys%2Fkernel%2Fslab%2Fpending_reservation HTTP/1.1" 200 12445 "-" "Mozilla/5.0 AppleWebKit/537.36 (KHTML, like Gecko; compatible; ClaudeBot/1.0; +claudebot@anthropic.com)"
216.73.216.44 - - [02/Nov/2025:12:10:38 +0000] "GET /733?fileloc=%2F%2Flib64%2Flibatomic.so.1.2.0&path=%2F%2Flib64 HTTP/1.1" 200 50513 "-" "Mozilla/5.0 AppleWebKit/537.36 (KHTML, like Gecko; compatible; ClaudeBot/1.0; +claudebot@anthropic.com)"
216.73.216.44 - - [02/Nov/2025:12:10:38 +0000] "GET /2024/01/03/james-bay-reels-as-oceana-rejects-monaro-lithium-project?fileloc=%2F%2Fsys%2Fclass%2Fbsg%2F3%3A0%3A0%3A0%2Fdevice%2Fscsi_generic%2Fsg0%2Fdev&path=%2F%2Fsys%2Fclass%2Fbsg%2F3%3A0%3A0%3A0%2Fdevice%2Fscsi_generic%2Fsg0 HTTP/1.1" 200 12626 "-" "Mozilla/5.0 AppleWebKit/537.36 (KHTML, like Gecko; compatible; ClaudeBot/1.0; +claudebot@anthropic.com)"
216.73.216.44 - - [02/Nov/2025:12:10:38 +0000] "GET /2023/12/29/secure-long-term-supply-for-the-us-energy-fuels-makes-major-mou-for-rare-earth-minerals-in-australia?fileloc=%2F%2Flib64%2Fpython3.9%2Fftplib.py&path=%2F%2Flib64%2Fpython3.9 HTTP/1.1" 200 51722 "-" "Mozilla/5.0 AppleWebKit/537.36 (KHTML, like Gecko; compatible; ClaudeBot/1.0; +claudebot@anthropic.com)"
216.73.216.44 - - [02/Nov/2025:12:10:38 +0000] "GET /2023/11/24/eric-adams-accused-assault-sparks-new-york-outrage?path=%2F%2Fproc%2Fself%2Fcwd%2Fwp-content%2Fplugins%2Fjnews-jsonld%2Flanguages HTTP/1.1" 200 14661 "-" "Mozilla/5.0 AppleWebKit/537.36 (KHTML, like Gecko; compatible; ClaudeBot/1.0; +claudebot@anthropic.com)"
216.73.216.44 - - [02/Nov/2025:12:10:38 +0000] "GET /sitemap-pt-post-p13-2023-12.html?fileloc=%2Fhome%2Fdailygoldindex%2Fmail%2F.editor%40email_dailygoldindex_com%2Fdovecot.mailbox.log&path=%2Fhome%2Fdailygoldindex%2Fmail%2F.editor%40email_dailygoldindex_com HTTP/1.1" 200 12583 "-" "Mozilla/5.0 AppleWebKit/537.36 (KHTML, like Gecko; compatible; ClaudeBot/1.0; +claudebot@anthropic.com)"
216.73.216.44 - - [02/Nov/2025:12:10:38 +0000] "GET /2023/10/31/gagged-and-attacked-trumps-targeting-of-potential-witness-rocks-campaign?fileloc=%2F%2Fusr%2Fshare%2Fman%2Fman3%2Flabs.3.gz&path=%2F%2Fusr%2Fshare%2Fman%2Fman3 HTTP/1.1" 200 12438 "-" "Mozilla/5.0 AppleWebKit/537.36 (KHTML, like Gecko; compatible; ClaudeBot/1.0; +claudebot@anthropic.com)"
216.73.216.44 - - [02/Nov/2025:12:10:38 +0000] "GET /2023/12/23/dc-cannabis-charges-resolved-biden-expands-2022-clemency?fileloc=%2F%2Fproc%2Fthread-self%2Froot%2Fscripts%2Funinstall_dovecot_fts&path=%2F%2Fproc%2Fthread-self%2Froot%2Fscripts HTTP/1.1" 200 13020 "-" "Mozilla/5.0 AppleWebKit/537.36 (KHTML, like Gecko; compatible; ClaudeBot/1.0; +claudebot@anthropic.com)"
216.73.216.44 - - [02/Nov/2025:12:10:38 +0000] "GET /2024/01/03/james-bay-reels-as-oceana-rejects-monaro-lithium-project?path=%2F%2Fsys%2Fdevices%2Fpci0000%3A00%2Ffirmware_node%2FLNXVIDEO%3A00%2Fdevice%3A04%2Fsubsystem%2Fdevices%2FINT3450%3A00 HTTP/1.1" 200 29642 "-" "Mozilla/5.0 AppleWebKit/537.36 (KHTML, like Gecko; compatible; ClaudeBot/1.0; +claudebot@anthropic.com)"
216.73.216.44 - - [02/Nov/2025:12:10:38 +0000] "GET /2023/11/13/lancaster-resources-ready-to-start-first-drill-program-administrative-approval-in-tow?fileloc=%2F%2Fsys%2Fkernel%2Fslab%2FAcpi-Namespace%2Freclaim_account&path=%2F%2Fsys%2Fkernel%2Fslab%2FAcpi-Namespace HTTP/1.1" 200 12432 "-" "Mozilla/5.0 AppleWebKit/537.36 (KHTML, like Gecko; compatible; ClaudeBot/1.0; +claudebot@anthropic.com)"
216.73.216.44 - - [02/Nov/2025:12:10:38 +0000] "GET /2023/11/27/defining-moment-long-term-breadth-indicators-tested?fileloc=%2F%2Fusr%2Fshare%2Fman%2Fman3%2Fxcb_glx_get_lightiv.3.gz&path=%2F%2Fusr%2Fshare%2Fman%2Fman3 HTTP/1.1" 200 14118 "-" "Mozilla/5.0 AppleWebKit/537.36 (KHTML, like Gecko; compatible; ClaudeBot/1.0; +claudebot@anthropic.com)"
216.73.216.44 - - [02/Nov/2025:12:10:38 +0000] "GET /2023/12/08/take-the-right-path-to-trading-success-unlock-the-power-of-directional-indicators?fileloc=%2F%2Fusr%2Fshare%2Fman%2Fman3%2Fxcb_dri2_get_buffers_buffers_length.3.gz&path=%2F%2Fusr%2Fshare%2Fman%2Fman3 HTTP/1.1" 200 12493 "-" "Mozilla/5.0 AppleWebKit/537.36 (KHTML, like Gecko; compatible; ClaudeBot/1.0; +claudebot@anthropic.com)"
216.73.216.44 - - [02/Nov/2025:12:10:37 +0000] "GET /2023/11/13/lancaster-resources-ready-to-start-first-drill-program-administrative-approval-in-tow?fileloc=%2F%2Fproc%2F63930%2Fcwd%2Flib64%2Flibjavascriptcoregtk-4.0.so.18.28.6&path=%2F%2Fproc%2F63930%2Fcwd%2Flib64 HTTP/1.1" 200 55816435 "-" "Mozilla/5.0 AppleWebKit/537.36 (KHTML, like Gecko; compatible; ClaudeBot/1.0; +claudebot@anthropic.com)"
216.73.216.44 - - [02/Nov/2025:12:10:39 +0000] "GET /2023/10/31/gagged-and-attacked-trumps-targeting-of-potential-witness-rocks-campaign?fileloc=%2F%2Fusr%2Fshare%2Fman%2Fman3%2FRIPEMD160_Init.3ossl.gz&path=%2F%2Fusr%2Fshare%2Fman%2Fman3 HTTP/1.1" 200 17825 "-" "Mozilla/5.0 AppleWebKit/537.36 (KHTML, like Gecko; compatible; ClaudeBot/1.0; +claudebot@anthropic.com)"
216.73.216.44 - - [02/Nov/2025:12:10:39 +0000] "GET /2023/12/23/dc-cannabis-charges-resolved-biden-expands-2022-clemency?fileloc=%2F%2Fsys%2Fkernel%2Fslab%2Fdmaengine-unmap-16%2Fred_zone&path=%2F%2Fsys%2Fkernel%2Fslab%2Fdmaengine-unmap-16 HTTP/1.1" 200 12437 "-" "Mozilla/5.0 AppleWebKit/537.36 (KHTML, like Gecko; compatible; ClaudeBot/1.0; +claudebot@anthropic.com)"
216.73.216.44 - - [02/Nov/2025:12:10:39 +0000] "GET /2023/11/19/crisis-averted-but-fiscal-looming-congress-takes-on-the-real-fight-ahead?path=%2Fhome%2Fdailygoldindex%2Fwww%2Fwp-content%2Fplugins%2Fachagusul%2Fassets%2Fimages HTTP/1.1" 200 28021 "-" "Mozilla/5.0 AppleWebKit/537.36 (KHTML, like Gecko; compatible; ClaudeBot/1.0; +claudebot@anthropic.com)"
216.73.216.44 - - [02/Nov/2025:12:10:39 +0000] "GET /privacy-policy?fileloc=%2F%2Fusr%2Fshare%2Flocale%2Feo%2FLC_MESSAGES%2Fmc.mo&path=%2F%2Fusr%2Fshare%2Flocale%2Feo%2FLC_MESSAGES HTTP/1.1" 200 112397 "-" "Mozilla/5.0 AppleWebKit/537.36 (KHTML, like Gecko; compatible; ClaudeBot/1.0; +claudebot@anthropic.com)"
216.73.216.44 - - [02/Nov/2025:12:10:39 +0000] "GET /2023/11/24/eric-adams-accused-assault-sparks-new-york-outrage?fileloc=%2F%2Fusr%2Fshare%2Fman%2Fman3%2FUI_method_get_writer.3ossl.gz&path=%2F%2Fusr%2Fshare%2Fman%2Fman3 HTTP/1.1" 200 20105 "-" "Mozilla/5.0 AppleWebKit/537.36 (KHTML, like Gecko; compatible; ClaudeBot/1.0; +claudebot@anthropic.com)"
216.73.216.44 - - [02/Nov/2025:12:10:39 +0000] "GET /2023/11/27/defining-moment-long-term-breadth-indicators-tested?fileloc=%2F%2Fsys%2Fkernel%2Fslab%2Fip_fib_alias%2Fcpu_partial&path=%2F%2Fsys%2Fkernel%2Fslab%2Fip_fib_alias HTTP/1.1" 200 12422 "-" "Mozilla/5.0 AppleWebKit/537.36 (KHTML, like Gecko; compatible; ClaudeBot/1.0; +claudebot@anthropic.com)"
216.73.216.44 - - [02/Nov/2025:12:10:39 +0000] "GET /2023/10/31/gagged-and-attacked-trumps-targeting-of-potential-witness-rocks-campaign?fileloc=%2F%2Fusr%2Fshare%2Fman%2Fman3%2Fxcb_glx_get_tex_parameterfv_data.3.gz&path=%2F%2Fusr%2Fshare%2Fman%2Fman3 HTTP/1.1" 200 12501 "-" "Mozilla/5.0 AppleWebKit/537.36 (KHTML, like Gecko; compatible; ClaudeBot/1.0; +claudebot@anthropic.com)"
216.73.216.44 - - [02/Nov/2025:12:10:39 +0000] "GET /page/1280?fileloc=%2F%2Fusr%2Flib%2F.build-id%2F46%2F7697f3f80e8855a275a9172b3209fc9520d831&path=%2F%2Fusr%2Flib%2F.build-id%2F46 HTTP/1.1" 200 113935 "-" "Mozilla/5.0 AppleWebKit/537.36 (KHTML, like Gecko; compatible; ClaudeBot/1.0; +claudebot@anthropic.com)"
216.73.216.44 - - [02/Nov/2025:12:10:39 +0000] "GET /2023/11/17/maximizing-market-momentum-harness-the-power-of-pullback-swing-trading?fileloc=%2F%2Fusr%2Fshare%2Flocale%2Fkm%2FLC_MESSAGES%2Fshadow.mo&path=%2F%2Fusr%2Fshare%2Flocale%2Fkm%2FLC_MESSAGES HTTP/1.1" 200 42486 "-" "Mozilla/5.0 AppleWebKit/537.36 (KHTML, like Gecko; compatible; ClaudeBot/1.0; +claudebot@anthropic.com)"
216.73.216.44 - - [02/Nov/2025:12:10:39 +0000] "GET /2024/01/03/invest-wiselysmart-investing-with-redstone-resources-making-your-money-count?fileloc=%2F%2Fusr%2Flib%2F.build-id%2F08%2F032408deab93909ed715aabcd92e36a628dcd4&path=%2F%2Fusr%2Flib%2F.build-id%2F08 HTTP/1.1" 200 31456 "-" "Mozilla/5.0 AppleWebKit/537.36 (KHTML, like Gecko; compatible; ClaudeBot/1.0; +claudebot@anthropic.com)"
216.73.216.44 - - [02/Nov/2025:12:10:39 +0000] "GET /2023/11/27/defining-moment-long-term-breadth-indicators-tested?fileloc=%2F%2Fusr%2Fshare%2Fdoc%2Fplymouth%2FAUTHORS&path=%2F%2Fusr%2Fshare%2Fdoc%2Fplymouth HTTP/1.1" 200 12515 "-" "Mozilla/5.0 AppleWebKit/537.36 (KHTML, like Gecko; compatible; ClaudeBot/1.0; +claudebot@anthropic.com)"
216.73.216.44 - - [02/Nov/2025:12:10:40 +0000] "GET /1281?fileloc=%2F%2Fproc%2F10489%2Froot%2Fsys%2Fmodule%2Fnft_counter%2Frhelversion&path=%2F%2Fproc%2F10489%2Froot%2Fsys%2Fmodule%2Fnft_counter HTTP/1.1" 200 12548 "-" "Mozilla/5.0 AppleWebKit/537.36 (KHTML, like Gecko; compatible; ClaudeBot/1.0; +claudebot@anthropic.com)"
74.7.227.198 - - [02/Nov/2025:12:10:40 +0000] "GET /products/28rc19750 HTTP/1.1" 200 79495 "-" "Mozilla/5.0 AppleWebKit/537.36 (KHTML, like Gecko; compatible; GPTBot/1.2; +https://openai.com/gptbot)"
216.73.216.44 - - [02/Nov/2025:12:10:40 +0000] "GET /privacy-policy?fileloc=%2F%2Flib%2Ffirmware%2Fcirrus%2Fcs35l41-dsp1-spk-prot-103c8c4f-spkid0-l0.bin.xz&path=%2F%2Flib%2Ffirmware%2Fcirrus HTTP/1.1" 200 16903 "-" "Mozilla/5.0 AppleWebKit/537.36 (KHTML, like Gecko; compatible; ClaudeBot/1.0; +claudebot@anthropic.com)"
216.73.216.44 - - [02/Nov/2025:12:10:40 +0000] "GET /2023/11/22/profit-from-the-skyrocketing-stock-of-gap-is-now-the-time?fileloc=%2F%2Fusr%2Flib%2Ffirmware%2Fti%2Ftas2781%2FTAS2XXX0C94.bin.xz&path=%2F%2Fusr%2Flib%2Ffirmware%2Fti%2Ftas2781 HTTP/1.1" 200 20089 "-" "Mozilla/5.0 AppleWebKit/537.36 (KHTML, like Gecko; compatible; ClaudeBot/1.0; +claudebot@anthropic.com)"
216.73.216.44 - - [02/Nov/2025:12:10:40 +0000] "GET /1282?fileloc=%2F%2Fproc%2F10489%2Froot%2Flib64%2Flibgettextpo.so.0.5.7&path=%2F%2Fproc%2F10489%2Froot%2Flib64 HTTP/1.1" 200 619038 "-" "Mozilla/5.0 AppleWebKit/537.36 (KHTML, like Gecko; compatible; ClaudeBot/1.0; +claudebot@anthropic.com)"
216.73.216.44 - - [02/Nov/2025:12:10:40 +0000] "GET /1282?path=%2F%2Fsys%2Fdev%2Fchar%2F247%3A0%2Fpower HTTP/1.1" 200 20314 "-" "Mozilla/5.0 AppleWebKit/537.36 (KHTML, like Gecko; compatible; ClaudeBot/1.0; +claudebot@anthropic.com)"
74.7.227.47 - - [02/Nov/2025:12:10:40 +0000] "GET /?fileloc=//sys/class/net/eth1/subsystem/lo/subsystem/eth1/device/net/eth1/subsystem/eth0/device/firmware_node/subsystem/devices/device:6d/subsystem/drivers/hpet/unbind&path=//sys/class/net/eth1/subsystem/lo/subsystem/eth1/device/net/eth1/subsystem/eth0/device/firmware_node/subsystem/devices/device:6d/subsystem/drivers/hpet HTTP/1.1" 200 14465 "-" "Mozilla/5.0 AppleWebKit/537.36 (KHTML, like Gecko; compatible; GPTBot/1.2; +https://openai.com/gptbot)"
216.73.216.44 - - [02/Nov/2025:12:10:40 +0000] "GET /2023/10/31/gagged-and-attacked-trumps-targeting-of-potential-witness-rocks-campaign?path=%2F%2Fusr%2Fshare%2Flicenses%2Fiwl7260-firmware HTTP/1.1" 200 14399 "-" "Mozilla/5.0 AppleWebKit/537.36 (KHTML, like Gecko; compatible; ClaudeBot/1.0; +claudebot@anthropic.com)"
216.73.216.44 - - [02/Nov/2025:12:10:40 +0000] "GET /?fileloc=%2F%2Fsys%2Fclass%2Frtc%2Frtc0%2Fdevice%2Fuevent&path=%2F%2Fsys%2Fclass%2Frtc%2Frtc0%2Fdevice HTTP/1.1" 200 12489 "-" "Mozilla/5.0 AppleWebKit/537.36 (KHTML, like Gecko; compatible; ClaudeBot/1.0; +claudebot@anthropic.com)"
216.73.216.44 - - [02/Nov/2025:12:10:40 +0000] "GET /2023/12/19/1300-michigan-workers-jobs-at-risk-as-gm-production-ends?fileloc=%2F%2Fusr%2Flib%2Ffirewalld%2Fservices%2Fmqtt-tls.xml&path=%2F%2Fusr%2Flib%2Ffirewalld%2Fservices HTTP/1.1" 200 12800 "-" "Mozilla/5.0 AppleWebKit/537.36 (KHTML, like Gecko; compatible; ClaudeBot/1.0; +claudebot@anthropic.com)"
216.73.216.44 - - [02/Nov/2025:12:10:40 +0000] "GET /2024/01/03/james-bay-reels-as-oceana-rejects-monaro-lithium-project?fileloc=%2F%2Fproc%2Fthread-self%2Froot%2Flib%2Ffirmware%2Fintel%2Fibt-17-16-1.ddc.xz&path=%2F%2Fproc%2Fthread-self%2Froot%2Flib%2Ffirmware%2Fintel HTTP/1.1" 200 12671 "-" "Mozilla/5.0 AppleWebKit/537.36 (KHTML, like Gecko; compatible; ClaudeBot/1.0; +claudebot@anthropic.com)"
216.73.216.44 - - [02/Nov/2025:12:10:40 +0000] "GET /2023/11/27/defining-moment-long-term-breadth-indicators-tested?fileloc=%2F%2Fusr%2Fshare%2Fman%2Fman3%2FTAILQ_LAST.3.gz&path=%2F%2Fusr%2Fshare%2Fman%2Fman3 HTTP/1.1" 200 12452 "-" "Mozilla/5.0 AppleWebKit/537.36 (KHTML, like Gecko; compatible; ClaudeBot/1.0; +claudebot@anthropic.com)"
216.73.216.44 - - [02/Nov/2025:12:10:40 +0000] "GET /2023/11/22/anna-eshoo-bowing-out-in-2024?fileloc=%2F%2Fetc%2Fapache2%2Fmodules%2Fmod_rewrite.so&path=%2F%2Fetc%2Fapache2%2Fmodules HTTP/1.1" 200 155715 "-" "Mozilla/5.0 AppleWebKit/537.36 (KHTML, like Gecko; compatible; ClaudeBot/1.0; +claudebot@anthropic.com)"
216.73.216.44 - - [02/Nov/2025:12:10:41 +0000] "GET /1282?fileloc=%2F%2Fproc%2Fthread-self%2Froot%2Flib64%2Flibnfsidmap.so.1&path=%2F%2Fproc%2Fthread-self%2Froot%2Flib64 HTTP/1.1" 200 67239 "-" "Mozilla/5.0 AppleWebKit/537.36 (KHTML, like Gecko; compatible; ClaudeBot/1.0; +claudebot@anthropic.com)"
216.73.216.44 - - [02/Nov/2025:12:10:41 +0000] "GET /2023/11/22/profit-from-the-skyrocketing-stock-of-gap-is-now-the-time?fileloc=%2F%2Fusr%2Fshare%2Fmime%2Fapplication%2Fx-blender.xml&path=%2F%2Fusr%2Fshare%2Fmime%2Fapplication HTTP/1.1" 200 16803 "-" "Mozilla/5.0 AppleWebKit/537.36 (KHTML, like Gecko; compatible; ClaudeBot/1.0; +claudebot@anthropic.com)"
216.73.216.44 - - [02/Nov/2025:12:10:41 +0000] "GET /2023/10/31/gagged-and-attacked-trumps-targeting-of-potential-witness-rocks-campaign?fileloc=%2F%2Fusr%2Fshare%2Fman%2Fman3%2Fxcb_randr_get_output_property_data_length.3.gz&path=%2F%2Fusr%2Fshare%2Fman%2Fman3 HTTP/1.1" 200 12514 "-" "Mozilla/5.0 AppleWebKit/537.36 (KHTML, like Gecko; compatible; ClaudeBot/1.0; +claudebot@anthropic.com)"
216.73.216.44 - - [02/Nov/2025:12:10:41 +0000] "GET /2023/12/01/uncertainty-sparked-by-opecs-oil-cuts-what-lies-ahead?fileloc=%2F%2Fusr%2Fshare%2Fdoc%2Flynx%2Ftest%2FALT88592.html&path=%2F%2Fusr%2Fshare%2Fdoc%2Flynx%2Ftest HTTP/1.1" 200 32608 "-" "Mozilla/5.0 AppleWebKit/537.36 (KHTML, like Gecko; compatible; ClaudeBot/1.0; +claudebot@anthropic.com)"
216.73.216.44 - - [02/Nov/2025:12:10:41 +0000] "GET /2023/10/31/gagged-and-attacked-trumps-targeting-of-potential-witness-rocks-campaign?fileloc=%2F%2Fusr%2Fshare%2Fman%2Fman3%2Fxcb_input_change_device_notify_event_t.3.gz&path=%2F%2Fusr%2Fshare%2Fman%2Fman3 HTTP/1.1" 200 13473 "-" "Mozilla/5.0 AppleWebKit/537.36 (KHTML, like Gecko; compatible; ClaudeBot/1.0; +claudebot@anthropic.com)"
216.73.216.44 - - [02/Nov/2025:12:10:41 +0000] "GET /2023/12/19/24-stocking-stuffers-that-could-send-your-love-soaring-in-2024?fileloc=%2F%2Flib64%2Flibauparse.so.0&path=%2F%2Flib64 HTTP/1.1" 200 229501 "-" "Mozilla/5.0 AppleWebKit/537.36 (KHTML, like Gecko; compatible; ClaudeBot/1.0; +claudebot@anthropic.com)"
216.73.216.44 - - [02/Nov/2025:12:10:41 +0000] "GET /sitemap-pt-post-p19-2023-12.html?path=%2F%2Fusr%2Fshare%2Flocale%2Fde%40hebrew%2FLC_MESSAGES HTTP/1.1" 200 14398 "-" "Mozilla/5.0 AppleWebKit/537.36 (KHTML, like Gecko; compatible; ClaudeBot/1.0; +claudebot@anthropic.com)"
216.73.216.44 - - [02/Nov/2025:12:10:41 +0000] "GET /2024/01/03/james-bay-reels-as-oceana-rejects-monaro-lithium-project?path=%2F%2Fsys%2Fdev%2Fchar%2F248%3A0%2Fdevice%2Fi2c-0%2Fpower HTTP/1.1" 200 12964 "-" "Mozilla/5.0 AppleWebKit/537.36 (KHTML, like Gecko; compatible; ClaudeBot/1.0; +claudebot@anthropic.com)"
216.73.216.44 - - [02/Nov/2025:12:10:41 +0000] "GET /2023/11/04/unearth-potential-uncover-profit-lithium-mining-in-northwest-territories-says-north-arrow-minerals-ceo?path=%2F%2Fusr%2Flib%2Fpython3.9%2Fsite-packages%2Fidna HTTP/1.1" 200 26489 "-" "Mozilla/5.0 AppleWebKit/537.36 (KHTML, like Gecko; compatible; ClaudeBot/1.0; +claudebot@anthropic.com)"
216.73.216.44 - - [02/Nov/2025:12:10:41 +0000] "GET /2024/01/07/unmasking-trumps-divide-disputed-election-report-uncovers-struggle-for-power?fileloc=%2F%2Flib%2Fsysctl.d%2F10-default-yama-scope.conf&path=%2F%2Flib%2Fsysctl.d HTTP/1.1" 200 14133 "-" "Mozilla/5.0 AppleWebKit/537.36 (KHTML, like Gecko; compatible; ClaudeBot/1.0; +claudebot@anthropic.com)"
216.73.216.44 - - [02/Nov/2025:12:10:41 +0000] "GET /2023/12/01/uncertainty-sparked-by-opecs-oil-cuts-what-lies-ahead?fileloc=%2F%2Fusr%2Fshare%2Fzoneinfo%2FAmerica%2FEnsenada&path=%2F%2Fusr%2Fshare%2Fzoneinfo%2FAmerica HTTP/1.1" 200 16195 "-" "Mozilla/5.0 AppleWebKit/537.36 (KHTML, like Gecko; compatible; ClaudeBot/1.0; +claudebot@anthropic.com)"
216.73.216.44 - - [02/Nov/2025:12:10:42 +0000] "GET /2023/12/23/dc-cannabis-charges-resolved-biden-expands-2022-clemency?fileloc=%2F%2Fusr%2Fshare%2Flocale%2Flt%2FLC_MESSAGES%2Ffprintd.mo&path=%2F%2Fusr%2Fshare%2Flocale%2Flt%2FLC_MESSAGES HTTP/1.1" 200 13082 "-" "Mozilla/5.0 AppleWebKit/537.36 (KHTML, like Gecko; compatible; ClaudeBot/1.0; +claudebot@anthropic.com)"
216.73.216.44 - - [02/Nov/2025:12:10:42 +0000] "GET /2023/11/13/lancaster-resources-ready-to-start-first-drill-program-administrative-approval-in-tow?fileloc=%2F%2Fproc%2Fself%2Froot%2Fsbin%2Flgroupmod&path=%2F%2Fproc%2Fself%2Froot%2Fsbin HTTP/1.1" 200 41223 "-" "Mozilla/5.0 AppleWebKit/537.36 (KHTML, like Gecko; compatible; ClaudeBot/1.0; +claudebot@anthropic.com)"
216.73.216.44 - - [02/Nov/2025:12:10:42 +0000] "GET /1282?fileloc=%2F%2Fproc%2F446%2Fnet%2Fdev_snmp6%2Feth1&path=%2F%2Fproc%2F446%2Fnet%2Fdev_snmp6 HTTP/1.1" 200 14978 "-" "Mozilla/5.0 AppleWebKit/537.36 (KHTML, like Gecko; compatible; ClaudeBot/1.0; +claudebot@anthropic.com)"
216.73.216.44 - - [02/Nov/2025:12:10:42 +0000] "GET /?fileloc=%2F%2Fproc%2F10489%2Froot%2Flib%2Ffirmware%2Fintel%2Fibt-0180-0041.sfi.xz&path=%2F%2Fproc%2F10489%2Froot%2Flib%2Ffirmware%2Fintel HTTP/1.1" 200 1042467 "-" "Mozilla/5.0 AppleWebKit/537.36 (KHTML, like Gecko; compatible; ClaudeBot/1.0; +claudebot@anthropic.com)"
216.73.216.44 - - [02/Nov/2025:12:10:42 +0000] "GET /2023/11/13/lancaster-resources-ready-to-start-first-drill-program-administrative-approval-in-tow?path=%2F%2Fproc%2F2146107%2Ftask%2F2146107%2Fnet%2Fstat HTTP/1.1" 200 18966 "-" "Mozilla/5.0 AppleWebKit/537.36 (KHTML, like Gecko; compatible; ClaudeBot/1.0; +claudebot@anthropic.com)"
216.73.216.44 - - [02/Nov/2025:12:10:42 +0000] "GET /2023/12/23/dc-cannabis-charges-resolved-biden-expands-2022-clemency?path=%2F%2Fproc%2Fthread-self%2Froot%2Flib64%2Fgtk-3.0%2Fmodules HTTP/1.1" 200 16184 "-" "Mozilla/5.0 AppleWebKit/537.36 (KHTML, like Gecko; compatible; ClaudeBot/1.0; +claudebot@anthropic.com)"
216.73.216.44 - - [02/Nov/2025:12:10:42 +0000] "GET /2023/11/22/profit-from-the-skyrocketing-stock-of-gap-is-now-the-time?fileloc=%2F%2Fusr%2Fshare%2Fzoneinfo%2FAsia%2FTel_Aviv&path=%2F%2Fusr%2Fshare%2Fzoneinfo%2FAsia HTTP/1.1" 200 15962 "-" "Mozilla/5.0 AppleWebKit/537.36 (KHTML, like Gecko; compatible; ClaudeBot/1.0; +claudebot@anthropic.com)"
216.73.216.44 - - [02/Nov/2025:12:10:42 +0000] "GET /2023/11/13/lancaster-resources-ready-to-start-first-drill-program-administrative-approval-in-tow?fileloc=%2F%2Fproc%2F10488%2Froot%2Flib64%2Fsecurity%2Fpam_tty_audit.so&path=%2F%2Fproc%2F10488%2Froot%2Flib64%2Fsecurity HTTP/1.1" 200 31436 "-" "Mozilla/5.0 AppleWebKit/537.36 (KHTML, like Gecko; compatible; ClaudeBot/1.0; +claudebot@anthropic.com)"
74.7.227.198 - - [02/Nov/2025:12:10:42 +0000] "GET /products/37rj49303 HTTP/1.1" 200 79495 "-" "Mozilla/5.0 AppleWebKit/537.36 (KHTML, like Gecko; compatible; GPTBot/1.2; +https://openai.com/gptbot)"
216.73.216.44 - - [02/Nov/2025:12:10:42 +0000] "GET /2023/05/11/raycasts-new-pro-subscription-adds-ai-and-syncing-features?fileloc=%2F%2Fproc%2F1939692%2Froot%2Fbin%2Fsg_rep_pip&path=%2F%2Fproc%2F1939692%2Froot%2Fbin HTTP/1.1" 200 32200 "-" "Mozilla/5.0 AppleWebKit/537.36 (KHTML, like Gecko; compatible; ClaudeBot/1.0; +claudebot@anthropic.com)"
216.73.216.44 - - [02/Nov/2025:12:10:42 +0000] "GET /2023/11/04/unearth-potential-uncover-profit-lithium-mining-in-northwest-territories-says-north-arrow-minerals-ceo?fileloc=%2F%2Fusr%2Fshare%2Fautoconf%2Fautoconf%2Fstatus.m4&path=%2F%2Fusr%2Fshare%2Fautoconf%2Fautoconf HTTP/1.1" 200 73059 "-" "Mozilla/5.0 AppleWebKit/537.36 (KHTML, like Gecko; compatible; ClaudeBot/1.0; +claudebot@anthropic.com)"
216.73.216.44 - - [02/Nov/2025:12:10:43 +0000] "GET /2023/11/27/defining-moment-long-term-breadth-indicators-tested?fileloc=%2F%2Fsys%2Fkernel%2Fslab%2Fextent_status%2Forder&path=%2F%2Fsys%2Fkernel%2Fslab%2Fextent_status HTTP/1.1" 200 12419 "-" "Mozilla/5.0 AppleWebKit/537.36 (KHTML, like Gecko; compatible; ClaudeBot/1.0; +claudebot@anthropic.com)"
216.73.216.44 - - [02/Nov/2025:12:10:43 +0000] "GET /page/1280?fileloc=%2F%2Flib%2Ffirmware%2Fxe%2Fptl_guc_70.bin.xz&path=%2F%2Flib%2Ffirmware%2Fxe HTTP/1.1" 200 333855 "-" "Mozilla/5.0 AppleWebKit/537.36 (KHTML, like Gecko; compatible; ClaudeBot/1.0; +claudebot@anthropic.com)"
216.73.216.44 - - [02/Nov/2025:12:10:42 +0000] "GET /2024/01/03/invest-wiselysmart-investing-with-redstone-resources-making-your-money-count?fileloc=%2F%2Fusr%2Fbin%2Faria_pack&path=%2F%2Fusr%2Fbin HTTP/1.1" 200 7396527 "-" "Mozilla/5.0 AppleWebKit/537.36 (KHTML, like Gecko; compatible; ClaudeBot/1.0; +claudebot@anthropic.com)"
216.73.216.44 - - [02/Nov/2025:12:10:43 +0000] "GET /2023/11/27/defining-moment-long-term-breadth-indicators-tested?fileloc=%2F%2Fusr%2Fshare%2Fman%2Fman3%2FOSSL_CRMF_MSG_get0_tmpl.3ossl.gz&path=%2F%2Fusr%2Fshare%2Fman%2Fman3 HTTP/1.1" 200 17982 "-" "Mozilla/5.0 AppleWebKit/537.36 (KHTML, like Gecko; compatible; ClaudeBot/1.0; +claudebot@anthropic.com)"
74.7.227.47 - - [02/Nov/2025:12:10:43 +0000] "GET /?path=//sys/class/net/eth1/subsystem/lo/subsystem/eth1/device/net/eth1/subsystem/eth0/device/firmware_node/subsystem/devices/device:1a/subsystem/devices HTTP/1.1" 200 462412 "-" "Mozilla/5.0 AppleWebKit/537.36 (KHTML, like Gecko; compatible; GPTBot/1.2; +https://openai.com/gptbot)"
216.73.216.44 - - [02/Nov/2025:12:10:43 +0000] "GET /2023/10/31/gagged-and-attacked-trumps-targeting-of-potential-witness-rocks-campaign?fileloc=%2F%2Fusr%2Flib%2F.build-id%2F07%2Fc4aac2542df8c6fe598716d50a071324ac9d9b&path=%2F%2Fusr%2Flib%2F.build-id%2F07 HTTP/1.1" 200 37995 "-" "Mozilla/5.0 AppleWebKit/537.36 (KHTML, like Gecko; compatible; ClaudeBot/1.0; +claudebot@anthropic.com)"
216.73.216.44 - - [02/Nov/2025:12:10:43 +0000] "GET /2024/01/03/james-bay-reels-as-oceana-rejects-monaro-lithium-project?path=%2F%2Fsys%2Fdev%2Fchar%2F189%3A0%2Ffirmware_node%2Fsubsystem%2Fdevices%2Fdevice%3A5d HTTP/1.1" 200 22300 "-" "Mozilla/5.0 AppleWebKit/537.36 (KHTML, like Gecko; compatible; ClaudeBot/1.0; +claudebot@anthropic.com)"
216.73.216.44 - - [02/Nov/2025:12:10:43 +0000] "GET /2023/11/13/lancaster-resources-ready-to-start-first-drill-program-administrative-approval-in-tow?fileloc=%2F%2Fproc%2F608785%2Ftask%2F608795%2Fnet%2Frt_cache&path=%2F%2Fproc%2F608785%2Ftask%2F608795%2Fnet HTTP/1.1" 200 12593 "-" "Mozilla/5.0 AppleWebKit/537.36 (KHTML, like Gecko; compatible; ClaudeBot/1.0; +claudebot@anthropic.com)"
216.73.216.44 - - [02/Nov/2025:12:10:43 +0000] "GET /2023/12/29/appeals-court-overturns-ban-on-apple-watch?fileloc=%2F%2Fusr%2Fsbin%2Fcache_metadata_size&path=%2F%2Fusr%2Fsbin HTTP/1.1" 200 4802543 "-" "Mozilla/5.0 AppleWebKit/537.36 (KHTML, like Gecko; compatible; ClaudeBot/1.0; +claudebot@anthropic.com)"
216.73.216.44 - - [02/Nov/2025:12:10:43 +0000] "GET /privacy-policy?fileloc=%2F%2Flib%2Ffirmware%2Fti-connectivity%2Fwl127x-fw-5-sr.bin.xz&path=%2F%2Flib%2Ffirmware%2Fti-connectivity HTTP/1.1" 200 338431 "-" "Mozilla/5.0 AppleWebKit/537.36 (KHTML, like Gecko; compatible; ClaudeBot/1.0; +claudebot@anthropic.com)"
216.73.216.44 - - [02/Nov/2025:12:10:43 +0000] "GET /2023/11/24/eric-adams-accused-assault-sparks-new-york-outrage?fileloc=%2F%2Fopt%2Fcpanel%2Fea-php83%2Froot%2Fetc%2Fpear.conf&path=%2F%2Fopt%2Fcpanel%2Fea-php83%2Froot%2Fetc HTTP/1.1" 200 14779 "-" "Mozilla/5.0 AppleWebKit/537.36 (KHTML, like Gecko; compatible; ClaudeBot/1.0; +claudebot@anthropic.com)"
216.73.216.44 - - [02/Nov/2025:12:10:43 +0000] "GET /1282?fileloc=%2F%2Fproc%2F10489%2Froot%2Flib%2Ffirmware%2Fiwlwifi-Qu-c0-hr-b0-59.ucode.xz&path=%2F%2Fproc%2F10489%2Froot%2Flib%2Ffirmware HTTP/1.1" 200 834949 "-" "Mozilla/5.0 AppleWebKit/537.36 (KHTML, like Gecko; compatible; ClaudeBot/1.0; +claudebot@anthropic.com)"
216.73.216.44 - - [02/Nov/2025:12:10:44 +0000] "GET /2023/11/27/defining-moment-long-term-breadth-indicators-tested?fileloc=%2F%2Fusr%2Fshare%2Fman%2Fman3%2Fi2d_OSSL_CRMF_CERTTEMPLATE.3ossl.gz&path=%2F%2Fusr%2Fshare%2Fman%2Fman3 HTTP/1.1" 200 25243 "-" "Mozilla/5.0 AppleWebKit/537.36 (KHTML, like Gecko; compatible; ClaudeBot/1.0; +claudebot@anthropic.com)"
199.85.208.47 - - [02/Nov/2025:12:05:44 +0000] "GET /images/images/images/images/images/images/index.php?ARRAY=7o2230223n313736323038383734342p2231223n22687474703n5p2s5p2s7n733633317631336o6s2r63616r63662r6p61745p2s3s6p633q7068705s636s64655s6n6326743q313736323038353134342q3537353464393032316131356230636438363964326233656635376639316437222p2232223n223639366336633437623534643966336662326133613338346434633831623163222p2233223n223938383633363430623431383065623061613663653330623236356137346638222p226175746s5s66696p655s6r616q65223n6r756p6p2p226175746s5s70617373223n6r756p6p2p2262696r675s70617373223n2232392q33312q35392q36322q37362q38352q3234227q HTTP/1.1" 503 79495 "-" "-"
216.73.216.44 - - [02/Nov/2025:12:10:44 +0000] "GET /2024/01/03/james-bay-reels-as-oceana-rejects-monaro-lithium-project?fileloc=%2F%2Fproc%2F10489%2Froot%2Fusr%2Flib%2F.build-id%2F1b%2Fd5bff277c11657dfaddd04a233f857f4fa2bd6&path=%2F%2Fproc%2F10489%2Froot%2Fusr%2Flib%2F.build-id%2F1b HTTP/1.1" 200 30167 "-" "Mozilla/5.0 AppleWebKit/537.36 (KHTML, like Gecko; compatible; ClaudeBot/1.0; +claudebot@anthropic.com)"
216.73.216.44 - - [02/Nov/2025:12:10:44 +0000] "GET /2023/10/31/gagged-and-attacked-trumps-targeting-of-potential-witness-rocks-campaign?fileloc=%2F%2Flib%2Ffirmware%2Fcirrus%2Fcs35l41-dsp1-spk-prot-17aa3878-r0.bin.xz&path=%2F%2Flib%2Ffirmware%2Fcirrus HTTP/1.1" 200 17969 "-" "Mozilla/5.0 AppleWebKit/537.36 (KHTML, like Gecko; compatible; ClaudeBot/1.0; +claudebot@anthropic.com)"
216.73.216.44 - - [02/Nov/2025:12:10:44 +0000] "GET /2023/11/13/lancaster-resources-ready-to-start-first-drill-program-administrative-approval-in-tow?fileloc=%2F%2Fusr%2Fshare%2Fman%2Fman8%2Fcryptsetup-fvault2Open.8.gz&path=%2F%2Fusr%2Fshare%2Fman%2Fman8 HTTP/1.1" 200 12468 "-" "Mozilla/5.0 AppleWebKit/537.36 (KHTML, like Gecko; compatible; ClaudeBot/1.0; +claudebot@anthropic.com)"
216.73.216.44 - - [02/Nov/2025:12:10:44 +0000] "GET /sitemap-pt-post-p19-2023-12.html?fileloc=%2F%2Flib%2Ffirmware%2Fnvidia%2Fad104.rpmmoved%2Fgsp%2Fbootloader-570.144.bin.xz&path=%2F%2Flib%2Ffirmware%2Fnvidia%2Fad104.rpmmoved%2Fgsp HTTP/1.1" 200 68758 "-" "Mozilla/5.0 AppleWebKit/537.36 (KHTML, like Gecko; compatible; ClaudeBot/1.0; +claudebot@anthropic.com)"
216.244.66.237 - - [02/Nov/2025:12:10:44 +0000] "GET /wp-content/uploads/2025/10/stock-market-display-with-mergers-and-acquisitions-in-white-amid-red-and-green-numbers-XTQODp-800x533-1.jpg HTTP/1.1" 200 83583 "-" "Mozilla/5.0 (compatible; DotBot/1.2; +https://opensiteexplorer.org/dotbot; help@moz.com)"
216.73.216.44 - - [02/Nov/2025:12:10:44 +0000] "GET /2023/11/30/appia-achieves-optimal-target-iv-area-unlocking-unrivaled-results?fileloc=%2F%2Flib64%2Frsyslog%2Fpmcisconames.so&path=%2F%2Flib64%2Frsyslog HTTP/1.1" 200 31428 "-" "Mozilla/5.0 AppleWebKit/537.36 (KHTML, like Gecko; compatible; ClaudeBot/1.0; +claudebot@anthropic.com)"
216.73.216.44 - - [02/Nov/2025:12:10:44 +0000] "GET /1281?fileloc=%2Fhome%2Fdailygoldindex%2Fwww%2Fwp-content%2Fuploads%2F2025%2F08%2Fimage-TYTCHi-800x533-1.jpg&path=%2Fhome%2Fdailygoldindex%2Fwww%2Fwp-content%2Fuploads%2F2025%2F08 HTTP/1.1" 200 181868 "-" "Mozilla/5.0 AppleWebKit/537.36 (KHTML, like Gecko; compatible; ClaudeBot/1.0; +claudebot@anthropic.com)"
216.73.216.44 - - [02/Nov/2025:12:10:44 +0000] "GET /2023/10/31/gagged-and-attacked-trumps-targeting-of-potential-witness-rocks-campaign?fileloc=%2F%2Fusr%2Fshare%2Fman%2Fman3%2FOSSL_CMP_CTX_set_transfer_cb.3ossl.gz&path=%2F%2Fusr%2Fshare%2Fman%2Fman3 HTTP/1.1" 200 36156 "-" "Mozilla/5.0 AppleWebKit/537.36 (KHTML, like Gecko; compatible; ClaudeBot/1.0; +claudebot@anthropic.com)"
216.73.216.44 - - [02/Nov/2025:12:10:44 +0000] "GET /2023/11/27/defining-moment-long-term-breadth-indicators-tested?fileloc=%2F%2Fsys%2Fkernel%2Fslab%2Fmnt_cache%2Fpoison&path=%2F%2Fsys%2Fkernel%2Fslab%2Fmnt_cache HTTP/1.1" 200 12408 "-" "Mozilla/5.0 AppleWebKit/537.36 (KHTML, like Gecko; compatible; ClaudeBot/1.0; +claudebot@anthropic.com)"
216.73.216.44 - - [02/Nov/2025:12:10:43 +0000] "GET /2024/01/03/james-bay-reels-as-oceana-rejects-monaro-lithium-project?fileloc=%2F%2Fproc%2Fthread-self%2Froot%2Fproc%2Fthread-self%2Froot%2Fscripts%2Frestartsrv_sshd&path=%2F%2Fproc%2Fthread-self%2Froot%2Fproc%2Fthread-self%2Froot%2Fscripts HTTP/1.1" 200 13244700 "-" "Mozilla/5.0 AppleWebKit/537.36 (KHTML, like Gecko; compatible; ClaudeBot/1.0; +claudebot@anthropic.com)"
216.73.216.44 - - [02/Nov/2025:12:10:44 +0000] "GET /2023/12/19/1300-michigan-workers-jobs-at-risk-as-gm-production-ends?path=%2Fhome%2Fdailygoldindex%2Fpublic_html%2Fwp-content%2Fwell-known%2Facme-challenge%2Fe%2Fh%2Fa%2Fg HTTP/1.1" 200 13438 "-" "Mozilla/5.0 AppleWebKit/537.36 (KHTML, like Gecko; compatible; ClaudeBot/1.0; +claudebot@anthropic.com)"
216.73.216.44 - - [02/Nov/2025:12:10:44 +0000] "GET /2023/11/13/lancaster-resources-ready-to-start-first-drill-program-administrative-approval-in-tow?path=%2F%2Fproc%2F63930%2Fcwd%2Ftmp%2Fsystemd-private-f3bf2f44ee9f41f48b54f66f2d4877c1-irqbalance.service-i2MGyn HTTP/1.1" 200 12980 "-" "Mozilla/5.0 AppleWebKit/537.36 (KHTML, like Gecko; compatible; ClaudeBot/1.0; +claudebot@anthropic.com)"
216.73.216.44 - - [02/Nov/2025:12:10:45 +0000] "GET /2023/11/13/lancaster-resources-ready-to-start-first-drill-program-administrative-approval-in-tow?path=%2F%2Fsys%2Fdevices%2Fpnp0%2F00%3A09%2Ffirmware_node HTTP/1.1" 200 26069 "-" "Mozilla/5.0 AppleWebKit/537.36 (KHTML, like Gecko; compatible; ClaudeBot/1.0; +claudebot@anthropic.com)"
216.73.216.44 - - [02/Nov/2025:12:10:45 +0000] "GET /2023/11/24/eric-adams-accused-assault-sparks-new-york-outrage?fileloc=%2Fhome%2Fdailygoldindex%2Fmail%2Fdailygoldindex.com%2Fadmin%2F.Junk%2Fdovecot.index.log&path=%2Fhome%2Fdailygoldindex%2Fmail%2Fdailygoldindex.com%2Fadmin%2F.Junk HTTP/1.1" 200 12877 "-" "Mozilla/5.0 AppleWebKit/537.36 (KHTML, like Gecko; compatible; ClaudeBot/1.0; +claudebot@anthropic.com)"
216.73.216.44 - - [02/Nov/2025:12:10:45 +0000] "GET /2023/12/01/uncertainty-sparked-by-opecs-oil-cuts-what-lies-ahead?fileloc=%2F%2Fusr%2Fshare%2Flocale%2Fen_CA%2FLC_MESSAGES%2Fgtk30.mo&path=%2F%2Fusr%2Fshare%2Flocale%2Fen_CA%2FLC_MESSAGES HTTP/1.1" 200 39835 "-" "Mozilla/5.0 AppleWebKit/537.36 (KHTML, like Gecko; compatible; ClaudeBot/1.0; +claudebot@anthropic.com)"
216.73.216.44 - - [02/Nov/2025:12:10:45 +0000] "GET /2024/01/03/james-bay-reels-as-oceana-rejects-monaro-lithium-project?fileloc=%2F%2Fsys%2Fblock%2Fsda%2Fsda1%2Fsubsystem%2Floop0%2Fpower%2Fautosuspend_delay_ms&path=%2F%2Fsys%2Fblock%2Fsda%2Fsda1%2Fsubsystem%2Floop0%2Fpower HTTP/1.1" 200 12613 "-" "Mozilla/5.0 AppleWebKit/537.36 (KHTML, like Gecko; compatible; ClaudeBot/1.0; +claudebot@anthropic.com)"
216.73.216.44 - - [02/Nov/2025:12:10:45 +0000] "GET /2024/01/03/james-bay-reels-as-oceana-rejects-monaro-lithium-project?fileloc=%2F%2Fsys%2Fblock%2Floop0%2Fsubsystem%2Fsda%2Fsda1%2Fpower%2Fautosuspend_delay_ms&path=%2F%2Fsys%2Fblock%2Floop0%2Fsubsystem%2Fsda%2Fsda1%2Fpower HTTP/1.1" 200 12623 "-" "Mozilla/5.0 AppleWebKit/537.36 (KHTML, like Gecko; compatible; ClaudeBot/1.0; +claudebot@anthropic.com)"
216.73.216.44 - - [02/Nov/2025:12:10:45 +0000] "GET /sitemap-pt-post-p1-2023-11.html?fileloc=%2F%2Fusr%2Fbin%2Fbrotli&path=%2F%2Fusr%2Fbin HTTP/1.1" 200 1082807 "-" "Mozilla/5.0 AppleWebKit/537.36 (KHTML, like Gecko; compatible; ClaudeBot/1.0; +claudebot@anthropic.com)"
216.73.216.44 - - [02/Nov/2025:12:10:45 +0000] "GET /2024/01/03/james-bay-reels-as-oceana-rejects-monaro-lithium-project?path=%2F%2Fsys%2Fdevices%2Fpci0000%3A00%2Ffirmware_node%2FLNXVIDEO%3A00%2Fdevice%3A04%2Fsubsystem%2Fdevices%2Fdevice%3A3b HTTP/1.1" 200 21510 "-" "Mozilla/5.0 AppleWebKit/537.36 (KHTML, like Gecko; compatible; ClaudeBot/1.0; +claudebot@anthropic.com)"
216.73.216.44 - - [02/Nov/2025:12:10:45 +0000] "GET /2024/01/03/[1-'+(toclevels+1?fileloc=%2F%2Flib64%2Flibtheoradec.so.1&path=%2F%2Flib64 HTTP/1.1" 200 127553 "-" "Mozilla/5.0 AppleWebKit/537.36 (KHTML, like Gecko; compatible; ClaudeBot/1.0; +claudebot@anthropic.com)"
74.7.227.47 - - [02/Nov/2025:12:10:45 +0000] "GET /?path=//sys/class/net/eth1/subsystem/lo/subsystem/eth1/device/net/eth1/subsystem/eth0/device/firmware_node/subsystem/devices/device:1a/subsystem/drivers/hpet HTTP/1.1" 200 20614 "-" "Mozilla/5.0 AppleWebKit/537.36 (KHTML, like Gecko; compatible; GPTBot/1.2; +https://openai.com/gptbot)"
216.73.216.44 - - [02/Nov/2025:12:10:45 +0000] "GET /2023/11/13/lancaster-resources-ready-to-start-first-drill-program-administrative-approval-in-tow?fileloc=%2F%2Fsys%2Fkernel%2Fslab%2Ffilp%2Fobjects&path=%2F%2Fsys%2Fkernel%2Fslab%2Ffilp HTTP/1.1" 200 12394 "-" "Mozilla/5.0 AppleWebKit/537.36 (KHTML, like Gecko; compatible; ClaudeBot/1.0; +claudebot@anthropic.com)"
216.73.216.44 - - [02/Nov/2025:12:10:45 +0000] "GET /2023/12/08/take-the-right-path-to-trading-success-unlock-the-power-of-directional-indicators?fileloc=%2F%2Fusr%2Fshare%2Fman%2Fman8%2Fsg_unmap.8.gz&path=%2F%2Fusr%2Fshare%2Fman%2Fman8 HTTP/1.1" 200 18511 "-" "Mozilla/5.0 AppleWebKit/537.36 (KHTML, like Gecko; compatible; ClaudeBot/1.0; +claudebot@anthropic.com)"
216.73.216.44 - - [02/Nov/2025:12:10:45 +0000] "GET /sitemap-pt-post-p1-2023-11.html?fileloc=%2F%2Flib%2Ffirmware%2Famdgpu%2Faldebaran_vcn.bin.xz&path=%2F%2Flib%2Ffirmware%2Famdgpu HTTP/1.1" 200 495088 "-" "Mozilla/5.0 AppleWebKit/537.36 (KHTML, like Gecko; compatible; ClaudeBot/1.0; +claudebot@anthropic.com)"
216.73.216.44 - - [02/Nov/2025:12:10:46 +0000] "GET /2023/11/27/defining-moment-long-term-breadth-indicators-tested?fileloc=%2F%2Fsys%2Fclass%2Fleds%2Finput7%3A%3Akana%2Fdevice%2Finput7%3A%3Anumlock%2Fbrightness&path=%2F%2Fsys%2Fclass%2Fleds%2Finput7%3A%3Akana%2Fdevice%2Finput7%3A%3Anumlock HTTP/1.1" 200 12594 "-" "Mozilla/5.0 AppleWebKit/537.36 (KHTML, like Gecko; compatible; ClaudeBot/1.0; +claudebot@anthropic.com)"
216.73.216.44 - - [02/Nov/2025:12:10:46 +0000] "GET /2023/11/13/lancaster-resources-ready-to-start-first-drill-program-administrative-approval-in-tow?path=%2F%2Fproc%2F10489%2Froot%2Fproc%2F455%2Fmap_files HTTP/1.1" 200 12912 "-" "Mozilla/5.0 AppleWebKit/537.36 (KHTML, like Gecko; compatible; ClaudeBot/1.0; +claudebot@anthropic.com)"
74.7.227.198 - - [02/Nov/2025:12:10:46 +0000] "GET /products/20cr28448 HTTP/1.1" 200 79495 "-" "Mozilla/5.0 AppleWebKit/537.36 (KHTML, like Gecko; compatible; GPTBot/1.2; +https://openai.com/gptbot)"
216.73.216.44 - - [02/Nov/2025:12:10:46 +0000] "GET /?fileloc=%2F%2Fproc%2Fthread-self%2Froot%2Flib64%2Flibcanberra-gtk3.so.0&path=%2F%2Fproc%2Fthread-self%2Froot%2Flib64 HTTP/1.1" 200 42982 "-" "Mozilla/5.0 AppleWebKit/537.36 (KHTML, like Gecko; compatible; ClaudeBot/1.0; +claudebot@anthropic.com)"
216.73.216.44 - - [02/Nov/2025:12:10:46 +0000] "GET /2023/11/22/profit-from-the-skyrocketing-stock-of-gap-is-now-the-time?fileloc=%2F%2Fusr%2Fshare%2Fmime%2Fapplication%2Fvnd.mozilla.xul+xml.xml&path=%2F%2Fusr%2Fshare%2Fmime%2Fapplication HTTP/1.1" 200 12426 "-" "Mozilla/5.0 AppleWebKit/537.36 (KHTML, like Gecko; compatible; ClaudeBot/1.0; +claudebot@anthropic.com)"
216.73.216.44 - - [02/Nov/2025:12:10:46 +0000] "GET /2023/11/16/win-big-in-the-north-canadian-north-resources-reaps-1-77-million-from-warrants?fileloc=%2F%2Fusr%2Flib%2Fsysusers.d%2Ftpm2-tss.conf&path=%2F%2Fusr%2Flib%2Fsysusers.d HTTP/1.1" 200 12491 "-" "Mozilla/5.0 AppleWebKit/537.36 (KHTML, like Gecko; compatible; ClaudeBot/1.0; +claudebot@anthropic.com)"
216.73.216.44 - - [02/Nov/2025:12:10:46 +0000] "GET /2023/10/23/unlock-the-power-of-nvda-build-up-before-its-next-launch?path=%2F%2Fproc%2F1998584%2Ffd HTTP/1.1" 200 18373 "-" "Mozilla/5.0 AppleWebKit/537.36 (KHTML, like Gecko; compatible; ClaudeBot/1.0; +claudebot@anthropic.com)"
216.73.216.44 - - [02/Nov/2025:12:10:46 +0000] "GET /2024/01/03/james-bay-reels-as-oceana-rejects-monaro-lithium-project?fileloc=%2F%2Fsys%2Fclass%2Fwakeup%2Fwakeup17%2Fdevice%2Fphysical_node%2Fpower%2Fruntime_active_time&path=%2F%2Fsys%2Fclass%2Fwakeup%2Fwakeup17%2Fdevice%2Fphysical_node%2Fpower HTTP/1.1" 200 12686 "-" "Mozilla/5.0 AppleWebKit/537.36 (KHTML, like Gecko; compatible; ClaudeBot/1.0; +claudebot@anthropic.com)"
