216.73.216.44 - - [02/Nov/2025:12:06:31 +0000] "GET /2023/12/01/uncertainty-sparked-by-opecs-oil-cuts-what-lies-ahead?fileloc=%2F%2Fsys%2Fkernel%2Fslab%2Ffuse_inode%2Fhwcache_align&path=%2F%2Fsys%2Fkernel%2Fslab%2Ffuse_inode HTTP/1.1" 200 12418 "-" "Mozilla/5.0 AppleWebKit/537.36 (KHTML, like Gecko; compatible; ClaudeBot/1.0; +claudebot@anthropic.com)"
216.73.216.44 - - [02/Nov/2025:12:06:31 +0000] "GET /2023/11/17/maximizing-market-momentum-harness-the-power-of-pullback-swing-trading?fileloc=%2F%2Fproc%2F10489%2Froot%2Flib%2Fsystemd%2Fsystem%2Fsystemd-tmpfiles-clean.service&path=%2F%2Fproc%2F10489%2Froot%2Flib%2Fsystemd%2Fsystem HTTP/1.1" 200 13301 "-" "Mozilla/5.0 AppleWebKit/537.36 (KHTML, like Gecko; compatible; ClaudeBot/1.0; +claudebot@anthropic.com)"
216.73.216.44 - - [02/Nov/2025:12:06:31 +0000] "GET /2023/11/24/eric-adams-accused-assault-sparks-new-york-outrage?fileloc=%2F%2Fusr%2Fshare%2Fman%2Fman3%2Fxcb_xf86dri_create_drawable_reply.3.gz&path=%2F%2Fusr%2Fshare%2Fman%2Fman3 HTTP/1.1" 200 12504 "-" "Mozilla/5.0 AppleWebKit/537.36 (KHTML, like Gecko; compatible; ClaudeBot/1.0; +claudebot@anthropic.com)"
216.73.216.44 - - [02/Nov/2025:12:06:31 +0000] "GET /2023/11/17/maximizing-market-momentum-harness-the-power-of-pullback-swing-trading?path=%2F%2Fsys%2Ffs%2Fcgroup%2Fsystem.slice%2Fimunify-agent-proxy.service HTTP/1.1" 200 128792 "-" "Mozilla/5.0 AppleWebKit/537.36 (KHTML, like Gecko; compatible; ClaudeBot/1.0; +claudebot@anthropic.com)"
216.73.216.44 - - [02/Nov/2025:12:06:32 +0000] "GET /2023/12/08/take-the-right-path-to-trading-success-unlock-the-power-of-directional-indicators?fileloc=%2F%2Fusr%2Fshare%2Fman%2Fman3%2Fscandirat.3.gz&path=%2F%2Fusr%2Fshare%2Fman%2Fman3 HTTP/1.1" 200 12458 "-" "Mozilla/5.0 AppleWebKit/537.36 (KHTML, like Gecko; compatible; ClaudeBot/1.0; +claudebot@anthropic.com)"
216.73.216.44 - - [02/Nov/2025:12:06:32 +0000] "GET /2023/11/13/lancaster-resources-ready-to-start-first-drill-program-administrative-approval-in-tow?fileloc=%2F%2Fproc%2F63930%2Fcwd%2Fscripts%2Factivesync-invite-reply&path=%2F%2Fproc%2F63930%2Fcwd%2Fscripts HTTP/1.1" 200 14219 "-" "Mozilla/5.0 AppleWebKit/537.36 (KHTML, like Gecko; compatible; ClaudeBot/1.0; +claudebot@anthropic.com)"
216.73.216.44 - - [02/Nov/2025:12:06:32 +0000] "GET /privacy-policy?fileloc=%2F%2Flib%2Flocale%2Fen_IN%2FLC_CTYPE&path=%2F%2Flib%2Flocale%2Fen_IN HTTP/1.1" 200 454633 "-" "Mozilla/5.0 AppleWebKit/537.36 (KHTML, like Gecko; compatible; ClaudeBot/1.0; +claudebot@anthropic.com)"
216.73.216.44 - - [02/Nov/2025:12:06:32 +0000] "GET /1282?fileloc=%2F%2Fproc%2F10489%2Froot%2Flib64%2Flibverto-libev.so.1&path=%2F%2Fproc%2F10489%2Froot%2Flib64 HTTP/1.1" 200 32124 "-" "Mozilla/5.0 AppleWebKit/537.36 (KHTML, like Gecko; compatible; ClaudeBot/1.0; +claudebot@anthropic.com)"
216.73.216.44 - - [02/Nov/2025:12:06:31 +0000] "GET /2024/01/03/james-bay-reels-as-oceana-rejects-monaro-lithium-project?fileloc=%2F%2Fproc%2F10489%2Froot%2Fusr%2Flib%2F.build-id%2Ffb%2Fa32829bfb463367494f17bfbea516cce386105&path=%2F%2Fproc%2F10489%2Froot%2Fusr%2Flib%2F.build-id%2Ffb HTTP/1.1" 200 12932981 "-" "Mozilla/5.0 AppleWebKit/537.36 (KHTML, like Gecko; compatible; ClaudeBot/1.0; +claudebot@anthropic.com)"
216.73.216.44 - - [02/Nov/2025:12:06:32 +0000] "GET /2023/11/27/defining-moment-long-term-breadth-indicators-tested?fileloc=%2F%2Fusr%2Fshare%2Fman%2Fman3%2FBN_CTX_free.3ossl.gz&path=%2F%2Fusr%2Fshare%2Fman%2Fman3 HTTP/1.1" 200 17944 "-" "Mozilla/5.0 AppleWebKit/537.36 (KHTML, like Gecko; compatible; ClaudeBot/1.0; +claudebot@anthropic.com)"
74.7.227.47 - - [02/Nov/2025:12:06:32 +0000] "GET /?path=//sys/class/net/eth1/subsystem/lo/subsystem/eth1/device/net/eth1/subsystem/eth0/device/firmware_node/subsystem/devices/device:4a/subsystem/devices/device:2c HTTP/1.1" 200 25903 "-" "Mozilla/5.0 AppleWebKit/537.36 (KHTML, like Gecko; compatible; GPTBot/1.2; +https://openai.com/gptbot)"
216.73.216.44 - - [02/Nov/2025:12:06:32 +0000] "GET /2023/10/19/unearth-the-power-of-appia-rare-earths-uranium?fileloc=%2Fhome%2Fdailygoldindex%2Fwww%2Fwp-includes%2Fblocks%2Fgallery%2Fstyle-rtl.min.css&path=%2Fhome%2Fdailygoldindex%2Fwww%2Fwp-includes%2Fblocks%2Fgallery HTTP/1.1" 200 28579 "-" "Mozilla/5.0 AppleWebKit/537.36 (KHTML, like Gecko; compatible; ClaudeBot/1.0; +claudebot@anthropic.com)"
216.73.216.44 - - [02/Nov/2025:12:06:32 +0000] "GET /733?fileloc=%2F%2Flib64%2Flibnn.so.2.0.0&path=%2F%2Flib64 HTTP/1.1" 200 153590 "-" "Mozilla/5.0 AppleWebKit/537.36 (KHTML, like Gecko; compatible; ClaudeBot/1.0; +claudebot@anthropic.com)"
216.73.216.44 - - [02/Nov/2025:12:06:32 +0000] "GET /2023/11/22/profit-from-the-skyrocketing-stock-of-gap-is-now-the-time?fileloc=%2F%2Fusr%2Flib%2F.build-id%2F05%2Fda4b839f52b2513c95f35527a8de1413b86766&path=%2F%2Fusr%2Flib%2F.build-id%2F05 HTTP/1.1" 200 71217 "-" "Mozilla/5.0 AppleWebKit/537.36 (KHTML, like Gecko; compatible; ClaudeBot/1.0; +claudebot@anthropic.com)"
216.73.216.44 - - [02/Nov/2025:12:06:32 +0000] "GET /2024/01/03/james-bay-reels-as-oceana-rejects-monaro-lithium-project?path=%2F%2Fsys%2Fclass%2Fnet%2Fdocker0%2Fsubsystem%2Fdocker0%2Fstatistics HTTP/1.1" 200 51034 "-" "Mozilla/5.0 AppleWebKit/537.36 (KHTML, like Gecko; compatible; ClaudeBot/1.0; +claudebot@anthropic.com)"
216.73.216.44 - - [02/Nov/2025:12:06:32 +0000] "GET /sitemap-pt-post-p19-2023-12.html?fileloc=%2F%2Fusr%2Flib%2F.build-id%2F86%2F9cb81d7ee4f72c113ae8ef620c4d7268577df7&path=%2F%2Fusr%2Flib%2F.build-id%2F86 HTTP/1.1" 200 16073209 "-" "Mozilla/5.0 AppleWebKit/537.36 (KHTML, like Gecko; compatible; ClaudeBot/1.0; +claudebot@anthropic.com)"
216.73.216.44 - - [02/Nov/2025:12:06:32 +0000] "GET /2023/10/19/unearth-the-power-of-appia-rare-earths-uranium?fileloc=%2Fhome%2Fdailygoldindex%2Fmail%2F.admin%40dailygoldindex_com%2F.Archive%2Fdovecot-uidlist&path=%2Fhome%2Fdailygoldindex%2Fmail%2F.admin%40dailygoldindex_com%2F.Archive HTTP/1.1" 200 12656 "-" "Mozilla/5.0 AppleWebKit/537.36 (KHTML, like Gecko; compatible; ClaudeBot/1.0; +claudebot@anthropic.com)"
216.73.216.44 - - [02/Nov/2025:12:06:33 +0000] "GET /2023/11/19/crisis-averted-but-fiscal-looming-congress-takes-on-the-real-fight-ahead?path=%2F%2Flib64%2Fpython3.9%2Fsite-packages%2Flxml%2Fincludes HTTP/1.1" 200 43894 "-" "Mozilla/5.0 AppleWebKit/537.36 (KHTML, like Gecko; compatible; ClaudeBot/1.0; +claudebot@anthropic.com)"
216.73.216.44 - - [02/Nov/2025:12:06:33 +0000] "GET /1281?fileloc=%2F%2Fproc%2F10489%2Froot%2Fetc%2Fchkserv.d%2Fapache_php_fpm&path=%2F%2Fproc%2F10489%2Froot%2Fetc%2Fchkserv.d HTTP/1.1" 200 12566 "-" "Mozilla/5.0 AppleWebKit/537.36 (KHTML, like Gecko; compatible; ClaudeBot/1.0; +claudebot@anthropic.com)"
216.73.216.44 - - [02/Nov/2025:12:06:33 +0000] "GET /?fileloc=%2F%2Fusr%2Fshare%2Fman%2Fman3%2FTS_RESP_free.3ossl.gz&path=%2F%2Fusr%2Fshare%2Fman%2Fman3 HTTP/1.1" 200 21760 "-" "Mozilla/5.0 AppleWebKit/537.36 (KHTML, like Gecko; compatible; ClaudeBot/1.0; +claudebot@anthropic.com)"
74.7.227.198 - - [02/Nov/2025:12:06:33 +0000] "GET /products/27dh36781 HTTP/1.1" 200 79495 "-" "Mozilla/5.0 AppleWebKit/537.36 (KHTML, like Gecko; compatible; GPTBot/1.2; +https://openai.com/gptbot)"
216.73.216.44 - - [02/Nov/2025:12:06:33 +0000] "GET /1282?fileloc=%2F%2Fproc%2F64018%2Froot%2Flib64%2Flibcomposefs.so.1.4.0&path=%2F%2Fproc%2F64018%2Froot%2Flib64 HTTP/1.1" 200 115868 "-" "Mozilla/5.0 AppleWebKit/537.36 (KHTML, like Gecko; compatible; ClaudeBot/1.0; +claudebot@anthropic.com)"
216.73.216.44 - - [02/Nov/2025:12:06:33 +0000] "GET /privacy-policy?fileloc=%2Fhome%2Fdailygoldindex%2Fmail%2Fdailygoldindex.com%2Fsupport%2F.Drafts%2Fdovecot-uidlist&path=%2Fhome%2Fdailygoldindex%2Fmail%2Fdailygoldindex.com%2Fsupport%2F.Drafts HTTP/1.1" 200 12722 "-" "Mozilla/5.0 AppleWebKit/537.36 (KHTML, like Gecko; compatible; ClaudeBot/1.0; +claudebot@anthropic.com)"
216.73.216.44 - - [02/Nov/2025:12:06:33 +0000] "GET /2023/12/01/uncertainty-sparked-by-opecs-oil-cuts-what-lies-ahead?fileloc=%2F%2Fusr%2Fshare%2Ficons%2FAdwaita%2Fcursors%2Fcopy&path=%2F%2Fusr%2Fshare%2Ficons%2FAdwaita%2Fcursors HTTP/1.1" 200 100942 "-" "Mozilla/5.0 AppleWebKit/537.36 (KHTML, like Gecko; compatible; ClaudeBot/1.0; +claudebot@anthropic.com)"
216.73.216.44 - - [02/Nov/2025:12:06:33 +0000] "GET /2023/11/27/defining-moment-long-term-breadth-indicators-tested?fileloc=%2F%2Fusr%2Fshare%2Fman%2Fman7%2Ftime.7.gz&path=%2F%2Fusr%2Fshare%2Fman%2Fman7 HTTP/1.1" 200 17468 "-" "Mozilla/5.0 AppleWebKit/537.36 (KHTML, like Gecko; compatible; ClaudeBot/1.0; +claudebot@anthropic.com)"
216.73.216.44 - - [02/Nov/2025:12:06:33 +0000] "GET /sitemap-pt-post-p19-2023-12.html?path=%2F%2Fusr%2Fshare%2Flocale%2Fka%2FLC_MESSAGES HTTP/1.1" 200 67252 "-" "Mozilla/5.0 AppleWebKit/537.36 (KHTML, like Gecko; compatible; ClaudeBot/1.0; +claudebot@anthropic.com)"
216.73.216.44 - - [02/Nov/2025:12:06:33 +0000] "GET /2023/11/13/lancaster-resources-ready-to-start-first-drill-program-administrative-approval-in-tow?fileloc=%2F%2Fsys%2Fkernel%2Fslab%2Fjbd2_journal_head%2Fslabs_cpu_partial&path=%2F%2Fsys%2Fkernel%2Fslab%2Fjbd2_journal_head HTTP/1.1" 200 12443 "-" "Mozilla/5.0 AppleWebKit/537.36 (KHTML, like Gecko; compatible; ClaudeBot/1.0; +claudebot@anthropic.com)"
216.73.216.44 - - [02/Nov/2025:12:06:34 +0000] "GET /2023/11/17/maximizing-market-momentum-harness-the-power-of-pullback-swing-trading?fileloc=%2F%2Fusr%2Flib%2F.build-id%2Fbe%2F788675014d457f7ad2ae38fce2c2ebe685a333&path=%2F%2Fusr%2Flib%2F.build-id%2Fbe HTTP/1.1" 200 62919 "-" "Mozilla/5.0 AppleWebKit/537.36 (KHTML, like Gecko; compatible; ClaudeBot/1.0; +claudebot@anthropic.com)"
216.73.216.44 - - [02/Nov/2025:12:06:34 +0000] "GET /2023/10/31/gagged-and-attacked-trumps-targeting-of-potential-witness-rocks-campaign?fileloc=%2F%2Fusr%2Fshare%2Fman%2Fman3%2FRC4_set_key.3ossl.gz&path=%2F%2Fusr%2Fshare%2Fman%2Fman3 HTTP/1.1" 200 17959 "-" "Mozilla/5.0 AppleWebKit/537.36 (KHTML, like Gecko; compatible; ClaudeBot/1.0; +claudebot@anthropic.com)"
216.73.216.44 - - [02/Nov/2025:12:06:34 +0000] "GET /2024/01/03/james-bay-reels-as-oceana-rejects-monaro-lithium-project?path=%2F%2Fsys%2Fclass%2Finput%2Fevent0%2Fsubsystem%2Finput4%2Fpower HTTP/1.1" 200 20902 "-" "Mozilla/5.0 AppleWebKit/537.36 (KHTML, like Gecko; compatible; ClaudeBot/1.0; +claudebot@anthropic.com)"
216.73.216.44 - - [02/Nov/2025:12:06:34 +0000] "GET /privacy-policy?fileloc=%2F%2Flib%2Ffirmware%2Fcirrus%2Fcs35l41-dsp1-spk-prot-103c8be3-spkid1-l0.bin.xz&path=%2F%2Flib%2Ffirmware%2Fcirrus HTTP/1.1" 200 16290 "-" "Mozilla/5.0 AppleWebKit/537.36 (KHTML, like Gecko; compatible; ClaudeBot/1.0; +claudebot@anthropic.com)"
216.73.216.44 - - [02/Nov/2025:12:06:34 +0000] "GET /2024/01/03/james-bay-reels-as-oceana-rejects-monaro-lithium-project?path=%2F%2Fsys%2Fdev%2Fchar%2F189%3A0%2Ffirmware_node%2Fsubsystem%2Fdevices%2FINT34B1%3A00 HTTP/1.1" 200 25631 "-" "Mozilla/5.0 AppleWebKit/537.36 (KHTML, like Gecko; compatible; ClaudeBot/1.0; +claudebot@anthropic.com)"
216.73.216.44 - - [02/Nov/2025:12:06:34 +0000] "GET /?fileloc=%2F%2Fusr%2Fshare%2Fman%2Fman3%2Fi2d_X509_CRL_bio.3ossl.gz&path=%2F%2Fusr%2Fshare%2Fman%2Fman3 HTTP/1.1" 200 25233 "-" "Mozilla/5.0 AppleWebKit/537.36 (KHTML, like Gecko; compatible; ClaudeBot/1.0; +claudebot@anthropic.com)"
216.73.216.44 - - [02/Nov/2025:12:06:34 +0000] "GET /2024/01/03/james-bay-reels-as-oceana-rejects-monaro-lithium-project?fileloc=%2F%2Fproc%2F10489%2Froot%2Fusr%2Flib%2F.build-id%2Fda%2F7b778994341b519260574eef92e89c3e7c66c4&path=%2F%2Fproc%2F10489%2Froot%2Fusr%2Flib%2F.build-id%2Fda HTTP/1.1" 200 115832 "-" "Mozilla/5.0 AppleWebKit/537.36 (KHTML, like Gecko; compatible; ClaudeBot/1.0; +claudebot@anthropic.com)"
216.73.216.44 - - [02/Nov/2025:12:06:34 +0000] "GET /1282?fileloc=%2F%2Fproc%2Fthread-self%2Fcwd%2Fwp-admin%2Fcss%2Fwp-admin-rtl.css&path=%2F%2Fproc%2Fthread-self%2Fcwd%2Fwp-admin%2Fcss HTTP/1.1" 200 12996 "-" "Mozilla/5.0 AppleWebKit/537.36 (KHTML, like Gecko; compatible; ClaudeBot/1.0; +claudebot@anthropic.com)"
216.73.216.44 - - [02/Nov/2025:12:06:34 +0000] "GET /sitemap-pt-post-p13-2023-12.html?fileloc=%2Fhome%2Fdailygoldindex%2Ftmp%2Fanalog%2F12.html&path=%2Fhome%2Fdailygoldindex%2Ftmp%2Fanalog HTTP/1.1" 200 86497 "-" "Mozilla/5.0 AppleWebKit/537.36 (KHTML, like Gecko; compatible; ClaudeBot/1.0; +claudebot@anthropic.com)"
216.73.216.44 - - [02/Nov/2025:12:06:34 +0000] "GET /2023/11/24/eric-adams-accused-assault-sparks-new-york-outrage?fileloc=%2F%2Fusr%2Fshare%2Fman%2Fman3%2FDES_pcbc_encrypt.3ossl.gz&path=%2F%2Fusr%2Fshare%2Fman%2Fman3 HTTP/1.1" 200 24383 "-" "Mozilla/5.0 AppleWebKit/537.36 (KHTML, like Gecko; compatible; ClaudeBot/1.0; +claudebot@anthropic.com)"
216.73.216.44 - - [02/Nov/2025:12:06:34 +0000] "GET /2023/12/29/appeals-court-overturns-ban-on-apple-watch?path=%2Fhome%2Fdailygoldindex%2Fyour.dailygoldindex.com%2Fcgi-bin%2Fcgi-bin%2Fcgi-bin%2Fcgi-bin HTTP/1.1" 200 24889 "-" "Mozilla/5.0 AppleWebKit/537.36 (KHTML, like Gecko; compatible; ClaudeBot/1.0; +claudebot@anthropic.com)"
216.73.216.44 - - [02/Nov/2025:12:06:35 +0000] "GET /2023/11/13/lancaster-resources-ready-to-start-first-drill-program-administrative-approval-in-tow?path=%2F%2Fsys%2Fdevices%2Fpci0000%3A00%2F0000%3A00%3A1b.0%2Ffirmware_node%2Fdevice%3A3b%2Fsubsystem%2Fdevices%2Fdevice%3A63 HTTP/1.1" 200 23105 "-" "Mozilla/5.0 AppleWebKit/537.36 (KHTML, like Gecko; compatible; ClaudeBot/1.0; +claudebot@anthropic.com)"
216.73.216.44 - - [02/Nov/2025:12:06:35 +0000] "GET /1282?fileloc=%2F%2Fproc%2F64018%2Froot%2Flib%2Ffirmware%2Fqcom%2Fa530_pfp.fw.xz&path=%2F%2Fproc%2F64018%2Froot%2Flib%2Ffirmware%2Fqcom HTTP/1.1" 200 23868 "-" "Mozilla/5.0 AppleWebKit/537.36 (KHTML, like Gecko; compatible; ClaudeBot/1.0; +claudebot@anthropic.com)"
216.73.216.44 - - [02/Nov/2025:12:06:35 +0000] "GET /2023/11/27/defining-moment-long-term-breadth-indicators-tested?fileloc=%2F%2Fsys%2Fkernel%2Fslab%2FUNIX-STREAM%2Fremote_node_defrag_ratio&path=%2F%2Fsys%2Fkernel%2Fslab%2FUNIX-STREAM HTTP/1.1" 200 12432 "-" "Mozilla/5.0 AppleWebKit/537.36 (KHTML, like Gecko; compatible; ClaudeBot/1.0; +claudebot@anthropic.com)"
216.73.216.44 - - [02/Nov/2025:12:06:35 +0000] "GET /?fileloc=%2F%2Fproc%2F10489%2Froot%2Flib%2Ffirmware%2Fti-connectivity%2Fwl127x-fw-5-sr.bin.xz&path=%2F%2Fproc%2F10489%2Froot%2Flib%2Ffirmware%2Fti-connectivity HTTP/1.1" 200 338609 "-" "Mozilla/5.0 AppleWebKit/537.36 (KHTML, like Gecko; compatible; ClaudeBot/1.0; +claudebot@anthropic.com)"
74.7.227.47 - - [02/Nov/2025:12:06:35 +0000] "GET /?path=//sys/class/net/eth1/subsystem/lo/subsystem/eth1/device/net/eth1/subsystem/eth0/device/firmware_node/subsystem/devices/device:17/subsystem/devices/XXXX0000:01 HTTP/1.1" 200 28158 "-" "Mozilla/5.0 AppleWebKit/537.36 (KHTML, like Gecko; compatible; GPTBot/1.2; +https://openai.com/gptbot)"
216.73.216.44 - - [02/Nov/2025:12:06:35 +0000] "GET /2023/11/17/maximizing-market-momentum-harness-the-power-of-pullback-swing-trading?fileloc=%2F%2Fsys%2Fmodule%2Fintel_lpss_pci%2Fsections%2F.symtab&path=%2F%2Fsys%2Fmodule%2Fintel_lpss_pci%2Fsections HTTP/1.1" 200 12446 "-" "Mozilla/5.0 AppleWebKit/537.36 (KHTML, like Gecko; compatible; ClaudeBot/1.0; +claudebot@anthropic.com)"
216.73.216.44 - - [02/Nov/2025:12:06:35 +0000] "GET /2024/01/03/[1-'+(toclevels+1?fileloc=%2F%2Flib64%2Flibxcb-xinput.so&path=%2F%2Flib64 HTTP/1.1" 200 212622 "-" "Mozilla/5.0 AppleWebKit/537.36 (KHTML, like Gecko; compatible; ClaudeBot/1.0; +claudebot@anthropic.com)"
216.73.216.44 - - [02/Nov/2025:12:06:35 +0000] "GET /2023/12/01/uncertainty-sparked-by-opecs-oil-cuts-what-lies-ahead?fileloc=%2F%2Fusr%2Flib%2F.build-id%2Fba%2Fa9439f95239e308b8653c0217ae19fd8d59d1b&path=%2F%2Fusr%2Flib%2F.build-id%2Fba HTTP/1.1" 200 30400 "-" "Mozilla/5.0 AppleWebKit/537.36 (KHTML, like Gecko; compatible; ClaudeBot/1.0; +claudebot@anthropic.com)"
216.73.216.44 - - [02/Nov/2025:12:06:35 +0000] "GET /2024/01/03/[1-'+(toclevels+1?fileloc=%2F%2Flib64%2Flibnss_sss.so.2&path=%2F%2Flib64 HTTP/1.1" 200 90579 "-" "Mozilla/5.0 AppleWebKit/537.36 (KHTML, like Gecko; compatible; ClaudeBot/1.0; +claudebot@anthropic.com)"
216.73.216.44 - - [02/Nov/2025:12:06:35 +0000] "GET /?fileloc=%2F%2Fusr%2Fshare%2Fman%2Fman3%2FEVP_md4.3ossl.gz&path=%2F%2Fusr%2Fshare%2Fman%2Fman3 HTTP/1.1" 200 17124 "-" "Mozilla/5.0 AppleWebKit/537.36 (KHTML, like Gecko; compatible; ClaudeBot/1.0; +claudebot@anthropic.com)"
216.73.216.44 - - [02/Nov/2025:12:06:35 +0000] "GET /2023/11/27/defining-moment-long-term-breadth-indicators-tested?fileloc=%2F%2Fusr%2Fshare%2Fman%2Fman3%2Fxcb_xv_select_port_notify_checked.3.gz&path=%2F%2Fusr%2Fshare%2Fman%2Fman3 HTTP/1.1" 200 12514 "-" "Mozilla/5.0 AppleWebKit/537.36 (KHTML, like Gecko; compatible; ClaudeBot/1.0; +claudebot@anthropic.com)"
216.73.216.44 - - [02/Nov/2025:12:06:35 +0000] "GET /2023/05/11/raycasts-new-pro-subscription-adds-ai-and-syncing-features?fileloc=%2F%2Fproc%2F1942673%2Froot%2Flib64%2FlibXdamage.so.1&path=%2F%2Fproc%2F1942673%2Froot%2Flib64 HTTP/1.1" 200 31593 "-" "Mozilla/5.0 AppleWebKit/537.36 (KHTML, like Gecko; compatible; ClaudeBot/1.0; +claudebot@anthropic.com)"
216.73.216.44 - - [02/Nov/2025:12:06:36 +0000] "GET /?fileloc=%2F%2Fusr%2Fshare%2Fman%2Fman3%2Fgetbegx.3x.gz&path=%2F%2Fusr%2Fshare%2Fman%2Fman3 HTTP/1.1" 200 15848 "-" "Mozilla/5.0 AppleWebKit/537.36 (KHTML, like Gecko; compatible; ClaudeBot/1.0; +claudebot@anthropic.com)"
216.73.216.44 - - [02/Nov/2025:12:06:36 +0000] "GET /1282?path=%2F%2Fproc%2Fthread-self%2Froot%2Fvar%2Flog%2Fatop HTTP/1.1" 200 12934 "-" "Mozilla/5.0 AppleWebKit/537.36 (KHTML, like Gecko; compatible; ClaudeBot/1.0; +claudebot@anthropic.com)"
74.7.227.198 - - [02/Nov/2025:12:06:36 +0000] "GET /products/15zt34321 HTTP/1.1" 200 79495 "-" "Mozilla/5.0 AppleWebKit/537.36 (KHTML, like Gecko; compatible; GPTBot/1.2; +https://openai.com/gptbot)"
216.73.216.44 - - [02/Nov/2025:12:06:36 +0000] "GET /2024/01/03/james-bay-reels-as-oceana-rejects-monaro-lithium-project?path=%2F%2Fsys%2Fdevices%2Fpci0000%3A00%2Ffirmware_node%2Fdevice%3A3e%2Fpower HTTP/1.1" 200 21031 "-" "Mozilla/5.0 AppleWebKit/537.36 (KHTML, like Gecko; compatible; ClaudeBot/1.0; +claudebot@anthropic.com)"
216.73.216.44 - - [02/Nov/2025:12:06:36 +0000] "GET /2023/11/24/eric-adams-accused-assault-sparks-new-york-outrage?fileloc=%2F%2Fusr%2Fshare%2Fman%2Fman3%2FSSL_set_block_padding.3ossl.gz&path=%2F%2Fusr%2Fshare%2Fman%2Fman3 HTTP/1.1" 200 18474 "-" "Mozilla/5.0 AppleWebKit/537.36 (KHTML, like Gecko; compatible; ClaudeBot/1.0; +claudebot@anthropic.com)"
216.73.216.44 - - [02/Nov/2025:12:06:36 +0000] "GET /2023/11/24/eric-adams-accused-assault-sparks-new-york-outrage?fileloc=%2F%2Fusr%2Fshare%2Fman%2Fman3%2FSSL_CTX_set_max_pipelines.3ossl.gz&path=%2F%2Fusr%2Fshare%2Fman%2Fman3 HTTP/1.1" 200 21095 "-" "Mozilla/5.0 AppleWebKit/537.36 (KHTML, like Gecko; compatible; ClaudeBot/1.0; +claudebot@anthropic.com)"
216.73.216.44 - - [02/Nov/2025:12:06:36 +0000] "GET /?fileloc=%2F%2Fusr%2Fshare%2Fman%2Fman1%2Fnvme-toshiba-clear-pcie-correctable-errors.1.gz&path=%2F%2Fusr%2Fshare%2Fman%2Fman1 HTTP/1.1" 200 13958 "-" "Mozilla/5.0 AppleWebKit/537.36 (KHTML, like Gecko; compatible; ClaudeBot/1.0; +claudebot@anthropic.com)"
216.73.216.44 - - [02/Nov/2025:12:06:36 +0000] "GET /1282?fileloc=%2F%2Fproc%2F448%2Fnet%2Fdev_snmp6%2Feth1&path=%2F%2Fproc%2F448%2Fnet%2Fdev_snmp6 HTTP/1.1" 200 14978 "-" "Mozilla/5.0 AppleWebKit/537.36 (KHTML, like Gecko; compatible; ClaudeBot/1.0; +claudebot@anthropic.com)"
216.73.216.44 - - [02/Nov/2025:12:06:36 +0000] "GET /2024/01/03/james-bay-reels-as-oceana-rejects-monaro-lithium-project?path=%2F%2Fproc%2F10489%2Froot%2Fsys%2Fmodule%2Fxt_MASQUERADE%2Fnotes HTTP/1.1" 200 16160 "-" "Mozilla/5.0 AppleWebKit/537.36 (KHTML, like Gecko; compatible; ClaudeBot/1.0; +claudebot@anthropic.com)"
216.73.216.44 - - [02/Nov/2025:12:06:36 +0000] "GET /2023/11/17/maximizing-market-momentum-harness-the-power-of-pullback-swing-trading?path=%2F%2Fproc%2F10489%2Froot%2Fusr%2Fshare%2FX11%2Flocale%2Fzh_CN HTTP/1.1" 200 17664 "-" "Mozilla/5.0 AppleWebKit/537.36 (KHTML, like Gecko; compatible; ClaudeBot/1.0; +claudebot@anthropic.com)"
216.73.216.44 - - [02/Nov/2025:12:06:36 +0000] "GET /sitemap-pt-post-p1-2023-11.html?fileloc=%2F%2Fusr%2Fbin%2Fhead&path=%2F%2Fusr%2Fbin HTTP/1.1" 200 75955 "-" "Mozilla/5.0 AppleWebKit/537.36 (KHTML, like Gecko; compatible; ClaudeBot/1.0; +claudebot@anthropic.com)"
216.73.216.44 - - [02/Nov/2025:12:06:36 +0000] "GET /privacy-policy?fileloc=%2F%2Flib%2Ffirmware%2Fcirrus%2Fcs35l41-dsp1-spk-prot-10431d1f-spkid0-l0.bin.xz&path=%2F%2Flib%2Ffirmware%2Fcirrus HTTP/1.1" 200 16837 "-" "Mozilla/5.0 AppleWebKit/537.36 (KHTML, like Gecko; compatible; ClaudeBot/1.0; +claudebot@anthropic.com)"
216.73.216.44 - - [02/Nov/2025:12:06:37 +0000] "GET /2023/05/11/raycasts-new-pro-subscription-adds-ai-and-syncing-features?path=%2F%2Fproc%2F1939692%2Froot%2Fproc%2F1294630 HTTP/1.1" 200 12863 "-" "Mozilla/5.0 AppleWebKit/537.36 (KHTML, like Gecko; compatible; ClaudeBot/1.0; +claudebot@anthropic.com)"
216.73.216.44 - - [02/Nov/2025:12:06:37 +0000] "GET /2023/11/27/defining-moment-long-term-breadth-indicators-tested?fileloc=%2F%2Fsys%2Fkernel%2Fslab%2Fkmalloc-rcl-32%2Fpoison&path=%2F%2Fsys%2Fkernel%2Fslab%2Fkmalloc-rcl-32 HTTP/1.1" 200 12423 "-" "Mozilla/5.0 AppleWebKit/537.36 (KHTML, like Gecko; compatible; ClaudeBot/1.0; +claudebot@anthropic.com)"
216.73.216.44 - - [02/Nov/2025:12:06:37 +0000] "GET /2023/11/17/unlock-bigger-gains-with-small-caps-catch-the-wave-as-major-indexes-test-overbought-conditions?path=%2Fhome%2Fdailygoldindex%2Fmail%2F.postmaster%40dailygoldindex_com%2F.Drafts%2Fcur HTTP/1.1" 200 13064 "-" "Mozilla/5.0 AppleWebKit/537.36 (KHTML, like Gecko; compatible; ClaudeBot/1.0; +claudebot@anthropic.com)"
216.73.216.44 - - [02/Nov/2025:12:06:37 +0000] "GET /2023/12/20/unlock-your-future-find-out-when-the-2024-social-security-cola-starts?path=%2F%2Fsys%2Fkernel%2Fslab%2Ffiles_cache HTTP/1.1" 200 57503 "-" "Mozilla/5.0 AppleWebKit/537.36 (KHTML, like Gecko; compatible; ClaudeBot/1.0; +claudebot@anthropic.com)"
216.73.216.44 - - [02/Nov/2025:12:06:37 +0000] "GET /sitemap-pt-post-p19-2023-12.html?fileloc=%2F%2Fsys%2Fmodule%2Fpmt_telemetry%2Fnotes%2F.note.Linux&path=%2F%2Fsys%2Fmodule%2Fpmt_telemetry%2Fnotes HTTP/1.1" 200 12513 "-" "Mozilla/5.0 AppleWebKit/537.36 (KHTML, like Gecko; compatible; ClaudeBot/1.0; +claudebot@anthropic.com)"
216.73.216.44 - - [02/Nov/2025:12:06:37 +0000] "GET /2023/12/08/take-the-right-path-to-trading-success-unlock-the-power-of-directional-indicators?path=%2F%2Fetc%2Fimunify360%2Fuser_config%2Fthevoiceofthough HTTP/1.1" 200 12854 "-" "Mozilla/5.0 AppleWebKit/537.36 (KHTML, like Gecko; compatible; ClaudeBot/1.0; +claudebot@anthropic.com)"
74.7.227.47 - - [02/Nov/2025:12:06:37 +0000] "GET /?path=//sys/class/net/eth1/subsystem/lo/subsystem/eth1/device/net/eth1/subsystem/eth0/device/firmware_node/subsystem/devices/device:7b/subsystem/devices/device:1f HTTP/1.1" 200 24146 "-" "Mozilla/5.0 AppleWebKit/537.36 (KHTML, like Gecko; compatible; GPTBot/1.2; +https://openai.com/gptbot)"
216.73.216.44 - - [02/Nov/2025:12:06:37 +0000] "GET /2023/05/11/raycasts-new-pro-subscription-adds-ai-and-syncing-features?fileloc=%2F%2Fproc%2F1939692%2Froot%2Flib64%2Flibssl3.so&path=%2F%2Fproc%2F1939692%2Froot%2Flib64 HTTP/1.1" 200 719569 "-" "Mozilla/5.0 AppleWebKit/537.36 (KHTML, like Gecko; compatible; ClaudeBot/1.0; +claudebot@anthropic.com)"
216.73.216.44 - - [02/Nov/2025:12:06:37 +0000] "GET /2023/12/23/dc-cannabis-charges-resolved-biden-expands-2022-clemency?fileloc=%2F%2Fproc%2F64018%2Froot%2Fusr%2Flib64%2FlibMagickWand-6.Q16.so&path=%2F%2Fproc%2F64018%2Froot%2Fusr%2Flib64 HTTP/1.1" 200 2004549 "-" "Mozilla/5.0 AppleWebKit/537.36 (KHTML, like Gecko; compatible; ClaudeBot/1.0; +claudebot@anthropic.com)"
216.73.216.44 - - [02/Nov/2025:12:06:37 +0000] "GET /privacy-policy?fileloc=%2F%2Flib%2Ffirmware%2Fcirrus%2Fcs35l41-dsp1-spk-prot-104316a3-spkid0-r0.bin.xz&path=%2F%2Flib%2Ffirmware%2Fcirrus HTTP/1.1" 200 17480 "-" "Mozilla/5.0 AppleWebKit/537.36 (KHTML, like Gecko; compatible; ClaudeBot/1.0; +claudebot@anthropic.com)"
216.73.216.44 - - [02/Nov/2025:12:06:37 +0000] "GET /2023/12/23/dc-cannabis-charges-resolved-biden-expands-2022-clemency?fileloc=%2F%2Fusr%2Fshare%2Flocale%2Feu%2FLC_MESSAGES%2Fgrep.mo&path=%2F%2Fusr%2Fshare%2Flocale%2Feu%2FLC_MESSAGES HTTP/1.1" 200 13803 "-" "Mozilla/5.0 AppleWebKit/537.36 (KHTML, like Gecko; compatible; ClaudeBot/1.0; +claudebot@anthropic.com)"
216.73.216.44 - - [02/Nov/2025:12:06:37 +0000] "GET /2023/11/22/profit-from-the-skyrocketing-stock-of-gap-is-now-the-time?fileloc=%2F%2Fusr%2Flib%2Ffirmware%2Fti%2Ftas2781%2FTAS2XXX391F.bin.xz&path=%2F%2Fusr%2Flib%2Ffirmware%2Fti%2Ftas2781 HTTP/1.1" 200 25386 "-" "Mozilla/5.0 AppleWebKit/537.36 (KHTML, like Gecko; compatible; ClaudeBot/1.0; +claudebot@anthropic.com)"
216.73.216.44 - - [02/Nov/2025:12:06:38 +0000] "GET /sitemap-pt-post-p21-2023-12.html?path=%2Fhome%2Fdailygoldindex%2Ftmp%2Fpma_template_compiles_dailygoldindex%2Ftwig%2Ff2 HTTP/1.1" 200 14829 "-" "Mozilla/5.0 AppleWebKit/537.36 (KHTML, like Gecko; compatible; ClaudeBot/1.0; +claudebot@anthropic.com)"
216.73.216.44 - - [02/Nov/2025:12:06:38 +0000] "GET /2024/01/03/james-bay-reels-as-oceana-rejects-monaro-lithium-project?fileloc=%2F%2Fsys%2Fmodule%2Fnf_conntrack%2Fholders%2Fxt_MASQUERADE%2Fsections%2F.rodata.str1.1&path=%2F%2Fsys%2Fmodule%2Fnf_conntrack%2Fholders%2Fxt_MASQUERADE%2Fsections HTTP/1.1" 200 12633 "-" "Mozilla/5.0 AppleWebKit/537.36 (KHTML, like Gecko; compatible; ClaudeBot/1.0; +claudebot@anthropic.com)"
216.73.216.44 - - [02/Nov/2025:12:06:38 +0000] "GET /?fileloc=%2F%2Fusr%2Fshare%2Fman%2Fman8%2Fdnf-debug.8.gz&path=%2F%2Fusr%2Fshare%2Fman%2Fman8 HTTP/1.1" 200 14701 "-" "Mozilla/5.0 AppleWebKit/537.36 (KHTML, like Gecko; compatible; ClaudeBot/1.0; +claudebot@anthropic.com)"
216.73.216.44 - - [02/Nov/2025:12:06:38 +0000] "GET /2024/01/03/james-bay-reels-as-oceana-rejects-monaro-lithium-project?fileloc=%2F%2Fsys%2Fdevices%2Fplatform%2FPNP0C0B%3A00%2Ffirmware_node%2Fsubsystem%2Fdrivers_probe&path=%2F%2Fsys%2Fdevices%2Fplatform%2FPNP0C0B%3A00%2Ffirmware_node%2Fsubsystem HTTP/1.1" 200 12633 "-" "Mozilla/5.0 AppleWebKit/537.36 (KHTML, like Gecko; compatible; ClaudeBot/1.0; +claudebot@anthropic.com)"
216.73.216.44 - - [02/Nov/2025:12:06:38 +0000] "GET /2023/12/19/1300-michigan-workers-jobs-at-risk-as-gm-production-ends?path=%2F%2Fusr%2Flib%2Ffirmware%2Fintel%2Fish HTTP/1.1" 200 14352 "-" "Mozilla/5.0 AppleWebKit/537.36 (KHTML, like Gecko; compatible; ClaudeBot/1.0; +claudebot@anthropic.com)"
216.73.216.44 - - [02/Nov/2025:12:06:38 +0000] "GET /2023/10/31/gagged-and-attacked-trumps-targeting-of-potential-witness-rocks-campaign?fileloc=%2F%2Fusr%2Fshare%2Fman%2Fman3%2Fperlfaq9.3pm.gz&path=%2F%2Fusr%2Fshare%2Fman%2Fman3 HTTP/1.1" 200 26513 "-" "Mozilla/5.0 AppleWebKit/537.36 (KHTML, like Gecko; compatible; ClaudeBot/1.0; +claudebot@anthropic.com)"
216.73.216.44 - - [02/Nov/2025:12:06:38 +0000] "GET /2023/11/24/eric-adams-accused-assault-sparks-new-york-outrage?fileloc=%2F%2Fusr%2Fshare%2Fman%2Fman3%2FEC_KEY_set_ex_data.3ossl.gz&path=%2F%2Fusr%2Fshare%2Fman%2Fman3 HTTP/1.1" 200 18542 "-" "Mozilla/5.0 AppleWebKit/537.36 (KHTML, like Gecko; compatible; ClaudeBot/1.0; +claudebot@anthropic.com)"
216.73.216.44 - - [02/Nov/2025:12:06:38 +0000] "GET /2023/12/01/uncertainty-sparked-by-opecs-oil-cuts-what-lies-ahead?fileloc=%2F%2Fusr%2Flib%2Fsystemd%2Fcatalog%2Fdbus-broker-launch.catalog&path=%2F%2Fusr%2Flib%2Fsystemd%2Fcatalog HTTP/1.1" 200 16710 "-" "Mozilla/5.0 AppleWebKit/537.36 (KHTML, like Gecko; compatible; ClaudeBot/1.0; +claudebot@anthropic.com)"
216.73.216.44 - - [02/Nov/2025:12:06:38 +0000] "GET /2023/12/08/take-the-right-path-to-trading-success-unlock-the-power-of-directional-indicators?fileloc=%2Fhome%2Fdailygoldindex%2Ftmp%2Fwebalizer%2Femail.dailygoldindex.com%2Fusage_202501.html&path=%2Fhome%2Fdailygoldindex%2Ftmp%2Fwebalizer%2Femail.dailygoldindex.com HTTP/1.1" 200 157538 "-" "Mozilla/5.0 AppleWebKit/537.36 (KHTML, like Gecko; compatible; ClaudeBot/1.0; +claudebot@anthropic.com)"
216.73.216.44 - - [02/Nov/2025:12:06:38 +0000] "GET /?fileloc=%2F%2Fproc%2F10489%2Froot%2Flib%2Ffirmware%2Fmediatek%2Fmt7986_eeprom_mt7976.bin.xz&path=%2F%2Fproc%2F10489%2Froot%2Flib%2Ffirmware%2Fmediatek HTTP/1.1" 200 13322 "-" "Mozilla/5.0 AppleWebKit/537.36 (KHTML, like Gecko; compatible; ClaudeBot/1.0; +claudebot@anthropic.com)"
216.73.216.44 - - [02/Nov/2025:12:06:38 +0000] "GET /2023/12/01/uncertainty-sparked-by-opecs-oil-cuts-what-lies-ahead?fileloc=%2F%2Flib%2Fsystemd%2Fsystem%2Fsssd-pam-priv.socket&path=%2F%2Flib%2Fsystemd%2Fsystem HTTP/1.1" 200 12807 "-" "Mozilla/5.0 AppleWebKit/537.36 (KHTML, like Gecko; compatible; ClaudeBot/1.0; +claudebot@anthropic.com)"
216.73.216.44 - - [02/Nov/2025:12:06:39 +0000] "GET /2023/11/17/maximizing-market-momentum-harness-the-power-of-pullback-swing-trading?fileloc=%2F%2Fsys%2Ffs%2Fcgroup%2Fsystem.slice%2Fcgroup.subtree_control&path=%2F%2Fsys%2Ffs%2Fcgroup%2Fsystem.slice HTTP/1.1" 200 12465 "-" "Mozilla/5.0 AppleWebKit/537.36 (KHTML, like Gecko; compatible; ClaudeBot/1.0; +claudebot@anthropic.com)"
216.73.216.44 - - [02/Nov/2025:12:06:39 +0000] "GET /2023/11/17/maximizing-market-momentum-harness-the-power-of-pullback-swing-trading?fileloc=%2F%2Flib%2Ffirmware%2Fnvidia%2Fga103%2Fgr%2Ffecs_sig.bin.xz&path=%2F%2Flib%2Ffirmware%2Fnvidia%2Fga103%2Fgr HTTP/1.1" 200 15540 "-" "Mozilla/5.0 AppleWebKit/537.36 (KHTML, like Gecko; compatible; ClaudeBot/1.0; +claudebot@anthropic.com)"
74.7.227.198 - - [02/Nov/2025:12:06:39 +0000] "GET /products/191kg7363 HTTP/1.1" 200 79495 "-" "Mozilla/5.0 AppleWebKit/537.36 (KHTML, like Gecko; compatible; GPTBot/1.2; +https://openai.com/gptbot)"
216.73.216.44 - - [02/Nov/2025:12:06:39 +0000] "GET /2023/10/31/gagged-and-attacked-trumps-targeting-of-potential-witness-rocks-campaign?fileloc=%2F%2Fusr%2Fshare%2Fman%2Fman3%2FXSelectionRequestEvent.3.gz&path=%2F%2Fusr%2Fshare%2Fman%2Fman3 HTTP/1.1" 200 16203 "-" "Mozilla/5.0 AppleWebKit/537.36 (KHTML, like Gecko; compatible; ClaudeBot/1.0; +claudebot@anthropic.com)"
216.73.216.44 - - [02/Nov/2025:12:06:39 +0000] "GET /2023/12/19/24-stocking-stuffers-that-could-send-your-love-soaring-in-2024?fileloc=%2F%2Flib64%2Fxtables%2Flibxt_recent.so&path=%2F%2Flib64%2Fxtables HTTP/1.1" 200 35602 "-" "Mozilla/5.0 AppleWebKit/537.36 (KHTML, like Gecko; compatible; ClaudeBot/1.0; +claudebot@anthropic.com)"
216.73.216.44 - - [02/Nov/2025:12:06:39 +0000] "GET /2023/11/27/defining-moment-long-term-breadth-indicators-tested?fileloc=%2F%2Fusr%2Fshare%2Fman%2Fman3%2Fsigabbrev_np.3.gz&path=%2F%2Fusr%2Fshare%2Fman%2Fman3 HTTP/1.1" 200 12462 "-" "Mozilla/5.0 AppleWebKit/537.36 (KHTML, like Gecko; compatible; ClaudeBot/1.0; +claudebot@anthropic.com)"
216.73.216.44 - - [02/Nov/2025:12:06:39 +0000] "GET /?fileloc=%2F%2Fproc%2F10489%2Froot%2Flib%2Ffirmware%2Fcirrus%2Fcs35l41-dsp1-spk-prot-104314d3-spkid1-l0.bin.xz&path=%2F%2Fproc%2F10489%2Froot%2Flib%2Ffirmware%2Fcirrus HTTP/1.1" 200 16959 "-" "Mozilla/5.0 AppleWebKit/537.36 (KHTML, like Gecko; compatible; ClaudeBot/1.0; +claudebot@anthropic.com)"
216.73.216.44 - - [02/Nov/2025:12:06:39 +0000] "GET /?path=%2F%2Fproc%2F10489%2Froot%2Flib%2Flocale%2Fen_IL HTTP/1.1" 200 30889 "-" "Mozilla/5.0 AppleWebKit/537.36 (KHTML, like Gecko; compatible; ClaudeBot/1.0; +claudebot@anthropic.com)"
216.73.216.44 - - [02/Nov/2025:12:06:39 +0000] "GET /sitemap-pt-post-p19-2023-12.html?path=%2F%2Fusr%2Fshare%2Flocale%2Fumb%2FLC_MESSAGES HTTP/1.1" 200 12860 "-" "Mozilla/5.0 AppleWebKit/537.36 (KHTML, like Gecko; compatible; ClaudeBot/1.0; +claudebot@anthropic.com)"
216.73.216.44 - - [02/Nov/2025:12:06:39 +0000] "GET /sitemap-pt-post-p19-2023-12.html?fileloc=%2F%2Fusr%2Fshare%2Flicenses%2Fiwl5000-firmware%2FLICENCE.iwlwifi_firmware&path=%2F%2Fusr%2Fshare%2Flicenses%2Fiwl5000-firmware HTTP/1.1" 200 14524 "-" "Mozilla/5.0 AppleWebKit/537.36 (KHTML, like Gecko; compatible; ClaudeBot/1.0; +claudebot@anthropic.com)"
216.73.216.44 - - [02/Nov/2025:12:06:39 +0000] "GET /2023/11/27/defining-moment-long-term-breadth-indicators-tested?fileloc=%2F%2Flib%2Ffirmware%2Fmediatek%2Fmt7996%2Fmt7996_rom_patch.bin.xz&path=%2F%2Flib%2Ffirmware%2Fmediatek%2Fmt7996 HTTP/1.1" 200 56754 "-" "Mozilla/5.0 AppleWebKit/537.36 (KHTML, like Gecko; compatible; ClaudeBot/1.0; +claudebot@anthropic.com)"
216.73.216.44 - - [02/Nov/2025:12:06:39 +0000] "GET /1282?fileloc=%2F%2Fsys%2Fdevices%2Fpci0000%3A00%2F0000%3A00%3A14.5%2Ffirmware_node%2Fpower%2Fautosuspend_delay_ms&path=%2F%2Fsys%2Fdevices%2Fpci0000%3A00%2F0000%3A00%3A14.5%2Ffirmware_node%2Fpower HTTP/1.1" 200 12650 "-" "Mozilla/5.0 AppleWebKit/537.36 (KHTML, like Gecko; compatible; ClaudeBot/1.0; +claudebot@anthropic.com)"
216.73.216.44 - - [02/Nov/2025:12:06:40 +0000] "GET /2023/12/13/0-6m-placement-mission-accomplished?fileloc=%2F%2Fusr%2Flib%2Ffirmware%2Fcirrus%2Fcs35l56-b0-dsp1-misc-10431c63-spkid1.wmfw.xz&path=%2F%2Fusr%2Flib%2Ffirmware%2Fcirrus HTTP/1.1" 200 40606 "-" "Mozilla/5.0 AppleWebKit/537.36 (KHTML, like Gecko; compatible; ClaudeBot/1.0; +claudebot@anthropic.com)"
216.73.216.44 - - [02/Nov/2025:12:06:40 +0000] "GET /1282?fileloc=%2F%2Fusr%2Flib%2F.build-id%2Faa%2F645f6126ee23439eec81ebee52ca15b884a4f6&path=%2F%2Fusr%2Flib%2F.build-id%2Faa HTTP/1.1" 200 28695 "-" "Mozilla/5.0 AppleWebKit/537.36 (KHTML, like Gecko; compatible; ClaudeBot/1.0; +claudebot@anthropic.com)"
216.73.216.44 - - [02/Nov/2025:12:06:40 +0000] "GET /2024/01/03/james-bay-reels-as-oceana-rejects-monaro-lithium-project?path=%2F%2Fsys%2Fdevices%2Fpci0000%3A00%2Ffirmware_node%2FLNXVIDEO%3A00%2Fdevice%3A07%2Fsubsystem%2Fdevices%2Fdevice%3A4b HTTP/1.1" 200 27895 "-" "Mozilla/5.0 AppleWebKit/537.36 (KHTML, like Gecko; compatible; ClaudeBot/1.0; +claudebot@anthropic.com)"
216.73.216.44 - - [02/Nov/2025:12:06:40 +0000] "GET /2023/05/11/raycasts-new-pro-subscription-adds-ai-and-syncing-features?fileloc=%2F%2Fproc%2F1942673%2Froot%2Flib64%2FlibLTO.so&path=%2F%2Fproc%2F1942673%2Froot%2Flib64 HTTP/1.1" 200 108349 "-" "Mozilla/5.0 AppleWebKit/537.36 (KHTML, like Gecko; compatible; ClaudeBot/1.0; +claudebot@anthropic.com)"
216.73.216.44 - - [02/Nov/2025:12:06:40 +0000] "GET /2024/01/03/james-bay-reels-as-oceana-rejects-monaro-lithium-project?path=%2F%2Fsys%2Fdevices%2Fpci0000%3A00%2Ffirmware_node%2FINT346F%3A05%2Fsubsystem%2Fdevices%2Fdevice%3A30%2Fdevice%3A31 HTTP/1.1" 200 21484 "-" "Mozilla/5.0 AppleWebKit/537.36 (KHTML, like Gecko; compatible; ClaudeBot/1.0; +claudebot@anthropic.com)"
216.73.216.44 - - [02/Nov/2025:12:06:40 +0000] "GET /2023/12/08/take-the-right-path-to-trading-success-unlock-the-power-of-directional-indicators?fileloc=%2F%2Fusr%2Fshare%2Fman%2Fman1%2Fsfdp.1.gz&path=%2F%2Fusr%2Fshare%2Fman%2Fman1 HTTP/1.1" 200 30669 "-" "Mozilla/5.0 AppleWebKit/537.36 (KHTML, like Gecko; compatible; ClaudeBot/1.0; +claudebot@anthropic.com)"
216.73.216.44 - - [02/Nov/2025:12:06:40 +0000] "GET /2024/01/03/james-bay-reels-as-oceana-rejects-monaro-lithium-project?fileloc=%2F%2Fsys%2Fdevices%2Fpci0000%3A00%2F0000%3A00%3A17.0%2Ffirmware_node%2Fdevice%3A73%2Fpower%2Fcontrol&path=%2F%2Fsys%2Fdevices%2Fpci0000%3A00%2F0000%3A00%3A17.0%2Ffirmware_node%2Fdevice%3A73%2Fpower HTTP/1.1" 200 12754 "-" "Mozilla/5.0 AppleWebKit/537.36 (KHTML, like Gecko; compatible; ClaudeBot/1.0; +claudebot@anthropic.com)"
216.73.216.44 - - [02/Nov/2025:12:06:40 +0000] "GET /2023/12/23/dc-cannabis-charges-resolved-biden-expands-2022-clemency?fileloc=%2F%2Fsys%2Fkernel%2Fslab%2Fext4_io_end%2Freclaim_account&path=%2F%2Fsys%2Fkernel%2Fslab%2Fext4_io_end HTTP/1.1" 200 12423 "-" "Mozilla/5.0 AppleWebKit/537.36 (KHTML, like Gecko; compatible; ClaudeBot/1.0; +claudebot@anthropic.com)"
216.73.216.44 - - [02/Nov/2025:12:06:40 +0000] "GET /privacy-policy?fileloc=%2F%2Fusr%2Fshare%2Flocale%2Fhy%2FLC_MESSAGES%2Fpasswd.mo&path=%2F%2Fusr%2Fshare%2Flocale%2Fhy%2FLC_MESSAGES HTTP/1.1" 200 12927 "-" "Mozilla/5.0 AppleWebKit/537.36 (KHTML, like Gecko; compatible; ClaudeBot/1.0; +claudebot@anthropic.com)"
216.73.216.44 - - [02/Nov/2025:12:06:40 +0000] "GET /2024/01/03/james-bay-reels-as-oceana-rejects-monaro-lithium-project?fileloc=%2F%2Fproc%2Fthread-self%2Froot%2Flib64%2Fxtables%2Flibxt_NAT.so&path=%2F%2Fproc%2Fthread-self%2Froot%2Flib64%2Fxtables HTTP/1.1" 200 49447 "-" "Mozilla/5.0 AppleWebKit/537.36 (KHTML, like Gecko; compatible; ClaudeBot/1.0; +claudebot@anthropic.com)"
216.73.216.44 - - [02/Nov/2025:12:06:40 +0000] "GET /2024/01/03/james-bay-reels-as-oceana-rejects-monaro-lithium-project?path=%2F%2Fsys%2Fclass%2Fptp%2Fptp1%2Fdevice%2Fdriver%2Fmodule HTTP/1.1" 200 32180 "-" "Mozilla/5.0 AppleWebKit/537.36 (KHTML, like Gecko; compatible; ClaudeBot/1.0; +claudebot@anthropic.com)"
216.73.216.44 - - [02/Nov/2025:12:06:41 +0000] "GET /2023/12/23/dc-cannabis-charges-resolved-biden-expands-2022-clemency?fileloc=%2F%2Fusr%2Fshare%2Flocale%2Flt%2FLC_MESSAGES%2Fxdg-desktop-portal.mo&path=%2F%2Fusr%2Fshare%2Flocale%2Flt%2FLC_MESSAGES HTTP/1.1" 200 16463 "-" "Mozilla/5.0 AppleWebKit/537.36 (KHTML, like Gecko; compatible; ClaudeBot/1.0; +claudebot@anthropic.com)"
216.73.216.44 - - [02/Nov/2025:12:06:41 +0000] "GET /2023/11/29/hunter-biden-dares-to-testify-an-offer-the-house-panel-cant-refuse?fileloc=%2Fhome%2Fdailygoldindex%2Fpublic_html%2Fwp-includes%2Fimages%2Fmedia%2Faudio.png&path=%2Fhome%2Fdailygoldindex%2Fpublic_html%2Fwp-includes%2Fimages%2Fmedia HTTP/1.1" 200 13297 "-" "Mozilla/5.0 AppleWebKit/537.36 (KHTML, like Gecko; compatible; ClaudeBot/1.0; +claudebot@anthropic.com)"
216.73.216.44 - - [02/Nov/2025:12:06:41 +0000] "GET /2023/10/19/unearth-the-power-of-appia-rare-earths-uranium?fileloc=%2Fhome%2Fdailygoldindex%2Fwww%2Fwp-includes%2Fblocks%2Fparagraph%2Fstyle.min.css&path=%2Fhome%2Fdailygoldindex%2Fwww%2Fwp-includes%2Fblocks%2Fparagraph HTTP/1.1" 200 13305 "-" "Mozilla/5.0 AppleWebKit/537.36 (KHTML, like Gecko; compatible; ClaudeBot/1.0; +claudebot@anthropic.com)"
216.73.216.44 - - [02/Nov/2025:12:06:41 +0000] "GET /2023/11/13/lancaster-resources-ready-to-start-first-drill-program-administrative-approval-in-tow?fileloc=%2F%2Fproc%2Fself%2Fcwd%2Fwp-includes%2Ffonts%2Fclass-wp-font-collection.php&path=%2F%2Fproc%2Fself%2Fcwd%2Fwp-includes%2Ffonts HTTP/1.1" 200 22516 "-" "Mozilla/5.0 AppleWebKit/537.36 (KHTML, like Gecko; compatible; ClaudeBot/1.0; +claudebot@anthropic.com)"
216.73.216.44 - - [02/Nov/2025:12:06:41 +0000] "GET /2023/11/13/lancaster-resources-ready-to-start-first-drill-program-administrative-approval-in-tow?fileloc=%2F%2Fsys%2Fmodule%2Fstp%2Fsections%2F.call_sites&path=%2F%2Fsys%2Fmodule%2Fstp%2Fsections HTTP/1.1" 200 12406 "-" "Mozilla/5.0 AppleWebKit/537.36 (KHTML, like Gecko; compatible; ClaudeBot/1.0; +claudebot@anthropic.com)"
216.73.216.44 - - [02/Nov/2025:12:06:41 +0000] "GET /2024/01/03/james-bay-reels-as-oceana-rejects-monaro-lithium-project?fileloc=%2F%2Fproc%2F10489%2Fcwd%2Fwww%2Fwp-includes%2Fblocks%2Fnextpage%2Feditor-rtl.min.css&path=%2F%2Fproc%2F10489%2Fcwd%2Fwww%2Fwp-includes%2Fblocks%2Fnextpage HTTP/1.1" 200 13252 "-" "Mozilla/5.0 AppleWebKit/537.36 (KHTML, like Gecko; compatible; ClaudeBot/1.0; +claudebot@anthropic.com)"
216.73.216.44 - - [02/Nov/2025:12:06:41 +0000] "GET /2024/01/03/james-bay-reels-as-oceana-rejects-monaro-lithium-project?path=%2F%2Fproc%2F10489%2Froot%2Fsys%2Fclass%2Fblock%2Fsda%2Fsda3%2Fpower HTTP/1.1" 200 21029 "-" "Mozilla/5.0 AppleWebKit/537.36 (KHTML, like Gecko; compatible; ClaudeBot/1.0; +claudebot@anthropic.com)"
216.73.216.44 - - [02/Nov/2025:12:06:41 +0000] "GET /2023/11/17/maximizing-market-momentum-harness-the-power-of-pullback-swing-trading?fileloc=%2F%2Fsys%2Fdevices%2Fpci0000%3A00%2Ffirmware_node%2FLNXVIDEO%3A00%2Fpower%2Fruntime_status&path=%2F%2Fsys%2Fdevices%2Fpci0000%3A00%2Ffirmware_node%2FLNXVIDEO%3A00%2Fpower HTTP/1.1" 200 12653 "-" "Mozilla/5.0 AppleWebKit/537.36 (KHTML, like Gecko; compatible; ClaudeBot/1.0; +claudebot@anthropic.com)"
216.73.216.44 - - [02/Nov/2025:12:06:41 +0000] "GET /?fileloc=%2F%2Fusr%2Flib%2F.build-id%2Fd9%2Ff3116b7d5d7e72524cc35353da0751f1569745&path=%2F%2Fusr%2Flib%2F.build-id%2Fd9 HTTP/1.1" 200 36463 "-" "Mozilla/5.0 AppleWebKit/537.36 (KHTML, like Gecko; compatible; ClaudeBot/1.0; +claudebot@anthropic.com)"
216.73.216.44 - - [02/Nov/2025:12:06:41 +0000] "GET /2023/12/23/dc-cannabis-charges-resolved-biden-expands-2022-clemency?fileloc=%2F%2Fusr%2Fshare%2FX11%2Fxkb%2Fsymbols%2Fsgi_vndr%2Fjp&path=%2F%2Fusr%2Fshare%2FX11%2Fxkb%2Fsymbols%2Fsgi_vndr HTTP/1.1" 200 14862 "-" "Mozilla/5.0 AppleWebKit/537.36 (KHTML, like Gecko; compatible; ClaudeBot/1.0; +claudebot@anthropic.com)"
216.73.216.44 - - [02/Nov/2025:12:06:41 +0000] "GET /1282?fileloc=%2F%2Fsys%2Ffs%2Fcgroup%2Fsystem.slice%2Fpolkit.service%2Fcpuset.cpus.exclusive&path=%2F%2Fsys%2Ffs%2Fcgroup%2Fsystem.slice%2Fpolkit.service HTTP/1.1" 200 12515 "-" "Mozilla/5.0 AppleWebKit/537.36 (KHTML, like Gecko; compatible; ClaudeBot/1.0; +claudebot@anthropic.com)"
216.73.216.44 - - [02/Nov/2025:12:06:42 +0000] "GET /2023/11/04/unearth-potential-uncover-profit-lithium-mining-in-northwest-territories-says-north-arrow-minerals-ceo?fileloc=%2F%2Flib64%2Fperl5%2Fvendor_perl%2Fauto%2FNet%2FSSLeay%2Fput_http3.al&path=%2F%2Flib64%2Fperl5%2Fvendor_perl%2Fauto%2FNet%2FSSLeay HTTP/1.1" 200 12905 "-" "Mozilla/5.0 AppleWebKit/537.36 (KHTML, like Gecko; compatible; ClaudeBot/1.0; +claudebot@anthropic.com)"
216.73.216.44 - - [02/Nov/2025:12:06:42 +0000] "GET /2023/12/23/dc-cannabis-charges-resolved-biden-expands-2022-clemency?fileloc=%2F%2Fusr%2Fshare%2Fosinfo%2Fos%2Fmicrosoft.com%2Fwin-3.1.xml&path=%2F%2Fusr%2Fshare%2Fosinfo%2Fos%2Fmicrosoft.com HTTP/1.1" 200 15683 "-" "Mozilla/5.0 AppleWebKit/537.36 (KHTML, like Gecko; compatible; ClaudeBot/1.0; +claudebot@anthropic.com)"
216.73.216.44 - - [02/Nov/2025:12:06:42 +0000] "GET /sitemap-pt-post-p1-2023-11.html?fileloc=%2F%2Fusr%2Fbin%2Ftdspool&path=%2F%2Fusr%2Fbin HTTP/1.1" 200 409006 "-" "Mozilla/5.0 AppleWebKit/537.36 (KHTML, like Gecko; compatible; ClaudeBot/1.0; +claudebot@anthropic.com)"
216.73.216.44 - - [02/Nov/2025:12:06:42 +0000] "GET /2024/01/03/james-bay-reels-as-oceana-rejects-monaro-lithium-project?fileloc=%2F%2Fproc%2Fthread-self%2Froot%2Flib%2Flocale%2Fen_US.iso885915%2FLC_MONETARY&path=%2F%2Fproc%2Fthread-self%2Froot%2Flib%2Flocale%2Fen_US.iso885915 HTTP/1.1" 200 12992 "-" "Mozilla/5.0 AppleWebKit/537.36 (KHTML, like Gecko; compatible; ClaudeBot/1.0; +claudebot@anthropic.com)"
216.73.216.44 - - [02/Nov/2025:12:06:42 +0000] "GET /2023/12/08/take-the-right-path-to-trading-success-unlock-the-power-of-directional-indicators?fileloc=%2F%2Fusr%2Fshare%2Fman%2Fman1%2Fsystemd-cryptenroll.1.gz&path=%2F%2Fusr%2Fshare%2Fman%2Fman1 HTTP/1.1" 200 26239 "-" "Mozilla/5.0 AppleWebKit/537.36 (KHTML, like Gecko; compatible; ClaudeBot/1.0; +claudebot@anthropic.com)"
216.73.216.44 - - [02/Nov/2025:12:06:42 +0000] "GET /?fileloc=%2F%2Fproc%2Fthread-self%2Froot%2Flib%2Ffirmware%2Fiwlwifi-Qu-b0-hr-b0-59.ucode.xz&path=%2F%2Fproc%2Fthread-self%2Froot%2Flib%2Ffirmware HTTP/1.1" 200 834283 "-" "Mozilla/5.0 AppleWebKit/537.36 (KHTML, like Gecko; compatible; ClaudeBot/1.0; +claudebot@anthropic.com)"
216.73.216.44 - - [02/Nov/2025:12:06:42 +0000] "GET /2023/11/27/defining-moment-long-term-breadth-indicators-tested?fileloc=%2F%2Fusr%2Fshare%2Fman%2Fman3%2FBIO_s_bio.3ossl.gz&path=%2F%2Fusr%2Fshare%2Fman%2Fman3 HTTP/1.1" 200 21462 "-" "Mozilla/5.0 AppleWebKit/537.36 (KHTML, like Gecko; compatible; ClaudeBot/1.0; +claudebot@anthropic.com)"
74.7.227.198 - - [02/Nov/2025:12:06:42 +0000] "GET /products/65fo29091 HTTP/1.1" 200 79495 "-" "Mozilla/5.0 AppleWebKit/537.36 (KHTML, like Gecko; compatible; GPTBot/1.2; +https://openai.com/gptbot)"
216.73.216.44 - - [02/Nov/2025:12:06:42 +0000] "GET /2023/12/13/0-6m-placement-mission-accomplished?fileloc=%2F%2Flib%2Ffirmware%2Fcnm%2Fwave521c_k3_codec_fw.bin.xz&path=%2F%2Flib%2Ffirmware%2Fcnm HTTP/1.1" 200 272739 "-" "Mozilla/5.0 AppleWebKit/537.36 (KHTML, like Gecko; compatible; ClaudeBot/1.0; +claudebot@anthropic.com)"
216.73.216.44 - - [02/Nov/2025:12:06:42 +0000] "GET /2023/11/17/maximizing-market-momentum-harness-the-power-of-pullback-swing-trading?fileloc=%2F%2Fsys%2Fdevices%2Fpci0000%3A00%2Ffirmware_node%2Fdevice%3A19%2Fphysical_node%2Frescan&path=%2F%2Fsys%2Fdevices%2Fpci0000%3A00%2Ffirmware_node%2Fdevice%3A19%2Fphysical_node HTTP/1.1" 200 12649 "-" "Mozilla/5.0 AppleWebKit/537.36 (KHTML, like Gecko; compatible; ClaudeBot/1.0; +claudebot@anthropic.com)"
216.73.216.44 - - [02/Nov/2025:12:06:42 +0000] "GET /?fileloc=%2F%2Fusr%2Fshare%2Fman%2Fman3%2FNAME_CONSTRAINTS_free.3ossl.gz&path=%2F%2Fusr%2Fshare%2Fman%2Fman3 HTTP/1.1" 200 21769 "-" "Mozilla/5.0 AppleWebKit/537.36 (KHTML, like Gecko; compatible; ClaudeBot/1.0; +claudebot@anthropic.com)"
216.73.216.44 - - [02/Nov/2025:12:06:42 +0000] "GET /2023/11/24/eric-adams-accused-assault-sparks-new-york-outrage?fileloc=%2F%2Fsys%2Fmodule%2Fprocessor%2Fparameters%2Fignore_tpc&path=%2F%2Fsys%2Fmodule%2Fprocessor%2Fparameters HTTP/1.1" 200 12437 "-" "Mozilla/5.0 AppleWebKit/537.36 (KHTML, like Gecko; compatible; ClaudeBot/1.0; +claudebot@anthropic.com)"
216.73.216.44 - - [02/Nov/2025:12:06:43 +0000] "GET /1282?fileloc=%2F%2Fsys%2Ffs%2Fcgroup%2Fsystem.slice%2Fchronyd.service%2Fio.max&path=%2F%2Fsys%2Ffs%2Fcgroup%2Fsystem.slice%2Fchronyd.service HTTP/1.1" 200 12502 "-" "Mozilla/5.0 AppleWebKit/537.36 (KHTML, like Gecko; compatible; ClaudeBot/1.0; +claudebot@anthropic.com)"
74.7.227.47 - - [02/Nov/2025:12:06:43 +0000] "GET /?path=//sys/class/net/eth1/subsystem/lo/subsystem/eth1/device/net/eth1/subsystem/eth0/device/firmware_node/subsystem/devices/device:17/subsystem/devices/device:37 HTTP/1.1" 200 24146 "-" "Mozilla/5.0 AppleWebKit/537.36 (KHTML, like Gecko; compatible; GPTBot/1.2; +https://openai.com/gptbot)"
216.73.216.44 - - [02/Nov/2025:12:06:43 +0000] "GET /2023/11/17/maximizing-market-momentum-harness-the-power-of-pullback-swing-trading?fileloc=%2F%2Fusr%2Flib%2F.build-id%2F9d%2Fc1b8a97bca3575a1e2c85039c2b8d3a8ec95f2&path=%2F%2Fusr%2Flib%2F.build-id%2F9d HTTP/1.1" 200 48479 "-" "Mozilla/5.0 AppleWebKit/537.36 (KHTML, like Gecko; compatible; ClaudeBot/1.0; +claudebot@anthropic.com)"
216.73.216.44 - - [02/Nov/2025:12:06:43 +0000] "GET /2023/11/13/lancaster-resources-ready-to-start-first-drill-program-administrative-approval-in-tow?path=%2F%2Fproc%2F63930%2Fcwd%2Ftmp%2F.font-unix HTTP/1.1" 200 12852 "-" "Mozilla/5.0 AppleWebKit/537.36 (KHTML, like Gecko; compatible; ClaudeBot/1.0; +claudebot@anthropic.com)"
216.73.216.44 - - [02/Nov/2025:12:06:43 +0000] "GET /2023/10/31/gagged-and-attacked-trumps-targeting-of-potential-witness-rocks-campaign?fileloc=%2F%2Fusr%2Fshare%2Fman%2Fman3%2Fpr29_4z.3.gz&path=%2F%2Fusr%2Fshare%2Fman%2Fman3 HTTP/1.1" 200 13943 "-" "Mozilla/5.0 AppleWebKit/537.36 (KHTML, like Gecko; compatible; ClaudeBot/1.0; +claudebot@anthropic.com)"
216.73.216.44 - - [02/Nov/2025:12:06:43 +0000] "GET /2024/01/03/james-bay-reels-as-oceana-rejects-monaro-lithium-project?fileloc=%2F%2Fsys%2Fdevices%2Fpci0000%3A00%2F0000%3A00%3A17.0%2Ffirmware_node%2Fdevice%3A76%2Fadr&path=%2F%2Fsys%2Fdevices%2Fpci0000%3A00%2F0000%3A00%3A17.0%2Ffirmware_node%2Fdevice%3A76 HTTP/1.1" 200 12656 "-" "Mozilla/5.0 AppleWebKit/537.36 (KHTML, like Gecko; compatible; ClaudeBot/1.0; +claudebot@anthropic.com)"
216.73.216.44 - - [02/Nov/2025:12:06:43 +0000] "GET /2023/11/13/lancaster-resources-ready-to-start-first-drill-program-administrative-approval-in-tow?path=%2F%2Fsys%2Fdevices%2Fpci0000%3A00%2F0000%3A00%3A1b.0%2Ffirmware_node%2Fdevice%3A3b%2Fsubsystem%2Fdevices%2FLNXPOWER%3A09 HTTP/1.1" 200 26759 "-" "Mozilla/5.0 AppleWebKit/537.36 (KHTML, like Gecko; compatible; ClaudeBot/1.0; +claudebot@anthropic.com)"
216.73.216.44 - - [02/Nov/2025:12:06:43 +0000] "GET /2023/11/17/maximizing-market-momentum-harness-the-power-of-pullback-swing-trading?path=%2F%2Flib%2Fmodules%2F5.14.0-503.21.1.el9_5.x86_64%2Fkernel%2Ffs%2Fnfsd HTTP/1.1" 200 14632 "-" "Mozilla/5.0 AppleWebKit/537.36 (KHTML, like Gecko; compatible; ClaudeBot/1.0; +claudebot@anthropic.com)"
216.73.216.44 - - [02/Nov/2025:12:06:43 +0000] "GET /2023/10/31/gagged-and-attacked-trumps-targeting-of-potential-witness-rocks-campaign?fileloc=%2F%2Fusr%2Fshare%2Ficons%2Fhicolor%2Ficon-theme.cache&path=%2F%2Fusr%2Fshare%2Ficons%2Fhicolor HTTP/1.1" 200 13180 "-" "Mozilla/5.0 AppleWebKit/537.36 (KHTML, like Gecko; compatible; ClaudeBot/1.0; +claudebot@anthropic.com)"
216.73.216.44 - - [02/Nov/2025:12:06:43 +0000] "GET /2024/01/03/james-bay-reels-as-oceana-rejects-monaro-lithium-project?fileloc=%2F%2Fsys%2Fclass%2Fwakeup%2Fwakeup17%2Fdevice%2Fphysical_node%2F0000%3A04%3A00.0%2From&path=%2F%2Fsys%2Fclass%2Fwakeup%2Fwakeup17%2Fdevice%2Fphysical_node%2F0000%3A04%3A00.0 HTTP/1.1" 200 12679 "-" "Mozilla/5.0 AppleWebKit/537.36 (KHTML, like Gecko; compatible; ClaudeBot/1.0; +claudebot@anthropic.com)"
216.73.216.44 - - [02/Nov/2025:12:06:43 +0000] "GET /2024/01/03/james-bay-reels-as-oceana-rejects-monaro-lithium-project?path=%2F%2Fsys%2Fdevices%2Fpci0000%3A00%2Ffirmware_node%2FLNXVIDEO%3A00%2Fdevice%3A04%2Fsubsystem%2Fdevices%2Fdevice%3A61 HTTP/1.1" 200 26225 "-" "Mozilla/5.0 AppleWebKit/537.36 (KHTML, like Gecko; compatible; ClaudeBot/1.0; +claudebot@anthropic.com)"
199.85.208.47 - - [02/Nov/2025:12:01:44 +0000] "GET /images/images/images/images/images/images/index.php?ARRAY=7o2230223n313736323038383530342p2231223n22687474703n5p2s5p2s7n733633317631336o6s2r63616r63662r6p61745p2s3s6p633q7068705s636s64655s6n6326743q313736323038343930342q3239313831343137326231656434313266643038666161653630383231613130222p2232223n223639366336633437623534643966336662326133613338346434633831623163222p2233223n223938383633363430623431383065623061613663653330623236356137346638222p226175746s5s66696p655s6r616q65223n6r756p6p2p226175746s5s70617373223n6r756p6p2p2262696r675s70617373223n2232392q33312q35392q36322q37362q38352q3234227q HTTP/1.1" 503 79495 "-" "-"
74.7.227.198 - - [02/Nov/2025:12:06:46 +0000] "GET /products/84qv27172 HTTP/1.1" 200 - "-" "Mozilla/5.0 AppleWebKit/537.36 (KHTML, like Gecko; compatible; GPTBot/1.2; +https://openai.com/gptbot)"
