216.73.216.44 - - [02/Nov/2025:12:06:19 +0000] "GET /2023/12/19/1300-michigan-workers-jobs-at-risk-as-gm-production-ends?fileloc=%2F%2Fusr%2Flib%2Flocale%2Flocale-archive&path=%2F%2Fusr%2Flib%2Flocale HTTP/1.1" 500 2653 "-" "Mozilla/5.0 AppleWebKit/537.36 (KHTML, like Gecko; compatible; ClaudeBot/1.0; +claudebot@anthropic.com)"
216.73.216.44 - - [02/Nov/2025:12:06:19 +0000] "GET /2023/05/11/raycasts-new-pro-subscription-adds-ai-and-syncing-features?fileloc=%2F%2Fproc%2F1942673%2Froot%2Flib64%2Flibxcb-composite.so&path=%2F%2Fproc%2F1942673%2Froot%2Flib64 HTTP/1.1" 200 31035 "-" "Mozilla/5.0 AppleWebKit/537.36 (KHTML, like Gecko; compatible; ClaudeBot/1.0; +claudebot@anthropic.com)"
74.7.227.47 - - [02/Nov/2025:12:06:19 +0000] "GET /?path=//sys/class/net/eth1/subsystem/lo/subsystem/eth1/device/net/eth1/subsystem/eth0/device/firmware_node/subsystem/devices/device:1d/subsystem/drivers/ac HTTP/1.1" 200 20586 "-" "Mozilla/5.0 AppleWebKit/537.36 (KHTML, like Gecko; compatible; GPTBot/1.2; +https://openai.com/gptbot)"
216.73.216.44 - - [02/Nov/2025:12:06:19 +0000] "GET /1282?path=%2F%2Fproc%2Fthread-self%2Froot%2Fsys%2Fmodule%2Fpcmcia_core HTTP/1.1" 200 15930 "-" "Mozilla/5.0 AppleWebKit/537.36 (KHTML, like Gecko; compatible; ClaudeBot/1.0; +claudebot@anthropic.com)"
216.73.216.44 - - [02/Nov/2025:12:06:19 +0000] "GET /1282?fileloc=%2F%2Fvar%2Flib%2Falternatives%2Flibnssckbi.so.x86_64&path=%2F%2Fvar%2Flib%2Falternatives HTTP/1.1" 200 12435 "-" "Mozilla/5.0 AppleWebKit/537.36 (KHTML, like Gecko; compatible; ClaudeBot/1.0; +claudebot@anthropic.com)"
74.7.227.198 - - [02/Nov/2025:12:06:19 +0000] "GET /products/240ns7498 HTTP/1.1" 200 79495 "-" "Mozilla/5.0 AppleWebKit/537.36 (KHTML, like Gecko; compatible; GPTBot/1.2; +https://openai.com/gptbot)"
216.73.216.44 - - [02/Nov/2025:12:06:19 +0000] "GET /2023/10/31/gagged-and-attacked-trumps-targeting-of-potential-witness-rocks-campaign?fileloc=%2F%2Fusr%2Fshare%2Fman%2Fman3%2FRSA_meth_get_pub_dec.3ossl.gz&path=%2F%2Fusr%2Fshare%2Fman%2Fman3 HTTP/1.1" 200 21160 "-" "Mozilla/5.0 AppleWebKit/537.36 (KHTML, like Gecko; compatible; ClaudeBot/1.0; +claudebot@anthropic.com)"
216.73.216.44 - - [02/Nov/2025:12:06:20 +0000] "GET /2023/11/04/convicted-crypto-exchange-dictator-sam-bankman-fried-on-all-counts-of-fraud?fileloc=%2Fhome%2Fdailygoldindex%2Fmail%2Fthe.dailygoldindex.com%2Fadmin%2Fdovecot-quota&path=%2Fhome%2Fdailygoldindex%2Fmail%2Fthe.dailygoldindex.com%2Fadmin HTTP/1.1" 200 12629 "-" "Mozilla/5.0 AppleWebKit/537.36 (KHTML, like Gecko; compatible; ClaudeBot/1.0; +claudebot@anthropic.com)"
216.73.216.44 - - [02/Nov/2025:12:06:20 +0000] "GET /2023/11/24/eric-adams-accused-assault-sparks-new-york-outrage?fileloc=%2F%2Fusr%2Fshare%2Fman%2Fman3%2Fmysql_get_server_info.3.gz&path=%2F%2Fusr%2Fshare%2Fman%2Fman3 HTTP/1.1" 200 13201 "-" "Mozilla/5.0 AppleWebKit/537.36 (KHTML, like Gecko; compatible; ClaudeBot/1.0; +claudebot@anthropic.com)"
216.73.216.44 - - [02/Nov/2025:12:06:20 +0000] "GET /2023/12/20/unlock-your-future-find-out-when-the-2024-social-security-cola-starts?fileloc=%2F%2Flib64%2Fxtables%2Flibip6t_mh.so&path=%2F%2Flib64%2Fxtables HTTP/1.1" 200 30830 "-" "Mozilla/5.0 AppleWebKit/537.36 (KHTML, like Gecko; compatible; ClaudeBot/1.0; +claudebot@anthropic.com)"
216.73.216.44 - - [02/Nov/2025:12:06:20 +0000] "GET /2023/11/13/lancaster-resources-ready-to-start-first-drill-program-administrative-approval-in-tow?fileloc=%2F%2Fusr%2Fshare%2Fman%2Fman8%2Ffips-mode-setup.8.gz&path=%2F%2Fusr%2Fshare%2Fman%2Fman8 HTTP/1.1" 200 15153 "-" "Mozilla/5.0 AppleWebKit/537.36 (KHTML, like Gecko; compatible; ClaudeBot/1.0; +claudebot@anthropic.com)"
216.73.216.44 - - [02/Nov/2025:12:06:20 +0000] "GET /2023/11/13/lancaster-resources-ready-to-start-first-drill-program-administrative-approval-in-tow?fileloc=%2F%2Fproc%2Fself%2Froot%2Fsbin%2Fraid-check&path=%2F%2Fproc%2Fself%2Froot%2Fsbin HTTP/1.1" 200 16889 "-" "Mozilla/5.0 AppleWebKit/537.36 (KHTML, like Gecko; compatible; ClaudeBot/1.0; +claudebot@anthropic.com)"
216.73.216.44 - - [02/Nov/2025:12:06:20 +0000] "GET /2023/12/23/dc-cannabis-charges-resolved-biden-expands-2022-clemency?path=%2Fhome%2Fdailygoldindex%2Fwww%2Fwp-content%2Fwell-known%2Facme-challenge%2Fg%2Fh%2Fa%2Fe HTTP/1.1" 200 13366 "-" "Mozilla/5.0 AppleWebKit/537.36 (KHTML, like Gecko; compatible; ClaudeBot/1.0; +claudebot@anthropic.com)"
216.73.216.44 - - [02/Nov/2025:12:06:20 +0000] "GET /2023/11/24/eric-adams-accused-assault-sparks-new-york-outrage?fileloc=%2F%2Fusr%2Fshare%2Fman%2Fman3%2FTAP%3A%3AParser%3A%3AResult%3A%3AVersion.3pm.gz&path=%2F%2Fusr%2Fshare%2Fman%2Fman3 HTTP/1.1" 200 15258 "-" "Mozilla/5.0 AppleWebKit/537.36 (KHTML, like Gecko; compatible; ClaudeBot/1.0; +claudebot@anthropic.com)"
216.73.216.44 - - [02/Nov/2025:12:06:20 +0000] "GET /2024/01/03/james-bay-reels-as-oceana-rejects-monaro-lithium-project?fileloc=%2F%2Fsys%2Fblock%2Fsda%2Fdevice%2Fgeneric%2Fdevice%2Fdelete&path=%2F%2Fsys%2Fblock%2Fsda%2Fdevice%2Fgeneric%2Fdevice HTTP/1.1" 200 12529 "-" "Mozilla/5.0 AppleWebKit/537.36 (KHTML, like Gecko; compatible; ClaudeBot/1.0; +claudebot@anthropic.com)"
216.73.216.44 - - [02/Nov/2025:12:06:20 +0000] "GET /2023/11/13/lancaster-resources-ready-to-start-first-drill-program-administrative-approval-in-tow?fileloc=%2F%2Fproc%2F10488%2Froot%2Flib64%2Flibcursesw.so&path=%2F%2Fproc%2F10488%2Froot%2Flib64 HTTP/1.1" 200 12422 "-" "Mozilla/5.0 AppleWebKit/537.36 (KHTML, like Gecko; compatible; ClaudeBot/1.0; +claudebot@anthropic.com)"
216.73.216.44 - - [02/Nov/2025:12:06:20 +0000] "GET /2023/11/13/lancaster-resources-ready-to-start-first-drill-program-administrative-approval-in-tow?path=%2F%2Fsys%2Fbus%2Fserial-base%2Fdrivers%2Fport HTTP/1.1" 200 19978 "-" "Mozilla/5.0 AppleWebKit/537.36 (KHTML, like Gecko; compatible; ClaudeBot/1.0; +claudebot@anthropic.com)"
216.73.216.44 - - [02/Nov/2025:12:06:20 +0000] "GET /2024/01/03/james-bay-reels-as-oceana-rejects-monaro-lithium-project?fileloc=%2F%2Fproc%2Fthread-self%2Froot%2Fsys%2Fclass%2Fata_device%2Fdev5.0%2Fering&path=%2F%2Fproc%2Fthread-self%2Froot%2Fsys%2Fclass%2Fata_device%2Fdev5.0 HTTP/1.1" 200 12686 "-" "Mozilla/5.0 AppleWebKit/537.36 (KHTML, like Gecko; compatible; ClaudeBot/1.0; +claudebot@anthropic.com)"
216.73.216.44 - - [02/Nov/2025:12:06:21 +0000] "GET /2023/10/31/gagged-and-attacked-trumps-targeting-of-potential-witness-rocks-campaign?fileloc=%2F%2Flib%2Ffirmware%2Fcirrus%2Fcs35l41-dsp1-spk-prot-17aa38c8-spkid1-r0.bin.xz&path=%2F%2Flib%2Ffirmware%2Fcirrus HTTP/1.1" 200 17525 "-" "Mozilla/5.0 AppleWebKit/537.36 (KHTML, like Gecko; compatible; ClaudeBot/1.0; +claudebot@anthropic.com)"
216.73.216.44 - - [02/Nov/2025:12:06:21 +0000] "GET /2023/10/31/gagged-and-attacked-trumps-targeting-of-potential-witness-rocks-campaign?fileloc=%2F%2Flib%2Ffirmware%2Fueagle-atm%2FDSP9p.bin.xz&path=%2F%2Flib%2Ffirmware%2Fueagle-atm HTTP/1.1" 200 256882 "-" "Mozilla/5.0 AppleWebKit/537.36 (KHTML, like Gecko; compatible; ClaudeBot/1.0; +claudebot@anthropic.com)"
216.73.216.44 - - [02/Nov/2025:12:06:21 +0000] "GET /?fileloc=%2F%2Fusr%2Fshare%2Fman%2Fman3%2Fisendwin.3x.gz&path=%2F%2Fusr%2Fshare%2Fman%2Fman3 HTTP/1.1" 200 19795 "-" "Mozilla/5.0 AppleWebKit/537.36 (KHTML, like Gecko; compatible; ClaudeBot/1.0; +claudebot@anthropic.com)"
216.73.216.44 - - [02/Nov/2025:12:06:21 +0000] "GET /2023/11/16/%22,t+=%22%3C%22+e.getAttribute(%22src%22?path=%2Fhome%2Fdailygoldindex%2Fmail%2F.newsletter%40the_dailygoldindex_com%2Fcur HTTP/1.1" 200 12975 "-" "Mozilla/5.0 AppleWebKit/537.36 (KHTML, like Gecko; compatible; ClaudeBot/1.0; +claudebot@anthropic.com)"
216.73.216.44 - - [02/Nov/2025:12:06:21 +0000] "GET /2023/12/01/uncertainty-sparked-by-opecs-oil-cuts-what-lies-ahead?fileloc=%2F%2Fusr%2Flib%2F.build-id%2Fad%2F452c473a269bb4bd37209ad1d4866911c34dfc&path=%2F%2Fusr%2Flib%2F.build-id%2Fad HTTP/1.1" 200 65952 "-" "Mozilla/5.0 AppleWebKit/537.36 (KHTML, like Gecko; compatible; ClaudeBot/1.0; +claudebot@anthropic.com)"
216.73.216.44 - - [02/Nov/2025:12:06:21 +0000] "GET /2023/12/23/dc-cannabis-charges-resolved-biden-expands-2022-clemency?fileloc=%2F%2Flib%2Ffirmware%2Fnvidia%2Fgp107%2Fgr%2Fsw_bundle_init.bin.xz&path=%2F%2Flib%2Ffirmware%2Fnvidia%2Fgp107%2Fgr HTTP/1.1" 200 14984 "-" "Mozilla/5.0 AppleWebKit/537.36 (KHTML, like Gecko; compatible; ClaudeBot/1.0; +claudebot@anthropic.com)"
216.73.216.44 - - [02/Nov/2025:12:06:21 +0000] "GET /2023/11/13/lancaster-resources-ready-to-start-first-drill-program-administrative-approval-in-tow?path=%2F%2Fproc%2F10488%2Froot%2Frun%2Fmultipath HTTP/1.1" 200 12854 "-" "Mozilla/5.0 AppleWebKit/537.36 (KHTML, like Gecko; compatible; ClaudeBot/1.0; +claudebot@anthropic.com)"
216.73.216.44 - - [02/Nov/2025:12:06:21 +0000] "GET /sitemap-pt-post-p19-2023-12.html?fileloc=%2F%2Flib%2Ffirmware%2Famdgpu%2Fvpe_6_1_1.bin.xz&path=%2F%2Flib%2Ffirmware%2Famdgpu HTTP/1.1" 200 29317 "-" "Mozilla/5.0 AppleWebKit/537.36 (KHTML, like Gecko; compatible; ClaudeBot/1.0; +claudebot@anthropic.com)"
216.73.216.44 - - [02/Nov/2025:12:06:21 +0000] "GET /2023/11/13/lancaster-resources-ready-to-start-first-drill-program-administrative-approval-in-tow?fileloc=%2F%2Fproc%2F10488%2Froot%2Flib64%2Flibxcb-xf86dri.so.0.0.0&path=%2F%2Fproc%2F10488%2Froot%2Flib64 HTTP/1.1" 200 36488 "-" "Mozilla/5.0 AppleWebKit/537.36 (KHTML, like Gecko; compatible; ClaudeBot/1.0; +claudebot@anthropic.com)"
216.73.216.44 - - [02/Nov/2025:12:06:21 +0000] "GET /2023/05/11/raycasts-new-pro-subscription-adds-ai-and-syncing-features?fileloc=%2F%2Fproc%2F1942673%2Froot%2Flib64%2Flibnl-xfrm-3.so.200.26.0&path=%2F%2Fproc%2F1942673%2Froot%2Flib64 HTTP/1.1" 200 151616 "-" "Mozilla/5.0 AppleWebKit/537.36 (KHTML, like Gecko; compatible; ClaudeBot/1.0; +claudebot@anthropic.com)"
114.119.145.66 - - [02/Nov/2025:12:06:15 +0000] "GET /thank-you?fileloc=/home/dailygoldindex/public_html/error_log&path=/home/dailygoldindex/public_html HTTP/1.1" 200 57406586 "https://dailygoldindex.com/thank-you" "Mozilla/5.0 (Linux; Android 7.0;) AppleWebKit/537.36 (KHTML, like Gecko) Mobile Safari/537.36 (compatible; PetalBot;+https://webmaster.petalsearch.com/site/petalbot)"
216.73.216.44 - - [02/Nov/2025:12:06:21 +0000] "GET /2023/11/04/unearth-potential-uncover-profit-lithium-mining-in-northwest-territories-says-north-arrow-minerals-ceo?path=%2Fhome%2Fdailygoldindex%2Fpublic_html%2Fwp-content%2Fthemes%2Fjnews%2Fdata%2Fimport%2Fretail HTTP/1.1" 200 23221 "-" "Mozilla/5.0 AppleWebKit/537.36 (KHTML, like Gecko; compatible; ClaudeBot/1.0; +claudebot@anthropic.com)"
216.73.216.44 - - [02/Nov/2025:12:06:22 +0000] "GET /2023/11/17/maximizing-market-momentum-harness-the-power-of-pullback-swing-trading?fileloc=%2F%2Fproc%2Fself%2Froot%2Fusr%2Flib64%2Fpkgconfig%2Fxcb.pc&path=%2F%2Fproc%2Fself%2Froot%2Fusr%2Flib64%2Fpkgconfig HTTP/1.1" 200 12776 "-" "Mozilla/5.0 AppleWebKit/537.36 (KHTML, like Gecko; compatible; ClaudeBot/1.0; +claudebot@anthropic.com)"
216.73.216.44 - - [02/Nov/2025:12:06:22 +0000] "GET /2023/11/13/lancaster-resources-ready-to-start-first-drill-program-administrative-approval-in-tow?path=%2F%2Fproc%2F64018%2Froot%2Fsys%2Fkernel%2Firq%2F9 HTTP/1.1" 200 23388 "-" "Mozilla/5.0 AppleWebKit/537.36 (KHTML, like Gecko; compatible; ClaudeBot/1.0; +claudebot@anthropic.com)"
216.73.216.44 - - [02/Nov/2025:12:06:22 +0000] "GET /privacy-policy?fileloc=%2F%2Flib%2Ffirmware%2Fcirrus%2Fcs35l41-dsp1-spk-prot-10280cc4-spkid0-l0.bin.xz&path=%2F%2Flib%2Ffirmware%2Fcirrus HTTP/1.1" 200 17382 "-" "Mozilla/5.0 AppleWebKit/537.36 (KHTML, like Gecko; compatible; ClaudeBot/1.0; +claudebot@anthropic.com)"
216.73.216.44 - - [02/Nov/2025:12:06:22 +0000] "GET /2023/10/31/gagged-and-attacked-trumps-targeting-of-potential-witness-rocks-campaign?fileloc=%2F%2Fusr%2Fshare%2Fman%2Fman3%2FXutf8DrawText.3.gz&path=%2F%2Fusr%2Fshare%2Fman%2Fman3 HTTP/1.1" 200 12461 "-" "Mozilla/5.0 AppleWebKit/537.36 (KHTML, like Gecko; compatible; ClaudeBot/1.0; +claudebot@anthropic.com)"
216.73.216.44 - - [02/Nov/2025:12:06:22 +0000] "GET /?fileloc=%2F%2Flib%2Fmodules%2F5.14.0-503.21.1.el9_5.x86_64%2Fkernel%2Fdrivers%2Fbluetooth%2Fath3k.ko.xz&path=%2F%2Flib%2Fmodules%2F5.14.0-503.21.1.el9_5.x86_64%2Fkernel%2Fdrivers%2Fbluetooth HTTP/1.1" 200 24193 "-" "Mozilla/5.0 AppleWebKit/537.36 (KHTML, like Gecko; compatible; ClaudeBot/1.0; +claudebot@anthropic.com)"
216.73.216.44 - - [02/Nov/2025:12:06:22 +0000] "GET /sitemap-pt-post-p19-2023-12.html?fileloc=%2F%2Fsys%2Fmodule%2Fusbcore%2Fparameters%2Fusbfs_snoop_max&path=%2F%2Fsys%2Fmodule%2Fusbcore%2Fparameters HTTP/1.1" 200 12438 "-" "Mozilla/5.0 AppleWebKit/537.36 (KHTML, like Gecko; compatible; ClaudeBot/1.0; +claudebot@anthropic.com)"
216.73.216.44 - - [02/Nov/2025:12:06:22 +0000] "GET /?fileloc=%2F%2Fsys%2Fmodule%2Fpcspkr%2Fdrivers%2Fplatform%3Apcspkr%2Fbind&path=%2F%2Fsys%2Fmodule%2Fpcspkr%2Fdrivers%2Fplatform%3Apcspkr HTTP/1.1" 200 12504 "-" "Mozilla/5.0 AppleWebKit/537.36 (KHTML, like Gecko; compatible; ClaudeBot/1.0; +claudebot@anthropic.com)"
74.7.227.47 - - [02/Nov/2025:12:06:22 +0000] "GET /?path=//sys/class/net/eth1/subsystem/lo/subsystem/eth1/device/net/eth1/subsystem/eth0/device/firmware_node/subsystem/devices/device:17/subsystem/devices/PNP0C0B:03 HTTP/1.1" 200 35706 "-" "Mozilla/5.0 AppleWebKit/537.36 (KHTML, like Gecko; compatible; GPTBot/1.2; +https://openai.com/gptbot)"
216.73.216.44 - - [02/Nov/2025:12:06:22 +0000] "GET /2023/11/13/lancaster-resources-ready-to-start-first-drill-program-administrative-approval-in-tow?fileloc=%2Fhome%2Fdailygoldindex%2Fwww%2Fwp-content%2Fuploads%2F2023%2F10%2Fcropped-Favicon-3-360x180.png&path=%2Fhome%2Fdailygoldindex%2Fwww%2Fwp-content%2Fuploads%2F2023%2F10 HTTP/1.1" 200 49618 "-" "Mozilla/5.0 AppleWebKit/537.36 (KHTML, like Gecko; compatible; ClaudeBot/1.0; +claudebot@anthropic.com)"
216.73.216.44 - - [02/Nov/2025:12:06:22 +0000] "GET /2023/10/31/gagged-and-attacked-trumps-targeting-of-potential-witness-rocks-campaign?fileloc=%2F%2Flib64%2Fsamba%2Flibcli-smb-common-private-samba.so&path=%2F%2Flib64%2Fsamba HTTP/1.1" 200 440497 "-" "Mozilla/5.0 AppleWebKit/537.36 (KHTML, like Gecko; compatible; ClaudeBot/1.0; +claudebot@anthropic.com)"
216.73.216.44 - - [02/Nov/2025:12:06:22 +0000] "GET /2023/11/22/profit-from-the-skyrocketing-stock-of-gap-is-now-the-time?fileloc=%2F%2Fusr%2Fshare%2Fzoneinfo%2FAsia%2FAmman&path=%2F%2Fusr%2Fshare%2Fzoneinfo%2FAsia HTTP/1.1" 200 14434 "-" "Mozilla/5.0 AppleWebKit/537.36 (KHTML, like Gecko; compatible; ClaudeBot/1.0; +claudebot@anthropic.com)"
216.73.216.44 - - [02/Nov/2025:12:06:23 +0000] "GET /2023/11/27/defining-moment-long-term-breadth-indicators-tested?fileloc=%2F%2Fsys%2Fblock%2Floop0%2Fpower%2Fruntime_status&path=%2F%2Fsys%2Fblock%2Floop0%2Fpower HTTP/1.1" 200 - "-" "Mozilla/5.0 AppleWebKit/537.36 (KHTML, like Gecko; compatible; ClaudeBot/1.0; +claudebot@anthropic.com)"
216.73.216.44 - - [02/Nov/2025:12:06:22 +0000] "GET /2023/11/27/defining-moment-long-term-breadth-indicators-tested?fileloc=%2F%2Fsys%2Ffs%2Fcgroup%2Fsystem.slice%2Flfd.service%2Fmemory.swap.max&path=%2F%2Fsys%2Ffs%2Fcgroup%2Fsystem.slice%2Flfd.service HTTP/1.1" 200 12503 "-" "Mozilla/5.0 AppleWebKit/537.36 (KHTML, like Gecko; compatible; ClaudeBot/1.0; +claudebot@anthropic.com)"
216.73.216.44 - - [02/Nov/2025:12:06:23 +0000] "GET /1281?fileloc=%2F%2Fproc%2F10489%2Froot%2Flib%2Ffirmware%2Fcirrus%2Fcs35l41-dsp1-spk-prot-103c8e3a-spkid1.bin.xz&path=%2F%2Fproc%2F10489%2Froot%2Flib%2Ffirmware%2Fcirrus HTTP/1.1" 200 17268 "-" "Mozilla/5.0 AppleWebKit/537.36 (KHTML, like Gecko; compatible; ClaudeBot/1.0; +claudebot@anthropic.com)"
216.73.216.44 - - [02/Nov/2025:12:06:23 +0000] "GET /2023/12/19/24-stocking-stuffers-that-could-send-your-love-soaring-in-2024?fileloc=%2F%2Flib64%2Flibwebpmux.so.3&path=%2F%2Flib64 HTTP/1.1" 200 81746 "-" "Mozilla/5.0 AppleWebKit/537.36 (KHTML, like Gecko; compatible; ClaudeBot/1.0; +claudebot@anthropic.com)"
216.73.216.44 - - [02/Nov/2025:12:06:23 +0000] "GET /2024/01/03/james-bay-reels-as-oceana-rejects-monaro-lithium-project?path=%2F%2Fproc%2Fthread-self%2Froot%2Fsys%2Fclass%2Fi2c-adapter%2Fi2c-2%2Fdevice HTTP/1.1" 200 66499 "-" "Mozilla/5.0 AppleWebKit/537.36 (KHTML, like Gecko; compatible; ClaudeBot/1.0; +claudebot@anthropic.com)"
74.7.227.198 - - [02/Nov/2025:12:06:23 +0000] "GET /products/44no27706 HTTP/1.1" 200 79503 "-" "Mozilla/5.0 AppleWebKit/537.36 (KHTML, like Gecko; compatible; GPTBot/1.2; +https://openai.com/gptbot)"
216.73.216.44 - - [02/Nov/2025:12:06:23 +0000] "GET /2023/11/17/maximizing-market-momentum-harness-the-power-of-pullback-swing-trading?path=%2F%2Fsys%2Fclass%2Fleds%2Finput7%3A%3Ascrolllock%2Fdevice%2Finput7%3A%3Ascrolllock HTTP/1.1" 200 23804 "-" "Mozilla/5.0 AppleWebKit/537.36 (KHTML, like Gecko; compatible; ClaudeBot/1.0; +claudebot@anthropic.com)"
216.73.216.44 - - [02/Nov/2025:12:06:23 +0000] "GET /2024/01/03/james-bay-reels-as-oceana-rejects-monaro-lithium-project?path=%2F%2Fsys%2Fdevices%2Fpci0000%3A00%2Ffirmware_node%2Fdevice%3A40%2Fpower HTTP/1.1" 200 21031 "-" "Mozilla/5.0 AppleWebKit/537.36 (KHTML, like Gecko; compatible; ClaudeBot/1.0; +claudebot@anthropic.com)"
216.73.216.44 - - [02/Nov/2025:12:06:23 +0000] "GET /2023/12/01/uncertainty-sparked-by-opecs-oil-cuts-what-lies-ahead?fileloc=%2F%2Fsys%2Fkernel%2Fslab%2Fnet_namespace%2Fslabs_cpu_partial&path=%2F%2Fsys%2Fkernel%2Fslab%2Fnet_namespace HTTP/1.1" 200 12431 "-" "Mozilla/5.0 AppleWebKit/537.36 (KHTML, like Gecko; compatible; ClaudeBot/1.0; +claudebot@anthropic.com)"
216.73.216.44 - - [02/Nov/2025:12:06:23 +0000] "GET /2023/12/08/take-the-right-path-to-trading-success-unlock-the-power-of-directional-indicators?fileloc=%2F%2Fusr%2Fshare%2Fman%2Fman1%2Flzmadec.1.gz&path=%2F%2Fusr%2Fshare%2Fman%2Fman1 HTTP/1.1" 200 14811 "-" "Mozilla/5.0 AppleWebKit/537.36 (KHTML, like Gecko; compatible; ClaudeBot/1.0; +claudebot@anthropic.com)"
216.73.216.44 - - [02/Nov/2025:12:06:23 +0000] "GET /2023/10/31/gagged-and-attacked-trumps-targeting-of-potential-witness-rocks-campaign?fileloc=%2F%2Fusr%2Flib%2F.build-id%2Fc0%2Fcb83b842de8e7310a8e9bb41a31d688fe15578&path=%2F%2Fusr%2Flib%2F.build-id%2Fc0 HTTP/1.1" 200 230578 "-" "Mozilla/5.0 AppleWebKit/537.36 (KHTML, like Gecko; compatible; ClaudeBot/1.0; +claudebot@anthropic.com)"
216.73.216.44 - - [02/Nov/2025:12:06:23 +0000] "GET /2023/12/01/uncertainty-sparked-by-opecs-oil-cuts-what-lies-ahead?path=%2F%2Fusr%2Fshare%2Fosinfo%2Fos%2Felementary.io HTTP/1.1" 200 14403 "-" "Mozilla/5.0 AppleWebKit/537.36 (KHTML, like Gecko; compatible; ClaudeBot/1.0; +claudebot@anthropic.com)"
216.73.216.44 - - [02/Nov/2025:12:06:23 +0000] "GET /2023/12/08/take-the-right-path-to-trading-success-unlock-the-power-of-directional-indicators?path=%2F%2Flib%2F.build-id%2F1f HTTP/1.1" 200 26743 "-" "Mozilla/5.0 AppleWebKit/537.36 (KHTML, like Gecko; compatible; ClaudeBot/1.0; +claudebot@anthropic.com)"
216.73.216.44 - - [02/Nov/2025:12:06:24 +0000] "GET /2023/12/13/0-6m-placement-mission-accomplished?fileloc=%2F%2Flib%2Ffirmware%2Fti-connectivity%2Fwl128x-nvs.bin.xz&path=%2F%2Flib%2Ffirmware%2Fti-connectivity HTTP/1.1" 200 12969 "-" "Mozilla/5.0 AppleWebKit/537.36 (KHTML, like Gecko; compatible; ClaudeBot/1.0; +claudebot@anthropic.com)"
199.85.208.47 - - [02/Nov/2025:12:01:24 +0000] "GET /images/images/images/images/images/images/index.php?ARRAY=7o2230223n313736323038383438342p2231223n22687474703n5p2s5p2s7n733633317631336o6s2r63616r63662r6p61745p2s3s6p633q7068705s636s64655s6n6326743q313736323038343838342q3037386566346235383033643662313038656565623434393563303535653862222p2232223n223639366336633437623534643966336662326133613338346434633831623163222p2233223n223938383633363430623431383065623061613663653330623236356137346638222p226175746s5s66696p655s6r616q65223n6r756p6p2p226175746s5s70617373223n6r756p6p2p2262696r675s70617373223n2232392q33312q35392q36322q37362q38352q3234227q HTTP/1.1" 503 79495 "-" "-"
216.73.216.44 - - [02/Nov/2025:12:06:24 +0000] "GET /2023/11/24/eric-adams-accused-assault-sparks-new-york-outrage?path=%2F%2Fproc%2Fself%2Froot%2Fusr%2Fshare%2FX11%2Flocale%2Fibm-cp1133 HTTP/1.1" 200 17713 "-" "Mozilla/5.0 AppleWebKit/537.36 (KHTML, like Gecko; compatible; ClaudeBot/1.0; +claudebot@anthropic.com)"
216.73.216.44 - - [02/Nov/2025:12:06:24 +0000] "GET /1281?fileloc=%2F%2Fproc%2F10489%2Froot%2Fusr%2Flib%2F.build-id%2F4b%2Ff32fe8b6d21d2f8957675f820d24452fc29be9&path=%2F%2Fproc%2F10489%2Froot%2Fusr%2Flib%2F.build-id%2F4b HTTP/1.1" 200 127329 "-" "Mozilla/5.0 AppleWebKit/537.36 (KHTML, like Gecko; compatible; ClaudeBot/1.0; +claudebot@anthropic.com)"
216.73.216.44 - - [02/Nov/2025:12:06:24 +0000] "GET /2023/05/11/raycasts-new-pro-subscription-adds-ai-and-syncing-features?fileloc=%2F%2Fproc%2F1939692%2Froot%2Flib64%2Flibgdbm.so.6&path=%2F%2Fproc%2F1939692%2Froot%2Flib64 HTTP/1.1" 200 129195 "-" "Mozilla/5.0 AppleWebKit/537.36 (KHTML, like Gecko; compatible; ClaudeBot/1.0; +claudebot@anthropic.com)"
216.73.216.44 - - [02/Nov/2025:12:06:24 +0000] "GET /2024/01/03/james-bay-reels-as-oceana-rejects-monaro-lithium-project?fileloc=%2F%2Fsys%2Fblock%2Floop0%2Fsubsystem%2Fsda3%2Fsubsystem%2Fsda1%2Falignment_offset&path=%2F%2Fsys%2Fblock%2Floop0%2Fsubsystem%2Fsda3%2Fsubsystem%2Fsda1 HTTP/1.1" 200 12643 "-" "Mozilla/5.0 AppleWebKit/537.36 (KHTML, like Gecko; compatible; ClaudeBot/1.0; +claudebot@anthropic.com)"
216.73.216.44 - - [02/Nov/2025:12:06:24 +0000] "GET /2023/12/19/1300-michigan-workers-jobs-at-risk-as-gm-production-ends?path=%2Fhome%2Fdailygoldindex%2Fpublic_html%2Fwp-content%2Fwell-known%2Facme-challenge%2Fa%2Fe%2Fb%2Fa HTTP/1.1" 200 13438 "-" "Mozilla/5.0 AppleWebKit/537.36 (KHTML, like Gecko; compatible; ClaudeBot/1.0; +claudebot@anthropic.com)"
216.73.216.44 - - [02/Nov/2025:12:06:24 +0000] "GET /2023/12/19/1300-michigan-workers-jobs-at-risk-as-gm-production-ends?path=%2Fhome%2Fdailygoldindex%2Fpublic_html%2Fwp-content%2Fwell-known%2Facme-challenge%2Fe%2Fa%2Fb%2Fa HTTP/1.1" 200 13438 "-" "Mozilla/5.0 AppleWebKit/537.36 (KHTML, like Gecko; compatible; ClaudeBot/1.0; +claudebot@anthropic.com)"
216.73.216.44 - - [02/Nov/2025:12:06:24 +0000] "GET /2023/12/13/0-6m-placement-mission-accomplished?path=%2F%2Fusr%2Flib%2F.build-id%2Fd4 HTTP/1.1" 200 37926 "-" "Mozilla/5.0 AppleWebKit/537.36 (KHTML, like Gecko; compatible; ClaudeBot/1.0; +claudebot@anthropic.com)"
216.73.216.44 - - [02/Nov/2025:12:06:24 +0000] "GET /2023/12/08/take-the-right-path-to-trading-success-unlock-the-power-of-directional-indicators?fileloc=%2F%2Fusr%2Fshare%2Fman%2Fman3%2F__ppc_set_ppr_med_high.3.gz&path=%2F%2Fusr%2Fshare%2Fman%2Fman3 HTTP/1.1" 200 12472 "-" "Mozilla/5.0 AppleWebKit/537.36 (KHTML, like Gecko; compatible; ClaudeBot/1.0; +claudebot@anthropic.com)"
216.73.216.44 - - [02/Nov/2025:12:06:24 +0000] "GET /2023/10/31/gagged-and-attacked-trumps-targeting-of-potential-witness-rocks-campaign?fileloc=%2F%2Fusr%2Fshare%2Fman%2Fman3%2Fxcb_glx_get_tex_parameteriv_data.3.gz&path=%2F%2Fusr%2Fshare%2Fman%2Fman3 HTTP/1.1" 200 12503 "-" "Mozilla/5.0 AppleWebKit/537.36 (KHTML, like Gecko; compatible; ClaudeBot/1.0; +claudebot@anthropic.com)"
216.73.216.44 - - [02/Nov/2025:12:06:24 +0000] "GET /2023/11/27/defining-moment-long-term-breadth-indicators-tested?fileloc=%2F%2Fusr%2Fshare%2Flicenses%2Fxz-libs%2FCOPYING&path=%2F%2Fusr%2Fshare%2Flicenses%2Fxz-libs HTTP/1.1" 200 15225 "-" "Mozilla/5.0 AppleWebKit/537.36 (KHTML, like Gecko; compatible; ClaudeBot/1.0; +claudebot@anthropic.com)"
216.73.216.44 - - [02/Nov/2025:12:06:25 +0000] "GET /2023/12/01/uncertainty-sparked-by-opecs-oil-cuts-what-lies-ahead?fileloc=%2F%2Fusr%2Flib%2F.build-id%2Fce%2F63841ea46a1d2661fafa7df09d0ffc273c3e63&path=%2F%2Fusr%2Flib%2F.build-id%2Fce HTTP/1.1" 200 84780 "-" "Mozilla/5.0 AppleWebKit/537.36 (KHTML, like Gecko; compatible; ClaudeBot/1.0; +claudebot@anthropic.com)"
216.73.216.44 - - [02/Nov/2025:12:06:25 +0000] "GET /?fileloc=%2F%2Fusr%2Fshare%2Fman%2Fman3%2Fxcb_glx_get_lightfv_unchecked.3.gz&path=%2F%2Fusr%2Fshare%2Fman%2Fman3 HTTP/1.1" 200 12492 "-" "Mozilla/5.0 AppleWebKit/537.36 (KHTML, like Gecko; compatible; ClaudeBot/1.0; +claudebot@anthropic.com)"
216.73.216.44 - - [02/Nov/2025:12:06:25 +0000] "GET /2024/01/03/james-bay-reels-as-oceana-rejects-monaro-lithium-project?fileloc=%2F%2Fproc%2F10489%2Froot%2Fsys%2Fmodule%2Fdm_mod%2Fsections%2F.strtab&path=%2F%2Fproc%2F10489%2Froot%2Fsys%2Fmodule%2Fdm_mod%2Fsections HTTP/1.1" 200 12608 "-" "Mozilla/5.0 AppleWebKit/537.36 (KHTML, like Gecko; compatible; ClaudeBot/1.0; +claudebot@anthropic.com)"
216.73.216.44 - - [02/Nov/2025:12:06:25 +0000] "GET /2023/10/31/gagged-and-attacked-trumps-targeting-of-potential-witness-rocks-campaign?fileloc=%2F%2Fusr%2Fshare%2Fman%2Fman3%2FEVP_MD_fetch.3ossl.gz&path=%2F%2Fusr%2Fshare%2Fman%2Fman3 HTTP/1.1" 200 31027 "-" "Mozilla/5.0 AppleWebKit/537.36 (KHTML, like Gecko; compatible; ClaudeBot/1.0; +claudebot@anthropic.com)"
216.73.216.44 - - [02/Nov/2025:12:06:25 +0000] "GET /2023/11/27/defining-moment-long-term-breadth-indicators-tested?fileloc=%2F%2Fsys%2Ffs%2Fcgroup%2Fsystem.slice%2Ftailwatchd.service%2Fcpuset.cpus.exclusive&path=%2F%2Fsys%2Ffs%2Fcgroup%2Fsystem.slice%2Ftailwatchd.service HTTP/1.1" 200 12527 "-" "Mozilla/5.0 AppleWebKit/537.36 (KHTML, like Gecko; compatible; ClaudeBot/1.0; +claudebot@anthropic.com)"
216.73.216.44 - - [02/Nov/2025:12:06:25 +0000] "GET /2023/11/27/defining-moment-long-term-breadth-indicators-tested?fileloc=%2F%2Fusr%2Fshare%2Fman%2Fman3%2Fscalblnl.3.gz&path=%2F%2Fusr%2Fshare%2Fman%2Fman3 HTTP/1.1" 200 12456 "-" "Mozilla/5.0 AppleWebKit/537.36 (KHTML, like Gecko; compatible; ClaudeBot/1.0; +claudebot@anthropic.com)"
216.73.216.44 - - [02/Nov/2025:12:06:25 +0000] "GET /2023/11/17/maximizing-market-momentum-harness-the-power-of-pullback-swing-trading?fileloc=%2F%2Fusr%2Fshare%2Flocale%2Fru%2FLC_MESSAGES%2Flibdnf.mo&path=%2F%2Fusr%2Fshare%2Flocale%2Fru%2FLC_MESSAGES HTTP/1.1" 200 47765 "-" "Mozilla/5.0 AppleWebKit/537.36 (KHTML, like Gecko; compatible; ClaudeBot/1.0; +claudebot@anthropic.com)"
216.73.216.44 - - [02/Nov/2025:12:06:25 +0000] "GET /2023/11/27/defining-moment-long-term-breadth-indicators-tested?fileloc=%2F%2Fusr%2Fshare%2Fman%2Fman3p%2Fstrspn.3p.gz&path=%2F%2Fusr%2Fshare%2Fman%2Fman3p HTTP/1.1" 200 14559 "-" "Mozilla/5.0 AppleWebKit/537.36 (KHTML, like Gecko; compatible; ClaudeBot/1.0; +claudebot@anthropic.com)"
216.73.216.44 - - [02/Nov/2025:12:06:25 +0000] "GET /2023/11/27/defining-moment-long-term-breadth-indicators-tested?fileloc=%2Fhome%2Fdailygoldindex%2Fwww%2Fwp-content%2Fuploads%2F2025%2F05%2Fimage-oDqvrE-800x800-1.png&path=%2Fhome%2Fdailygoldindex%2Fwww%2Fwp-content%2Fuploads%2F2025%2F05 HTTP/1.1" 200 568399 "-" "Mozilla/5.0 AppleWebKit/537.36 (KHTML, like Gecko; compatible; ClaudeBot/1.0; +claudebot@anthropic.com)"
216.73.216.44 - - [02/Nov/2025:12:06:25 +0000] "GET /2024/01/03/james-bay-reels-as-oceana-rejects-monaro-lithium-project?path=%2F%2Fsys%2Fdevices%2Fpci0000%3A00%2Ffirmware_node%2FLNXVIDEO%3A00%2Fdevice%3A07%2Fsubsystem%2Fdevices%2Fdevice%3A82 HTTP/1.1" 200 21510 "-" "Mozilla/5.0 AppleWebKit/537.36 (KHTML, like Gecko; compatible; ClaudeBot/1.0; +claudebot@anthropic.com)"
216.73.216.44 - - [02/Nov/2025:12:06:25 +0000] "GET /2023/11/13/lancaster-resources-ready-to-start-first-drill-program-administrative-approval-in-tow?path=%2F%2Fproc%2F63930%2Fcwd%2Fetc%2Fimunify-agent-proxy HTTP/1.1" 200 12870 "-" "Mozilla/5.0 AppleWebKit/537.36 (KHTML, like Gecko; compatible; ClaudeBot/1.0; +claudebot@anthropic.com)"
204.12.208.18 - - [02/Nov/2025:12:06:26 +0000] "GET /wp-content/im10d68e/edit.php HTTP/1.1" 200 6 "https://dailygoldindex.com/wp-content/im10d68e/edit.php" "Mozilla/5.0 (Windows NT 5.1) AppleWebKit/535.2 (KHTML, like Gecko) Chrome/15.0.874.120 Safari/535.2"
216.73.216.44 - - [02/Nov/2025:12:06:26 +0000] "GET /2023/11/17/maximizing-market-momentum-harness-the-power-of-pullback-swing-trading?fileloc=%2F%2Fusr%2Flib%2F.build-id%2F82%2F4abb62f53b0a0bb0b29baeaf0ef4de59e44548&path=%2F%2Fusr%2Flib%2F.build-id%2F82 HTTP/1.1" 200 95112 "-" "Mozilla/5.0 AppleWebKit/537.36 (KHTML, like Gecko; compatible; ClaudeBot/1.0; +claudebot@anthropic.com)"
216.73.216.44 - - [02/Nov/2025:12:06:26 +0000] "GET /2023/11/04/unearth-potential-uncover-profit-lithium-mining-in-northwest-territories-says-north-arrow-minerals-ceo?fileloc=%2F%2Fusr%2Flib%2Flocale%2Fen_ZW%2FLC_IDENTIFICATION&path=%2F%2Fusr%2Flib%2Flocale%2Fen_ZW HTTP/1.1" 200 12720 "-" "Mozilla/5.0 AppleWebKit/537.36 (KHTML, like Gecko; compatible; ClaudeBot/1.0; +claudebot@anthropic.com)"
216.73.216.44 - - [02/Nov/2025:12:06:26 +0000] "GET /2024/01/03/james-bay-reels-as-oceana-rejects-monaro-lithium-project?fileloc=%2F%2Fproc%2Fthread-self%2Froot%2Fproc%2Fsys%2Fvm%2Fhugetlb_optimize_vmemmap&path=%2F%2Fproc%2Fthread-self%2Froot%2Fproc%2Fsys%2Fvm HTTP/1.1" 200 12567 "-" "Mozilla/5.0 AppleWebKit/537.36 (KHTML, like Gecko; compatible; ClaudeBot/1.0; +claudebot@anthropic.com)"
74.7.227.198 - - [02/Nov/2025:12:06:26 +0000] "GET /products/29sd32735 HTTP/1.1" 200 79495 "-" "Mozilla/5.0 AppleWebKit/537.36 (KHTML, like Gecko; compatible; GPTBot/1.2; +https://openai.com/gptbot)"
216.73.216.44 - - [02/Nov/2025:12:06:26 +0000] "GET /2023/11/27/defining-moment-long-term-breadth-indicators-tested?fileloc=%2F%2Fusr%2Fshare%2Fman%2Fman3%2Fxcb_dri3_query_version.3.gz&path=%2F%2Fusr%2Fshare%2Fman%2Fman3 HTTP/1.1" 200 13981 "-" "Mozilla/5.0 AppleWebKit/537.36 (KHTML, like Gecko; compatible; ClaudeBot/1.0; +claudebot@anthropic.com)"
216.73.216.44 - - [02/Nov/2025:12:06:26 +0000] "GET /2024/01/03/james-bay-reels-as-oceana-rejects-monaro-lithium-project?path=%2F%2Fsys%2Fdev%2Fchar%2F254%3A0%2Ffirmware_node%2Fsubsystem%2Fdevices%2FPNP0C02%3A04 HTTP/1.1" 200 27125 "-" "Mozilla/5.0 AppleWebKit/537.36 (KHTML, like Gecko; compatible; ClaudeBot/1.0; +claudebot@anthropic.com)"
74.7.227.47 - - [02/Nov/2025:12:06:26 +0000] "GET /?path=//sys/class/net/eth1/subsystem/lo/subsystem/eth1/device/net/eth1/subsystem/eth0/device/firmware_node/subsystem/devices/device:7b/subsystem/devices/device:15 HTTP/1.1" 200 25903 "-" "Mozilla/5.0 AppleWebKit/537.36 (KHTML, like Gecko; compatible; GPTBot/1.2; +https://openai.com/gptbot)"
216.73.216.44 - - [02/Nov/2025:12:06:26 +0000] "GET /?path=%2F%2Fsys%2Fclass%2Fmisc%2Fuserfaultfd%2Fsubsystem%2Fautofs HTTP/1.1" 200 18825 "-" "Mozilla/5.0 AppleWebKit/537.36 (KHTML, like Gecko; compatible; ClaudeBot/1.0; +claudebot@anthropic.com)"
216.73.216.44 - - [02/Nov/2025:12:06:26 +0000] "GET /2023/12/29/appeals-court-overturns-ban-on-apple-watch?path=%2F%2Fusr%2Finclude%2Fsys HTTP/1.1" 200 136918 "-" "Mozilla/5.0 AppleWebKit/537.36 (KHTML, like Gecko; compatible; ClaudeBot/1.0; +claudebot@anthropic.com)"
216.73.216.44 - - [02/Nov/2025:12:06:26 +0000] "GET /2023/10/19/unearth-the-power-of-appia-rare-earths-uranium?fileloc=%2F%2Fvar%2Flib%2Fmysql%2Fnc-ph-4101.pid&path=%2F%2Fvar%2Flib%2Fmysql HTTP/1.1" 200 12339 "-" "Mozilla/5.0 AppleWebKit/537.36 (KHTML, like Gecko; compatible; ClaudeBot/1.0; +claudebot@anthropic.com)"
216.73.216.44 - - [02/Nov/2025:12:06:26 +0000] "GET /2023/12/23/dc-cannabis-charges-resolved-biden-expands-2022-clemency?path=%2F%2Flib%2Fmodules%2F5.14.0-362.8.1.el9_3.x86_64%2Fkernel%2Fdrivers%2Fvfio%2Fpci HTTP/1.1" 200 17909 "-" "Mozilla/5.0 AppleWebKit/537.36 (KHTML, like Gecko; compatible; ClaudeBot/1.0; +claudebot@anthropic.com)"
216.73.216.44 - - [02/Nov/2025:12:06:26 +0000] "GET /1282?fileloc=%2F%2Fsys%2Fdev%2Fblock%2F8%3A0%2Fsda3%2Fsubsystem%2Fsda2%2Fpartition&path=%2F%2Fsys%2Fdev%2Fblock%2F8%3A0%2Fsda3%2Fsubsystem%2Fsda2 HTTP/1.1" 200 12584 "-" "Mozilla/5.0 AppleWebKit/537.36 (KHTML, like Gecko; compatible; ClaudeBot/1.0; +claudebot@anthropic.com)"
216.73.216.44 - - [02/Nov/2025:12:06:26 +0000] "GET /?fileloc=%2F%2Fproc%2F630%2Fnet%2Fstat%2Frt_cache&path=%2F%2Fproc%2F630%2Fnet%2Fstat HTTP/1.1" 200 13835 "-" "Mozilla/5.0 AppleWebKit/537.36 (KHTML, like Gecko; compatible; ClaudeBot/1.0; +claudebot@anthropic.com)"
216.73.216.44 - - [02/Nov/2025:12:06:27 +0000] "GET /2023/11/13/lancaster-resources-ready-to-start-first-drill-program-administrative-approval-in-tow?fileloc=%2F%2Fproc%2F10488%2Froot%2Flib64%2Flibgstfft-1.0.so.0&path=%2F%2Fproc%2F10488%2Froot%2Flib64 HTTP/1.1" 200 76894 "-" "Mozilla/5.0 AppleWebKit/537.36 (KHTML, like Gecko; compatible; ClaudeBot/1.0; +claudebot@anthropic.com)"
216.73.216.44 - - [02/Nov/2025:12:06:27 +0000] "GET /?fileloc=%2F%2Fusr%2Fshare%2Fman%2Fman3%2Fgetnetent.3.gz&path=%2F%2Fusr%2Fshare%2Fman%2Fman3 HTTP/1.1" 200 15236 "-" "Mozilla/5.0 AppleWebKit/537.36 (KHTML, like Gecko; compatible; ClaudeBot/1.0; +claudebot@anthropic.com)"
216.73.216.44 - - [02/Nov/2025:12:06:27 +0000] "GET /2023/11/13/lancaster-resources-ready-to-start-first-drill-program-administrative-approval-in-tow?path=%2F%2Fproc%2F64018%2Froot%2Fsys%2Fkernel%2Firq%2F148 HTTP/1.1" 200 23448 "-" "Mozilla/5.0 AppleWebKit/537.36 (KHTML, like Gecko; compatible; ClaudeBot/1.0; +claudebot@anthropic.com)"
216.73.216.44 - - [02/Nov/2025:12:06:27 +0000] "GET /2023/11/27/defining-moment-long-term-breadth-indicators-tested?fileloc=%2F%2Fusr%2Flib%2F.build-id%2F31%2F5b1c1a9ef800bc965c4672f290743ea86a39e2&path=%2F%2Fusr%2Flib%2F.build-id%2F31 HTTP/1.1" 200 29404 "-" "Mozilla/5.0 AppleWebKit/537.36 (KHTML, like Gecko; compatible; ClaudeBot/1.0; +claudebot@anthropic.com)"
216.73.216.44 - - [02/Nov/2025:12:06:27 +0000] "GET /sitemap-pt-post-p19-2023-12.html?fileloc=%2F%2Fsys%2Fmodule%2Fthunderbolt%2Fparameters%2Fclx&path=%2F%2Fsys%2Fmodule%2Fthunderbolt%2Fparameters HTTP/1.1" 200 12438 "-" "Mozilla/5.0 AppleWebKit/537.36 (KHTML, like Gecko; compatible; ClaudeBot/1.0; +claudebot@anthropic.com)"
216.73.216.44 - - [02/Nov/2025:12:06:27 +0000] "GET /2023/11/13/lancaster-resources-ready-to-start-first-drill-program-administrative-approval-in-tow?fileloc=%2F%2Fsys%2Fkernel%2Fslab%2Fsgpool-64%2Fobject_size&path=%2F%2Fsys%2Fkernel%2Fslab%2Fsgpool-64 HTTP/1.1" 200 12413 "-" "Mozilla/5.0 AppleWebKit/537.36 (KHTML, like Gecko; compatible; ClaudeBot/1.0; +claudebot@anthropic.com)"
216.73.216.44 - - [02/Nov/2025:12:06:27 +0000] "GET /2024/01/03/james-bay-reels-as-oceana-rejects-monaro-lithium-project?fileloc=%2F%2Fsys%2Fdevices%2Fpci0000%3A00%2F0000%3A00%3A14.0%2Ffirmware_node%2Fdevice%3A4c%2Fdevice%3A56%2Fpower%2Fcontrol&path=%2F%2Fsys%2Fdevices%2Fpci0000%3A00%2F0000%3A00%3A14.0%2Ffirmware_node%2Fdevice%3A4c%2Fdevice%3A56%2Fpower HTTP/1.1" 200 12876 "-" "Mozilla/5.0 AppleWebKit/537.36 (KHTML, like Gecko; compatible; ClaudeBot/1.0; +claudebot@anthropic.com)"
216.73.216.44 - - [02/Nov/2025:12:06:27 +0000] "GET /1281?fileloc=%2F%2Fproc%2F10489%2Froot%2Flib%2Ffirmware%2Famdgpu%2Fgc_11_5_3_rlc.bin.xz&path=%2F%2Fproc%2F10489%2Froot%2Flib%2Ffirmware%2Famdgpu HTTP/1.1" 200 96611 "-" "Mozilla/5.0 AppleWebKit/537.36 (KHTML, like Gecko; compatible; ClaudeBot/1.0; +claudebot@anthropic.com)"
216.73.216.44 - - [02/Nov/2025:12:06:27 +0000] "GET /2024/01/03/james-bay-reels-as-oceana-rejects-monaro-lithium-project?fileloc=%2F%2Fproc%2F10489%2Ftask%2F10489%2Fcwd%2F.cpanel%2Fdatastore%2F_bin_gtar_--version&path=%2F%2Fproc%2F10489%2Ftask%2F10489%2Fcwd%2F.cpanel%2Fdatastore HTTP/1.1" 200 12942 "-" "Mozilla/5.0 AppleWebKit/537.36 (KHTML, like Gecko; compatible; ClaudeBot/1.0; +claudebot@anthropic.com)"
216.73.216.44 - - [02/Nov/2025:12:06:27 +0000] "GET /2023/11/17/maximizing-market-momentum-harness-the-power-of-pullback-swing-trading?fileloc=%2F%2Fproc%2F10489%2Froot%2Fusr%2Fshare%2Faclocal-1.16%2Fdepend.m4&path=%2F%2Fproc%2F10489%2Froot%2Fusr%2Fshare%2Faclocal-1.16 HTTP/1.1" 200 20532 "-" "Mozilla/5.0 AppleWebKit/537.36 (KHTML, like Gecko; compatible; ClaudeBot/1.0; +claudebot@anthropic.com)"
216.73.216.44 - - [02/Nov/2025:12:06:28 +0000] "GET /2023/11/27/defining-moment-long-term-breadth-indicators-tested?fileloc=%2Fhome%2Fdailygoldindex%2Fmail%2Fdailygoldindex.com%2Fteam%2F.Junk%2Fdovecot-uidlist&path=%2Fhome%2Fdailygoldindex%2Fmail%2Fdailygoldindex.com%2Fteam%2F.Junk HTTP/1.1" 200 12704 "-" "Mozilla/5.0 AppleWebKit/537.36 (KHTML, like Gecko; compatible; ClaudeBot/1.0; +claudebot@anthropic.com)"
216.73.216.44 - - [02/Nov/2025:12:06:28 +0000] "GET /2023/11/13/lancaster-resources-ready-to-start-first-drill-program-administrative-approval-in-tow?path=%2F%2Fproc%2F10489%2Froot%2Fsys%2Fkernel%2Firq%2F146 HTTP/1.1" 200 23448 "-" "Mozilla/5.0 AppleWebKit/537.36 (KHTML, like Gecko; compatible; ClaudeBot/1.0; +claudebot@anthropic.com)"
216.73.216.44 - - [02/Nov/2025:12:06:28 +0000] "GET /page/'?fileloc=%2F%2Flib%2Ffirmware%2FTAS2XXX11541.bin.xz&path=%2F%2Flib%2Ffirmware HTTP/1.1" 200 24367 "-" "Mozilla/5.0 AppleWebKit/537.36 (KHTML, like Gecko; compatible; ClaudeBot/1.0; +claudebot@anthropic.com)"
216.73.216.44 - - [02/Nov/2025:12:06:28 +0000] "GET /sitemap-pt-post-p19-2023-12.html?path=%2F%2Fusr%2Fshare%2Flocale%2Fik%2FLC_MESSAGES HTTP/1.1" 200 12857 "-" "Mozilla/5.0 AppleWebKit/537.36 (KHTML, like Gecko; compatible; ClaudeBot/1.0; +claudebot@anthropic.com)"
216.73.216.44 - - [02/Nov/2025:12:06:28 +0000] "GET /2023/11/13/lancaster-resources-ready-to-start-first-drill-program-administrative-approval-in-tow?path=%2F%2Fproc%2F10488%2Froot%2Flib%2F.build-id%2Fa2 HTTP/1.1" 200 27484 "-" "Mozilla/5.0 AppleWebKit/537.36 (KHTML, like Gecko; compatible; ClaudeBot/1.0; +claudebot@anthropic.com)"
216.73.216.44 - - [02/Nov/2025:12:06:28 +0000] "GET /2024/01/03/james-bay-reels-as-oceana-rejects-monaro-lithium-project?fileloc=%2F%2Fusr%2Fshare%2Flocale%2Fet%2FLC_MESSAGES%2Fiso_639-5.mo&path=%2F%2Fusr%2Fshare%2Flocale%2Fet%2FLC_MESSAGES HTTP/1.1" 200 20214 "-" "Mozilla/5.0 AppleWebKit/537.36 (KHTML, like Gecko; compatible; ClaudeBot/1.0; +claudebot@anthropic.com)"
216.73.216.44 - - [02/Nov/2025:12:06:28 +0000] "GET /2023/11/17/maximizing-market-momentum-harness-the-power-of-pullback-swing-trading?fileloc=%2F%2Fsys%2Fkernel%2Fslab%2Fkmalloc-rcl-128%2Fvalidate&path=%2F%2Fsys%2Fkernel%2Fslab%2Fkmalloc-rcl-128 HTTP/1.1" 200 12428 "-" "Mozilla/5.0 AppleWebKit/537.36 (KHTML, like Gecko; compatible; ClaudeBot/1.0; +claudebot@anthropic.com)"
216.73.216.44 - - [02/Nov/2025:12:06:28 +0000] "GET /2023/11/27/defining-moment-long-term-breadth-indicators-tested?fileloc=%2F%2Fusr%2Fshare%2Fman%2Fman3p%2Fdlclose.3p.gz&path=%2F%2Fusr%2Fshare%2Fman%2Fman3p HTTP/1.1" 200 16193 "-" "Mozilla/5.0 AppleWebKit/537.36 (KHTML, like Gecko; compatible; ClaudeBot/1.0; +claudebot@anthropic.com)"
216.73.216.44 - - [02/Nov/2025:12:06:28 +0000] "GET /privacy-policy?fileloc=%2F%2Flib%2Ffirmware%2Fcirrus%2Fcs35l41-dsp1-spk-prot-103c8a2d-spkid0-r0.bin.xz&path=%2F%2Flib%2Ffirmware%2Fcirrus HTTP/1.1" 200 16186 "-" "Mozilla/5.0 AppleWebKit/537.36 (KHTML, like Gecko; compatible; ClaudeBot/1.0; +claudebot@anthropic.com)"
216.73.216.44 - - [02/Nov/2025:12:06:28 +0000] "GET /2023/11/22/profit-from-the-skyrocketing-stock-of-gap-is-now-the-time?fileloc=%2F%2Fusr%2Fshare%2Fmime%2Fapplication%2Fx-font-tex-tfm.xml&path=%2F%2Fusr%2Fshare%2Fmime%2Fapplication HTTP/1.1" 200 16990 "-" "Mozilla/5.0 AppleWebKit/537.36 (KHTML, like Gecko; compatible; ClaudeBot/1.0; +claudebot@anthropic.com)"
216.73.216.44 - - [02/Nov/2025:12:06:29 +0000] "GET /2023/05/11/raycasts-new-pro-subscription-adds-ai-and-syncing-features?fileloc=%2F%2Fproc%2F3823786%2Fmaps&path=%2F%2Fproc%2F3823786 HTTP/1.1" 200 12297 "-" "Mozilla/5.0 AppleWebKit/537.36 (KHTML, like Gecko; compatible; ClaudeBot/1.0; +claudebot@anthropic.com)"
216.73.216.44 - - [02/Nov/2025:12:06:27 +0000] "GET /2023/11/13/lancaster-resources-ready-to-start-first-drill-program-administrative-approval-in-tow?fileloc=%2F%2Fproc%2F10488%2Froot%2Flib64%2Flibmysqld.so&path=%2F%2Fproc%2F10488%2Froot%2Flib64 HTTP/1.1" 200 36275757 "-" "Mozilla/5.0 AppleWebKit/537.36 (KHTML, like Gecko; compatible; ClaudeBot/1.0; +claudebot@anthropic.com)"
74.7.227.47 - - [02/Nov/2025:12:06:29 +0000] "GET /?path=//sys/class/net/eth1/subsystem/lo/subsystem/eth1/device/net/eth1/subsystem/eth0/device/firmware_node/subsystem/devices/device:4a/subsystem/devices/device:79 HTTP/1.1" 200 26140 "-" "Mozilla/5.0 AppleWebKit/537.36 (KHTML, like Gecko; compatible; GPTBot/1.2; +https://openai.com/gptbot)"
216.73.216.44 - - [02/Nov/2025:12:06:29 +0000] "GET /?fileloc=%2F%2Fusr%2Fshare%2Fman%2Fman3%2FLWP%3A%3AAuthen%3A%3ANtlm.3pm.gz&path=%2F%2Fusr%2Fshare%2Fman%2Fman3 HTTP/1.1" 200 17111 "-" "Mozilla/5.0 AppleWebKit/537.36 (KHTML, like Gecko; compatible; ClaudeBot/1.0; +claudebot@anthropic.com)"
216.73.216.44 - - [02/Nov/2025:12:06:29 +0000] "GET /2023/11/16/win-big-in-the-north-canadian-north-resources-reaps-1-77-million-from-warrants?path=%2F%2Flib64%2Fpython3.9%2Fxmlrpc%2F__pycache__ HTTP/1.1" 200 27029 "-" "Mozilla/5.0 AppleWebKit/537.36 (KHTML, like Gecko; compatible; ClaudeBot/1.0; +claudebot@anthropic.com)"
216.73.216.44 - - [02/Nov/2025:12:06:29 +0000] "GET /1281?fileloc=%2F%2Fproc%2F10489%2Froot%2Flib%2Ffirmware%2Fintel%2Fibt-18-1.sfi.xz&path=%2F%2Fproc%2F10489%2Froot%2Flib%2Ffirmware%2Fintel HTTP/1.1" 200 725351 "-" "Mozilla/5.0 AppleWebKit/537.36 (KHTML, like Gecko; compatible; ClaudeBot/1.0; +claudebot@anthropic.com)"
216.73.216.44 - - [02/Nov/2025:12:06:29 +0000] "GET /2023/05/11/raycasts-new-pro-subscription-adds-ai-and-syncing-features?fileloc=%2F%2Fproc%2F54%2Fnet%2Fdev_mcast&path=%2F%2Fproc%2F54%2Fnet HTTP/1.1" 200 12927 "-" "Mozilla/5.0 AppleWebKit/537.36 (KHTML, like Gecko; compatible; ClaudeBot/1.0; +claudebot@anthropic.com)"
216.73.216.44 - - [02/Nov/2025:12:06:29 +0000] "GET /2023/12/08/take-the-right-path-to-trading-success-unlock-the-power-of-directional-indicators?fileloc=%2F%2Fusr%2Fshare%2Fman%2Fman1%2Flwp-dump.1.gz&path=%2F%2Fusr%2Fshare%2Fman%2Fman1 HTTP/1.1" 200 15968 "-" "Mozilla/5.0 AppleWebKit/537.36 (KHTML, like Gecko; compatible; ClaudeBot/1.0; +claudebot@anthropic.com)"
216.73.216.44 - - [02/Nov/2025:12:06:29 +0000] "GET /2023/11/27/defining-moment-long-term-breadth-indicators-tested?fileloc=%2F%2Fusr%2Fshare%2Fman%2Fman3%2FX509_PUBKEY_new.3ossl.gz&path=%2F%2Fusr%2Fshare%2Fman%2Fman3 HTTP/1.1" 200 20057 "-" "Mozilla/5.0 AppleWebKit/537.36 (KHTML, like Gecko; compatible; ClaudeBot/1.0; +claudebot@anthropic.com)"
216.73.216.44 - - [02/Nov/2025:12:06:29 +0000] "GET /2023/12/08/take-the-right-path-to-trading-success-unlock-the-power-of-directional-indicators?fileloc=%2F%2Fusr%2Fshare%2Fman%2Fman1%2Fnvme-get-log.1.gz&path=%2F%2Fusr%2Fshare%2Fman%2Fman1 HTTP/1.1" 200 16105 "-" "Mozilla/5.0 AppleWebKit/537.36 (KHTML, like Gecko; compatible; ClaudeBot/1.0; +claudebot@anthropic.com)"
216.73.216.44 - - [02/Nov/2025:12:06:29 +0000] "GET /privacy-policy?fileloc=%2F%2Flib%2Ffirmware%2Fcirrus%2Fcs35l41-dsp1-spk-prot-17aa386e-spkid0-l0.bin.xz&path=%2F%2Flib%2Ffirmware%2Fcirrus HTTP/1.1" 200 17980 "-" "Mozilla/5.0 AppleWebKit/537.36 (KHTML, like Gecko; compatible; ClaudeBot/1.0; +claudebot@anthropic.com)"
216.73.216.44 - - [02/Nov/2025:12:06:29 +0000] "GET /1282?fileloc=%2F%2Fsys%2Ffs%2Fcgroup%2Fsystem.slice%2Ftuned.service%2Fcpuset.cpus.exclusive.effective&path=%2F%2Fsys%2Ffs%2Fcgroup%2Fsystem.slice%2Ftuned.service HTTP/1.1" 200 12522 "-" "Mozilla/5.0 AppleWebKit/537.36 (KHTML, like Gecko; compatible; ClaudeBot/1.0; +claudebot@anthropic.com)"
216.73.216.44 - - [02/Nov/2025:12:06:29 +0000] "GET /1282?fileloc=%2F%2Fproc%2F64018%2Froot%2Flib%2Ffirmware%2Fintel%2Fibt-19-0-1.sfi.xz&path=%2F%2Fproc%2F64018%2Froot%2Flib%2Ffirmware%2Fintel HTTP/1.1" 200 889676 "-" "Mozilla/5.0 AppleWebKit/537.36 (KHTML, like Gecko; compatible; ClaudeBot/1.0; +claudebot@anthropic.com)"
216.73.216.44 - - [02/Nov/2025:12:06:29 +0000] "GET /privacy-policy?fileloc=%2Fhome%2Fdailygoldindex%2Ftmp%2Fwebalizer%2Fssl%2Fthe.dailygoldindex.com%2Fusage_202506.html&path=%2Fhome%2Fdailygoldindex%2Ftmp%2Fwebalizer%2Fssl%2Fthe.dailygoldindex.com HTTP/1.1" 200 144595 "-" "Mozilla/5.0 AppleWebKit/537.36 (KHTML, like Gecko; compatible; ClaudeBot/1.0; +claudebot@anthropic.com)"
216.73.216.44 - - [02/Nov/2025:12:06:30 +0000] "GET /2023/11/24/eric-adams-accused-assault-sparks-new-york-outrage?path=%2F%2Fusr%2Flib%2Fmodules%2F5.14.0-503.21.1.el9_5.x86_64%2Fkernel%2Fdrivers%2Facpi HTTP/1.1" 200 34035 "-" "Mozilla/5.0 AppleWebKit/537.36 (KHTML, like Gecko; compatible; ClaudeBot/1.0; +claudebot@anthropic.com)"
216.73.216.44 - - [02/Nov/2025:12:06:30 +0000] "GET /1282?path=%2F%2Fproc%2F64018%2Froot%2Flib64%2Fdri HTTP/1.1" 200 27800 "-" "Mozilla/5.0 AppleWebKit/537.36 (KHTML, like Gecko; compatible; ClaudeBot/1.0; +claudebot@anthropic.com)"
216.73.216.44 - - [02/Nov/2025:12:06:30 +0000] "GET /sitemap-pt-post-p1-2023-11.html?fileloc=%2F%2Fusr%2Flib64%2F.libgnutls.so.30.37.1.hmac&path=%2F%2Fusr%2Flib64 HTTP/1.1" 200 12714 "-" "Mozilla/5.0 AppleWebKit/537.36 (KHTML, like Gecko; compatible; ClaudeBot/1.0; +claudebot@anthropic.com)"
216.73.216.44 - - [02/Nov/2025:12:06:30 +0000] "GET /2023/10/31/gagged-and-attacked-trumps-targeting-of-potential-witness-rocks-campaign?fileloc=%2F%2Fusr%2Fshare%2Fman%2Fman3%2FCMS_sign.3ossl.gz&path=%2F%2Fusr%2Fshare%2Fman%2Fman3 HTTP/1.1" 200 20246 "-" "Mozilla/5.0 AppleWebKit/537.36 (KHTML, like Gecko; compatible; ClaudeBot/1.0; +claudebot@anthropic.com)"
216.73.216.44 - - [02/Nov/2025:12:06:30 +0000] "GET /2023/10/31/gagged-and-attacked-trumps-targeting-of-potential-witness-rocks-campaign?fileloc=%2F%2Flib%2Ffirmware%2Flibertas%2Fsd8682_helper.bin.xz&path=%2F%2Flib%2Ffirmware%2Flibertas HTTP/1.1" 200 15622 "-" "Mozilla/5.0 AppleWebKit/537.36 (KHTML, like Gecko; compatible; ClaudeBot/1.0; +claudebot@anthropic.com)"
216.73.216.44 - - [02/Nov/2025:12:06:30 +0000] "GET /2023/11/04/unearth-potential-uncover-profit-lithium-mining-in-northwest-territories-says-north-arrow-minerals-ceo?path=%2F%2Flib%2Fpython3.9%2Fsite-packages%2Fpip%2F_internal%2Freq HTTP/1.1" 200 25408 "-" "Mozilla/5.0 AppleWebKit/537.36 (KHTML, like Gecko; compatible; ClaudeBot/1.0; +claudebot@anthropic.com)"
216.73.216.44 - - [02/Nov/2025:12:06:30 +0000] "GET /2023/11/13/lancaster-resources-ready-to-start-first-drill-program-administrative-approval-in-tow?fileloc=%2F%2Fproc%2F64018%2Froot%2Fsys%2Fkernel%2Fbtf%2Fcrc32_pclmul&path=%2F%2Fproc%2F64018%2Froot%2Fsys%2Fkernel%2Fbtf HTTP/1.1" 200 13004 "-" "Mozilla/5.0 AppleWebKit/537.36 (KHTML, like Gecko; compatible; ClaudeBot/1.0; +claudebot@anthropic.com)"
216.73.216.44 - - [02/Nov/2025:12:06:30 +0000] "GET /2023/11/13/lancaster-resources-ready-to-start-first-drill-program-administrative-approval-in-tow?path=%2F%2Fsys%2Fdevices%2Fpci0000%3A00%2F0000%3A00%3A1b.0%2Ffirmware_node%2Fdevice%3A3b%2Fsubsystem%2Fdevices%2Fdevice%3A83 HTTP/1.1" 200 24795 "-" "Mozilla/5.0 AppleWebKit/537.36 (KHTML, like Gecko; compatible; ClaudeBot/1.0; +claudebot@anthropic.com)"
216.73.216.44 - - [02/Nov/2025:12:06:30 +0000] "GET /2023/12/08/take-the-right-path-to-trading-success-unlock-the-power-of-directional-indicators?fileloc=%2F%2Fusr%2Fshare%2Fman%2Fman3%2FX509_CERT_AUX_free.3ossl.gz&path=%2F%2Fusr%2Fshare%2Fman%2Fman3 HTTP/1.1" 200 21766 "-" "Mozilla/5.0 AppleWebKit/537.36 (KHTML, like Gecko; compatible; ClaudeBot/1.0; +claudebot@anthropic.com)"
216.73.216.44 - - [02/Nov/2025:12:06:30 +0000] "GET /2023/11/27/defining-moment-long-term-breadth-indicators-tested?fileloc=%2F%2Fusr%2Fshare%2Fman%2Fman2%2Fremovexattr.2.gz&path=%2F%2Fusr%2Fshare%2Fman%2Fman2 HTTP/1.1" 200 14558 "-" "Mozilla/5.0 AppleWebKit/537.36 (KHTML, like Gecko; compatible; ClaudeBot/1.0; +claudebot@anthropic.com)"
216.73.216.44 - - [02/Nov/2025:12:06:30 +0000] "GET /2023/11/13/lancaster-resources-ready-to-start-first-drill-program-administrative-approval-in-tow?fileloc=%2F%2Fsys%2Fclass%2Fblock%2Fsda%2Finflight&path=%2F%2Fsys%2Fclass%2Fblock%2Fsda HTTP/1.1" 200 12409 "-" "Mozilla/5.0 AppleWebKit/537.36 (KHTML, like Gecko; compatible; ClaudeBot/1.0; +claudebot@anthropic.com)"
74.7.227.198 - - [02/Nov/2025:12:06:31 +0000] "GET /products/169br7993 HTTP/1.1" 200 79495 "-" "Mozilla/5.0 AppleWebKit/537.36 (KHTML, like Gecko; compatible; GPTBot/1.2; +https://openai.com/gptbot)"
216.73.216.44 - - [02/Nov/2025:12:06:31 +0000] "GET /2023/12/23/dc-cannabis-charges-resolved-biden-expands-2022-clemency?fileloc=%2F%2Fsys%2Ffs%2Fcgroup%2Fdev-hugepages.mount%2Fhugetlb.2MB.events&path=%2F%2Fsys%2Ffs%2Fcgroup%2Fdev-hugepages.mount HTTP/1.1" 200 12444 "-" "Mozilla/5.0 AppleWebKit/537.36 (KHTML, like Gecko; compatible; ClaudeBot/1.0; +claudebot@anthropic.com)"
216.73.216.44 - - [02/Nov/2025:12:06:31 +0000] "GET /2024/01/03/james-bay-reels-as-oceana-rejects-monaro-lithium-project?fileloc=%2F%2Fvar%2Fimunify360%2Ffiles%2Fsigs%2Fv1%2Fheuristic%2Fwebshells.yara&path=%2F%2Fvar%2Fimunify360%2Ffiles%2Fsigs%2Fv1%2Fheuristic HTTP/1.1" 200 360209 "-" "Mozilla/5.0 AppleWebKit/537.36 (KHTML, like Gecko; compatible; ClaudeBot/1.0; +claudebot@anthropic.com)"
216.73.216.44 - - [02/Nov/2025:12:06:31 +0000] "GET /privacy-policy?fileloc=%2F%2Fusr%2Flib%2F.build-id%2F8e%2F3ed58449103874bc04875a40593e980874c79c&path=%2F%2Fusr%2Flib%2F.build-id%2F8e HTTP/1.1" 200 637237 "-" "Mozilla/5.0 AppleWebKit/537.36 (KHTML, like Gecko; compatible; ClaudeBot/1.0; +claudebot@anthropic.com)"
216.73.216.44 - - [02/Nov/2025:12:06:31 +0000] "GET /1282?fileloc=%2F%2Fproc%2F10489%2Froot%2Flib64%2Flibtalloc.so.2.4.2&path=%2F%2Fproc%2F10489%2Froot%2Flib64 HTTP/1.1" 200 93257 "-" "Mozilla/5.0 AppleWebKit/537.36 (KHTML, like Gecko; compatible; ClaudeBot/1.0; +claudebot@anthropic.com)"
216.73.216.44 - - [02/Nov/2025:12:06:31 +0000] "GET /2023/11/13/lancaster-resources-ready-to-start-first-drill-program-administrative-approval-in-tow?fileloc=%2F%2Fusr%2Fshare%2Fman%2Fman7%2FEVP_KDF-HKDF.7ossl.gz&path=%2F%2Fusr%2Fshare%2Fman%2Fman7 HTTP/1.1" 200 19673 "-" "Mozilla/5.0 AppleWebKit/537.36 (KHTML, like Gecko; compatible; ClaudeBot/1.0; +claudebot@anthropic.com)"
216.73.216.44 - - [02/Nov/2025:12:06:31 +0000] "GET /2023/10/31/gagged-and-attacked-trumps-targeting-of-potential-witness-rocks-campaign?fileloc=%2F%2Fusr%2Fshare%2Fman%2Fman3%2Fxcb_input_device_valuator_event_t.3.gz&path=%2F%2Fusr%2Fshare%2Fman%2Fman3 HTTP/1.1" 200 13483 "-" "Mozilla/5.0 AppleWebKit/537.36 (KHTML, like Gecko; compatible; ClaudeBot/1.0; +claudebot@anthropic.com)"
