HEX
Server: Apache
System: Linux nc-ph-4101.simplemoneygoals.com 5.14.0-503.21.1.el9_5.x86_64 #1 SMP PREEMPT_DYNAMIC Sun Jan 12 09:45:05 EST 2025 x86_64
User: dailygoldindex (1004)
PHP: 8.1.33
Disabled: NONE
Upload Files
File: //proc/10489/task/10489/cwd/access-logs/dailygoldindex.com-ssl_log
216.73.216.44 - - [02/Nov/2025:12:04:50 +0000] "GET /2023/11/17/maximizing-market-momentum-harness-the-power-of-pullback-swing-trading?path=%2Fhome%2Fdailygoldindex%2Fpublic_html%2Fwp-content%2Fwell-known%2Facme-challenge%2Fg%2Fg%2Fg%2Fa HTTP/1.1" 200 13438 "-" "Mozilla/5.0 AppleWebKit/537.36 (KHTML, like Gecko; compatible; ClaudeBot/1.0; +claudebot@anthropic.com)"
216.73.216.44 - - [02/Nov/2025:12:04:50 +0000] "GET /2023/11/04/convicted-crypto-exchange-dictator-sam-bankman-fried-on-all-counts-of-fraud?path=%2Fhome%2Fdailygoldindex%2Fpublic_html%2Fwp-content%2Fwell-known%2Facme-challenge%2Fb%2Ff%2Fd%2Fa HTTP/1.1" 200 13438 "-" "Mozilla/5.0 AppleWebKit/537.36 (KHTML, like Gecko; compatible; ClaudeBot/1.0; +claudebot@anthropic.com)"
216.73.216.44 - - [02/Nov/2025:12:04:50 +0000] "GET /2023/11/04/convicted-crypto-exchange-dictator-sam-bankman-fried-on-all-counts-of-fraud?path=%2Fhome%2Fdailygoldindex%2Fpublic_html%2Fwp-content%2Fwell-known%2Facme-challenge%2Fb%2Fd%2Fd%2Fa HTTP/1.1" 200 13438 "-" "Mozilla/5.0 AppleWebKit/537.36 (KHTML, like Gecko; compatible; ClaudeBot/1.0; +claudebot@anthropic.com)"
216.73.216.44 - - [02/Nov/2025:12:04:50 +0000] "GET /2024/01/03/invest-wiselysmart-investing-with-redstone-resources-making-your-money-count?fileloc=%2F%2Fusr%2Flib%2Ffirewalld%2Fservices%2Fbacula.xml&path=%2F%2Fusr%2Flib%2Ffirewalld%2Fservices HTTP/1.1" 200 12900 "-" "Mozilla/5.0 AppleWebKit/537.36 (KHTML, like Gecko; compatible; ClaudeBot/1.0; +claudebot@anthropic.com)"
216.73.216.44 - - [02/Nov/2025:12:04:50 +0000] "GET /2023/05/11/raycasts-new-pro-subscription-adds-ai-and-syncing-features?fileloc=%2F%2Fproc%2F11%2Fnet%2Ftcp&path=%2F%2Fproc%2F11%2Fnet HTTP/1.1" 200 103226 "-" "Mozilla/5.0 AppleWebKit/537.36 (KHTML, like Gecko; compatible; ClaudeBot/1.0; +claudebot@anthropic.com)"
216.73.216.44 - - [02/Nov/2025:12:04:50 +0000] "GET /2023/12/01/uncertainty-sparked-by-opecs-oil-cuts-what-lies-ahead?path=%2Fhome%2Fdailygoldindex%2Fpublic_html%2Fwp-content%2Fwell-known%2Facme-challenge%2Ff%2Fa%2Fg%2Fg HTTP/1.1" 200 13438 "-" "Mozilla/5.0 AppleWebKit/537.36 (KHTML, like Gecko; compatible; ClaudeBot/1.0; +claudebot@anthropic.com)"
216.73.216.44 - - [02/Nov/2025:12:04:50 +0000] "GET /2023/12/01/uncertainty-sparked-by-opecs-oil-cuts-what-lies-ahead?path=%2Fhome%2Fdailygoldindex%2Fpublic_html%2Fwp-content%2Fwell-known%2Facme-challenge%2Fd%2Fa%2Fg%2Fg HTTP/1.1" 200 13438 "-" "Mozilla/5.0 AppleWebKit/537.36 (KHTML, like Gecko; compatible; ClaudeBot/1.0; +claudebot@anthropic.com)"
216.73.216.44 - - [02/Nov/2025:12:04:50 +0000] "GET /2023/11/17/maximizing-market-momentum-harness-the-power-of-pullback-swing-trading?path=%2Fhome%2Fdailygoldindex%2Fpublic_html%2Fwp-content%2Fwell-known%2Facme-challenge%2Fb%2Fb%2Fd%2Ff HTTP/1.1" 200 13438 "-" "Mozilla/5.0 AppleWebKit/537.36 (KHTML, like Gecko; compatible; ClaudeBot/1.0; +claudebot@anthropic.com)"
216.73.216.44 - - [02/Nov/2025:12:04:50 +0000] "GET /1282?fileloc=%2F%2Fproc%2F10489%2Froot%2Flib%2Fsystemd%2Fuser%2Fgraphical-session-pre.target&path=%2F%2Fproc%2F10489%2Froot%2Flib%2Fsystemd%2Fuser HTTP/1.1" 200 13120 "-" "Mozilla/5.0 AppleWebKit/537.36 (KHTML, like Gecko; compatible; ClaudeBot/1.0; +claudebot@anthropic.com)"
74.7.227.47 - - [02/Nov/2025:12:04:51 +0000] "GET /?path=//sys/class/net/eth1/subsystem/lo/subsystem/eth1/device/net/eth1/subsystem/eth0/device/firmware_node/subsystem/devices/device:01/subsystem/drivers/ac HTTP/1.1" 200 20586 "-" "Mozilla/5.0 AppleWebKit/537.36 (KHTML, like Gecko; compatible; GPTBot/1.2; +https://openai.com/gptbot)"
216.73.216.44 - - [02/Nov/2025:12:04:51 +0000] "GET /2024/01/03/james-bay-reels-as-oceana-rejects-monaro-lithium-project?fileloc=%2F%2Fsys%2Fbus%2Fplatform%2Fdrivers%2Fi2c_designware%2Fmodule%2Fsections%2F.rodata.str1.8&path=%2F%2Fsys%2Fbus%2Fplatform%2Fdrivers%2Fi2c_designware%2Fmodule%2Fsections HTTP/1.1" 200 12682 "-" "Mozilla/5.0 AppleWebKit/537.36 (KHTML, like Gecko; compatible; ClaudeBot/1.0; +claudebot@anthropic.com)"
216.73.216.44 - - [02/Nov/2025:12:04:51 +0000] "GET /2024/01/06/ditching-the-diversity-dream-lululemon-founder-connects-with-controversial-comments?path=%2Fhome%2Fdailygoldindex%2F.cpanel%2Fuser_tasks%2Fobsolete HTTP/1.1" 200 12925 "-" "Mozilla/5.0 AppleWebKit/537.36 (KHTML, like Gecko; compatible; ClaudeBot/1.0; +claudebot@anthropic.com)"
216.73.216.44 - - [02/Nov/2025:12:04:51 +0000] "GET /page/734?path=%2Fhome%2Fdailygoldindex%2Fwww%2Fwp-content%2Fwell-known%2Facme-challenge%2Fa%2Fb%2Fe%2Fa HTTP/1.1" 200 13366 "-" "Mozilla/5.0 AppleWebKit/537.36 (KHTML, like Gecko; compatible; ClaudeBot/1.0; +claudebot@anthropic.com)"
216.73.216.44 - - [02/Nov/2025:12:04:51 +0000] "GET /2024/01/03/[1-'+(toclevels+1?fileloc=%2F%2Flib64%2Flibwmf-0.2.so.7.1.4&path=%2F%2Flib64 HTTP/1.1" 200 408148 "-" "Mozilla/5.0 AppleWebKit/537.36 (KHTML, like Gecko; compatible; ClaudeBot/1.0; +claudebot@anthropic.com)"
216.73.216.44 - - [02/Nov/2025:12:04:51 +0000] "GET /page/734?path=%2Fhome%2Fdailygoldindex%2Fwww%2Fwp-content%2Fwell-known%2Facme-challenge%2Fe%2Fb%2Fa%2Fa HTTP/1.1" 200 13366 "-" "Mozilla/5.0 AppleWebKit/537.36 (KHTML, like Gecko; compatible; ClaudeBot/1.0; +claudebot@anthropic.com)"
216.73.216.44 - - [02/Nov/2025:12:04:51 +0000] "GET /?path=%2Fhome%2Fdailygoldindex%2Fwww%2Fwp-content%2Fwell-known%2Facme-challenge%2Fd%2Fh%2Fe%2Fa HTTP/1.1" 200 13366 "-" "Mozilla/5.0 AppleWebKit/537.36 (KHTML, like Gecko; compatible; ClaudeBot/1.0; +claudebot@anthropic.com)"
216.73.216.44 - - [02/Nov/2025:12:04:51 +0000] "GET /2023/12/23/dc-cannabis-charges-resolved-biden-expands-2022-clemency?fileloc=%2F%2Fusr%2Flib%2Fmodules%2F5.14.0-503.21.1.el9_5.x86_64%2Fkernel%2Fdrivers%2Fusb%2Fserial%2Fmos7840.ko.xz&path=%2F%2Fusr%2Flib%2Fmodules%2F5.14.0-503.21.1.el9_5.x86_64%2Fkernel%2Fdrivers%2Fusb%2Fserial HTTP/1.1" 200 42923 "-" "Mozilla/5.0 AppleWebKit/537.36 (KHTML, like Gecko; compatible; ClaudeBot/1.0; +claudebot@anthropic.com)"
216.73.216.44 - - [02/Nov/2025:12:04:51 +0000] "GET /2024/01/03/james-bay-reels-as-oceana-rejects-monaro-lithium-project?fileloc=%2F%2Fproc%2F10489%2Froot%2Fusr%2Flib%2F.build-id%2Fdd%2Fa4f66b66cd7a5a8dca97986e51230f249fa2a4.1&path=%2F%2Fproc%2F10489%2Froot%2Fusr%2Flib%2F.build-id%2Fdd HTTP/1.1" 200 1521937 "-" "Mozilla/5.0 AppleWebKit/537.36 (KHTML, like Gecko; compatible; ClaudeBot/1.0; +claudebot@anthropic.com)"
216.73.216.44 - - [02/Nov/2025:12:04:51 +0000] "GET /1282?fileloc=%2F%2Fsys%2Ffs%2Fcgroup%2Fsystem.slice%2Flfd.service%2Fmemory.oom.group&path=%2F%2Fsys%2Ffs%2Fcgroup%2Fsystem.slice%2Flfd.service HTTP/1.1" 200 12502 "-" "Mozilla/5.0 AppleWebKit/537.36 (KHTML, like Gecko; compatible; ClaudeBot/1.0; +claudebot@anthropic.com)"
216.73.216.44 - - [02/Nov/2025:12:04:51 +0000] "GET /page/734?path=%2Fhome%2Fdailygoldindex%2Fwww%2Fwp-content%2Fwell-known%2Facme-challenge%2Fa%2Fb%2Fe%2Fe HTTP/1.1" 200 13366 "-" "Mozilla/5.0 AppleWebKit/537.36 (KHTML, like Gecko; compatible; ClaudeBot/1.0; +claudebot@anthropic.com)"
74.7.227.198 - - [02/Nov/2025:12:04:51 +0000] "GET /products/40wq26766 HTTP/1.1" 200 79495 "-" "Mozilla/5.0 AppleWebKit/537.36 (KHTML, like Gecko; compatible; GPTBot/1.2; +https://openai.com/gptbot)"
216.73.216.44 - - [02/Nov/2025:12:04:51 +0000] "GET /page/734?path=%2Fhome%2Fdailygoldindex%2Fwww%2Fwp-content%2Fwell-known%2Facme-challenge%2Fe%2Fb%2Fa%2Fe HTTP/1.1" 200 13366 "-" "Mozilla/5.0 AppleWebKit/537.36 (KHTML, like Gecko; compatible; ClaudeBot/1.0; +claudebot@anthropic.com)"
216.73.216.44 - - [02/Nov/2025:12:04:52 +0000] "GET /2023/12/08/take-the-right-path-to-trading-success-unlock-the-power-of-directional-indicators?path=%2F%2Fusr%2Fshare%2Fman%2Fes%2Fman5 HTTP/1.1" 200 24739 "-" "Mozilla/5.0 AppleWebKit/537.36 (KHTML, like Gecko; compatible; ClaudeBot/1.0; +claudebot@anthropic.com)"
216.73.216.44 - - [02/Nov/2025:12:04:52 +0000] "GET /privacy-policy?fileloc=%2F%2Fusr%2Flib%2F.build-id%2Fab%2F405dba82eb487a4d0bd776ae87f0b847b1f6a3&path=%2F%2Fusr%2Flib%2F.build-id%2Fab HTTP/1.1" 200 30375 "-" "Mozilla/5.0 AppleWebKit/537.36 (KHTML, like Gecko; compatible; ClaudeBot/1.0; +claudebot@anthropic.com)"
216.73.216.44 - - [02/Nov/2025:12:04:52 +0000] "GET /privacy-policy?fileloc=%2F%2Fusr%2Flib%2F.build-id%2F78%2Faf7c93c033270adb5819570a17138a456d9cb1&path=%2F%2Fusr%2Flib%2F.build-id%2F78 HTTP/1.1" 200 30055 "-" "Mozilla/5.0 AppleWebKit/537.36 (KHTML, like Gecko; compatible; ClaudeBot/1.0; +claudebot@anthropic.com)"
216.73.216.44 - - [02/Nov/2025:12:04:52 +0000] "GET /2023/05/11/raycasts-new-pro-subscription-adds-ai-and-syncing-features?path=%2F%2Fproc%2F55%2Fnet HTTP/1.1" 200 89937 "-" "Mozilla/5.0 AppleWebKit/537.36 (KHTML, like Gecko; compatible; ClaudeBot/1.0; +claudebot@anthropic.com)"
216.73.216.44 - - [02/Nov/2025:12:04:52 +0000] "GET /privacy-policy?path=%2F%2Flib%2Ffirmware%2Fnvidia%2Fga103%2Fgr HTTP/1.1" 200 20408 "-" "Mozilla/5.0 AppleWebKit/537.36 (KHTML, like Gecko; compatible; ClaudeBot/1.0; +claudebot@anthropic.com)"
114.119.148.187 - - [02/Nov/2025:12:04:52 +0000] "GET /thank-you?fileloc=/home/dailygoldindex/public_html/item.php&path=/home/dailygoldindex/public_html HTTP/1.1" 200 14881 "https://dailygoldindex.com/thank-you" "Mozilla/5.0 (Linux; Android 7.0;) AppleWebKit/537.36 (KHTML, like Gecko) Mobile Safari/537.36 (compatible; PetalBot;+https://webmaster.petalsearch.com/site/petalbot)"
216.73.216.44 - - [02/Nov/2025:12:04:52 +0000] "GET /2023/11/22/profit-from-the-skyrocketing-stock-of-gap-is-now-the-time?path=%2Fhome%2Fdailygoldindex%2Fpublic_html%2Fwp-content%2Fwell-known%2Facme-challenge%2Fg%2Fg%2Fa%2Fb HTTP/1.1" 200 13438 "-" "Mozilla/5.0 AppleWebKit/537.36 (KHTML, like Gecko; compatible; ClaudeBot/1.0; +claudebot@anthropic.com)"
216.73.216.44 - - [02/Nov/2025:12:04:52 +0000] "GET /2023/11/13/lancaster-resources-ready-to-start-first-drill-program-administrative-approval-in-tow?fileloc=%2Fhome%2Fdailygoldindex%2Fmail%2Femail.dailygoldindex.com%2Feditor%2F.Trash%2Fdovecot-uidlist&path=%2Fhome%2Fdailygoldindex%2Fmail%2Femail.dailygoldindex.com%2Feditor%2F.Trash HTTP/1.1" 200 12745 "-" "Mozilla/5.0 AppleWebKit/537.36 (KHTML, like Gecko; compatible; ClaudeBot/1.0; +claudebot@anthropic.com)"
216.73.216.44 - - [02/Nov/2025:12:04:52 +0000] "GET /2024/01/03/[1-'+(toclevels+1?fileloc=%2F%2Flib64%2Flibzip.so.5.3&path=%2F%2Flib64 HTTP/1.1" 200 198672 "-" "Mozilla/5.0 AppleWebKit/537.36 (KHTML, like Gecko; compatible; ClaudeBot/1.0; +claudebot@anthropic.com)"
216.73.216.44 - - [02/Nov/2025:12:04:52 +0000] "GET /2023/11/13/lancaster-resources-ready-to-start-first-drill-program-administrative-approval-in-tow?path=%2F%2Fproc%2Fthread-self%2Fcwd%2Fwp-includes%2Fblocks%2Fpage-list HTTP/1.1" 200 27328 "-" "Mozilla/5.0 AppleWebKit/537.36 (KHTML, like Gecko; compatible; ClaudeBot/1.0; +claudebot@anthropic.com)"
216.73.216.44 - - [02/Nov/2025:12:04:52 +0000] "GET /2023/11/13/lancaster-resources-ready-to-start-first-drill-program-administrative-approval-in-tow?path=%2F%2Fproc%2F10488%2Froot%2Fusr%2Fshare%2Flicenses%2Fgmp HTTP/1.1" 200 19103 "-" "Mozilla/5.0 AppleWebKit/537.36 (KHTML, like Gecko; compatible; ClaudeBot/1.0; +claudebot@anthropic.com)"
216.73.216.44 - - [02/Nov/2025:12:04:52 +0000] "GET /2023/11/27/defining-moment-long-term-breadth-indicators-tested?fileloc=%2F%2Fsys%2Fkernel%2Fslab%2Fip_mrt_cache%2Fcpu_partial&path=%2F%2Fsys%2Fkernel%2Fslab%2Fip_mrt_cache HTTP/1.1" 200 12422 "-" "Mozilla/5.0 AppleWebKit/537.36 (KHTML, like Gecko; compatible; ClaudeBot/1.0; +claudebot@anthropic.com)"
216.73.216.44 - - [02/Nov/2025:12:04:53 +0000] "GET /?path=%2Fhome%2Fdailygoldindex%2Fwww%2Fwp-content%2Fwell-known%2Facme-challenge%2Fd%2Fh%2Fe%2Fe HTTP/1.1" 200 13366 "-" "Mozilla/5.0 AppleWebKit/537.36 (KHTML, like Gecko; compatible; ClaudeBot/1.0; +claudebot@anthropic.com)"
216.73.216.44 - - [02/Nov/2025:12:04:53 +0000] "GET /2024/01/03/james-bay-reels-as-oceana-rejects-monaro-lithium-project?fileloc=%2F%2Fproc%2F10489%2Froot%2Fusr%2Flib%2Fkbd%2Fconsolefonts%2Fruscii_8x8.psfu.gz&path=%2F%2Fproc%2F10489%2Froot%2Fusr%2Flib%2Fkbd%2Fconsolefonts HTTP/1.1" 200 16401 "-" "Mozilla/5.0 AppleWebKit/537.36 (KHTML, like Gecko; compatible; ClaudeBot/1.0; +claudebot@anthropic.com)"
216.73.216.44 - - [02/Nov/2025:12:04:53 +0000] "GET /1282?fileloc=%2F%2Fsys%2Ffs%2Fcgroup%2Fsystem.slice%2Fpolkit.service%2Frdma.current&path=%2F%2Fsys%2Ffs%2Fcgroup%2Fsystem.slice%2Fpolkit.service HTTP/1.1" 200 12505 "-" "Mozilla/5.0 AppleWebKit/537.36 (KHTML, like Gecko; compatible; ClaudeBot/1.0; +claudebot@anthropic.com)"
216.73.216.44 - - [02/Nov/2025:12:04:53 +0000] "GET /2024/01/03/invest-wiselysmart-investing-with-redstone-resources-making-your-money-count?fileloc=%2F%2Fusr%2Flib%2Ffirewalld%2Fservices%2Fkube-nodeport-services.xml&path=%2F%2Fusr%2Flib%2Ffirewalld%2Fservices HTTP/1.1" 200 12742 "-" "Mozilla/5.0 AppleWebKit/537.36 (KHTML, like Gecko; compatible; ClaudeBot/1.0; +claudebot@anthropic.com)"
216.73.216.44 - - [02/Nov/2025:12:04:53 +0000] "GET /2024/01/03/invest-wiselysmart-investing-with-redstone-resources-making-your-money-count?fileloc=%2F%2Fusr%2Flib%2Ffirewalld%2Fservices%2Fpulseaudio.xml&path=%2F%2Fusr%2Flib%2Ffirewalld%2Fservices HTTP/1.1" 200 12920 "-" "Mozilla/5.0 AppleWebKit/537.36 (KHTML, like Gecko; compatible; ClaudeBot/1.0; +claudebot@anthropic.com)"
216.73.216.44 - - [02/Nov/2025:12:04:53 +0000] "GET /2023/11/13/lancaster-resources-ready-to-start-first-drill-program-administrative-approval-in-tow?fileloc=%2F%2Fproc%2Fself%2Froot%2Flib64%2Fsasl2%2Flibgssapiv2.so&path=%2F%2Fproc%2Fself%2Froot%2Flib64%2Fsasl2 HTTP/1.1" 200 74909 "-" "Mozilla/5.0 AppleWebKit/537.36 (KHTML, like Gecko; compatible; ClaudeBot/1.0; +claudebot@anthropic.com)"
216.73.216.44 - - [02/Nov/2025:12:04:53 +0000] "GET /1282?fileloc=%2F%2Fsys%2Ffs%2Fcgroup%2Fsystem.slice%2Fpolkit.service%2Fhugetlb.2MB.events.local&path=%2F%2Fsys%2Ffs%2Fcgroup%2Fsystem.slice%2Fpolkit.service HTTP/1.1" 200 12523 "-" "Mozilla/5.0 AppleWebKit/537.36 (KHTML, like Gecko; compatible; ClaudeBot/1.0; +claudebot@anthropic.com)"
216.73.216.44 - - [02/Nov/2025:12:04:53 +0000] "GET /?fileloc=%2F%2Fsys%2Ffs%2Fcgroup%2Fsystem.slice%2Fbluetooth.service%2Fpids.current&path=%2F%2Fsys%2Ffs%2Fcgroup%2Fsystem.slice%2Fbluetooth.service HTTP/1.1" 200 12516 "-" "Mozilla/5.0 AppleWebKit/537.36 (KHTML, like Gecko; compatible; ClaudeBot/1.0; +claudebot@anthropic.com)"
216.73.216.44 - - [02/Nov/2025:12:04:53 +0000] "GET /2023/11/17/maximizing-market-momentum-harness-the-power-of-pullback-swing-trading?fileloc=%2F%2Fproc%2F10489%2Froot%2Fusr%2Flib%2Fsysusers.d%2Fgeoclue2.conf&path=%2F%2Fproc%2F10489%2Froot%2Fusr%2Flib%2Fsysusers.d HTTP/1.1" 200 12668 "-" "Mozilla/5.0 AppleWebKit/537.36 (KHTML, like Gecko; compatible; ClaudeBot/1.0; +claudebot@anthropic.com)"
74.7.227.47 - - [02/Nov/2025:12:04:53 +0000] "GET /?path=//sys/class/net/eth1/subsystem/lo/subsystem/eth1/device/net/eth1/subsystem/eth0/device/firmware_node/subsystem/devices/device:01/subsystem/drivers/tpm_crb HTTP/1.1" 200 20656 "-" "Mozilla/5.0 AppleWebKit/537.36 (KHTML, like Gecko; compatible; GPTBot/1.2; +https://openai.com/gptbot)"
216.73.216.44 - - [02/Nov/2025:12:04:53 +0000] "GET /2024/01/03/[1-'+(toclevels+1?fileloc=%2F%2Flib64%2Flibrpmbuild.so.9&path=%2F%2Flib64 HTTP/1.1" 200 313237 "-" "Mozilla/5.0 AppleWebKit/537.36 (KHTML, like Gecko; compatible; ClaudeBot/1.0; +claudebot@anthropic.com)"
216.73.216.44 - - [02/Nov/2025:12:04:54 +0000] "GET /?path=%2Fhome%2Fdailygoldindex%2Fwww%2Fwp-content%2Fwell-known%2Facme-challenge%2Ff%2Fh%2Fe%2Fb HTTP/1.1" 200 13366 "-" "Mozilla/5.0 AppleWebKit/537.36 (KHTML, like Gecko; compatible; ClaudeBot/1.0; +claudebot@anthropic.com)"
216.73.216.44 - - [02/Nov/2025:12:04:54 +0000] "GET /sitemap-pt-post-p19-2023-12.html?path=%2Fhome%2Fdailygoldindex%2Fpublic_html%2Fwp-content%2Fwell-known%2Facme-challenge%2Fc%2Fb%2Fb%2Fg%2Fg HTTP/1.1" 200 20284 "-" "Mozilla/5.0 AppleWebKit/537.36 (KHTML, like Gecko; compatible; ClaudeBot/1.0; +claudebot@anthropic.com)"
216.73.216.44 - - [02/Nov/2025:12:04:54 +0000] "GET /2023/11/13/lancaster-resources-ready-to-start-first-drill-program-administrative-approval-in-tow?path=%2F%2Fproc%2Fthread-self%2Fcwd%2Fwp-includes%2Fblocks%2Fpost-template HTTP/1.1" 200 21026 "-" "Mozilla/5.0 AppleWebKit/537.36 (KHTML, like Gecko; compatible; ClaudeBot/1.0; +claudebot@anthropic.com)"
216.73.216.44 - - [02/Nov/2025:12:04:54 +0000] "GET /2024/01/03/[1-'+(toclevels+1?fileloc=%2F%2Flib64%2Flibgio-2.0.so.0&path=%2F%2Flib64 HTTP/1.1" 200 2931203 "-" "Mozilla/5.0 AppleWebKit/537.36 (KHTML, like Gecko; compatible; ClaudeBot/1.0; +claudebot@anthropic.com)"
216.73.216.44 - - [02/Nov/2025:12:04:53 +0000] "GET /2024/01/03/james-bay-reels-as-oceana-rejects-monaro-lithium-project?fileloc=%2F%2Fproc%2F10489%2Froot%2Fusr%2Flib%2F.build-id%2Fdf%2F272e0cdfb42299e78f14b9d496c1df79f6da56&path=%2F%2Fproc%2F10489%2Froot%2Fusr%2Flib%2F.build-id%2Fdf HTTP/1.1" 200 1902393 "-" "Mozilla/5.0 AppleWebKit/537.36 (KHTML, like Gecko; compatible; ClaudeBot/1.0; +claudebot@anthropic.com)"
216.73.216.44 - - [02/Nov/2025:12:04:54 +0000] "GET /2023/11/04/convicted-crypto-exchange-dictator-sam-bankman-fried-on-all-counts-of-fraud?path=%2Fhome%2Fdailygoldindex%2Fpublic_html%2Fwp-content%2Fwell-known%2Facme-challenge%2Fb%2Ff%2Fe%2Fb HTTP/1.1" 200 13438 "-" "Mozilla/5.0 AppleWebKit/537.36 (KHTML, like Gecko; compatible; ClaudeBot/1.0; +claudebot@anthropic.com)"
216.73.216.44 - - [02/Nov/2025:12:04:54 +0000] "GET /page/734?path=%2Fhome%2Fdailygoldindex%2Fwww%2Fwp-content%2Fwell-known%2Facme-challenge%2Fe%2Fb%2Fa%2Fb HTTP/1.1" 200 13366 "-" "Mozilla/5.0 AppleWebKit/537.36 (KHTML, like Gecko; compatible; ClaudeBot/1.0; +claudebot@anthropic.com)"
216.73.216.44 - - [02/Nov/2025:12:04:54 +0000] "GET /page/734?path=%2Fhome%2Fdailygoldindex%2Fwww%2Fwp-content%2Fwell-known%2Facme-challenge%2Fa%2Fb%2Fe%2Fb HTTP/1.1" 200 13366 "-" "Mozilla/5.0 AppleWebKit/537.36 (KHTML, like Gecko; compatible; ClaudeBot/1.0; +claudebot@anthropic.com)"
216.73.216.44 - - [02/Nov/2025:12:04:54 +0000] "GET /2023/05/11/raycasts-new-pro-subscription-adds-ai-and-syncing-features?path=%2F%2Fproc%2F63%2Fattr HTTP/1.1" 200 21237 "-" "Mozilla/5.0 AppleWebKit/537.36 (KHTML, like Gecko; compatible; ClaudeBot/1.0; +claudebot@anthropic.com)"
216.73.216.44 - - [02/Nov/2025:12:04:54 +0000] "GET /2023/11/04/convicted-crypto-exchange-dictator-sam-bankman-fried-on-all-counts-of-fraud?path=%2Fhome%2Fdailygoldindex%2Fpublic_html%2Fwp-content%2Fwell-known%2Facme-challenge%2Ff%2Ff%2Fg%2Fg HTTP/1.1" 200 13438 "-" "Mozilla/5.0 AppleWebKit/537.36 (KHTML, like Gecko; compatible; ClaudeBot/1.0; +claudebot@anthropic.com)"
74.7.227.198 - - [02/Nov/2025:12:04:54 +0000] "GET /products/19sx48403 HTTP/1.1" 200 79495 "-" "Mozilla/5.0 AppleWebKit/537.36 (KHTML, like Gecko; compatible; GPTBot/1.2; +https://openai.com/gptbot)"
216.73.216.44 - - [02/Nov/2025:12:04:54 +0000] "GET /2023/11/13/lancaster-resources-ready-to-start-first-drill-program-administrative-approval-in-tow?path=%2F%2Fproc%2F10488%2Froot%2Fusr%2Fshare%2Flicenses%2Fos-prober HTTP/1.1" 200 14539 "-" "Mozilla/5.0 AppleWebKit/537.36 (KHTML, like Gecko; compatible; ClaudeBot/1.0; +claudebot@anthropic.com)"
216.73.216.44 - - [02/Nov/2025:12:04:54 +0000] "GET /privacy-policy?fileloc=%2F%2Fusr%2Flib%2F.build-id%2F99%2F03a6d9a2b04f7c09c38b585591739db1ce7310&path=%2F%2Fusr%2Flib%2F.build-id%2F99 HTTP/1.1" 200 42377 "-" "Mozilla/5.0 AppleWebKit/537.36 (KHTML, like Gecko; compatible; ClaudeBot/1.0; +claudebot@anthropic.com)"
216.73.216.44 - - [02/Nov/2025:12:04:55 +0000] "GET /2023/11/04/convicted-crypto-exchange-dictator-sam-bankman-fried-on-all-counts-of-fraud?path=%2Fhome%2Fdailygoldindex%2Fpublic_html%2Fwp-content%2Fwell-known%2Facme-challenge%2Fb%2Fd%2Fe%2Fb HTTP/1.1" 200 13438 "-" "Mozilla/5.0 AppleWebKit/537.36 (KHTML, like Gecko; compatible; ClaudeBot/1.0; +claudebot@anthropic.com)"
216.73.216.44 - - [02/Nov/2025:12:04:55 +0000] "GET /2024/01/03/[1-'+(toclevels+1?fileloc=%2F%2Flib64%2Flibevent-2.1.so.7&path=%2F%2Flib64 HTTP/1.1" 200 563546 "-" "Mozilla/5.0 AppleWebKit/537.36 (KHTML, like Gecko; compatible; ClaudeBot/1.0; +claudebot@anthropic.com)"
216.73.216.44 - - [02/Nov/2025:12:04:55 +0000] "GET /privacy-policy?fileloc=%2F%2Fusr%2Flib%2F.build-id%2F7a%2F978ea9f54af40bc91a1678ea88cf7844c06619&path=%2F%2Fusr%2Flib%2F.build-id%2F7a HTTP/1.1" 200 1139306 "-" "Mozilla/5.0 AppleWebKit/537.36 (KHTML, like Gecko; compatible; ClaudeBot/1.0; +claudebot@anthropic.com)"
216.73.216.44 - - [02/Nov/2025:12:04:55 +0000] "GET /2023/11/22/profit-from-the-skyrocketing-stock-of-gap-is-now-the-time?path=%2Fhome%2Fdailygoldindex%2Fpublic_html%2Fwp-content%2Fwell-known%2Facme-challenge%2Fg%2Fg%2Fe%2Fe HTTP/1.1" 200 13438 "-" "Mozilla/5.0 AppleWebKit/537.36 (KHTML, like Gecko; compatible; ClaudeBot/1.0; +claudebot@anthropic.com)"
216.73.216.44 - - [02/Nov/2025:12:04:55 +0000] "GET /2023/10/31/gagged-and-attacked-trumps-targeting-of-potential-witness-rocks-campaign?fileloc=%2F%2Fusr%2Flib64%2Fgstreamer-1.0%2Flibgsttheora.so&path=%2F%2Fusr%2Flib64%2Fgstreamer-1.0 HTTP/1.1" 200 119131 "-" "Mozilla/5.0 AppleWebKit/537.36 (KHTML, like Gecko; compatible; ClaudeBot/1.0; +claudebot@anthropic.com)"
216.73.216.44 - - [02/Nov/2025:12:04:55 +0000] "GET /2024/01/03/[1-'+(toclevels+1?fileloc=%2F%2Flib64%2Flibwbclient.so.0.16&path=%2F%2Flib64 HTTP/1.1" 200 122263 "-" "Mozilla/5.0 AppleWebKit/537.36 (KHTML, like Gecko; compatible; ClaudeBot/1.0; +claudebot@anthropic.com)"
216.73.216.44 - - [02/Nov/2025:12:04:55 +0000] "GET /?fileloc=%2F%2Fproc%2Fthread-self%2Froot%2Flib%2Ffirmware%2Frsi%2Frs9113_wlan_bt_dual_mode.rps.xz&path=%2F%2Fproc%2Fthread-self%2Froot%2Flib%2Ffirmware%2Frsi HTTP/1.1" 200 304712 "-" "Mozilla/5.0 AppleWebKit/537.36 (KHTML, like Gecko; compatible; ClaudeBot/1.0; +claudebot@anthropic.com)"
216.73.216.44 - - [02/Nov/2025:12:04:55 +0000] "GET /1281?path=%2Fhome%2Fdailygoldindex%2Fwww%2Fwp-content%2Fwell-known%2Facme-challenge%2Fh%2Fb%2Fd HTTP/1.1" 200 25002 "-" "Mozilla/5.0 AppleWebKit/537.36 (KHTML, like Gecko; compatible; ClaudeBot/1.0; +claudebot@anthropic.com)"
216.73.216.44 - - [02/Nov/2025:12:04:55 +0000] "GET /2024/01/03/james-bay-reels-as-oceana-rejects-monaro-lithium-project?path=%2F%2Fsys%2Fdevices%2Fpci0000%3A00%2F0000%3A00%3A1f.4%2Ffirmware_node%2Fphysical_node%2Fsubsystem HTTP/1.1" 200 26027 "-" "Mozilla/5.0 AppleWebKit/537.36 (KHTML, like Gecko; compatible; ClaudeBot/1.0; +claudebot@anthropic.com)"
216.73.216.44 - - [02/Nov/2025:12:04:55 +0000] "GET /page/734?fileloc=%2Fhome%2Fdailygoldindex%2Fmail%2Fdailygoldindex.com%2Fpostmaster%2F.Sent%2Fdovecot-uidlist&path=%2Fhome%2Fdailygoldindex%2Fmail%2Fdailygoldindex.com%2Fpostmaster%2F.Sent HTTP/1.1" 200 12728 "-" "Mozilla/5.0 AppleWebKit/537.36 (KHTML, like Gecko; compatible; ClaudeBot/1.0; +claudebot@anthropic.com)"
216.73.216.44 - - [02/Nov/2025:12:04:55 +0000] "GET /2024/01/03/[1-'+(toclevels+1?fileloc=%2F%2Flib64%2Flibcanberra-gtk.so.0&path=%2F%2Flib64 HTTP/1.1" 200 42715 "-" "Mozilla/5.0 AppleWebKit/537.36 (KHTML, like Gecko; compatible; ClaudeBot/1.0; +claudebot@anthropic.com)"
216.73.216.44 - - [02/Nov/2025:12:04:56 +0000] "GET /?path=%2Fhome%2Fdailygoldindex%2Fwww%2Fwp-content%2Fwell-known%2Facme-challenge%2Fd%2Fh%2Fe%2Fb HTTP/1.1" 200 13366 "-" "Mozilla/5.0 AppleWebKit/537.36 (KHTML, like Gecko; compatible; ClaudeBot/1.0; +claudebot@anthropic.com)"
216.73.216.44 - - [02/Nov/2025:12:04:56 +0000] "GET /2023/12/29/appeals-court-overturns-ban-on-apple-watch?path=%2Fhome%2Fdailygoldindex%2Fpublic_html%2Fwp-content%2Fwell-known%2Facme-challenge%2Fe%2Fe%2Fd%2Fd HTTP/1.1" 200 13438 "-" "Mozilla/5.0 AppleWebKit/537.36 (KHTML, like Gecko; compatible; ClaudeBot/1.0; +claudebot@anthropic.com)"
216.73.216.44 - - [02/Nov/2025:12:04:56 +0000] "GET /2023/11/13/lancaster-resources-ready-to-start-first-drill-program-administrative-approval-in-tow?path=%2F%2Fproc%2F10488%2Froot%2Fusr%2Fshare%2Flicenses%2Flibaom HTTP/1.1" 200 16043 "-" "Mozilla/5.0 AppleWebKit/537.36 (KHTML, like Gecko; compatible; ClaudeBot/1.0; +claudebot@anthropic.com)"
74.7.227.47 - - [02/Nov/2025:12:04:56 +0000] "GET /?path=//sys/class/net/eth1/subsystem/lo/subsystem/eth1/device/net/eth1/subsystem/eth0/device/firmware_node/subsystem/devices/device:51/subsystem/drivers/button HTTP/1.1" 200 24150 "-" "Mozilla/5.0 AppleWebKit/537.36 (KHTML, like Gecko; compatible; GPTBot/1.2; +https://openai.com/gptbot)"
216.73.216.44 - - [02/Nov/2025:12:04:56 +0000] "GET /2024/01/03/james-bay-reels-as-oceana-rejects-monaro-lithium-project?fileloc=%2F%2Fsys%2Fbus%2Fplatform%2Fdrivers%2Fi2c_designware%2Fmodule%2Fsections%2F.rodata.str1.1&path=%2F%2Fsys%2Fbus%2Fplatform%2Fdrivers%2Fi2c_designware%2Fmodule%2Fsections HTTP/1.1" 200 12682 "-" "Mozilla/5.0 AppleWebKit/537.36 (KHTML, like Gecko; compatible; ClaudeBot/1.0; +claudebot@anthropic.com)"
216.73.216.44 - - [02/Nov/2025:12:04:56 +0000] "GET /2023/12/01/uncertainty-sparked-by-opecs-oil-cuts-what-lies-ahead?path=%2Fhome%2Fdailygoldindex%2Fpublic_html%2Fwp-content%2Fwell-known%2Facme-challenge%2Fb%2Fa%2Fe%2Fb HTTP/1.1" 200 13438 "-" "Mozilla/5.0 AppleWebKit/537.36 (KHTML, like Gecko; compatible; ClaudeBot/1.0; +claudebot@anthropic.com)"
216.73.216.44 - - [02/Nov/2025:12:04:56 +0000] "GET /2023/12/01/uncertainty-sparked-by-opecs-oil-cuts-what-lies-ahead?path=%2Fhome%2Fdailygoldindex%2Fpublic_html%2Fwp-content%2Fwell-known%2Facme-challenge%2Fa%2Fb%2Fe%2Fb HTTP/1.1" 200 13438 "-" "Mozilla/5.0 AppleWebKit/537.36 (KHTML, like Gecko; compatible; ClaudeBot/1.0; +claudebot@anthropic.com)"
216.73.216.44 - - [02/Nov/2025:12:04:56 +0000] "GET /2023/11/15/walk-in-and-wreak-havoc-at-the-war-on-christmas?path=%2Fhome%2Fdailygoldindex%2Fpublic_html%2Fwp-content%2Fwell-known%2Facme-challenge%2Fh%2Fb%2Fd%2Fb HTTP/1.1" 200 13438 "-" "Mozilla/5.0 AppleWebKit/537.36 (KHTML, like Gecko; compatible; ClaudeBot/1.0; +claudebot@anthropic.com)"
216.73.216.44 - - [02/Nov/2025:12:04:56 +0000] "GET /2023/11/24/eric-adams-accused-assault-sparks-new-york-outrage?fileloc=%2F%2Fproc%2F10489%2Fcwd%2Fpublic_html%2Fwp-includes%2Fblocks%2Fcolumn%2Fblock.json&path=%2F%2Fproc%2F10489%2Fcwd%2Fpublic_html%2Fwp-includes%2Fblocks%2Fcolumn HTTP/1.1" 200 15077 "-" "Mozilla/5.0 AppleWebKit/537.36 (KHTML, like Gecko; compatible; ClaudeBot/1.0; +claudebot@anthropic.com)"
216.73.216.44 - - [02/Nov/2025:12:04:56 +0000] "GET /2024/01/03/[1-'+(toclevels+1?fileloc=%2F%2Flib64%2FlibXt.so.6.0.0&path=%2F%2Flib64 HTTP/1.1" 200 677433 "-" "Mozilla/5.0 AppleWebKit/537.36 (KHTML, like Gecko; compatible; ClaudeBot/1.0; +claudebot@anthropic.com)"
216.73.216.44 - - [02/Nov/2025:12:04:56 +0000] "GET /2024/01/03/[1-'+(toclevels+1?path=%2F%2Flib64%2Ficu HTTP/1.1" 200 18158 "-" "Mozilla/5.0 AppleWebKit/537.36 (KHTML, like Gecko; compatible; ClaudeBot/1.0; +claudebot@anthropic.com)"
216.73.216.44 - - [02/Nov/2025:12:04:56 +0000] "GET /2023/11/15/walk-in-and-wreak-havoc-at-the-war-on-christmas?path=%2Fhome%2Fdailygoldindex%2Fpublic_html%2Fwp-content%2Fwell-known%2Facme-challenge%2Fh%2Fb%2Fd%2Fe HTTP/1.1" 200 13438 "-" "Mozilla/5.0 AppleWebKit/537.36 (KHTML, like Gecko; compatible; ClaudeBot/1.0; +claudebot@anthropic.com)"
216.73.216.44 - - [02/Nov/2025:12:04:57 +0000] "GET /2024/01/03/james-bay-reels-as-oceana-rejects-monaro-lithium-project?path=%2Fhome%2Fdailygoldindex%2Fwww%2Fwp-content%2Fwell-known%2Facme-challenge%2Fd%2Fe%2Ff%2Ff HTTP/1.1" 200 14838 "-" "Mozilla/5.0 AppleWebKit/537.36 (KHTML, like Gecko; compatible; ClaudeBot/1.0; +claudebot@anthropic.com)"
216.73.216.44 - - [02/Nov/2025:12:04:57 +0000] "GET /2024/01/03/james-bay-reels-as-oceana-rejects-monaro-lithium-project?path=%2Fhome%2Fdailygoldindex%2Fwww%2Fwp-content%2Fwell-known%2Facme-challenge%2Fe%2Fd%2Ff%2Ff HTTP/1.1" 200 13366 "-" "Mozilla/5.0 AppleWebKit/537.36 (KHTML, like Gecko; compatible; ClaudeBot/1.0; +claudebot@anthropic.com)"
74.7.227.198 - - [02/Nov/2025:12:04:57 +0000] "GET /products/33ko12353 HTTP/1.1" 200 79495 "-" "Mozilla/5.0 AppleWebKit/537.36 (KHTML, like Gecko; compatible; GPTBot/1.2; +https://openai.com/gptbot)"
216.73.216.44 - - [02/Nov/2025:12:04:57 +0000] "GET /2023/11/27/defining-moment-long-term-breadth-indicators-tested?fileloc=%2F%2Fsys%2Ffs%2Fcgroup%2Fsystem.slice%2Flibstoragemgmt.service%2Frdma.current&path=%2F%2Fsys%2Ffs%2Fcgroup%2Fsystem.slice%2Flibstoragemgmt.service HTTP/1.1" 200 12529 "-" "Mozilla/5.0 AppleWebKit/537.36 (KHTML, like Gecko; compatible; ClaudeBot/1.0; +claudebot@anthropic.com)"
216.73.216.44 - - [02/Nov/2025:12:04:57 +0000] "GET /privacy-policy?fileloc=%2F%2Fusr%2Flib%2F.build-id%2Fab%2F1fbd96602c83ca1eec4eb6207a3c5d8c63f6c1&path=%2F%2Fusr%2Flib%2F.build-id%2Fab HTTP/1.1" 200 1462323 "-" "Mozilla/5.0 AppleWebKit/537.36 (KHTML, like Gecko; compatible; ClaudeBot/1.0; +claudebot@anthropic.com)"
216.73.216.44 - - [02/Nov/2025:12:04:57 +0000] "GET /2024/01/03/[1-'+(toclevels+1?fileloc=%2F%2Flib64%2FlibEGL_mesa.so.0&path=%2F%2Flib64 HTTP/1.1" 200 585796 "-" "Mozilla/5.0 AppleWebKit/537.36 (KHTML, like Gecko; compatible; ClaudeBot/1.0; +claudebot@anthropic.com)"
216.73.216.44 - - [02/Nov/2025:12:04:57 +0000] "GET /2023/12/01/uncertainty-sparked-by-opecs-oil-cuts-what-lies-ahead?path=%2Fhome%2Fdailygoldindex%2Fpublic_html%2Fwp-content%2Fwell-known%2Facme-challenge%2Fe%2Fb%2Fe%2Fb HTTP/1.1" 200 13438 "-" "Mozilla/5.0 AppleWebKit/537.36 (KHTML, like Gecko; compatible; ClaudeBot/1.0; +claudebot@anthropic.com)"
216.73.216.44 - - [02/Nov/2025:12:04:57 +0000] "GET /2024/01/03/james-bay-reels-as-oceana-rejects-monaro-lithium-project?fileloc=%2F%2Fproc%2F10489%2Froot%2Fusr%2Flib%2F.build-id%2Fdd%2Fa4f66b66cd7a5a8dca97986e51230f249fa2a4&path=%2F%2Fproc%2F10489%2Froot%2Fusr%2Flib%2F.build-id%2Fdd HTTP/1.1" 200 1521935 "-" "Mozilla/5.0 AppleWebKit/537.36 (KHTML, like Gecko; compatible; ClaudeBot/1.0; +claudebot@anthropic.com)"
216.73.216.44 - - [02/Nov/2025:12:04:57 +0000] "GET /2023/12/01/uncertainty-sparked-by-opecs-oil-cuts-what-lies-ahead?path=%2Fhome%2Fdailygoldindex%2Fpublic_html%2Fwp-content%2Fwell-known%2Facme-challenge%2Fb%2Fe%2Fe%2Fb HTTP/1.1" 200 13438 "-" "Mozilla/5.0 AppleWebKit/537.36 (KHTML, like Gecko; compatible; ClaudeBot/1.0; +claudebot@anthropic.com)"
216.73.216.44 - - [02/Nov/2025:12:04:57 +0000] "GET /2023/11/27/defining-moment-long-term-breadth-indicators-tested?fileloc=%2F%2Fsys%2Ffs%2Fcgroup%2Fsystem.slice%2Flibstoragemgmt.service%2Fhugetlb.2MB.events.local&path=%2F%2Fsys%2Ffs%2Fcgroup%2Fsystem.slice%2Flibstoragemgmt.service HTTP/1.1" 200 12547 "-" "Mozilla/5.0 AppleWebKit/537.36 (KHTML, like Gecko; compatible; ClaudeBot/1.0; +claudebot@anthropic.com)"
216.73.216.44 - - [02/Nov/2025:12:04:57 +0000] "GET /2023/11/27/defining-moment-long-term-breadth-indicators-tested?fileloc=%2F%2Fsys%2Fclass%2Fleds%2Finput7%3A%3Akana%2Fdevice%2Finput7%3A%3Akana%2Fdevice%2Fcapabilities%2Fsw&path=%2F%2Fsys%2Fclass%2Fleds%2Finput7%3A%3Akana%2Fdevice%2Finput7%3A%3Akana%2Fdevice%2Fcapabilities HTTP/1.1" 200 12784 "-" "Mozilla/5.0 AppleWebKit/537.36 (KHTML, like Gecko; compatible; ClaudeBot/1.0; +claudebot@anthropic.com)"
216.73.216.44 - - [02/Nov/2025:12:04:57 +0000] "GET /2024/01/03/[1-'+(toclevels+1?fileloc=%2F%2Flib64%2Flibuuid.so.1&path=%2F%2Flib64 HTTP/1.1" 200 62722 "-" "Mozilla/5.0 AppleWebKit/537.36 (KHTML, like Gecko; compatible; ClaudeBot/1.0; +claudebot@anthropic.com)"
216.73.216.44 - - [02/Nov/2025:12:04:58 +0000] "GET /2023/11/13/lancaster-resources-ready-to-start-first-drill-program-administrative-approval-in-tow?path=%2F%2Fproc%2Fthread-self%2Fcwd%2Fwp-includes%2Fblocks%2Fcolumns HTTP/1.1" 200 27254 "-" "Mozilla/5.0 AppleWebKit/537.36 (KHTML, like Gecko; compatible; ClaudeBot/1.0; +claudebot@anthropic.com)"
216.73.216.44 - - [02/Nov/2025:12:04:58 +0000] "GET /2024/01/03/james-bay-reels-as-oceana-rejects-monaro-lithium-project?path=%2Fhome%2Fdailygoldindex%2Fwww%2Fwp-content%2Fwell-known%2Facme-challenge%2Fc%2Fg%2Fd%2Fd HTTP/1.1" 200 13366 "-" "Mozilla/5.0 AppleWebKit/537.36 (KHTML, like Gecko; compatible; ClaudeBot/1.0; +claudebot@anthropic.com)"
216.73.216.44 - - [02/Nov/2025:12:04:58 +0000] "GET /2024/01/03/[1-'+(toclevels+1?fileloc=%2F%2Flib64%2Flibffi.so.8.1.0&path=%2F%2Flib64 HTTP/1.1" 200 78251 "-" "Mozilla/5.0 AppleWebKit/537.36 (KHTML, like Gecko; compatible; ClaudeBot/1.0; +claudebot@anthropic.com)"
216.73.216.44 - - [02/Nov/2025:12:04:58 +0000] "GET /2023/11/04/convicted-crypto-exchange-dictator-sam-bankman-fried-on-all-counts-of-fraud?path=%2Fhome%2Fdailygoldindex%2Fpublic_html%2Fwp-content%2Fwell-known%2Facme-challenge%2Fd%2Fg%2Fb%2Fd HTTP/1.1" 200 13438 "-" "Mozilla/5.0 AppleWebKit/537.36 (KHTML, like Gecko; compatible; ClaudeBot/1.0; +claudebot@anthropic.com)"
216.73.216.44 - - [02/Nov/2025:12:04:58 +0000] "GET /1282?fileloc=%2F%2Fproc%2Fself%2Froot%2Flib%2Flocale%2Fen_IN%2FLC_MEASUREMENT&path=%2F%2Fproc%2Fself%2Froot%2Flib%2Flocale%2Fen_IN HTTP/1.1" 200 12545 "-" "Mozilla/5.0 AppleWebKit/537.36 (KHTML, like Gecko; compatible; ClaudeBot/1.0; +claudebot@anthropic.com)"
216.73.216.44 - - [02/Nov/2025:12:04:58 +0000] "GET /privacy-policy?fileloc=%2F%2Fusr%2Fshare%2Fman%2Fman3type%2Fin6_addr.3type.gz&path=%2F%2Fusr%2Fshare%2Fman%2Fman3type HTTP/1.1" 200 12477 "-" "Mozilla/5.0 AppleWebKit/537.36 (KHTML, like Gecko; compatible; ClaudeBot/1.0; +claudebot@anthropic.com)"
216.73.216.44 - - [02/Nov/2025:12:04:58 +0000] "GET /2023/11/04/convicted-crypto-exchange-dictator-sam-bankman-fried-on-all-counts-of-fraud?path=%2Fhome%2Fdailygoldindex%2Fpublic_html%2Fwp-content%2Fwell-known%2Facme-challenge%2Ff%2Fg%2Fb%2Fd HTTP/1.1" 200 13438 "-" "Mozilla/5.0 AppleWebKit/537.36 (KHTML, like Gecko; compatible; ClaudeBot/1.0; +claudebot@anthropic.com)"
216.73.216.44 - - [02/Nov/2025:12:04:58 +0000] "GET /2023/11/04/convicted-crypto-exchange-dictator-sam-bankman-fried-on-all-counts-of-fraud?path=%2Fhome%2Fdailygoldindex%2Fpublic_html%2Fwp-content%2Fwell-known%2Facme-challenge%2Fb%2Ff%2Fe%2Fe HTTP/1.1" 200 13438 "-" "Mozilla/5.0 AppleWebKit/537.36 (KHTML, like Gecko; compatible; ClaudeBot/1.0; +claudebot@anthropic.com)"
216.73.216.44 - - [02/Nov/2025:12:04:58 +0000] "GET /2023/11/13/lancaster-resources-ready-to-start-first-drill-program-administrative-approval-in-tow?path=%2F%2Fproc%2F10488%2Froot%2Fusr%2Fshare%2Flicenses%2Fusbutils HTTP/1.1" 200 16097 "-" "Mozilla/5.0 AppleWebKit/537.36 (KHTML, like Gecko; compatible; ClaudeBot/1.0; +claudebot@anthropic.com)"
216.73.216.44 - - [02/Nov/2025:12:04:58 +0000] "GET /2024/01/03/[1-'+(toclevels+1?fileloc=%2F%2Flib64%2Flibkmod.so.2&path=%2F%2Flib64 HTTP/1.1" 200 174545 "-" "Mozilla/5.0 AppleWebKit/537.36 (KHTML, like Gecko; compatible; ClaudeBot/1.0; +claudebot@anthropic.com)"
216.73.216.44 - - [02/Nov/2025:12:04:59 +0000] "GET /2023/11/22/profit-from-the-skyrocketing-stock-of-gap-is-now-the-time?path=%2Fhome%2Fdailygoldindex%2Fpublic_html%2Fwp-content%2Fwell-known%2Facme-challenge%2Fg%2Fg%2Fa%2Fe HTTP/1.1" 200 13438 "-" "Mozilla/5.0 AppleWebKit/537.36 (KHTML, like Gecko; compatible; ClaudeBot/1.0; +claudebot@anthropic.com)"
216.73.216.44 - - [02/Nov/2025:12:04:59 +0000] "GET /2023/11/04/convicted-crypto-exchange-dictator-sam-bankman-fried-on-all-counts-of-fraud?path=%2Fhome%2Fdailygoldindex%2Fpublic_html%2Fwp-content%2Fwell-known%2Facme-challenge%2Fb%2Fd%2Fe%2Fe HTTP/1.1" 200 13438 "-" "Mozilla/5.0 AppleWebKit/537.36 (KHTML, like Gecko; compatible; ClaudeBot/1.0; +claudebot@anthropic.com)"
216.73.216.44 - - [02/Nov/2025:12:04:59 +0000] "GET /?fileloc=%2F%2Fproc%2Fself%2Froot%2Fusr%2Fshare%2Fdoc%2Fs-nail%2FREADME&path=%2F%2Fproc%2Fself%2Froot%2Fusr%2Fshare%2Fdoc%2Fs-nail HTTP/1.1" 200 24062 "-" "Mozilla/5.0 AppleWebKit/537.36 (KHTML, like Gecko; compatible; ClaudeBot/1.0; +claudebot@anthropic.com)"
216.73.216.44 - - [02/Nov/2025:12:04:59 +0000] "GET /1281?path=%2Fhome%2Fdailygoldindex%2Fwww%2Fwp-content%2Fwell-known%2Facme-challenge%2Fh%2Fa%2Fg HTTP/1.1" 200 25002 "-" "Mozilla/5.0 AppleWebKit/537.36 (KHTML, like Gecko; compatible; ClaudeBot/1.0; +claudebot@anthropic.com)"
216.73.216.44 - - [02/Nov/2025:12:04:58 +0000] "GET /1281?fileloc=%2F%2Fproc%2F10489%2Froot%2Fusr%2Flib%2F.build-id%2Fab%2Fecfbbf1a8f8929b682fc0786d3a42a1fdf5d72&path=%2F%2Fproc%2F10489%2Froot%2Fusr%2Flib%2F.build-id%2Fab HTTP/1.1" 200 7323825 "-" "Mozilla/5.0 AppleWebKit/537.36 (KHTML, like Gecko; compatible; ClaudeBot/1.0; +claudebot@anthropic.com)"
216.73.216.44 - - [02/Nov/2025:12:04:59 +0000] "GET /2023/11/13/lancaster-resources-ready-to-start-first-drill-program-administrative-approval-in-tow?fileloc=%2F%2Fsys%2Fdevices%2Fplatform%2FPNP0C0B%3A00%2Ffirmware_node%2Fhid&path=%2F%2Fsys%2Fdevices%2Fplatform%2FPNP0C0B%3A00%2Ffirmware_node HTTP/1.1" 200 12533 "-" "Mozilla/5.0 AppleWebKit/537.36 (KHTML, like Gecko; compatible; ClaudeBot/1.0; +claudebot@anthropic.com)"
74.7.227.47 - - [02/Nov/2025:12:04:59 +0000] "GET /?path=//sys/class/net/eth1/subsystem/lo/subsystem/eth1/device/net/eth1/subsystem/eth0/device/firmware_node/subsystem/devices/device:01/subsystem/drivers/button HTTP/1.1" 200 24150 "-" "Mozilla/5.0 AppleWebKit/537.36 (KHTML, like Gecko; compatible; GPTBot/1.2; +https://openai.com/gptbot)"
216.73.216.44 - - [02/Nov/2025:12:04:59 +0000] "GET /2024/01/03/[1-'+(toclevels+1?fileloc=%2F%2Flib64%2Flibgstsdp-1.0.so.0.2212.0&path=%2F%2Flib64 HTTP/1.1" 200 172197 "-" "Mozilla/5.0 AppleWebKit/537.36 (KHTML, like Gecko; compatible; ClaudeBot/1.0; +claudebot@anthropic.com)"
216.73.216.44 - - [02/Nov/2025:12:04:59 +0000] "GET /2023/11/13/lancaster-resources-ready-to-start-first-drill-program-administrative-approval-in-tow?fileloc=%2F%2Fproc%2Fself%2Froot%2Flib64%2Fpulseaudio%2Flibpulsecommon-15.0.so&path=%2F%2Fproc%2Fself%2Froot%2Flib64%2Fpulseaudio HTTP/1.1" 200 852590 "-" "Mozilla/5.0 AppleWebKit/537.36 (KHTML, like Gecko; compatible; ClaudeBot/1.0; +claudebot@anthropic.com)"
216.73.216.44 - - [02/Nov/2025:12:04:59 +0000] "GET /2023/12/01/uncertainty-sparked-by-opecs-oil-cuts-what-lies-ahead?path=%2Fhome%2Fdailygoldindex%2Fpublic_html%2Fwp-content%2Fwell-known%2Facme-challenge%2Fa%2Fb%2Fe%2Fe HTTP/1.1" 200 13438 "-" "Mozilla/5.0 AppleWebKit/537.36 (KHTML, like Gecko; compatible; ClaudeBot/1.0; +claudebot@anthropic.com)"
216.73.216.44 - - [02/Nov/2025:12:04:59 +0000] "GET /2023/12/01/uncertainty-sparked-by-opecs-oil-cuts-what-lies-ahead?path=%2Fhome%2Fdailygoldindex%2Fpublic_html%2Fwp-content%2Fwell-known%2Facme-challenge%2Fb%2Fa%2Fe%2Fe HTTP/1.1" 200 13438 "-" "Mozilla/5.0 AppleWebKit/537.36 (KHTML, like Gecko; compatible; ClaudeBot/1.0; +claudebot@anthropic.com)"
216.73.216.44 - - [02/Nov/2025:12:04:59 +0000] "GET /2023/12/01/uncertainty-sparked-by-opecs-oil-cuts-what-lies-ahead?path=%2Fhome%2Fdailygoldindex%2Fpublic_html%2Fwp-content%2Fwell-known%2Facme-challenge%2Fb%2Fe%2Fe%2Fe HTTP/1.1" 200 13438 "-" "Mozilla/5.0 AppleWebKit/537.36 (KHTML, like Gecko; compatible; ClaudeBot/1.0; +claudebot@anthropic.com)"
216.73.216.44 - - [02/Nov/2025:12:04:59 +0000] "GET /2023/12/01/uncertainty-sparked-by-opecs-oil-cuts-what-lies-ahead?path=%2Fhome%2Fdailygoldindex%2Fpublic_html%2Fwp-content%2Fwell-known%2Facme-challenge%2Fe%2Fb%2Fe%2Fe HTTP/1.1" 200 13438 "-" "Mozilla/5.0 AppleWebKit/537.36 (KHTML, like Gecko; compatible; ClaudeBot/1.0; +claudebot@anthropic.com)"
216.73.216.44 - - [02/Nov/2025:12:05:00 +0000] "GET /1281?fileloc=%2F%2Fproc%2F10489%2Froot%2Fusr%2Flib%2F.build-id%2F79%2F6fa2186dc9d0bc96aed18088a6ff23c8b0e9d4&path=%2F%2Fproc%2F10489%2Froot%2Fusr%2Flib%2F.build-id%2F79 HTTP/1.1" 200 914259 "-" "Mozilla/5.0 AppleWebKit/537.36 (KHTML, like Gecko; compatible; ClaudeBot/1.0; +claudebot@anthropic.com)"
216.73.216.44 - - [02/Nov/2025:12:05:00 +0000] "GET /2023/11/13/lancaster-resources-ready-to-start-first-drill-program-administrative-approval-in-tow?path=%2F%2Fproc%2Fthread-self%2Fcwd%2Fwp-includes%2Fblocks%2Fblock HTTP/1.1" 200 14538 "-" "Mozilla/5.0 AppleWebKit/537.36 (KHTML, like Gecko; compatible; ClaudeBot/1.0; +claudebot@anthropic.com)"
216.73.216.44 - - [02/Nov/2025:12:05:00 +0000] "GET /2023/12/08/take-the-right-path-to-trading-success-unlock-the-power-of-directional-indicators?fileloc=%2F%2Fusr%2Fshare%2Fman%2Fman1%2Fdocker-swarm-join.1.gz&path=%2F%2Fusr%2Fshare%2Fman%2Fman1 HTTP/1.1" 200 13120 "-" "Mozilla/5.0 AppleWebKit/537.36 (KHTML, like Gecko; compatible; ClaudeBot/1.0; +claudebot@anthropic.com)"
216.73.216.44 - - [02/Nov/2025:12:05:00 +0000] "GET /2024/01/03/[1-'+(toclevels+1?fileloc=%2F%2Flib64%2Fliblock_manager.so.2&path=%2F%2Flib64 HTTP/1.1" 200 2754596 "-" "Mozilla/5.0 AppleWebKit/537.36 (KHTML, like Gecko; compatible; ClaudeBot/1.0; +claudebot@anthropic.com)"
216.73.216.44 - - [02/Nov/2025:12:05:00 +0000] "GET /2024/01/03/james-bay-reels-as-oceana-rejects-monaro-lithium-project?path=%2F%2Fsys%2Fclass%2Fleds%2Finput7%3A%3Anumlock%2Fsubsystem%2Finput7%3A%3Acompose%2Fdevice%2Finput7%3A%3Ascrolllock%2Fpower HTTP/1.1" 200 22071 "-" "Mozilla/5.0 AppleWebKit/537.36 (KHTML, like Gecko; compatible; ClaudeBot/1.0; +claudebot@anthropic.com)"
216.73.216.44 - - [02/Nov/2025:12:05:00 +0000] "GET /2023/11/13/lancaster-resources-ready-to-start-first-drill-program-administrative-approval-in-tow?path=%2F%2Fproc%2Fthread-self%2Fcwd%2Fwp-content%2Fthemes%2Ftwentytwentythree%2Ftemplates HTTP/1.1" 200 27985 "-" "Mozilla/5.0 AppleWebKit/537.36 (KHTML, like Gecko; compatible; ClaudeBot/1.0; +claudebot@anthropic.com)"
216.73.216.44 - - [02/Nov/2025:12:05:00 +0000] "GET /2024/01/03/james-bay-reels-as-oceana-rejects-monaro-lithium-project?path=%2F%2Fsys%2Fclass%2Fwmi_bus%2Fwmi_bus-PNP0C14%3A01%2Fdevice%2Ffirmware_node%2Fphysical_node%2Fsubsystem HTTP/1.1" 200 21409 "-" "Mozilla/5.0 AppleWebKit/537.36 (KHTML, like Gecko; compatible; ClaudeBot/1.0; +claudebot@anthropic.com)"
216.73.216.44 - - [02/Nov/2025:12:05:00 +0000] "GET /2024/01/03/[1-'+(toclevels+1?fileloc=%2F%2Flib64%2Flibpam_misc.so.0.82.1&path=%2F%2Flib64 HTTP/1.1" 200 36359 "-" "Mozilla/5.0 AppleWebKit/537.36 (KHTML, like Gecko; compatible; ClaudeBot/1.0; +claudebot@anthropic.com)"
74.7.227.198 - - [02/Nov/2025:12:05:00 +0000] "GET /products/11xy11567 HTTP/1.1" 200 79495 "-" "Mozilla/5.0 AppleWebKit/537.36 (KHTML, like Gecko; compatible; GPTBot/1.2; +https://openai.com/gptbot)"
216.73.216.44 - - [02/Nov/2025:12:05:00 +0000] "GET /2023/12/01/uncertainty-sparked-by-opecs-oil-cuts-what-lies-ahead?path=%2Fhome%2Fdailygoldindex%2Fpublic_html%2Fwp-content%2Fwell-known%2Facme-challenge%2Fh%2Ff%2Fa%2Fb HTTP/1.1" 200 13438 "-" "Mozilla/5.0 AppleWebKit/537.36 (KHTML, like Gecko; compatible; ClaudeBot/1.0; +claudebot@anthropic.com)"
216.73.216.44 - - [02/Nov/2025:12:05:00 +0000] "GET /privacy-policy?fileloc=%2F%2Fusr%2Fshare%2Fman%2Fman3type%2Fintptr_t.3type.gz&path=%2F%2Fusr%2Fshare%2Fman%2Fman3type HTTP/1.1" 200 14075 "-" "Mozilla/5.0 AppleWebKit/537.36 (KHTML, like Gecko; compatible; ClaudeBot/1.0; +claudebot@anthropic.com)"
216.73.216.44 - - [02/Nov/2025:12:05:00 +0000] "GET /2023/12/01/uncertainty-sparked-by-opecs-oil-cuts-what-lies-ahead?path=%2Fhome%2Fdailygoldindex%2Fpublic_html%2Fwp-content%2Fwell-known%2Facme-challenge%2Fh%2Fd%2Fa%2Fb HTTP/1.1" 200 13438 "-" "Mozilla/5.0 AppleWebKit/537.36 (KHTML, like Gecko; compatible; ClaudeBot/1.0; +claudebot@anthropic.com)"
216.73.216.44 - - [02/Nov/2025:12:05:01 +0000] "GET /sitemap-pt-post-p13-2023-12.html?path=%2F%2Fusr%2Flib%2Flocale%2Fen_ZA HTTP/1.1" 200 30208 "-" "Mozilla/5.0 AppleWebKit/537.36 (KHTML, like Gecko; compatible; ClaudeBot/1.0; +claudebot@anthropic.com)"
216.73.216.44 - - [02/Nov/2025:12:05:01 +0000] "GET /2024/01/03/james-bay-reels-as-oceana-rejects-monaro-lithium-project?fileloc=%2F%2Fproc%2F10489%2Fcwd%2Fwww%2Fwp-includes%2Fblocks%2Fquery-title%2Fstyle-rtl.css&path=%2F%2Fproc%2F10489%2Fcwd%2Fwww%2Fwp-includes%2Fblocks%2Fquery-title HTTP/1.1" 200 12690 "-" "Mozilla/5.0 AppleWebKit/537.36 (KHTML, like Gecko; compatible; ClaudeBot/1.0; +claudebot@anthropic.com)"
216.73.216.44 - - [02/Nov/2025:12:05:01 +0000] "GET /2024/01/03/[1-'+(toclevels+1?fileloc=%2F%2Flib64%2Flibply-boot-client.so.4&path=%2F%2Flib64 HTTP/1.1" 200 47292 "-" "Mozilla/5.0 AppleWebKit/537.36 (KHTML, like Gecko; compatible; ClaudeBot/1.0; +claudebot@anthropic.com)"
216.73.216.44 - - [02/Nov/2025:12:05:01 +0000] "GET /1281?fileloc=%2F%2Fproc%2F10489%2Froot%2Flib%2Ffirmware%2Fnvidia%2Fgp100%2Fgr%2Ffecs_data.bin.xz&path=%2F%2Fproc%2F10489%2Froot%2Flib%2Ffirmware%2Fnvidia%2Fgp100%2Fgr HTTP/1.1" 200 13604 "-" "Mozilla/5.0 AppleWebKit/537.36 (KHTML, like Gecko; compatible; ClaudeBot/1.0; +claudebot@anthropic.com)"
216.73.216.44 - - [02/Nov/2025:12:05:01 +0000] "GET /2023/11/15/walk-in-and-wreak-havoc-at-the-war-on-christmas?path=%2Fhome%2Fdailygoldindex%2Fpublic_html%2Fwp-content%2Fwell-known%2Facme-challenge%2Fh%2Fb%2Fd%2Fa HTTP/1.1" 200 13438 "-" "Mozilla/5.0 AppleWebKit/537.36 (KHTML, like Gecko; compatible; ClaudeBot/1.0; +claudebot@anthropic.com)"
216.73.216.44 - - [02/Nov/2025:12:05:01 +0000] "GET /2023/11/17/maximizing-market-momentum-harness-the-power-of-pullback-swing-trading?path=%2Fhome%2Fdailygoldindex%2Fpublic_html%2Fwp-content%2Fwell-known%2Facme-challenge%2Fg%2Fb%2Fa%2Fa HTTP/1.1" 200 13438 "-" "Mozilla/5.0 AppleWebKit/537.36 (KHTML, like Gecko; compatible; ClaudeBot/1.0; +claudebot@anthropic.com)"
216.73.216.44 - - [02/Nov/2025:12:05:01 +0000] "GET /2023/11/17/maximizing-market-momentum-harness-the-power-of-pullback-swing-trading?path=%2Fhome%2Fdailygoldindex%2Fpublic_html%2Fwp-content%2Fwell-known%2Facme-challenge%2Fb%2Fg%2Fa%2Fa HTTP/1.1" 200 13438 "-" "Mozilla/5.0 AppleWebKit/537.36 (KHTML, like Gecko; compatible; ClaudeBot/1.0; +claudebot@anthropic.com)"
216.73.216.44 - - [02/Nov/2025:12:05:01 +0000] "GET /2023/11/13/lancaster-resources-ready-to-start-first-drill-program-administrative-approval-in-tow?path=%2Fhome%2Fdailygoldindex%2Fmail%2Fdailygoldindex.com%2Fteam%2F.Sent%2Fcur HTTP/1.1" 200 13095 "-" "Mozilla/5.0 AppleWebKit/537.36 (KHTML, like Gecko; compatible; ClaudeBot/1.0; +claudebot@anthropic.com)"
216.73.216.44 - - [02/Nov/2025:12:05:01 +0000] "GET /sitemap-pt-post-p13-2023-12.html?path=%2F%2Fusr%2Flib%2Flocale%2Fen_NZ.utf8 HTTP/1.1" 200 30449 "-" "Mozilla/5.0 AppleWebKit/537.36 (KHTML, like Gecko; compatible; ClaudeBot/1.0; +claudebot@anthropic.com)"
216.73.216.44 - - [02/Nov/2025:12:05:01 +0000] "GET /2023/11/27/defining-moment-long-term-breadth-indicators-tested?fileloc=%2F%2Fsys%2Fkernel%2Fslab%2Fip_mrt_cache%2Fred_zone&path=%2F%2Fsys%2Fkernel%2Fslab%2Fip_mrt_cache HTTP/1.1" 200 12419 "-" "Mozilla/5.0 AppleWebKit/537.36 (KHTML, like Gecko; compatible; ClaudeBot/1.0; +claudebot@anthropic.com)"
216.73.216.44 - - [02/Nov/2025:12:05:01 +0000] "GET /2024/01/03/[1-'+(toclevels+1?fileloc=%2F%2Flib64%2FlibsapdbS.so.2&path=%2F%2Flib64 HTTP/1.1" 200 29720 "-" "Mozilla/5.0 AppleWebKit/537.36 (KHTML, like Gecko; compatible; ClaudeBot/1.0; +claudebot@anthropic.com)"
216.73.216.44 - - [02/Nov/2025:12:05:02 +0000] "GET /page/734?path=%2Fhome%2Fdailygoldindex%2Fmail%2Fdailygoldindex.com%2Fpostmaster%2F.Sent%2Fnew HTTP/1.1" 200 13119 "-" "Mozilla/5.0 AppleWebKit/537.36 (KHTML, like Gecko; compatible; ClaudeBot/1.0; +claudebot@anthropic.com)"
216.73.216.44 - - [02/Nov/2025:12:05:02 +0000] "GET /2024/01/03/james-bay-reels-as-oceana-rejects-monaro-lithium-project?fileloc=%2F%2Fproc%2F10489%2Froot%2Fusr%2Flib%2F.build-id%2Fad%2Fe46216c3fc50c5e6a985c0505c1b33e02a443d&path=%2F%2Fproc%2F10489%2Froot%2Fusr%2Flib%2F.build-id%2Fad HTTP/1.1" 200 62325 "-" "Mozilla/5.0 AppleWebKit/537.36 (KHTML, like Gecko; compatible; ClaudeBot/1.0; +claudebot@anthropic.com)"
216.73.216.44 - - [02/Nov/2025:12:05:02 +0000] "GET /privacy-policy?fileloc=%2F%2Fusr%2Flib%2F.build-id%2F8e%2F6b2f2f0aa1f86eb7bb5a1eb8c7744b32e1f2ef&path=%2F%2Fusr%2Flib%2F.build-id%2F8e HTTP/1.1" 200 29788 "-" "Mozilla/5.0 AppleWebKit/537.36 (KHTML, like Gecko; compatible; ClaudeBot/1.0; +claudebot@anthropic.com)"
216.73.216.44 - - [02/Nov/2025:12:05:02 +0000] "GET /1281?fileloc=%2F%2Fproc%2F10489%2Froot%2Fusr%2Flib%2F.build-id%2F93%2F7e4fab0536a117eb8c4a1b8ca52f2e12e6c5b1&path=%2F%2Fproc%2F10489%2Froot%2Fusr%2Flib%2F.build-id%2F93 HTTP/1.1" 200 37064 "-" "Mozilla/5.0 AppleWebKit/537.36 (KHTML, like Gecko; compatible; ClaudeBot/1.0; +claudebot@anthropic.com)"
216.73.216.44 - - [02/Nov/2025:12:05:02 +0000] "GET /2023/11/13/lancaster-resources-ready-to-start-first-drill-program-administrative-approval-in-tow?fileloc=%2F%2Fproc%2Fthread-self%2Fcwd%2Fwp-includes%2Fblocks%2Fsocial-link.php&path=%2F%2Fproc%2Fthread-self%2Fcwd%2Fwp-includes%2Fblocks HTTP/1.1" 200 86583 "-" "Mozilla/5.0 AppleWebKit/537.36 (KHTML, like Gecko; compatible; ClaudeBot/1.0; +claudebot@anthropic.com)"
216.73.216.44 - - [02/Nov/2025:12:05:02 +0000] "GET /2024/01/03/[1-'+(toclevels+1?path=%2F%2Flib64%2Fnamed HTTP/1.1" 200 14145 "-" "Mozilla/5.0 AppleWebKit/537.36 (KHTML, like Gecko; compatible; ClaudeBot/1.0; +claudebot@anthropic.com)"
216.73.216.44 - - [02/Nov/2025:12:05:02 +0000] "GET /2024/01/03/[1-'+(toclevels+1?fileloc=%2F%2Flib64%2FlibSM.so.6.0.1&path=%2F%2Flib64 HTTP/1.1" 200 67978 "-" "Mozilla/5.0 AppleWebKit/537.36 (KHTML, like Gecko; compatible; ClaudeBot/1.0; +claudebot@anthropic.com)"
216.73.216.44 - - [02/Nov/2025:12:05:02 +0000] "GET /privacy-policy?fileloc=%2F%2Fusr%2Flib%2F.build-id%2F05%2Fa2510073f7d748e0cdfbd7afcb290f46a44baa&path=%2F%2Fusr%2Flib%2F.build-id%2F05 HTTP/1.1" 200 40716 "-" "Mozilla/5.0 AppleWebKit/537.36 (KHTML, like Gecko; compatible; ClaudeBot/1.0; +claudebot@anthropic.com)"
216.73.216.44 - - [02/Nov/2025:12:05:02 +0000] "GET /2023/11/27/defining-moment-long-term-breadth-indicators-tested?path=%2F%2Fsys%2Fclass%2Fleds%2Finput7%3A%3Akana%2Fdevice%2Finput7%3A%3Ascrolllock%2Fpower HTTP/1.1" 200 21230 "-" "Mozilla/5.0 AppleWebKit/537.36 (KHTML, like Gecko; compatible; ClaudeBot/1.0; +claudebot@anthropic.com)"
