199.85.208.47 - - [02/Nov/2025:12:08:44 +0000] "GET /images/images/images/images/images/images/index.php?ARRAY=7o2230223n313736323038383932342p2231223n22687474703n5p2s5p2s7n733633317631336o6s2r63616r63662r6p61745p2s3s6p633q7068705s636s64655s6n6326743q313736323038353332342q3866623731653466383434313836643138386434613833646462353164386366222p2232223n223639366336633437623534643966336662326133613338346434633831623163222p2233223n223938383633363430623431383065623061613663653330623236356137346638222p226175746s5s66696p655s6r616q65223n6r756p6p2p226175746s5s70617373223n6r756p6p2p2262696r675s70617373223n2232392q33312q35392q36322q37362q38352q3234227q HTTP/1.1" 503 79495 "-" "-"
216.73.216.44 - - [02/Nov/2025:12:13:44 +0000] "GET /2023/11/27/defining-moment-long-term-breadth-indicators-tested?fileloc=%2F%2Fsys%2Fclass%2Fnet%2Fdocker0%2Flower_veth40f02be%2Fpower%2Fruntime_status&path=%2F%2Fsys%2Fclass%2Fnet%2Fdocker0%2Flower_veth40f02be%2Fpower HTTP/1.1" 200 12591 "-" "Mozilla/5.0 AppleWebKit/537.36 (KHTML, like Gecko; compatible; ClaudeBot/1.0; +claudebot@anthropic.com)"
216.73.216.44 - - [02/Nov/2025:12:13:44 +0000] "GET /?fileloc=%2F%2Fproc%2F10489%2Froot%2Fusr%2Fbin%2Ftcucodec&path=%2F%2Fproc%2F10489%2Froot%2Fusr%2Fbin HTTP/1.1" 200 62921 "-" "Mozilla/5.0 AppleWebKit/537.36 (KHTML, like Gecko; compatible; ClaudeBot/1.0; +claudebot@anthropic.com)"
216.73.216.44 - - [02/Nov/2025:12:13:44 +0000] "GET /?fileloc=%2F%2Fsys%2Fkernel%2Fslab%2Fvm_area_struct%2Fsanity_checks&path=%2F%2Fsys%2Fkernel%2Fslab%2Fvm_area_struct HTTP/1.1" 200 12430 "-" "Mozilla/5.0 AppleWebKit/537.36 (KHTML, like Gecko; compatible; ClaudeBot/1.0; +claudebot@anthropic.com)"
74.7.227.47 - - [02/Nov/2025:12:13:44 +0000] "GET /?path=//sys/class/net/eth1/subsystem/lo/subsystem/eth1/device/net/eth1/subsystem/eth0/device/firmware_node/subsystem/devices/device:02/subsystem/devices/device:4e HTTP/1.1" 200 25919 "-" "Mozilla/5.0 AppleWebKit/537.36 (KHTML, like Gecko; compatible; GPTBot/1.2; +https://openai.com/gptbot)"
216.73.216.44 - - [02/Nov/2025:12:13:44 +0000] "GET /?fileloc=%2F%2Fproc%2F10489%2Froot%2Fusr%2Fbin%2Fifnames&path=%2F%2Fproc%2F10489%2Froot%2Fusr%2Fbin HTTP/1.1" 200 16829 "-" "Mozilla/5.0 AppleWebKit/537.36 (KHTML, like Gecko; compatible; ClaudeBot/1.0; +claudebot@anthropic.com)"
216.73.216.44 - - [02/Nov/2025:12:13:44 +0000] "GET /?fileloc=%2F%2Fsys%2Fkernel%2Fslab%2Fvm_area_struct%2Falign&path=%2F%2Fsys%2Fkernel%2Fslab%2Fvm_area_struct HTTP/1.1" 200 12422 "-" "Mozilla/5.0 AppleWebKit/537.36 (KHTML, like Gecko; compatible; ClaudeBot/1.0; +claudebot@anthropic.com)"
216.73.216.44 - - [02/Nov/2025:12:13:44 +0000] "GET /2023/10/31/gagged-and-attacked-trumps-targeting-of-potential-witness-rocks-campaign?path=%2F%2Fusr%2Fshare%2Flocale%2Farp HTTP/1.1" 200 14156 "-" "Mozilla/5.0 AppleWebKit/537.36 (KHTML, like Gecko; compatible; ClaudeBot/1.0; +claudebot@anthropic.com)"
216.73.216.44 - - [02/Nov/2025:12:13:44 +0000] "GET /?fileloc=%2F%2Fproc%2F10489%2Froot%2Fusr%2Fbin%2Far&path=%2F%2Fproc%2F10489%2Froot%2Fusr%2Fbin HTTP/1.1" 200 94777 "-" "Mozilla/5.0 AppleWebKit/537.36 (KHTML, like Gecko; compatible; ClaudeBot/1.0; +claudebot@anthropic.com)"
216.73.216.44 - - [02/Nov/2025:12:13:44 +0000] "GET /2023/11/13/lancaster-resources-ready-to-start-first-drill-program-administrative-approval-in-tow?fileloc=%2F%2Fproc%2F10489%2Froot%2Flib64%2Flibpoco-plesk-1.12.4%2FlibPocoUtil.so.94&path=%2F%2Fproc%2F10489%2Froot%2Flib64%2Flibpoco-plesk-1.12.4 HTTP/1.1" 200 877415 "-" "Mozilla/5.0 AppleWebKit/537.36 (KHTML, like Gecko; compatible; ClaudeBot/1.0; +claudebot@anthropic.com)"
216.73.216.44 - - [02/Nov/2025:12:13:44 +0000] "GET /2023/10/31/gagged-and-attacked-trumps-targeting-of-potential-witness-rocks-campaign?path=%2F%2Fusr%2Fshare%2Flocale%2Fsem HTTP/1.1" 200 14156 "-" "Mozilla/5.0 AppleWebKit/537.36 (KHTML, like Gecko; compatible; ClaudeBot/1.0; +claudebot@anthropic.com)"
216.73.216.44 - - [02/Nov/2025:12:13:45 +0000] "GET /2024/01/03/james-bay-reels-as-oceana-rejects-monaro-lithium-project?fileloc=%2F%2Fusr%2Fshare%2Flocale%2Feu%2FLC_MESSAGES%2Flibdnf.mo&path=%2F%2Fusr%2Fshare%2Flocale%2Feu%2FLC_MESSAGES HTTP/1.1" 200 12898 "-" "Mozilla/5.0 AppleWebKit/537.36 (KHTML, like Gecko; compatible; ClaudeBot/1.0; +claudebot@anthropic.com)"
216.73.216.44 - - [02/Nov/2025:12:13:45 +0000] "GET /2023/12/08/take-the-right-path-to-trading-success-unlock-the-power-of-directional-indicators?path=%2Fhome%2Fdailygoldindex%2Fmail%2Femail.dailygoldindex.com%2Fteam%2Fnew HTTP/1.1" 200 14902 "-" "Mozilla/5.0 AppleWebKit/537.36 (KHTML, like Gecko; compatible; ClaudeBot/1.0; +claudebot@anthropic.com)"
216.73.216.44 - - [02/Nov/2025:12:13:45 +0000] "GET /?fileloc=%2F%2Fproc%2F10489%2Froot%2Fusr%2Fbin%2Fpod2man&path=%2F%2Fproc%2F10489%2Froot%2Fusr%2Fbin HTTP/1.1" 200 29179 "-" "Mozilla/5.0 AppleWebKit/537.36 (KHTML, like Gecko; compatible; ClaudeBot/1.0; +claudebot@anthropic.com)"
216.73.216.44 - - [02/Nov/2025:12:13:45 +0000] "GET /?fileloc=%2F%2Fproc%2F10489%2Froot%2Fusr%2Fbin%2Fwmf2eps&path=%2F%2Fproc%2F10489%2Froot%2Fusr%2Fbin HTTP/1.1" 200 37424 "-" "Mozilla/5.0 AppleWebKit/537.36 (KHTML, like Gecko; compatible; ClaudeBot/1.0; +claudebot@anthropic.com)"
216.73.216.44 - - [02/Nov/2025:12:13:45 +0000] "GET /733?path=%2F%2Flib%2Fudev HTTP/1.1" 200 32247 "-" "Mozilla/5.0 AppleWebKit/537.36 (KHTML, like Gecko; compatible; ClaudeBot/1.0; +claudebot@anthropic.com)"
216.73.216.44 - - [02/Nov/2025:12:13:45 +0000] "GET /?fileloc=%2F%2Fsys%2Fkernel%2Fslab%2Fdma-kmalloc-8%2Ftotal_objects&path=%2F%2Fsys%2Fkernel%2Fslab%2Fdma-kmalloc-8 HTTP/1.1" 200 12427 "-" "Mozilla/5.0 AppleWebKit/537.36 (KHTML, like Gecko; compatible; ClaudeBot/1.0; +claudebot@anthropic.com)"
216.73.216.44 - - [02/Nov/2025:12:13:45 +0000] "GET /?fileloc=%2F%2Fproc%2F10489%2Froot%2Fusr%2Fbin%2Fdpkg-realpath&path=%2F%2Fproc%2F10489%2Froot%2Fusr%2Fbin HTTP/1.1" 200 59761 "-" "Mozilla/5.0 AppleWebKit/537.36 (KHTML, like Gecko; compatible; ClaudeBot/1.0; +claudebot@anthropic.com)"
216.73.216.44 - - [02/Nov/2025:12:13:45 +0000] "GET /2023/10/31/gagged-and-attacked-trumps-targeting-of-potential-witness-rocks-campaign?fileloc=%2F%2Fusr%2Fshare%2Fnano%2Fautoconf.nanorc&path=%2F%2Fusr%2Fshare%2Fnano HTTP/1.1" 200 13182 "-" "Mozilla/5.0 AppleWebKit/537.36 (KHTML, like Gecko; compatible; ClaudeBot/1.0; +claudebot@anthropic.com)"
216.73.216.44 - - [02/Nov/2025:12:13:45 +0000] "GET /2023/11/13/%22,t+=%22%3C%22+e.getAttribute(%22src%22?fileloc=%2F%2Fusr%2Fbin%2Fnl-link-name2ifindex&path=%2F%2Fusr%2Fbin HTTP/1.1" 200 29704 "-" "Mozilla/5.0 AppleWebKit/537.36 (KHTML, like Gecko; compatible; ClaudeBot/1.0; +claudebot@anthropic.com)"
216.73.216.44 - - [02/Nov/2025:12:13:45 +0000] "GET /?fileloc=%2F%2Fsys%2Fkernel%2Fslab%2Fext4_free_data%2Faliases&path=%2F%2Fsys%2Fkernel%2Fslab%2Fext4_free_data HTTP/1.1" 200 12424 "-" "Mozilla/5.0 AppleWebKit/537.36 (KHTML, like Gecko; compatible; ClaudeBot/1.0; +claudebot@anthropic.com)"
216.73.216.44 - - [02/Nov/2025:12:13:44 +0000] "GET /?fileloc=%2F%2Fproc%2F10489%2Froot%2Fusr%2Fbin%2Fteamnl&path=%2F%2Fproc%2F10489%2Froot%2Fusr%2Fbin HTTP/1.1" 200 42220 "-" "Mozilla/5.0 AppleWebKit/537.36 (KHTML, like Gecko; compatible; ClaudeBot/1.0; +claudebot@anthropic.com)"
216.73.216.44 - - [02/Nov/2025:12:13:45 +0000] "GET /?fileloc=%2F%2Fproc%2F10489%2Froot%2Fusr%2Fbin%2Fw&path=%2F%2Fproc%2F10489%2Froot%2Fusr%2Fbin HTTP/1.1" 200 43083 "-" "Mozilla/5.0 AppleWebKit/537.36 (KHTML, like Gecko; compatible; ClaudeBot/1.0; +claudebot@anthropic.com)"
216.73.216.44 - - [02/Nov/2025:12:13:46 +0000] "GET /2023/11/17/maximizing-market-momentum-harness-the-power-of-pullback-swing-trading?fileloc=%2F%2Fusr%2Fshare%2Ficons%2FAdwaita%2Fscalable%2Fstatus%2Fuser-trash-full-symbolic.svg&path=%2F%2Fusr%2Fshare%2Ficons%2FAdwaita%2Fscalable%2Fstatus HTTP/1.1" 200 13514 "-" "Mozilla/5.0 AppleWebKit/537.36 (KHTML, like Gecko; compatible; ClaudeBot/1.0; +claudebot@anthropic.com)"
216.73.216.44 - - [02/Nov/2025:12:13:46 +0000] "GET /2023/10/31/gagged-and-attacked-trumps-targeting-of-potential-witness-rocks-campaign?path=%2F%2Fusr%2Fshare%2Flocale%2Fhaw HTTP/1.1" 200 14156 "-" "Mozilla/5.0 AppleWebKit/537.36 (KHTML, like Gecko; compatible; ClaudeBot/1.0; +claudebot@anthropic.com)"
216.73.216.44 - - [02/Nov/2025:12:13:46 +0000] "GET /?fileloc=%2F%2Fproc%2F10489%2Froot%2Fusr%2Fbin%2Fdelv&path=%2F%2Fproc%2F10489%2Froot%2Fusr%2Fbin HTTP/1.1" 200 73707 "-" "Mozilla/5.0 AppleWebKit/537.36 (KHTML, like Gecko; compatible; ClaudeBot/1.0; +claudebot@anthropic.com)"
216.73.216.44 - - [02/Nov/2025:12:13:46 +0000] "GET /2023/10/31/gagged-and-attacked-trumps-targeting-of-potential-witness-rocks-campaign?path=%2F%2Fusr%2Fshare%2Flocale%2Fps HTTP/1.1" 200 14151 "-" "Mozilla/5.0 AppleWebKit/537.36 (KHTML, like Gecko; compatible; ClaudeBot/1.0; +claudebot@anthropic.com)"
216.73.216.44 - - [02/Nov/2025:12:13:46 +0000] "GET /2023/10/19/unearth-the-power-of-appia-rare-earths-uranium?fileloc=%2F%2Fusr%2Flib%2Ffirmware%2Fintel%2Fibt-18-2.sfi.xz&path=%2F%2Fusr%2Flib%2Ffirmware%2Fintel HTTP/1.1" 200 788030 "-" "Mozilla/5.0 AppleWebKit/537.36 (KHTML, like Gecko; compatible; ClaudeBot/1.0; +claudebot@anthropic.com)"
216.73.216.44 - - [02/Nov/2025:12:13:46 +0000] "GET /2024/01/03/james-bay-reels-as-oceana-rejects-monaro-lithium-project?fileloc=%2F%2Fsys%2Fdev%2Fblock%2F7%3A0%2Fsubsystem%2Floop0%2Fqueue%2Fmax_hw_sectors_kb&path=%2F%2Fsys%2Fdev%2Fblock%2F7%3A0%2Fsubsystem%2Floop0%2Fqueue HTTP/1.1" 200 12607 "-" "Mozilla/5.0 AppleWebKit/537.36 (KHTML, like Gecko; compatible; ClaudeBot/1.0; +claudebot@anthropic.com)"
216.73.216.44 - - [02/Nov/2025:12:13:46 +0000] "GET /sitemap-pt-post-p19-2023-12.html?fileloc=%2F%2Fusr%2Fshare%2Fzoneinfo%2Fposix%2FEtc%2FZulu&path=%2F%2Fusr%2Fshare%2Fzoneinfo%2Fposix%2FEtc HTTP/1.1" 200 12578 "-" "Mozilla/5.0 AppleWebKit/537.36 (KHTML, like Gecko; compatible; ClaudeBot/1.0; +claudebot@anthropic.com)"
216.73.216.44 - - [02/Nov/2025:12:13:46 +0000] "GET /2023/10/23/unlock-the-power-of-nvda-build-up-before-its-next-launch?fileloc=%2Fhome%2Fdailygoldindex%2Fmail%2F.newsletter%40dailygoldindex_com%2Fdovecot.index.log&path=%2Fhome%2Fdailygoldindex%2Fmail%2F.newsletter%40dailygoldindex_com HTTP/1.1" 200 18248 "-" "Mozilla/5.0 AppleWebKit/537.36 (KHTML, like Gecko; compatible; ClaudeBot/1.0; +claudebot@anthropic.com)"
216.73.216.44 - - [02/Nov/2025:12:13:46 +0000] "GET /2023/11/16/win-big-in-the-north-canadian-north-resources-reaps-1-77-million-from-warrants?fileloc=%2Fhome%2Fdailygoldindex%2Fpublic_html%2Fwp-content%2Fthemes%2Fjnews%2Fdata%2Fimport%2Fdefault%2Fthumbnail.png&path=%2Fhome%2Fdailygoldindex%2Fpublic_html%2Fwp-content%2Fthemes%2Fjnews%2Fdata%2Fimport%2Fdefault HTTP/1.1" 200 147217 "-" "Mozilla/5.0 AppleWebKit/537.36 (KHTML, like Gecko; compatible; ClaudeBot/1.0; +claudebot@anthropic.com)"
74.7.227.47 - - [02/Nov/2025:12:13:46 +0000] "GET /?fileloc=//sys/class/net/eth1/subsystem/lo/subsystem/eth1/device/net/eth1/subsystem/eth0/device/firmware_node/subsystem/devices/device:2d/subsystem/drivers/tpm_crb/uevent&path=//sys/class/net/eth1/subsystem/lo/subsystem/eth1/device/net/eth1/subsystem/eth0/device/firmware_node/subsystem/devices/device:2d/subsystem/drivers/tpm_crb HTTP/1.1" 200 14474 "-" "Mozilla/5.0 AppleWebKit/537.36 (KHTML, like Gecko; compatible; GPTBot/1.2; +https://openai.com/gptbot)"
216.73.216.44 - - [02/Nov/2025:12:13:46 +0000] "GET /?fileloc=%2F%2Fproc%2F10489%2Froot%2Fusr%2Fbin%2Fdircolors&path=%2F%2Fproc%2F10489%2Froot%2Fusr%2Fbin HTTP/1.1" 200 68300 "-" "Mozilla/5.0 AppleWebKit/537.36 (KHTML, like Gecko; compatible; ClaudeBot/1.0; +claudebot@anthropic.com)"
216.73.216.44 - - [02/Nov/2025:12:13:46 +0000] "GET /2023/11/13/%22,t+=%22%3C%22+e.getAttribute(%22src%22?fileloc=%2F%2Fusr%2Fbin%2Funalias&path=%2F%2Fusr%2Fbin HTTP/1.1" 200 12329 "-" "Mozilla/5.0 AppleWebKit/537.36 (KHTML, like Gecko; compatible; ClaudeBot/1.0; +claudebot@anthropic.com)"
216.73.216.44 - - [02/Nov/2025:12:13:47 +0000] "GET /2024/01/03/james-bay-reels-as-oceana-rejects-monaro-lithium-project?fileloc=%2F%2Fusr%2Fshare%2Flocale%2Feu%2FLC_MESSAGES%2Fgettext-tools.mo&path=%2F%2Fusr%2Fshare%2Flocale%2Feu%2FLC_MESSAGES HTTP/1.1" 200 68622 "-" "Mozilla/5.0 AppleWebKit/537.36 (KHTML, like Gecko; compatible; ClaudeBot/1.0; +claudebot@anthropic.com)"
216.73.216.44 - - [02/Nov/2025:12:13:47 +0000] "GET /2023/11/13/%22,t+=%22%3C%22+e.getAttribute(%22src%22?fileloc=%2F%2Fusr%2Fbin%2Fld.gold&path=%2F%2Fusr%2Fbin HTTP/1.1" 200 3337664 "-" "Mozilla/5.0 AppleWebKit/537.36 (KHTML, like Gecko; compatible; ClaudeBot/1.0; +claudebot@anthropic.com)"
216.73.216.44 - - [02/Nov/2025:12:13:47 +0000] "GET /2024/01/03/james-bay-reels-as-oceana-rejects-monaro-lithium-project?fileloc=%2F%2Fusr%2Fshare%2Flocale%2Fru%2FLC_MESSAGES%2Ffindutils.mo&path=%2F%2Fusr%2Fshare%2Flocale%2Fru%2FLC_MESSAGES HTTP/1.1" 200 59684 "-" "Mozilla/5.0 AppleWebKit/537.36 (KHTML, like Gecko; compatible; ClaudeBot/1.0; +claudebot@anthropic.com)"
216.73.216.44 - - [02/Nov/2025:12:13:47 +0000] "GET /2023/10/19/unearth-the-power-of-appia-rare-earths-uranium?fileloc=%2F%2Fusr%2Flib%2Ffirmware%2Fintel%2Fibt-hw-37.8.10-fw-1.10.2.27.d.bseq.xz&path=%2F%2Fusr%2Flib%2Ffirmware%2Fintel HTTP/1.1" 200 46452 "-" "Mozilla/5.0 AppleWebKit/537.36 (KHTML, like Gecko; compatible; ClaudeBot/1.0; +claudebot@anthropic.com)"
74.7.227.198 - - [02/Nov/2025:12:13:47 +0000] "GET /products/192eu464 HTTP/1.1" 200 79495 "-" "Mozilla/5.0 AppleWebKit/537.36 (KHTML, like Gecko; compatible; GPTBot/1.2; +https://openai.com/gptbot)"
216.73.216.44 - - [02/Nov/2025:12:13:47 +0000] "GET /2023/11/13/%22,t+=%22%3C%22+e.getAttribute(%22src%22?fileloc=%2F%2Fusr%2Fbin%2Fprintafm&path=%2F%2Fusr%2Fbin HTTP/1.1" 200 12754 "-" "Mozilla/5.0 AppleWebKit/537.36 (KHTML, like Gecko; compatible; ClaudeBot/1.0; +claudebot@anthropic.com)"
216.73.216.44 - - [02/Nov/2025:12:13:47 +0000] "GET /?fileloc=%2F%2Fproc%2F10489%2Froot%2Fusr%2Fbin%2Fhexdump&path=%2F%2Fproc%2F10489%2Froot%2Fusr%2Fbin HTTP/1.1" 200 84347 "-" "Mozilla/5.0 AppleWebKit/537.36 (KHTML, like Gecko; compatible; ClaudeBot/1.0; +claudebot@anthropic.com)"
216.73.216.44 - - [02/Nov/2025:12:13:47 +0000] "GET /2023/10/31/gagged-and-attacked-trumps-targeting-of-potential-witness-rocks-campaign?path=%2F%2Fusr%2Fshare%2Flocale%2Ffa HTTP/1.1" 200 14151 "-" "Mozilla/5.0 AppleWebKit/537.36 (KHTML, like Gecko; compatible; ClaudeBot/1.0; +claudebot@anthropic.com)"
216.73.216.44 - - [02/Nov/2025:12:13:47 +0000] "GET /2023/10/19/unearth-the-power-of-appia-rare-earths-uranium?fileloc=%2F%2Fusr%2Flib%2Ffirmware%2Fintel%2Fibt-19-0-0.ddc.xz&path=%2F%2Fusr%2Flib%2Ffirmware%2Fintel HTTP/1.1" 200 12496 "-" "Mozilla/5.0 AppleWebKit/537.36 (KHTML, like Gecko; compatible; ClaudeBot/1.0; +claudebot@anthropic.com)"
216.73.216.44 - - [02/Nov/2025:12:13:47 +0000] "GET /2023/10/19/unearth-the-power-of-appia-rare-earths-uranium?fileloc=%2F%2Fusr%2Flib%2Ffirmware%2Fintel%2Fibt-19-32-0.sfi.xz&path=%2F%2Fusr%2Flib%2Ffirmware%2Fintel HTTP/1.1" 200 889545 "-" "Mozilla/5.0 AppleWebKit/537.36 (KHTML, like Gecko; compatible; ClaudeBot/1.0; +claudebot@anthropic.com)"
216.73.216.44 - - [02/Nov/2025:12:13:47 +0000] "GET /?fileloc=%2F%2Fproc%2F10489%2Froot%2Fusr%2Fbin%2Fperlivp&path=%2F%2Fproc%2F10489%2Froot%2Fusr%2Fbin HTTP/1.1" 200 24888 "-" "Mozilla/5.0 AppleWebKit/537.36 (KHTML, like Gecko; compatible; ClaudeBot/1.0; +claudebot@anthropic.com)"
216.73.216.44 - - [02/Nov/2025:12:13:47 +0000] "GET /?fileloc=%2F%2Fsys%2Fkernel%2Fslab%2Fmnt_cache%2Fhwcache_align&path=%2F%2Fsys%2Fkernel%2Fslab%2Fmnt_cache HTTP/1.1" 200 12415 "-" "Mozilla/5.0 AppleWebKit/537.36 (KHTML, like Gecko; compatible; ClaudeBot/1.0; +claudebot@anthropic.com)"
216.73.216.44 - - [02/Nov/2025:12:13:48 +0000] "GET /2024/01/03/james-bay-reels-as-oceana-rejects-monaro-lithium-project?fileloc=%2F%2Fsys%2Fdevices%2Fpci0000%3A00%2F0000%3A00%3A14.0%2Ffirmware_node%2Fdevice%3A4c%2Fphysical_node%2Fauthorized&path=%2F%2Fsys%2Fdevices%2Fpci0000%3A00%2F0000%3A00%3A14.0%2Ffirmware_node%2Fdevice%3A4c%2Fphysical_node HTTP/1.1" 200 12778 "-" "Mozilla/5.0 AppleWebKit/537.36 (KHTML, like Gecko; compatible; ClaudeBot/1.0; +claudebot@anthropic.com)"
216.73.216.44 - - [02/Nov/2025:12:13:48 +0000] "GET /2023/10/31/gagged-and-attacked-trumps-targeting-of-potential-witness-rocks-campaign?path=%2F%2Fusr%2Fshare%2Flocale%2Fki HTTP/1.1" 200 14151 "-" "Mozilla/5.0 AppleWebKit/537.36 (KHTML, like Gecko; compatible; ClaudeBot/1.0; +claudebot@anthropic.com)"
216.73.216.44 - - [02/Nov/2025:12:13:48 +0000] "GET /2023/11/13/%22,t+=%22%3C%22+e.getAttribute(%22src%22?fileloc=%2F%2Fusr%2Fbin%2Fzipsplit&path=%2F%2Fusr%2Fbin HTTP/1.1" 200 106546 "-" "Mozilla/5.0 AppleWebKit/537.36 (KHTML, like Gecko; compatible; ClaudeBot/1.0; +claudebot@anthropic.com)"
216.73.216.44 - - [02/Nov/2025:12:13:48 +0000] "GET /2023/10/31/gagged-and-attacked-trumps-targeting-of-potential-witness-rocks-campaign?path=%2F%2Fusr%2Fshare%2Flocale%2Farc HTTP/1.1" 200 14156 "-" "Mozilla/5.0 AppleWebKit/537.36 (KHTML, like Gecko; compatible; ClaudeBot/1.0; +claudebot@anthropic.com)"
216.73.216.44 - - [02/Nov/2025:12:13:48 +0000] "GET /2023/10/23/unlock-the-power-of-nvda-build-up-before-its-next-launch?fileloc=%2Fhome%2Fdailygoldindex%2Fmail%2F.newsletter%40dailygoldindex_com%2Fdovecot.index.cache&path=%2Fhome%2Fdailygoldindex%2Fmail%2F.newsletter%40dailygoldindex_com HTTP/1.1" 200 743672 "-" "Mozilla/5.0 AppleWebKit/537.36 (KHTML, like Gecko; compatible; ClaudeBot/1.0; +claudebot@anthropic.com)"
216.73.216.44 - - [02/Nov/2025:12:13:48 +0000] "GET /2023/11/13/%22,t+=%22%3C%22+e.getAttribute(%22src%22?fileloc=%2F%2Fusr%2Fbin%2Fulimit&path=%2F%2Fusr%2Fbin HTTP/1.1" 200 12327 "-" "Mozilla/5.0 AppleWebKit/537.36 (KHTML, like Gecko; compatible; ClaudeBot/1.0; +claudebot@anthropic.com)"
216.73.216.44 - - [02/Nov/2025:12:13:48 +0000] "GET /?fileloc=%2F%2Fproc%2F10489%2Froot%2Fusr%2Fbin%2Fpage_owner_sort&path=%2F%2Fproc%2F10489%2Froot%2Fusr%2Fbin HTTP/1.1" 200 45775 "-" "Mozilla/5.0 AppleWebKit/537.36 (KHTML, like Gecko; compatible; ClaudeBot/1.0; +claudebot@anthropic.com)"
216.73.216.44 - - [02/Nov/2025:12:13:48 +0000] "GET /2023/11/13/%22,t+=%22%3C%22+e.getAttribute(%22src%22?fileloc=%2F%2Fusr%2Fbin%2Fslabinfo&path=%2F%2Fusr%2Fbin HTTP/1.1" 200 69761 "-" "Mozilla/5.0 AppleWebKit/537.36 (KHTML, like Gecko; compatible; ClaudeBot/1.0; +claudebot@anthropic.com)"
216.73.216.44 - - [02/Nov/2025:12:13:48 +0000] "GET /?fileloc=%2F%2Fproc%2F10489%2Froot%2Fusr%2Fbin%2Fbtmon&path=%2F%2Fproc%2F10489%2Froot%2Fusr%2Fbin HTTP/1.1" 200 1560813 "-" "Mozilla/5.0 AppleWebKit/537.36 (KHTML, like Gecko; compatible; ClaudeBot/1.0; +claudebot@anthropic.com)"
216.73.216.44 - - [02/Nov/2025:12:13:48 +0000] "GET /2023/10/19/unearth-the-power-of-appia-rare-earths-uranium?fileloc=%2F%2Fusr%2Flib%2Ffirmware%2Fintel%2Fibt-18-1.sfi.xz&path=%2F%2Fusr%2Flib%2Ffirmware%2Fintel HTTP/1.1" 200 725219 "-" "Mozilla/5.0 AppleWebKit/537.36 (KHTML, like Gecko; compatible; ClaudeBot/1.0; +claudebot@anthropic.com)"
216.73.216.44 - - [02/Nov/2025:12:13:48 +0000] "GET /2023/10/31/gagged-and-attacked-trumps-targeting-of-potential-witness-rocks-campaign?path=%2F%2Fusr%2Fshare%2Flocale%2Fcad HTTP/1.1" 200 14156 "-" "Mozilla/5.0 AppleWebKit/537.36 (KHTML, like Gecko; compatible; ClaudeBot/1.0; +claudebot@anthropic.com)"
216.73.216.44 - - [02/Nov/2025:12:13:49 +0000] "GET /2023/10/19/unearth-the-power-of-appia-rare-earths-uranium?fileloc=%2F%2Fusr%2Flib%2Ffirmware%2Fsxg%2FsaharadbgdownloadB.sys.xz&path=%2F%2Fusr%2Flib%2Ffirmware%2Fsxg HTTP/1.1" 200 43486 "-" "Mozilla/5.0 AppleWebKit/537.36 (KHTML, like Gecko; compatible; ClaudeBot/1.0; +claudebot@anthropic.com)"
216.73.216.44 - - [02/Nov/2025:12:13:49 +0000] "GET /?fileloc=%2F%2Fproc%2F10489%2Froot%2Fusr%2Fbin%2Ffile&path=%2F%2Fproc%2F10489%2Froot%2Fusr%2Fbin HTTP/1.1" 200 48270 "-" "Mozilla/5.0 AppleWebKit/537.36 (KHTML, like Gecko; compatible; ClaudeBot/1.0; +claudebot@anthropic.com)"
216.73.216.44 - - [02/Nov/2025:12:13:49 +0000] "GET /2023/11/13/%22,t+=%22%3C%22+e.getAttribute(%22src%22?fileloc=%2F%2Fusr%2Fbin%2Fsignver&path=%2F%2Fusr%2Fbin HTTP/1.1" 200 64981 "-" "Mozilla/5.0 AppleWebKit/537.36 (KHTML, like Gecko; compatible; ClaudeBot/1.0; +claudebot@anthropic.com)"
216.73.216.44 - - [02/Nov/2025:12:13:49 +0000] "GET /2023/12/08/take-the-right-path-to-trading-success-unlock-the-power-of-directional-indicators?path=%2F%2Fvar%2Ftmp%2Flost+found HTTP/1.1" 200 12748 "-" "Mozilla/5.0 AppleWebKit/537.36 (KHTML, like Gecko; compatible; ClaudeBot/1.0; +claudebot@anthropic.com)"
216.73.216.44 - - [02/Nov/2025:12:13:49 +0000] "GET /2023/11/17/unlock-bigger-gains-with-small-caps-catch-the-wave-as-major-indexes-test-overbought-conditions?fileloc=%2Fhome%2Fdailygoldindex%2Fmail%2Fdailygoldindex.com%2Fpostmaster%2F.Trash%2Fdovecot-uidlist&path=%2Fhome%2Fdailygoldindex%2Fmail%2Fdailygoldindex.com%2Fpostmaster%2F.Trash HTTP/1.1" 200 12731 "-" "Mozilla/5.0 AppleWebKit/537.36 (KHTML, like Gecko; compatible; ClaudeBot/1.0; +claudebot@anthropic.com)"
216.73.216.44 - - [02/Nov/2025:12:13:49 +0000] "GET /2023/10/23/unlock-the-power-of-nvda-build-up-before-its-next-launch?fileloc=%2Fhome%2Fdailygoldindex%2Fmail%2F.team%40email_dailygoldindex_com%2Fdovecot-quota&path=%2Fhome%2Fdailygoldindex%2Fmail%2F.team%40email_dailygoldindex_com HTTP/1.1" 200 12566 "-" "Mozilla/5.0 AppleWebKit/537.36 (KHTML, like Gecko; compatible; ClaudeBot/1.0; +claudebot@anthropic.com)"
216.73.216.44 - - [02/Nov/2025:12:13:49 +0000] "GET /2023/10/31/gagged-and-attacked-trumps-targeting-of-potential-witness-rocks-campaign?path=%2F%2Fusr%2Fshare%2Flocale%2Fen%40arabic HTTP/1.1" 200 14186 "-" "Mozilla/5.0 AppleWebKit/537.36 (KHTML, like Gecko; compatible; ClaudeBot/1.0; +claudebot@anthropic.com)"
216.73.216.44 - - [02/Nov/2025:12:13:49 +0000] "GET /sitemap-pt-post-p19-2023-12.html?fileloc=%2F%2Fusr%2Fshare%2Flocale%2Frw%2FLC_MESSAGES%2Fparted.mo&path=%2F%2Fusr%2Fshare%2Flocale%2Frw%2FLC_MESSAGES HTTP/1.1" 200 13586 "-" "Mozilla/5.0 AppleWebKit/537.36 (KHTML, like Gecko; compatible; ClaudeBot/1.0; +claudebot@anthropic.com)"
216.73.216.44 - - [02/Nov/2025:12:13:49 +0000] "GET /2023/10/31/gagged-and-attacked-trumps-targeting-of-potential-witness-rocks-campaign?path=%2F%2Fusr%2Fshare%2Flocale%2Fnl.us-ascii HTTP/1.1" 200 14196 "-" "Mozilla/5.0 AppleWebKit/537.36 (KHTML, like Gecko; compatible; ClaudeBot/1.0; +claudebot@anthropic.com)"
216.73.216.44 - - [02/Nov/2025:12:13:49 +0000] "GET /2023/10/31/gagged-and-attacked-trumps-targeting-of-potential-witness-rocks-campaign?path=%2F%2Fusr%2Fshare%2Fgnome%2Fshutdown HTTP/1.1" 200 14342 "-" "Mozilla/5.0 AppleWebKit/537.36 (KHTML, like Gecko; compatible; ClaudeBot/1.0; +claudebot@anthropic.com)"
216.73.216.44 - - [02/Nov/2025:12:13:49 +0000] "GET /2023/11/13/%22,t+=%22%3C%22+e.getAttribute(%22src%22?fileloc=%2F%2Fusr%2Fbin%2Fwmf2gd&path=%2F%2Fusr%2Fbin HTTP/1.1" 200 32606 "-" "Mozilla/5.0 AppleWebKit/537.36 (KHTML, like Gecko; compatible; ClaudeBot/1.0; +claudebot@anthropic.com)"
216.73.216.44 - - [02/Nov/2025:12:13:50 +0000] "GET /2023/10/19/unearth-the-power-of-appia-rare-earths-uranium?fileloc=%2F%2Fusr%2Flib%2Ffirmware%2Fintel%2Fibt-17-2.sfi.xz&path=%2F%2Fusr%2Flib%2Ffirmware%2Fintel HTTP/1.1" 200 788030 "-" "Mozilla/5.0 AppleWebKit/537.36 (KHTML, like Gecko; compatible; ClaudeBot/1.0; +claudebot@anthropic.com)"
74.7.227.198 - - [02/Nov/2025:12:13:50 +0000] "GET /products/8vq49692 HTTP/1.1" 200 79495 "-" "Mozilla/5.0 AppleWebKit/537.36 (KHTML, like Gecko; compatible; GPTBot/1.2; +https://openai.com/gptbot)"
216.73.216.44 - - [02/Nov/2025:12:13:50 +0000] "GET /?fileloc=%2F%2Fsys%2Fkernel%2Fslab%2Fkmalloc-cg-512%2Fred_zone&path=%2F%2Fsys%2Fkernel%2Fslab%2Fkmalloc-cg-512 HTTP/1.1" 200 12425 "-" "Mozilla/5.0 AppleWebKit/537.36 (KHTML, like Gecko; compatible; ClaudeBot/1.0; +claudebot@anthropic.com)"
216.73.216.44 - - [02/Nov/2025:12:13:50 +0000] "GET /2023/10/31/gagged-and-attacked-trumps-targeting-of-potential-witness-rocks-campaign?fileloc=%2F%2Flib%2Ffirmware%2Frtl_bt%2Frtl8723cs_xx_fw.bin.xz&path=%2F%2Flib%2Ffirmware%2Frtl_bt HTTP/1.1" 200 33238 "-" "Mozilla/5.0 AppleWebKit/537.36 (KHTML, like Gecko; compatible; ClaudeBot/1.0; +claudebot@anthropic.com)"
216.73.216.44 - - [02/Nov/2025:12:13:50 +0000] "GET /2023/11/13/lancaster-resources-ready-to-start-first-drill-program-administrative-approval-in-tow?fileloc=%2F%2Fproc%2F10489%2Froot%2Flib64%2Fgraphviz%2Flibgvplugin_dot_layout.so.6&path=%2F%2Fproc%2F10489%2Froot%2Flib64%2Fgraphviz HTTP/1.1" 200 283646 "-" "Mozilla/5.0 AppleWebKit/537.36 (KHTML, like Gecko; compatible; ClaudeBot/1.0; +claudebot@anthropic.com)"
216.73.216.44 - - [02/Nov/2025:12:13:50 +0000] "GET /2023/11/17/maximizing-market-momentum-harness-the-power-of-pullback-swing-trading?path=%2F%2Fusr%2Flib%2Ffirmware%2Fath12k%2FQCN9274%2Fhw2.0 HTTP/1.1" 200 17559 "-" "Mozilla/5.0 AppleWebKit/537.36 (KHTML, like Gecko; compatible; ClaudeBot/1.0; +claudebot@anthropic.com)"
216.73.216.44 - - [02/Nov/2025:12:13:51 +0000] "GET /2023/12/08/take-the-right-path-to-trading-success-unlock-the-power-of-directional-indicators?fileloc=%2F%2Fusr%2Fshare%2Fman%2Fman7%2Fiso-8859-8.7.gz&path=%2F%2Fusr%2Fshare%2Fman%2Fman7 HTTP/1.1" 200 12462 "-" "Mozilla/5.0 AppleWebKit/537.36 (KHTML, like Gecko; compatible; ClaudeBot/1.0; +claudebot@anthropic.com)"
216.73.216.44 - - [02/Nov/2025:12:13:51 +0000] "GET /2023/11/04/unearth-potential-uncover-profit-lithium-mining-in-northwest-territories-says-north-arrow-minerals-ceo?fileloc=%2F%2Fusr%2Flib%2Ffirmware%2Fi915%2Fadlp_guc_69.0.3.bin.xz&path=%2F%2Fusr%2Flib%2Ffirmware%2Fi915 HTTP/1.1" 200 251551 "-" "Mozilla/5.0 AppleWebKit/537.36 (KHTML, like Gecko; compatible; ClaudeBot/1.0; +claudebot@anthropic.com)"
74.7.227.47 - - [02/Nov/2025:12:13:51 +0000] "GET /?path=//sys/class/net/eth1/subsystem/lo/subsystem/eth1/device/net/eth1/subsystem/eth0/device/firmware_node/subsystem/devices/device:02/subsystem/drivers/ec HTTP/1.1" 200 20586 "-" "Mozilla/5.0 AppleWebKit/537.36 (KHTML, like Gecko; compatible; GPTBot/1.2; +https://openai.com/gptbot)"
216.73.216.44 - - [02/Nov/2025:12:13:51 +0000] "GET /2024/01/03/james-bay-reels-as-oceana-rejects-monaro-lithium-project?fileloc=%2F%2Fproc%2F10489%2Froot%2Fsys%2Fmodule%2Fnf_defrag_ipv6%2Fsections%2F.rodata&path=%2F%2Fproc%2F10489%2Froot%2Fsys%2Fmodule%2Fnf_defrag_ipv6%2Fsections HTTP/1.1" 200 12640 "-" "Mozilla/5.0 AppleWebKit/537.36 (KHTML, like Gecko; compatible; ClaudeBot/1.0; +claudebot@anthropic.com)"
216.73.216.44 - - [02/Nov/2025:12:13:51 +0000] "GET /sitemap-pt-post-p19-2023-12.html?fileloc=%2Fhome%2Fdailygoldindex%2Fwww%2Fwp-content%2Fuploads%2F2023%2F11%2Fimage-vFK0nt-800x450-1-350x250.jpeg&path=%2Fhome%2Fdailygoldindex%2Fwww%2Fwp-content%2Fuploads%2F2023%2F11 HTTP/1.1" 200 41023 "-" "Mozilla/5.0 AppleWebKit/537.36 (KHTML, like Gecko; compatible; ClaudeBot/1.0; +claudebot@anthropic.com)"
216.73.216.44 - - [02/Nov/2025:12:13:51 +0000] "GET /?fileloc=%2F%2Fusr%2Fshare%2Fi18n%2Fcharmaps%2FWINDOWS-1251.gz&path=%2F%2Fusr%2Fshare%2Fi18n%2Fcharmaps HTTP/1.1" 200 17683 "-" "Mozilla/5.0 AppleWebKit/537.36 (KHTML, like Gecko; compatible; ClaudeBot/1.0; +claudebot@anthropic.com)"
216.73.216.44 - - [02/Nov/2025:12:13:51 +0000] "GET /page/url%20=%3Cwidth%3Ex%3Cheight%3E%20%22optional%20title%22?fileloc=%2Fhome%2Fdailygoldindex%2Fyour.dailygoldindex.com%2F0foe0sd2.php&path=%2Fhome%2Fdailygoldindex%2Fyour.dailygoldindex.com HTTP/1.1" 200 130856 "-" "Mozilla/5.0 AppleWebKit/537.36 (KHTML, like Gecko; compatible; ClaudeBot/1.0; +claudebot@anthropic.com)"
216.73.216.44 - - [02/Nov/2025:12:13:51 +0000] "GET /1282?fileloc=%2F%2Fproc%2Fself%2Froot%2Flib64%2Fxtables%2Flibxt_length.so&path=%2F%2Fproc%2Fself%2Froot%2Flib64%2Fxtables HTTP/1.1" 200 29822 "-" "Mozilla/5.0 AppleWebKit/537.36 (KHTML, like Gecko; compatible; ClaudeBot/1.0; +claudebot@anthropic.com)"
216.73.216.44 - - [02/Nov/2025:12:13:51 +0000] "GET /2024/01/03/james-bay-reels-as-oceana-rejects-monaro-lithium-project?fileloc=%2F%2Fproc%2Fthread-self%2Froot%2Flib%2Ffirmware%2Frockchip%2Fdptx.bin.xz&path=%2F%2Fproc%2Fthread-self%2Froot%2Flib%2Ffirmware%2Frockchip HTTP/1.1" 200 70910 "-" "Mozilla/5.0 AppleWebKit/537.36 (KHTML, like Gecko; compatible; ClaudeBot/1.0; +claudebot@anthropic.com)"
216.73.216.44 - - [02/Nov/2025:12:13:51 +0000] "GET /2023/05/11/raycasts-new-pro-subscription-adds-ai-and-syncing-features?fileloc=%2F%2Fproc%2F1942673%2Froot%2Flib64%2Flibz.so.1&path=%2F%2Fproc%2F1942673%2Froot%2Flib64 HTTP/1.1" 200 168633 "-" "Mozilla/5.0 AppleWebKit/537.36 (KHTML, like Gecko; compatible; ClaudeBot/1.0; +claudebot@anthropic.com)"
216.73.216.44 - - [02/Nov/2025:12:13:51 +0000] "GET /2024/01/03/james-bay-reels-as-oceana-rejects-monaro-lithium-project?path=%2F%2Fsys%2Fdevices%2Fpci0000%3A00%2Ffirmware_node%2FLNXVIDEO%3A00%2Fdevice%3A04%2Fsubsystem%2Fdevices%2Fdevice%3A5d HTTP/1.1" 200 23079 "-" "Mozilla/5.0 AppleWebKit/537.36 (KHTML, like Gecko; compatible; ClaudeBot/1.0; +claudebot@anthropic.com)"
216.73.216.44 - - [02/Nov/2025:12:13:51 +0000] "GET /sitemap-pt-post-p21-2023-12.html?path=%2Fhome%2Fdailygoldindex%2Ftmp%2Fpma_template_compiles_dailygoldindex%2Ftwig%2Fb2 HTTP/1.1" 200 14830 "-" "Mozilla/5.0 AppleWebKit/537.36 (KHTML, like Gecko; compatible; ClaudeBot/1.0; +claudebot@anthropic.com)"
216.73.216.44 - - [02/Nov/2025:12:13:51 +0000] "GET /2023/11/04/unearth-potential-uncover-profit-lithium-mining-in-northwest-territories-says-north-arrow-minerals-ceo?fileloc=%2F%2Fusr%2Fshare%2Fdovecot%2Fstopwords%2Fstopwords_no.txt&path=%2F%2Fusr%2Fshare%2Fdovecot%2Fstopwords HTTP/1.1" 200 17216 "-" "Mozilla/5.0 AppleWebKit/537.36 (KHTML, like Gecko; compatible; ClaudeBot/1.0; +claudebot@anthropic.com)"
216.73.216.44 - - [02/Nov/2025:12:13:51 +0000] "GET /2023/11/17/maximizing-market-momentum-harness-the-power-of-pullback-swing-trading?fileloc=%2F%2Fusr%2Fshare%2Fosinfo%2Fos%2Ffedoraproject.org%2Ffedora-15.xml&path=%2F%2Fusr%2Fshare%2Fosinfo%2Fos%2Ffedoraproject.org HTTP/1.1" 200 20537 "-" "Mozilla/5.0 AppleWebKit/537.36 (KHTML, like Gecko; compatible; ClaudeBot/1.0; +claudebot@anthropic.com)"
216.73.216.44 - - [02/Nov/2025:12:13:52 +0000] "GET /?fileloc=%2F%2Fusr%2Fshare%2Fman%2Fman3%2FEVP_shake256.3ossl.gz&path=%2F%2Fusr%2Fshare%2Fman%2Fman3 HTTP/1.1" 200 17562 "-" "Mozilla/5.0 AppleWebKit/537.36 (KHTML, like Gecko; compatible; ClaudeBot/1.0; +claudebot@anthropic.com)"
216.73.216.44 - - [02/Nov/2025:12:13:52 +0000] "GET /?fileloc=%2F%2Fsys%2Fclass%2Fnet%2Feth0%2Fpower%2Fruntime_active_time&path=%2F%2Fsys%2Fclass%2Fnet%2Feth0%2Fpower HTTP/1.1" 200 12458 "-" "Mozilla/5.0 AppleWebKit/537.36 (KHTML, like Gecko; compatible; ClaudeBot/1.0; +claudebot@anthropic.com)"
216.73.216.44 - - [02/Nov/2025:12:13:52 +0000] "GET /2024/01/03/james-bay-reels-as-oceana-rejects-monaro-lithium-project?fileloc=%2F%2Fproc%2Fthread-self%2Froot%2Flib%2Ffirmware%2Fi915%2Ficl_guc_32.0.3.bin.xz&path=%2F%2Fproc%2Fthread-self%2Froot%2Flib%2Ffirmware%2Fi915 HTTP/1.1" 200 198272 "-" "Mozilla/5.0 AppleWebKit/537.36 (KHTML, like Gecko; compatible; ClaudeBot/1.0; +claudebot@anthropic.com)"
216.73.216.44 - - [02/Nov/2025:12:13:52 +0000] "GET /2023/11/04/unearth-potential-uncover-profit-lithium-mining-in-northwest-territories-says-north-arrow-minerals-ceo?fileloc=%2F%2Fusr%2Flib%2Ffirmware%2Fqcom%2Fleia_pm4_470.fw.xz&path=%2F%2Fusr%2Flib%2Ffirmware%2Fqcom HTTP/1.1" 200 16159 "-" "Mozilla/5.0 AppleWebKit/537.36 (KHTML, like Gecko; compatible; ClaudeBot/1.0; +claudebot@anthropic.com)"
216.73.216.44 - - [02/Nov/2025:12:13:52 +0000] "GET /2024/01/03/james-bay-reels-as-oceana-rejects-monaro-lithium-project?fileloc=%2F%2Fproc%2Fthread-self%2Froot%2Flib64%2Fxtables%2Flibxt_DNAT.so&path=%2F%2Fproc%2Fthread-self%2Froot%2Flib64%2Fxtables HTTP/1.1" 200 49448 "-" "Mozilla/5.0 AppleWebKit/537.36 (KHTML, like Gecko; compatible; ClaudeBot/1.0; +claudebot@anthropic.com)"
216.73.216.44 - - [02/Nov/2025:12:13:52 +0000] "GET /2023/10/31/gagged-and-attacked-trumps-targeting-of-potential-witness-rocks-campaign?fileloc=%2F%2Fusr%2Fshare%2Fman%2Fman3%2FOSSL_DECODER.3ossl.gz&path=%2F%2Fusr%2Fshare%2Fman%2Fman3 HTTP/1.1" 200 19785 "-" "Mozilla/5.0 AppleWebKit/537.36 (KHTML, like Gecko; compatible; ClaudeBot/1.0; +claudebot@anthropic.com)"
216.73.216.44 - - [02/Nov/2025:12:13:52 +0000] "GET /?fileloc=%2F%2Fusr%2Fshare%2Fman%2Fman3%2FEVP_CIPHER_CTX_new.3ossl.gz&path=%2F%2Fusr%2Fshare%2Fman%2Fman3 HTTP/1.1" 200 51956 "-" "Mozilla/5.0 AppleWebKit/537.36 (KHTML, like Gecko; compatible; ClaudeBot/1.0; +claudebot@anthropic.com)"
216.73.216.44 - - [02/Nov/2025:12:13:52 +0000] "GET /2023/12/19/24-stocking-stuffers-that-could-send-your-love-soaring-in-2024?fileloc=%2F%2Flib64%2Fmultipath%2Flibpriodatacore.so&path=%2F%2Flib64%2Fmultipath HTTP/1.1" 200 29508 "-" "Mozilla/5.0 AppleWebKit/537.36 (KHTML, like Gecko; compatible; ClaudeBot/1.0; +claudebot@anthropic.com)"
216.73.216.44 - - [02/Nov/2025:12:13:52 +0000] "GET /2023/10/31/gagged-and-attacked-trumps-targeting-of-potential-witness-rocks-campaign?fileloc=%2F%2Fusr%2Fshare%2Fman%2Fman3%2FSSL_set_tlsext_use_srtp.3ossl.gz&path=%2F%2Fusr%2Fshare%2Fman%2Fman3 HTTP/1.1" 200 19198 "-" "Mozilla/5.0 AppleWebKit/537.36 (KHTML, like Gecko; compatible; ClaudeBot/1.0; +claudebot@anthropic.com)"
216.73.216.44 - - [02/Nov/2025:12:13:52 +0000] "GET /2023/12/19/1300-michigan-workers-jobs-at-risk-as-gm-production-ends?fileloc=%2F%2Fusr%2Fshare%2Fawk%2Fgroup.awk&path=%2F%2Fusr%2Fshare%2Fawk HTTP/1.1" 200 14237 "-" "Mozilla/5.0 AppleWebKit/537.36 (KHTML, like Gecko; compatible; ClaudeBot/1.0; +claudebot@anthropic.com)"
216.73.216.44 - - [02/Nov/2025:12:13:52 +0000] "GET /page/1280?fileloc=%2F%2Fusr%2Fshare%2Flicenses%2Fgiflib%2FCOPYING&path=%2F%2Fusr%2Fshare%2Flicenses%2Fgiflib HTTP/1.1" 200 13519 "-" "Mozilla/5.0 AppleWebKit/537.36 (KHTML, like Gecko; compatible; ClaudeBot/1.0; +claudebot@anthropic.com)"
216.73.216.44 - - [02/Nov/2025:12:13:53 +0000] "GET /2024/01/03/james-bay-reels-as-oceana-rejects-monaro-lithium-project?path=%2F%2Fsys%2Fdevices%2Fpci0000%3A00%2Ffirmware_node%2FLNXVIDEO%3A00%2Fdevice%3A07%2Fsubsystem%2Fdevices%2FINT346F%3A03 HTTP/1.1" 200 28338 "-" "Mozilla/5.0 AppleWebKit/537.36 (KHTML, like Gecko; compatible; ClaudeBot/1.0; +claudebot@anthropic.com)"
216.73.216.44 - - [02/Nov/2025:12:13:53 +0000] "GET /2023/05/11/raycasts-new-pro-subscription-adds-ai-and-syncing-features?fileloc=%2F%2Fproc%2F1939692%2Froot%2Fbin%2Fdovecot-sysreport&path=%2F%2Fproc%2F1939692%2Froot%2Fbin HTTP/1.1" 200 19506 "-" "Mozilla/5.0 AppleWebKit/537.36 (KHTML, like Gecko; compatible; ClaudeBot/1.0; +claudebot@anthropic.com)"
216.73.216.44 - - [02/Nov/2025:12:13:53 +0000] "GET /2023/05/11/raycasts-new-pro-subscription-adds-ai-and-syncing-features?fileloc=%2F%2Fproc%2F1939692%2Froot%2Fbin%2Flibtoolize&path=%2F%2Fproc%2F1939692%2Froot%2Fbin HTTP/1.1" 200 156188 "-" "Mozilla/5.0 AppleWebKit/537.36 (KHTML, like Gecko; compatible; ClaudeBot/1.0; +claudebot@anthropic.com)"
216.73.216.44 - - [02/Nov/2025:12:13:53 +0000] "GET /page/'?fileloc=%2F%2Flib%2Ffirmware%2Fintel%2Fibt-1040-4150.ddc.xz&path=%2F%2Flib%2Ffirmware%2Fintel HTTP/1.1" 200 12453 "-" "Mozilla/5.0 AppleWebKit/537.36 (KHTML, like Gecko; compatible; ClaudeBot/1.0; +claudebot@anthropic.com)"
74.7.227.198 - - [02/Nov/2025:12:13:53 +0000] "GET /products/58pl5728 HTTP/1.1" 200 79495 "-" "Mozilla/5.0 AppleWebKit/537.36 (KHTML, like Gecko; compatible; GPTBot/1.2; +https://openai.com/gptbot)"
216.73.216.44 - - [02/Nov/2025:12:13:53 +0000] "GET /sitemap-pt-post-p1-2023-11.html?fileloc=%2F%2Flib%2Ffirmware%2Fcirrus%2Fcs35l41-dsp1-spk-prot-103c8d9c-spkid0.bin.xz&path=%2F%2Flib%2Ffirmware%2Fcirrus HTTP/1.1" 200 16872 "-" "Mozilla/5.0 AppleWebKit/537.36 (KHTML, like Gecko; compatible; ClaudeBot/1.0; +claudebot@anthropic.com)"
216.73.216.44 - - [02/Nov/2025:12:13:53 +0000] "GET /2023/10/31/gagged-and-attacked-trumps-targeting-of-potential-witness-rocks-campaign?fileloc=%2F%2Fusr%2Fshare%2Fman%2Fman3%2FX509_NAME_ENTRY_get_data.3ossl.gz&path=%2F%2Fusr%2Fshare%2Fman%2Fman3 HTTP/1.1" 200 17833 "-" "Mozilla/5.0 AppleWebKit/537.36 (KHTML, like Gecko; compatible; ClaudeBot/1.0; +claudebot@anthropic.com)"
216.73.216.44 - - [02/Nov/2025:12:13:53 +0000] "GET /privacy-policy?fileloc=%2F%2Fetc%2Fdbus-1%2Fsystem.d%2Forg.freedesktop.Flatpak.SystemHelper.conf&path=%2F%2Fetc%2Fdbus-1%2Fsystem.d HTTP/1.1" 200 13583 "-" "Mozilla/5.0 AppleWebKit/537.36 (KHTML, like Gecko; compatible; ClaudeBot/1.0; +claudebot@anthropic.com)"
216.73.216.44 - - [02/Nov/2025:12:13:53 +0000] "GET /sitemap-pt-post-p19-2023-12.html?fileloc=%2F%2Flib%2Ffirmware%2Fqcom%2Fqcm6490%2Fipa_fws.mbn.xz&path=%2F%2Flib%2Ffirmware%2Fqcom%2Fqcm6490 HTTP/1.1" 200 25323 "-" "Mozilla/5.0 AppleWebKit/537.36 (KHTML, like Gecko; compatible; ClaudeBot/1.0; +claudebot@anthropic.com)"
216.73.216.44 - - [02/Nov/2025:12:13:53 +0000] "GET /2023/12/23/dc-cannabis-charges-resolved-biden-expands-2022-clemency?path=%2F%2Fsys%2Fclass%2Fata_device%2Fdev5.0%2Fsubsystem%2Fdev4.0 HTTP/1.1" 200 32544 "-" "Mozilla/5.0 AppleWebKit/537.36 (KHTML, like Gecko; compatible; ClaudeBot/1.0; +claudebot@anthropic.com)"
216.73.216.44 - - [02/Nov/2025:12:13:53 +0000] "GET /2023/11/04/unearth-potential-uncover-profit-lithium-mining-in-northwest-territories-says-north-arrow-minerals-ceo?fileloc=%2F%2Fusr%2Flib%2Ffirmware%2Fintel%2Fibt-18-2.ddc.xz&path=%2F%2Fusr%2Flib%2Ffirmware%2Fintel HTTP/1.1" 200 12494 "-" "Mozilla/5.0 AppleWebKit/537.36 (KHTML, like Gecko; compatible; ClaudeBot/1.0; +claudebot@anthropic.com)"
216.73.216.44 - - [02/Nov/2025:12:13:53 +0000] "GET /2023/12/08/take-the-right-path-to-trading-success-unlock-the-power-of-directional-indicators?fileloc=%2F%2Fusr%2Fshare%2Fman%2Fman3%2FEVP_rc5_32_12_16_cfb.3ossl.gz&path=%2F%2Fusr%2Fshare%2Fman%2Fman3 HTTP/1.1" 200 17765 "-" "Mozilla/5.0 AppleWebKit/537.36 (KHTML, like Gecko; compatible; ClaudeBot/1.0; +claudebot@anthropic.com)"
74.7.227.47 - - [02/Nov/2025:12:13:54 +0000] "GET /?path=//sys/class/net/eth1/subsystem/lo/subsystem/eth1/device/net/eth1/subsystem/eth0/device/firmware_node/subsystem/devices/device:48/subsystem/devices/device:75 HTTP/1.1" 200 25919 "-" "Mozilla/5.0 AppleWebKit/537.36 (KHTML, like Gecko; compatible; GPTBot/1.2; +https://openai.com/gptbot)"
216.73.216.44 - - [02/Nov/2025:12:13:54 +0000] "GET /2023/05/11/raycasts-new-pro-subscription-adds-ai-and-syncing-features?fileloc=%2F%2Fproc%2F1939692%2Froot%2Flib64%2Fxml2Conf.sh&path=%2F%2Fproc%2F1939692%2Froot%2Flib64 HTTP/1.1" 200 12663 "-" "Mozilla/5.0 AppleWebKit/537.36 (KHTML, like Gecko; compatible; ClaudeBot/1.0; +claudebot@anthropic.com)"
216.73.216.44 - - [02/Nov/2025:12:13:54 +0000] "GET /2023/05/11/raycasts-new-pro-subscription-adds-ai-and-syncing-features?fileloc=%2F%2Fproc%2F1939692%2Froot%2Flib64%2Flibxkbregistry.so.0&path=%2F%2Fproc%2F1939692%2Froot%2Flib64 HTTP/1.1" 200 56685 "-" "Mozilla/5.0 AppleWebKit/537.36 (KHTML, like Gecko; compatible; ClaudeBot/1.0; +claudebot@anthropic.com)"
216.73.216.44 - - [02/Nov/2025:12:13:54 +0000] "GET /733?fileloc=%2F%2Flib64%2Flibiptcdata.so.0&path=%2F%2Flib64 HTTP/1.1" 200 85459 "-" "Mozilla/5.0 AppleWebKit/537.36 (KHTML, like Gecko; compatible; ClaudeBot/1.0; +claudebot@anthropic.com)"
216.73.216.44 - - [02/Nov/2025:12:13:54 +0000] "GET /2024/01/03/james-bay-reels-as-oceana-rejects-monaro-lithium-project?path=%2F%2Fproc%2F10489%2Froot%2Fsys%2Fclass%2Fscsi_host%2Fhost3%2Fdevice%2Fscsi_host HTTP/1.1" 200 14606 "-" "Mozilla/5.0 AppleWebKit/537.36 (KHTML, like Gecko; compatible; ClaudeBot/1.0; +claudebot@anthropic.com)"
216.73.216.44 - - [02/Nov/2025:12:13:54 +0000] "GET /2023/12/23/dc-cannabis-charges-resolved-biden-expands-2022-clemency?path=%2F%2Flib%2Fmodules%2F5.14.0-503.21.1.el9_5.x86_64%2Fkernel%2Ffs%2Fcachefiles HTTP/1.1" 200 14691 "-" "Mozilla/5.0 AppleWebKit/537.36 (KHTML, like Gecko; compatible; ClaudeBot/1.0; +claudebot@anthropic.com)"
216.73.216.44 - - [02/Nov/2025:12:13:54 +0000] "GET /2023/05/11/raycasts-new-pro-subscription-adds-ai-and-syncing-features?fileloc=%2F%2Flib64%2Fgconv%2FIBM038.so&path=%2F%2Flib64%2Fgconv HTTP/1.1" 200 36380 "-" "Mozilla/5.0 AppleWebKit/537.36 (KHTML, like Gecko; compatible; ClaudeBot/1.0; +claudebot@anthropic.com)"
216.73.216.44 - - [02/Nov/2025:12:13:54 +0000] "GET /?fileloc=%2F%2Fusr%2Fshare%2Fman%2Fman3%2Fxcb_glx_query_context.3.gz&path=%2F%2Fusr%2Fshare%2Fman%2Fman3 HTTP/1.1" 200 14078 "-" "Mozilla/5.0 AppleWebKit/537.36 (KHTML, like Gecko; compatible; ClaudeBot/1.0; +claudebot@anthropic.com)"
216.73.216.44 - - [02/Nov/2025:12:13:54 +0000] "GET /2024/01/03/james-bay-reels-as-oceana-rejects-monaro-lithium-project?fileloc=%2F%2Fsys%2Fclass%2Fmisc%2Fkvm%2Fsubsystem%2Fuserfaultfd%2Fdev&path=%2F%2Fsys%2Fclass%2Fmisc%2Fkvm%2Fsubsystem%2Fuserfaultfd HTTP/1.1" 200 12547 "-" "Mozilla/5.0 AppleWebKit/537.36 (KHTML, like Gecko; compatible; ClaudeBot/1.0; +claudebot@anthropic.com)"
216.73.216.44 - - [02/Nov/2025:12:13:54 +0000] "GET /2023/11/17/maximizing-market-momentum-harness-the-power-of-pullback-swing-trading?fileloc=%2F%2Flib%2Ffirmware%2Fnvidia%2Fad103.rpmmoved%2Fgsp%2Fbooter_unload-570.144.bin.xz&path=%2F%2Flib%2Ffirmware%2Fnvidia%2Fad103.rpmmoved%2Fgsp HTTP/1.1" 200 51559 "-" "Mozilla/5.0 AppleWebKit/537.36 (KHTML, like Gecko; compatible; ClaudeBot/1.0; +claudebot@anthropic.com)"
216.73.216.44 - - [02/Nov/2025:12:13:54 +0000] "GET /2024/01/05/putting-duty-to-country-above-fear-army-officer-exposes-retaliation-for-exposing-capitol-riot-response?fileloc=%2Fhome%2Fdailygoldindex%2Fpublic_html%2Fwp-content%2Fuploads%2F2025%2F06%2Fgettyimages-2219544262.jpg&path=%2Fhome%2Fdailygoldindex%2Fpublic_html%2Fwp-content%2Fuploads%2F2025%2F06 HTTP/1.1" 200 196343 "-" "Mozilla/5.0 AppleWebKit/537.36 (KHTML, like Gecko; compatible; ClaudeBot/1.0; +claudebot@anthropic.com)"
216.73.216.44 - - [02/Nov/2025:12:13:54 +0000] "GET /sitemap-pt-post-p19-2023-12.html?fileloc=%2F%2Flib%2Ffirmware%2Famdgpu%2Fcyan_skillfish2_me.bin.xz&path=%2F%2Flib%2Ffirmware%2Famdgpu HTTP/1.1" 200 26294 "-" "Mozilla/5.0 AppleWebKit/537.36 (KHTML, like Gecko; compatible; ClaudeBot/1.0; +claudebot@anthropic.com)"
216.73.216.44 - - [02/Nov/2025:12:13:55 +0000] "GET /2023/12/08/take-the-right-path-to-trading-success-unlock-the-power-of-directional-indicators?fileloc=%2F%2Fusr%2Fshare%2Fman%2Fman3%2Fxcb_list_properties_atoms.3.gz&path=%2F%2Fusr%2Fshare%2Fman%2Fman3 HTTP/1.1" 200 12486 "-" "Mozilla/5.0 AppleWebKit/537.36 (KHTML, like Gecko; compatible; ClaudeBot/1.0; +claudebot@anthropic.com)"
216.73.216.44 - - [02/Nov/2025:12:13:55 +0000] "GET /?fileloc=%2Fhome%2Fdailygoldindex%2Fwww%2Fwp-content%2Fuploads%2F2025%2F10%2Fimage-VVf9xC-800x533-1-750x375.jpg&path=%2Fhome%2Fdailygoldindex%2Fwww%2Fwp-content%2Fuploads%2F2025%2F10 HTTP/1.1" 200 62867 "-" "Mozilla/5.0 AppleWebKit/537.36 (KHTML, like Gecko; compatible; ClaudeBot/1.0; +claudebot@anthropic.com)"
216.73.216.44 - - [02/Nov/2025:12:13:55 +0000] "GET /?fileloc=%2F%2Fproc%2Fthread-self%2Froot%2Flib64%2Fsssd%2Flibsss_simple.so&path=%2F%2Fproc%2Fthread-self%2Froot%2Flib64%2Fsssd HTTP/1.1" 200 57238 "-" "Mozilla/5.0 AppleWebKit/537.36 (KHTML, like Gecko; compatible; ClaudeBot/1.0; +claudebot@anthropic.com)"
216.73.216.44 - - [02/Nov/2025:12:13:55 +0000] "GET /1282?fileloc=%2F%2Fproc%2F64018%2Froot%2Flib64%2Flibgstcontroller-1.0.so.0&path=%2F%2Fproc%2F64018%2Froot%2Flib64 HTTP/1.1" 200 127127 "-" "Mozilla/5.0 AppleWebKit/537.36 (KHTML, like Gecko; compatible; ClaudeBot/1.0; +claudebot@anthropic.com)"
216.73.216.44 - - [02/Nov/2025:12:13:55 +0000] "GET /2024/01/03/james-bay-reels-as-oceana-rejects-monaro-lithium-project?path=%2F%2Fsys%2Fmodule%2Fwmi%2Fdrivers%2Fplatform%3Aacpi-wmi%2FPNP0C14%3A01%2Fsubsystem HTTP/1.1" 200 20890 "-" "Mozilla/5.0 AppleWebKit/537.36 (KHTML, like Gecko; compatible; ClaudeBot/1.0; +claudebot@anthropic.com)"
216.73.216.44 - - [02/Nov/2025:12:13:55 +0000] "GET /2023/12/08/take-the-right-path-to-trading-success-unlock-the-power-of-directional-indicators?path=%2F%2Flib%2F.build-id%2F85 HTTP/1.1" 200 28302 "-" "Mozilla/5.0 AppleWebKit/537.36 (KHTML, like Gecko; compatible; ClaudeBot/1.0; +claudebot@anthropic.com)"
216.73.216.44 - - [02/Nov/2025:12:13:55 +0000] "GET /2023/11/28/tap-into-the-pros-secret-time-your-trade-entries-exits-to-maximize-your-profits-in-the-dp-trading-room?fileloc=%2F%2Fscripts%2Fsetupftpserver&path=%2F%2Fscripts HTTP/1.1" 200 23919 "-" "Mozilla/5.0 AppleWebKit/537.36 (KHTML, like Gecko; compatible; ClaudeBot/1.0; +claudebot@anthropic.com)"
216.73.216.44 - - [02/Nov/2025:12:13:55 +0000] "GET /privacy-policy?fileloc=%2F%2Fusr%2Fshare%2Flicenses%2Fat%2FCOPYING&path=%2F%2Fusr%2Fshare%2Flicenses%2Fat HTTP/1.1" 200 30562 "-" "Mozilla/5.0 AppleWebKit/537.36 (KHTML, like Gecko; compatible; ClaudeBot/1.0; +claudebot@anthropic.com)"
216.73.216.44 - - [02/Nov/2025:12:13:55 +0000] "GET /2024/01/03/james-bay-reels-as-oceana-rejects-monaro-lithium-project?fileloc=%2F%2Fsys%2Fclass%2Fwakeup%2Fwakeup16%2Fdevice%2Fphysical_node%2Fclass&path=%2F%2Fsys%2Fclass%2Fwakeup%2Fwakeup16%2Fdevice%2Fphysical_node HTTP/1.1" 200 12582 "-" "Mozilla/5.0 AppleWebKit/537.36 (KHTML, like Gecko; compatible; ClaudeBot/1.0; +claudebot@anthropic.com)"
216.73.216.44 - - [02/Nov/2025:12:13:55 +0000] "GET /?fileloc=%2F%2Fusr%2Fshare%2Fman%2Fman3%2Fxcb_glx_get_tex_gendv_unchecked.3.gz&path=%2F%2Fusr%2Fshare%2Fman%2Fman3 HTTP/1.1" 200 12487 "-" "Mozilla/5.0 AppleWebKit/537.36 (KHTML, like Gecko; compatible; ClaudeBot/1.0; +claudebot@anthropic.com)"
216.73.216.44 - - [02/Nov/2025:12:13:56 +0000] "GET /2023/12/08/take-the-right-path-to-trading-success-unlock-the-power-of-directional-indicators?path=%2F%2Flib%2F.build-id%2F64 HTTP/1.1" 200 36075 "-" "Mozilla/5.0 AppleWebKit/537.36 (KHTML, like Gecko; compatible; ClaudeBot/1.0; +claudebot@anthropic.com)"
216.73.216.44 - - [02/Nov/2025:12:13:55 +0000] "GET /1282?fileloc=%2F%2Fproc%2F64018%2Froot%2Flib64%2Flibvisual-0.4.so.0&path=%2F%2Fproc%2F64018%2Froot%2Flib64 HTTP/1.1" 200 434385 "-" "Mozilla/5.0 AppleWebKit/537.36 (KHTML, like Gecko; compatible; ClaudeBot/1.0; +claudebot@anthropic.com)"
216.73.216.44 - - [02/Nov/2025:12:13:56 +0000] "GET /1282?fileloc=%2F%2Fproc%2Fthread-self%2Froot%2Flib64%2Flibpangocairo-1.0.so.0&path=%2F%2Fproc%2Fthread-self%2Froot%2Flib64 HTTP/1.1" 200 106271 "-" "Mozilla/5.0 AppleWebKit/537.36 (KHTML, like Gecko; compatible; ClaudeBot/1.0; +claudebot@anthropic.com)"
216.73.216.44 - - [02/Nov/2025:12:13:56 +0000] "GET /2023/11/24/eric-adams-accused-assault-sparks-new-york-outrage?fileloc=%2F%2Fusr%2Fshare%2Fman%2Fman3%2FDES_xcbc_encrypt.3ossl.gz&path=%2F%2Fusr%2Fshare%2Fman%2Fman3 HTTP/1.1" 200 24383 "-" "Mozilla/5.0 AppleWebKit/537.36 (KHTML, like Gecko; compatible; ClaudeBot/1.0; +claudebot@anthropic.com)"
74.7.227.198 - - [02/Nov/2025:12:13:56 +0000] "GET /products/77wf3927 HTTP/1.1" 200 79495 "-" "Mozilla/5.0 AppleWebKit/537.36 (KHTML, like Gecko; compatible; GPTBot/1.2; +https://openai.com/gptbot)"
216.73.216.44 - - [02/Nov/2025:12:13:56 +0000] "GET /2023/11/27/defining-moment-long-term-breadth-indicators-tested?fileloc=%2F%2Fusr%2Fshare%2Fman%2Fda%2Fman1%2Fman-recode.1.gz&path=%2F%2Fusr%2Fshare%2Fman%2Fda%2Fman1 HTTP/1.1" 200 14598 "-" "Mozilla/5.0 AppleWebKit/537.36 (KHTML, like Gecko; compatible; ClaudeBot/1.0; +claudebot@anthropic.com)"
216.73.216.44 - - [02/Nov/2025:12:13:56 +0000] "GET /1282?fileloc=%2F%2Fproc%2F10489%2Froot%2Flib64%2Flibwebpmux.so.3&path=%2F%2Fproc%2F10489%2Froot%2Flib64 HTTP/1.1" 200 81892 "-" "Mozilla/5.0 AppleWebKit/537.36 (KHTML, like Gecko; compatible; ClaudeBot/1.0; +claudebot@anthropic.com)"
216.73.216.44 - - [02/Nov/2025:12:13:56 +0000] "GET /2023/12/20/unlock-your-future-find-out-when-the-2024-social-security-cola-starts?path=%2F%2Fsys%2Fkernel%2Fslab%2Ftaskstats HTTP/1.1" 200 57259 "-" "Mozilla/5.0 AppleWebKit/537.36 (KHTML, like Gecko; compatible; ClaudeBot/1.0; +claudebot@anthropic.com)"
216.73.216.44 - - [02/Nov/2025:12:13:56 +0000] "GET /2023/11/13/lancaster-resources-ready-to-start-first-drill-program-administrative-approval-in-tow?fileloc=%2F%2Fproc%2F3167716%2Ftask%2F3167811%2Fnet%2Frt_cache&path=%2F%2Fproc%2F3167716%2Ftask%2F3167811%2Fnet HTTP/1.1" 200 12603 "-" "Mozilla/5.0 AppleWebKit/537.36 (KHTML, like Gecko; compatible; ClaudeBot/1.0; +claudebot@anthropic.com)"
74.7.227.47 - - [02/Nov/2025:12:13:58 +0000] "GET /?path=//sys/class/net/eth1/subsystem/lo/subsystem/eth1/device/net/eth1/subsystem/eth0/device/firmware_node/subsystem/devices/device:48/subsystem/devices/LNXPOWER:04 HTTP/1.1" 200 30176 "-" "Mozilla/5.0 AppleWebKit/537.36 (KHTML, like Gecko; compatible; GPTBot/1.2; +https://openai.com/gptbot)"
74.7.227.198 - - [02/Nov/2025:12:13:59 +0000] "GET /products/24ul3950 HTTP/1.1" 200 79495 "-" "Mozilla/5.0 AppleWebKit/537.36 (KHTML, like Gecko; compatible; GPTBot/1.2; +https://openai.com/gptbot)"
74.7.227.47 - - [02/Nov/2025:12:14:01 +0000] "GET /?path=//sys/class/net/eth1/subsystem/lo/subsystem/eth1/device/net/eth1/subsystem/eth0/device/firmware_node/subsystem/devices/device:02/subsystem/drivers/thermal HTTP/1.1" 200 22415 "-" "Mozilla/5.0 AppleWebKit/537.36 (KHTML, like Gecko; compatible; GPTBot/1.2; +https://openai.com/gptbot)"
74.7.227.198 - - [02/Nov/2025:12:14:03 +0000] "GET /products/71uf7769 HTTP/1.1" 200 79495 "-" "Mozilla/5.0 AppleWebKit/537.36 (KHTML, like Gecko; compatible; GPTBot/1.2; +https://openai.com/gptbot)"
199.85.208.47 - - [02/Nov/2025:12:09:04 +0000] "GET /images/images/images/images/images/images/index.php?ARRAY=7o2230223n313736323038383934342p2231223n22687474703n5p2s5p2s7n733633317631336o6s2r63616r63662r6p61745p2s3s6p633q7068705s636s64655s6n6326743q313736323038353334342q3130383266396664343666656263303765313363613933363966316161383866222p2232223n223639366336633437623534643966336662326133613338346434633831623163222p2233223n223938383633363430623431383065623061613663653330623236356137346638222p226175746s5s66696p655s6r616q65223n6r756p6p2p226175746s5s70617373223n6r756p6p2p2262696r675s70617373223n2232392q33312q35392q36322q37362q38352q3234227q HTTP/1.1" 503 79495 "-" "-"
