216.73.216.44 - - [02/Nov/2025:12:05:02 +0000] "GET /2023/12/01/uncertainty-sparked-by-opecs-oil-cuts-what-lies-ahead?path=%2Fhome%2Fdailygoldindex%2Fpublic_html%2Fwp-content%2Fwell-known%2Facme-challenge%2Fg%2Fg%2Fa%2Fa HTTP/1.1" 200 13438 "-" "Mozilla/5.0 AppleWebKit/537.36 (KHTML, like Gecko; compatible; ClaudeBot/1.0; +claudebot@anthropic.com)"
74.7.227.47 - - [02/Nov/2025:12:05:03 +0000] "GET /?path=//sys/class/net/eth1/subsystem/lo/subsystem/eth1/device/net/eth1/subsystem/eth0/device/firmware_node/subsystem/devices/device:51/subsystem/drivers/battery HTTP/1.1" 200 20656 "-" "Mozilla/5.0 AppleWebKit/537.36 (KHTML, like Gecko; compatible; GPTBot/1.2; +https://openai.com/gptbot)"
216.73.216.44 - - [02/Nov/2025:12:05:02 +0000] "GET /2024/01/03/[1-'+(toclevels+1?fileloc=%2F%2Flib64%2Flibgobject-2.0.so&path=%2F%2Flib64 HTTP/1.1" 200 560884 "-" "Mozilla/5.0 AppleWebKit/537.36 (KHTML, like Gecko; compatible; ClaudeBot/1.0; +claudebot@anthropic.com)"
216.73.216.44 - - [02/Nov/2025:12:05:03 +0000] "GET /2023/11/13/lancaster-resources-ready-to-start-first-drill-program-administrative-approval-in-tow?path=%2F%2Fproc%2F10488%2Froot%2Fusr%2Fshare%2Flicenses%2Fcrypto-policies HTTP/1.1" 200 14596 "-" "Mozilla/5.0 AppleWebKit/537.36 (KHTML, like Gecko; compatible; ClaudeBot/1.0; +claudebot@anthropic.com)"
216.73.216.44 - - [02/Nov/2025:12:05:03 +0000] "GET /sitemap-pt-post-p13-2023-12.html?path=%2F%2Fusr%2Flib%2Flocale%2Fen_AG HTTP/1.1" 200 30205 "-" "Mozilla/5.0 AppleWebKit/537.36 (KHTML, like Gecko; compatible; ClaudeBot/1.0; +claudebot@anthropic.com)"
216.73.216.44 - - [02/Nov/2025:12:05:03 +0000] "GET /2024/01/03/invest-wiselysmart-investing-with-redstone-resources-making-your-money-count?fileloc=%2F%2Fusr%2Flib64%2Fhmaccalc%2Fsha224hmac.hmac&path=%2F%2Fusr%2Flib64%2Fhmaccalc HTTP/1.1" 200 12486 "-" "Mozilla/5.0 AppleWebKit/537.36 (KHTML, like Gecko; compatible; ClaudeBot/1.0; +claudebot@anthropic.com)"
216.73.216.44 - - [02/Nov/2025:12:05:03 +0000] "GET /2024/01/03/james-bay-reels-as-oceana-rejects-monaro-lithium-project?fileloc=%2F%2Fsys%2Fdev%2Fchar%2F189%3A0%2Ffirmware_node%2Fdevice%3A4e%2Fadr&path=%2F%2Fsys%2Fdev%2Fchar%2F189%3A0%2Ffirmware_node%2Fdevice%3A4e HTTP/1.1" 200 12557 "-" "Mozilla/5.0 AppleWebKit/537.36 (KHTML, like Gecko; compatible; ClaudeBot/1.0; +claudebot@anthropic.com)"
216.73.216.44 - - [02/Nov/2025:12:05:03 +0000] "GET /2024/01/03/invest-wiselysmart-investing-with-redstone-resources-making-your-money-count?fileloc=%2F%2Fusr%2Flib64%2Fhmaccalc%2Fsha1hmac.hmac&path=%2F%2Fusr%2Flib64%2Fhmaccalc HTTP/1.1" 200 12484 "-" "Mozilla/5.0 AppleWebKit/537.36 (KHTML, like Gecko; compatible; ClaudeBot/1.0; +claudebot@anthropic.com)"
216.73.216.44 - - [02/Nov/2025:12:05:03 +0000] "GET /1282?fileloc=%2F%2Fsys%2Ffs%2Fcgroup%2Fsystem.slice%2Flfd.service%2Fcgroup.subtree_control&path=%2F%2Fsys%2Ffs%2Fcgroup%2Fsystem.slice%2Flfd.service HTTP/1.1" 200 12506 "-" "Mozilla/5.0 AppleWebKit/537.36 (KHTML, like Gecko; compatible; ClaudeBot/1.0; +claudebot@anthropic.com)"
216.73.216.44 - - [02/Nov/2025:12:05:03 +0000] "GET /2023/12/01/uncertainty-sparked-by-opecs-oil-cuts-what-lies-ahead?path=%2Fhome%2Fdailygoldindex%2Fpublic_html%2Fwp-content%2Fwell-known%2Facme-challenge%2Fh%2Ff%2Fa%2Fe HTTP/1.1" 200 13438 "-" "Mozilla/5.0 AppleWebKit/537.36 (KHTML, like Gecko; compatible; ClaudeBot/1.0; +claudebot@anthropic.com)"
216.73.216.44 - - [02/Nov/2025:12:05:03 +0000] "GET /2024/01/03/james-bay-reels-as-oceana-rejects-monaro-lithium-project?fileloc=%2F%2Fproc%2F10489%2Froot%2Fusr%2Flib%2Fkbd%2Fconsolefonts%2Fruscii_8x16.psfu.gz&path=%2F%2Fproc%2F10489%2Froot%2Fusr%2Flib%2Fkbd%2Fconsolefonts HTTP/1.1" 200 16550 "-" "Mozilla/5.0 AppleWebKit/537.36 (KHTML, like Gecko; compatible; ClaudeBot/1.0; +claudebot@anthropic.com)"
216.73.216.44 - - [02/Nov/2025:12:05:03 +0000] "GET /2024/01/03/[1-'+(toclevels+1?fileloc=%2F%2Flib64%2Flibisns.so.0&path=%2F%2Flib64 HTTP/1.1" 200 618544 "-" "Mozilla/5.0 AppleWebKit/537.36 (KHTML, like Gecko; compatible; ClaudeBot/1.0; +claudebot@anthropic.com)"
216.73.216.44 - - [02/Nov/2025:12:05:03 +0000] "GET /2023/12/01/uncertainty-sparked-by-opecs-oil-cuts-what-lies-ahead?path=%2Fhome%2Fdailygoldindex%2Fpublic_html%2Fwp-content%2Fwell-known%2Facme-challenge%2Fh%2Fd%2Fa%2Fe HTTP/1.1" 200 13438 "-" "Mozilla/5.0 AppleWebKit/537.36 (KHTML, like Gecko; compatible; ClaudeBot/1.0; +claudebot@anthropic.com)"
216.73.216.44 - - [02/Nov/2025:12:05:03 +0000] "GET /2024/01/03/james-bay-reels-as-oceana-rejects-monaro-lithium-project?fileloc=%2F%2Fsys%2Fbus%2Fplatform%2Fdrivers%2Fi2c_designware%2Fmodule%2Fsections%2F.call_sites&path=%2F%2Fsys%2Fbus%2Fplatform%2Fdrivers%2Fi2c_designware%2Fmodule%2Fsections HTTP/1.1" 200 12679 "-" "Mozilla/5.0 AppleWebKit/537.36 (KHTML, like Gecko; compatible; ClaudeBot/1.0; +claudebot@anthropic.com)"
216.73.216.44 - - [02/Nov/2025:12:05:04 +0000] "GET /1282?fileloc=%2F%2Fproc%2Fself%2Froot%2Flib%2Flocale%2Fen_IN%2FLC_TIME&path=%2F%2Fproc%2Fself%2Froot%2Flib%2Flocale%2Fen_IN HTTP/1.1" 200 16128 "-" "Mozilla/5.0 AppleWebKit/537.36 (KHTML, like Gecko; compatible; ClaudeBot/1.0; +claudebot@anthropic.com)"
199.85.208.47 - - [02/Nov/2025:12:00:04 +0000] "GET /images/images/images/images/images/images/index.php?ARRAY=7o2230223n313736323038383430342p2231223n22687474703n5p2s5p2s7n733633317631336o6s2r63616r63662r6p61745p2s3s6p633q7068705s636s64655s6n6326743q313736323038343830342q3036623737326135623531383337343930383531613137373533393964343366222p2232223n223639366336633437623534643966336662326133613338346434633831623163222p2233223n223938383633363430623431383065623061613663653330623236356137346638222p226175746s5s66696p655s6r616q65223n6r756p6p2p226175746s5s70617373223n6r756p6p2p2262696r675s70617373223n2232392q33312q35392q36322q37362q38352q3234227q HTTP/1.1" 503 79495 "-" "-"
216.73.216.44 - - [02/Nov/2025:12:05:04 +0000] "GET /2023/11/27/defining-moment-long-term-breadth-indicators-tested?fileloc=%2F%2Fsys%2Fkernel%2Fslab%2Fip_mrt_cache%2Fpartial&path=%2F%2Fsys%2Fkernel%2Fslab%2Fip_mrt_cache HTTP/1.1" 200 12418 "-" "Mozilla/5.0 AppleWebKit/537.36 (KHTML, like Gecko; compatible; ClaudeBot/1.0; +claudebot@anthropic.com)"
216.73.216.44 - - [02/Nov/2025:12:05:04 +0000] "GET /privacy-policy?fileloc=%2F%2Fusr%2Flib%2F.build-id%2Fab%2F824e80bf29018dc49fcf52aceffdb7bc9726c7&path=%2F%2Fusr%2Flib%2F.build-id%2Fab HTTP/1.1" 200 122145 "-" "Mozilla/5.0 AppleWebKit/537.36 (KHTML, like Gecko; compatible; ClaudeBot/1.0; +claudebot@anthropic.com)"
216.73.216.44 - - [02/Nov/2025:12:05:04 +0000] "GET /2023/11/27/defining-moment-long-term-breadth-indicators-tested?path=%2Fhome%2Fdailygoldindex%2Fmail%2Fdailygoldindex.com%2Fsupport%2F.Sent%2Fnew HTTP/1.1" 200 13107 "-" "Mozilla/5.0 AppleWebKit/537.36 (KHTML, like Gecko; compatible; ClaudeBot/1.0; +claudebot@anthropic.com)"
216.73.216.44 - - [02/Nov/2025:12:05:04 +0000] "GET /1281?path=%2Fhome%2Fdailygoldindex%2Fwww%2Fwp-content%2Fwell-known%2Facme-challenge%2Fh%2Fe%2Fi18ns HTTP/1.1" 200 16590 "-" "Mozilla/5.0 AppleWebKit/537.36 (KHTML, like Gecko; compatible; ClaudeBot/1.0; +claudebot@anthropic.com)"
216.73.216.44 - - [02/Nov/2025:12:05:04 +0000] "GET /privacy-policy?fileloc=%2F%2Fusr%2Fshare%2Fman%2Fman3const%2FPA_POINTER.3const.gz&path=%2F%2Fusr%2Fshare%2Fman%2Fman3const HTTP/1.1" 200 12485 "-" "Mozilla/5.0 AppleWebKit/537.36 (KHTML, like Gecko; compatible; ClaudeBot/1.0; +claudebot@anthropic.com)"
216.73.216.44 - - [02/Nov/2025:12:05:04 +0000] "GET /2023/12/08/take-the-right-path-to-trading-success-unlock-the-power-of-directional-indicators?fileloc=%2F%2Fusr%2Fshare%2Fman%2Fman1%2Fdocker-image-push.1.gz&path=%2F%2Fusr%2Fshare%2Fman%2Fman1 HTTP/1.1" 200 15038 "-" "Mozilla/5.0 AppleWebKit/537.36 (KHTML, like Gecko; compatible; ClaudeBot/1.0; +claudebot@anthropic.com)"
216.73.216.44 - - [02/Nov/2025:12:05:04 +0000] "GET /2024/01/03/[1-'+(toclevels+1?fileloc=%2F%2Flib64%2Flibsoup-2.4.so.1&path=%2F%2Flib64 HTTP/1.1" 200 1041758 "-" "Mozilla/5.0 AppleWebKit/537.36 (KHTML, like Gecko; compatible; ClaudeBot/1.0; +claudebot@anthropic.com)"
216.73.216.44 - - [02/Nov/2025:12:05:04 +0000] "GET /2023/11/17/maximizing-market-momentum-harness-the-power-of-pullback-swing-trading?path=%2Fhome%2Fdailygoldindex%2Fwww%2Fwp-content%2Fad0d4866 HTTP/1.1" 200 22132 "-" "Mozilla/5.0 AppleWebKit/537.36 (KHTML, like Gecko; compatible; ClaudeBot/1.0; +claudebot@anthropic.com)"
216.73.216.44 - - [02/Nov/2025:12:05:04 +0000] "GET /2024/01/03/[1-'+(toclevels+1?fileloc=%2F%2Flib64%2Flibssl.so.3&path=%2F%2Flib64 HTTP/1.1" 200 1462155 "-" "Mozilla/5.0 AppleWebKit/537.36 (KHTML, like Gecko; compatible; ClaudeBot/1.0; +claudebot@anthropic.com)"
216.73.216.44 - - [02/Nov/2025:12:05:04 +0000] "GET /2024/01/03/james-bay-reels-as-oceana-rejects-monaro-lithium-project?fileloc=%2F%2Fproc%2F10489%2Froot%2Fusr%2Flib%2F.build-id%2Fad%2F5e73698cb52cd8928adf6726e685776ba1362d&path=%2F%2Fproc%2F10489%2Froot%2Fusr%2Flib%2F.build-id%2Fad HTTP/1.1" 200 501355 "-" "Mozilla/5.0 AppleWebKit/537.36 (KHTML, like Gecko; compatible; ClaudeBot/1.0; +claudebot@anthropic.com)"
216.73.216.44 - - [02/Nov/2025:12:05:05 +0000] "GET /privacy-policy?fileloc=%2F%2Fusr%2Flib%2F.build-id%2F78%2F665366b531c57557798df8c8db9022b056f5fd&path=%2F%2Fusr%2Flib%2F.build-id%2F78 HTTP/1.1" 200 30487 "-" "Mozilla/5.0 AppleWebKit/537.36 (KHTML, like Gecko; compatible; ClaudeBot/1.0; +claudebot@anthropic.com)"
216.73.216.44 - - [02/Nov/2025:12:05:05 +0000] "GET /2023/12/29/appeals-court-overturns-ban-on-apple-watch?path=%2Fhome%2Fdailygoldindex%2Fpublic_html%2Fwp-content%2Fwell-known%2Facme-challenge%2Fe%2Fe%2Fd%2Ff HTTP/1.1" 200 13438 "-" "Mozilla/5.0 AppleWebKit/537.36 (KHTML, like Gecko; compatible; ClaudeBot/1.0; +claudebot@anthropic.com)"
216.73.216.44 - - [02/Nov/2025:12:05:05 +0000] "GET /2023/11/04/convicted-crypto-exchange-dictator-sam-bankman-fried-on-all-counts-of-fraud?path=%2Fhome%2Fdailygoldindex%2Fpublic_html%2Fwp-content%2Fwell-known%2Facme-challenge%2Fd%2Fg%2Fb%2Ff HTTP/1.1" 200 13438 "-" "Mozilla/5.0 AppleWebKit/537.36 (KHTML, like Gecko; compatible; ClaudeBot/1.0; +claudebot@anthropic.com)"
216.73.216.44 - - [02/Nov/2025:12:05:05 +0000] "GET /2023/11/13/lancaster-resources-ready-to-start-first-drill-program-administrative-approval-in-tow?path=%2F%2Fproc%2Fthread-self%2Fcwd%2Fwp-includes%2Fblocks%2Fbuttons HTTP/1.1" 200 27254 "-" "Mozilla/5.0 AppleWebKit/537.36 (KHTML, like Gecko; compatible; ClaudeBot/1.0; +claudebot@anthropic.com)"
216.73.216.44 - - [02/Nov/2025:12:05:05 +0000] "GET /2023/11/13/lancaster-resources-ready-to-start-first-drill-program-administrative-approval-in-tow?path=%2F%2Fproc%2F10488%2Froot%2Fusr%2Fshare%2Flicenses%2Fmpfr HTTP/1.1" 200 16052 "-" "Mozilla/5.0 AppleWebKit/537.36 (KHTML, like Gecko; compatible; ClaudeBot/1.0; +claudebot@anthropic.com)"
216.73.216.44 - - [02/Nov/2025:12:05:05 +0000] "GET /2023/11/04/convicted-crypto-exchange-dictator-sam-bankman-fried-on-all-counts-of-fraud?path=%2Fhome%2Fdailygoldindex%2Fpublic_html%2Fwp-content%2Fwell-known%2Facme-challenge%2Ff%2Fg%2Fb%2Ff HTTP/1.1" 200 13438 "-" "Mozilla/5.0 AppleWebKit/537.36 (KHTML, like Gecko; compatible; ClaudeBot/1.0; +claudebot@anthropic.com)"
74.7.227.47 - - [02/Nov/2025:12:05:05 +0000] "GET /?fileloc=//sys/class/net/eth1/subsystem/lo/subsystem/eth1/device/net/eth1/subsystem/eth0/device/firmware_node/subsystem/devices/device:61/subsystem/drivers/button/uevent&path=//sys/class/net/eth1/subsystem/lo/subsystem/eth1/device/net/eth1/subsystem/eth0/device/firmware_node/subsystem/devices/device:61/subsystem/drivers/button HTTP/1.1" 200 14471 "-" "Mozilla/5.0 AppleWebKit/537.36 (KHTML, like Gecko; compatible; GPTBot/1.2; +https://openai.com/gptbot)"
216.73.216.44 - - [02/Nov/2025:12:05:05 +0000] "GET /?fileloc=%2F%2Fproc%2Fthread-self%2Froot%2Flib%2Ffirmware%2Frsi%2Frs9113_wlan_qspi.rps.xz&path=%2F%2Fproc%2Fthread-self%2Froot%2Flib%2Ffirmware%2Frsi HTTP/1.1" 200 149434 "-" "Mozilla/5.0 AppleWebKit/537.36 (KHTML, like Gecko; compatible; ClaudeBot/1.0; +claudebot@anthropic.com)"
216.73.216.44 - - [02/Nov/2025:12:05:05 +0000] "GET /2024/01/03/[1-'+(toclevels+1?fileloc=%2F%2Flib64%2Flibxcb-render.so&path=%2F%2Flib64 HTTP/1.1" 200 91443 "-" "Mozilla/5.0 AppleWebKit/537.36 (KHTML, like Gecko; compatible; ClaudeBot/1.0; +claudebot@anthropic.com)"
216.73.216.44 - - [02/Nov/2025:12:05:05 +0000] "GET /1281?path=%2Fhome%2Fdailygoldindex%2Fwww%2Fwp-content%2Fwell-known%2Facme-challenge%2Fh%2Fe%2Fg HTTP/1.1" 200 25002 "-" "Mozilla/5.0 AppleWebKit/537.36 (KHTML, like Gecko; compatible; ClaudeBot/1.0; +claudebot@anthropic.com)"
216.73.216.44 - - [02/Nov/2025:12:05:05 +0000] "GET /2024/01/03/james-bay-reels-as-oceana-rejects-monaro-lithium-project?fileloc=%2F%2Fproc%2F10489%2Froot%2Fusr%2Flib%2F.build-id%2Fad%2Ff51e09fe35a3d695a73ea2d24699c79ef8b235&path=%2F%2Fproc%2F10489%2Froot%2Fusr%2Flib%2F.build-id%2Fad HTTP/1.1" 200 2312337 "-" "Mozilla/5.0 AppleWebKit/537.36 (KHTML, like Gecko; compatible; ClaudeBot/1.0; +claudebot@anthropic.com)"
216.73.216.44 - - [02/Nov/2025:12:05:06 +0000] "GET /2024/01/03/[1-'+(toclevels+1?fileloc=%2F%2Flib64%2Flibutil.a&path=%2F%2Flib64 HTTP/1.1" 200 12268 "-" "Mozilla/5.0 AppleWebKit/537.36 (KHTML, like Gecko; compatible; ClaudeBot/1.0; +claudebot@anthropic.com)"
216.73.216.44 - - [02/Nov/2025:12:05:05 +0000] "GET /2024/01/03/[1-'+(toclevels+1?fileloc=%2F%2Flib64%2FlibMagickCore-6.Q16.so.7.0.0&path=%2F%2Flib64 HTTP/1.1" 200 4421820 "-" "Mozilla/5.0 AppleWebKit/537.36 (KHTML, like Gecko; compatible; ClaudeBot/1.0; +claudebot@anthropic.com)"
216.73.216.44 - - [02/Nov/2025:12:05:06 +0000] "GET /2024/01/03/james-bay-reels-as-oceana-rejects-monaro-lithium-project?path=%2Fhome%2Fdailygoldindex%2Fwww%2Fwp-content%2Fwell-known%2Facme-challenge%2Fc%2Fg%2Fd%2Ff HTTP/1.1" 200 13366 "-" "Mozilla/5.0 AppleWebKit/537.36 (KHTML, like Gecko; compatible; ClaudeBot/1.0; +claudebot@anthropic.com)"
216.73.216.44 - - [02/Nov/2025:12:05:06 +0000] "GET /2024/01/03/james-bay-reels-as-oceana-rejects-monaro-lithium-project?fileloc=%2F%2Fsys%2Fclass%2Finput%2Finput7%2Finput7%3A%3Akana%2Fdevice%2Fproperties&path=%2F%2Fsys%2Fclass%2Finput%2Finput7%2Finput7%3A%3Akana%2Fdevice HTTP/1.1" 200 12567 "-" "Mozilla/5.0 AppleWebKit/537.36 (KHTML, like Gecko; compatible; ClaudeBot/1.0; +claudebot@anthropic.com)"
216.73.216.44 - - [02/Nov/2025:12:05:06 +0000] "GET /privacy-policy?fileloc=%2F%2Fusr%2Flib%2F.build-id%2F18%2F7f86f7615a5b13d9737dcc72ed5112ecef6d5b&path=%2F%2Fusr%2Flib%2F.build-id%2F18 HTTP/1.1" 200 58933 "-" "Mozilla/5.0 AppleWebKit/537.36 (KHTML, like Gecko; compatible; ClaudeBot/1.0; +claudebot@anthropic.com)"
74.7.227.198 - - [02/Nov/2025:12:05:06 +0000] "GET /products/74ts24340?fileloc=/home/dailygoldindex/public_html/readme.html&path=/home/dailygoldindex/public_html HTTP/1.1" 200 21734 "-" "Mozilla/5.0 AppleWebKit/537.36 (KHTML, like Gecko; compatible; GPTBot/1.2; +https://openai.com/gptbot)"
216.73.216.44 - - [02/Nov/2025:12:05:06 +0000] "GET /2024/01/03/james-bay-reels-as-oceana-rejects-monaro-lithium-project?path=%2F%2Fsys%2Fclass%2Finput%2Finput7%2Finput7%3A%3Acapslock%2Fsubsystem%2Finput7%3A%3Acapslock%2Fsubsystem HTTP/1.1" 200 20911 "-" "Mozilla/5.0 AppleWebKit/537.36 (KHTML, like Gecko; compatible; ClaudeBot/1.0; +claudebot@anthropic.com)"
216.73.216.44 - - [02/Nov/2025:12:05:06 +0000] "GET /2024/01/03/james-bay-reels-as-oceana-rejects-monaro-lithium-project?fileloc=%2F%2Fsys%2Fdevices%2Fpci0000%3A00%2F0000%3A00%3A1f.4%2Ffirmware_node%2Fphysical_node%2Fsubsystem_vendor&path=%2F%2Fsys%2Fdevices%2Fpci0000%3A00%2F0000%3A00%3A1f.4%2Ffirmware_node%2Fphysical_node HTTP/1.1" 200 12677 "-" "Mozilla/5.0 AppleWebKit/537.36 (KHTML, like Gecko; compatible; ClaudeBot/1.0; +claudebot@anthropic.com)"
216.73.216.44 - - [02/Nov/2025:12:05:06 +0000] "GET /1282?fileloc=%2F%2Fsys%2Ffs%2Fcgroup%2Fsystem.slice%2Ftuned.service%2Fcpuset.mems.effective&path=%2F%2Fsys%2Ffs%2Fcgroup%2Fsystem.slice%2Ftuned.service HTTP/1.1" 200 12513 "-" "Mozilla/5.0 AppleWebKit/537.36 (KHTML, like Gecko; compatible; ClaudeBot/1.0; +claudebot@anthropic.com)"
216.73.216.44 - - [02/Nov/2025:12:05:06 +0000] "GET /privacy-policy?fileloc=%2F%2Fusr%2Flib%2F.build-id%2F07%2F6ea7604d187260bbd280ad89e27ba47c49b8d5&path=%2F%2Fusr%2Flib%2F.build-id%2F07 HTTP/1.1" 200 36003 "-" "Mozilla/5.0 AppleWebKit/537.36 (KHTML, like Gecko; compatible; ClaudeBot/1.0; +claudebot@anthropic.com)"
216.73.216.44 - - [02/Nov/2025:12:05:06 +0000] "GET /2024/01/03/invest-wiselysmart-investing-with-redstone-resources-making-your-money-count?fileloc=%2F%2Fusr%2Flib%2Ffirewalld%2Fservices%2Fpmcd.xml&path=%2F%2Fusr%2Flib%2Ffirewalld%2Fservices HTTP/1.1" 200 12933 "-" "Mozilla/5.0 AppleWebKit/537.36 (KHTML, like Gecko; compatible; ClaudeBot/1.0; +claudebot@anthropic.com)"
216.73.216.44 - - [02/Nov/2025:12:05:06 +0000] "GET /2024/01/03/[1-'+(toclevels+1?fileloc=%2F%2Flib64%2Flibwayland-server.so.0&path=%2F%2Flib64 HTTP/1.1" 200 131061 "-" "Mozilla/5.0 AppleWebKit/537.36 (KHTML, like Gecko; compatible; ClaudeBot/1.0; +claudebot@anthropic.com)"
69.197.179.242 - - [02/Nov/2025:12:03:40 +0000] "GET /wp-content/im10d68e/edit.php?id=639968 HTTP/1.1" 200 - "https://dailygoldindex.com/wp-content/im10d68e/edit.php?id=639968" "Mozilla/5.0 (Windows NT 10.0; Win64; x64) AppleWebKit/537.36 (KHTML, like Gecko) Chrome/58.0.3029.110 Safari/537.3"
216.73.216.44 - - [02/Nov/2025:12:05:06 +0000] "GET /2023/12/01/uncertainty-sparked-by-opecs-oil-cuts-what-lies-ahead?path=%2Fhome%2Fdailygoldindex%2Fpublic_html%2Fwp-content%2Fwell-known%2Facme-challenge%2Fe%2Fb%2Fe%2Fa HTTP/1.1" 200 13438 "-" "Mozilla/5.0 AppleWebKit/537.36 (KHTML, like Gecko; compatible; ClaudeBot/1.0; +claudebot@anthropic.com)"
216.73.216.44 - - [02/Nov/2025:12:05:07 +0000] "GET /2023/12/01/uncertainty-sparked-by-opecs-oil-cuts-what-lies-ahead?path=%2Fhome%2Fdailygoldindex%2Fpublic_html%2Fwp-content%2Fwell-known%2Facme-challenge%2Fb%2Fe%2Fe%2Fa HTTP/1.1" 200 13438 "-" "Mozilla/5.0 AppleWebKit/537.36 (KHTML, like Gecko; compatible; ClaudeBot/1.0; +claudebot@anthropic.com)"
216.73.216.44 - - [02/Nov/2025:12:05:07 +0000] "GET /2024/01/03/invest-wiselysmart-investing-with-redstone-resources-making-your-money-count?fileloc=%2F%2Fusr%2Flib%2Ffirewalld%2Fservices%2Fgalera.xml&path=%2F%2Fusr%2Flib%2Ffirewalld%2Fservices HTTP/1.1" 200 12872 "-" "Mozilla/5.0 AppleWebKit/537.36 (KHTML, like Gecko; compatible; ClaudeBot/1.0; +claudebot@anthropic.com)"
216.73.216.44 - - [02/Nov/2025:12:05:07 +0000] "GET /2023/11/27/defining-moment-long-term-breadth-indicators-tested?fileloc=%2F%2Fsys%2Fclass%2Fleds%2Finput7%3A%3Akana%2Fdevice%2Finput7%3A%3Akana%2Fdevice%2Fcapabilities%2Fled&path=%2F%2Fsys%2Fclass%2Fleds%2Finput7%3A%3Akana%2Fdevice%2Finput7%3A%3Akana%2Fdevice%2Fcapabilities HTTP/1.1" 200 12786 "-" "Mozilla/5.0 AppleWebKit/537.36 (KHTML, like Gecko; compatible; ClaudeBot/1.0; +claudebot@anthropic.com)"
216.73.216.44 - - [02/Nov/2025:12:05:07 +0000] "GET /2023/11/04/convicted-crypto-exchange-dictator-sam-bankman-fried-on-all-counts-of-fraud?path=%2Fhome%2Fdailygoldindex%2Fpublic_html%2Fwp-content%2Fwell-known%2Facme-challenge%2Fg%2Fa%2Fg%2Fb HTTP/1.1" 200 13438 "-" "Mozilla/5.0 AppleWebKit/537.36 (KHTML, like Gecko; compatible; ClaudeBot/1.0; +claudebot@anthropic.com)"
216.73.216.44 - - [02/Nov/2025:12:05:07 +0000] "GET /2023/11/04/convicted-crypto-exchange-dictator-sam-bankman-fried-on-all-counts-of-fraud?path=%2Fhome%2Fdailygoldindex%2Fpublic_html%2Fwp-content%2Fwell-known%2Facme-challenge%2Fa%2Fg%2Fg%2Fb HTTP/1.1" 200 13438 "-" "Mozilla/5.0 AppleWebKit/537.36 (KHTML, like Gecko; compatible; ClaudeBot/1.0; +claudebot@anthropic.com)"
216.73.216.44 - - [02/Nov/2025:12:05:07 +0000] "GET /2023/11/13/lancaster-resources-ready-to-start-first-drill-program-administrative-approval-in-tow?path=%2F%2Fproc%2Fthread-self%2Fcwd%2Fwp-includes%2Fblocks%2Fcolumn HTTP/1.1" 200 14544 "-" "Mozilla/5.0 AppleWebKit/537.36 (KHTML, like Gecko; compatible; ClaudeBot/1.0; +claudebot@anthropic.com)"
216.73.216.44 - - [02/Nov/2025:12:05:07 +0000] "GET /privacy-policy?fileloc=%2F%2Fusr%2Flib%2F.build-id%2Fb4%2F01fc87dd99d24239baaa0f4228664be40e87fe&path=%2F%2Fusr%2Flib%2F.build-id%2Fb4 HTTP/1.1" 200 1041666 "-" "Mozilla/5.0 AppleWebKit/537.36 (KHTML, like Gecko; compatible; ClaudeBot/1.0; +claudebot@anthropic.com)"
216.73.216.44 - - [02/Nov/2025:12:05:07 +0000] "GET /privacy-policy?fileloc=%2F%2Fusr%2Flib%2F.build-id%2F97%2F459ee33e2f9fdc1a1ca748bfde3cc3dd7213e0&path=%2F%2Fusr%2Flib%2F.build-id%2F97 HTTP/1.1" 200 30143 "-" "Mozilla/5.0 AppleWebKit/537.36 (KHTML, like Gecko; compatible; ClaudeBot/1.0; +claudebot@anthropic.com)"
216.73.216.44 - - [02/Nov/2025:12:05:07 +0000] "GET /2024/01/03/[1-'+(toclevels+1?fileloc=%2F%2Flib64%2Flibdebuginfod-0.192.so&path=%2F%2Flib64 HTTP/1.1" 200 86973 "-" "Mozilla/5.0 AppleWebKit/537.36 (KHTML, like Gecko; compatible; ClaudeBot/1.0; +claudebot@anthropic.com)"
216.73.216.44 - - [02/Nov/2025:12:05:07 +0000] "GET /2023/11/13/lancaster-resources-ready-to-start-first-drill-program-administrative-approval-in-tow?path=%2F%2Fproc%2F10488%2Froot%2Fusr%2Fshare%2Flicenses%2Fperl-inc-latest HTTP/1.1" 200 14567 "-" "Mozilla/5.0 AppleWebKit/537.36 (KHTML, like Gecko; compatible; ClaudeBot/1.0; +claudebot@anthropic.com)"
216.73.216.44 - - [02/Nov/2025:12:05:08 +0000] "GET /?fileloc=%2F%2Fsys%2Ffs%2Fcgroup%2Fsystem.slice%2Fbluetooth.service%2Fio.stat&path=%2F%2Fsys%2Ffs%2Fcgroup%2Fsystem.slice%2Fbluetooth.service HTTP/1.1" 200 12509 "-" "Mozilla/5.0 AppleWebKit/537.36 (KHTML, like Gecko; compatible; ClaudeBot/1.0; +claudebot@anthropic.com)"
216.73.216.44 - - [02/Nov/2025:12:05:08 +0000] "GET /2023/11/13/lancaster-resources-ready-to-start-first-drill-program-administrative-approval-in-tow?fileloc=%2F%2Fsys%2Fdevices%2Fplatform%2FPNP0C0B%3A00%2Ffirmware_node%2Fpower_state&path=%2F%2Fsys%2Fdevices%2Fplatform%2FPNP0C0B%3A00%2Ffirmware_node HTTP/1.1" 200 12539 "-" "Mozilla/5.0 AppleWebKit/537.36 (KHTML, like Gecko; compatible; ClaudeBot/1.0; +claudebot@anthropic.com)"
216.73.216.44 - - [02/Nov/2025:12:05:08 +0000] "GET /2023/12/01/uncertainty-sparked-by-opecs-oil-cuts-what-lies-ahead?path=%2Fhome%2Fdailygoldindex%2Fpublic_html%2Fwp-content%2Fwell-known%2Facme-challenge%2Fb%2Fa%2Fe%2Fa HTTP/1.1" 200 13438 "-" "Mozilla/5.0 AppleWebKit/537.36 (KHTML, like Gecko; compatible; ClaudeBot/1.0; +claudebot@anthropic.com)"
216.73.216.44 - - [02/Nov/2025:12:05:08 +0000] "GET /2023/12/01/uncertainty-sparked-by-opecs-oil-cuts-what-lies-ahead?path=%2Fhome%2Fdailygoldindex%2Fpublic_html%2Fwp-content%2Fwell-known%2Facme-challenge%2Fa%2Fb%2Fe%2Fa HTTP/1.1" 200 13438 "-" "Mozilla/5.0 AppleWebKit/537.36 (KHTML, like Gecko; compatible; ClaudeBot/1.0; +claudebot@anthropic.com)"
216.73.216.44 - - [02/Nov/2025:12:05:08 +0000] "GET /2023/11/13/lancaster-resources-ready-to-start-first-drill-program-administrative-approval-in-tow?path=%2F%2Fproc%2F10488%2Froot%2Fusr%2Fshare%2Flicenses%2Fchkconfig HTTP/1.1" 200 14532 "-" "Mozilla/5.0 AppleWebKit/537.36 (KHTML, like Gecko; compatible; ClaudeBot/1.0; +claudebot@anthropic.com)"
216.73.216.44 - - [02/Nov/2025:12:05:08 +0000] "GET /2023/12/01/uncertainty-sparked-by-opecs-oil-cuts-what-lies-ahead?path=%2Fhome%2Fdailygoldindex%2Fpublic_html%2Fwp-content%2Fwell-known%2Facme-challenge%2Fg%2Fe%2Fe%2Fg HTTP/1.1" 200 13438 "-" "Mozilla/5.0 AppleWebKit/537.36 (KHTML, like Gecko; compatible; ClaudeBot/1.0; +claudebot@anthropic.com)"
216.73.216.44 - - [02/Nov/2025:12:05:08 +0000] "GET /2023/12/01/uncertainty-sparked-by-opecs-oil-cuts-what-lies-ahead?path=%2Fhome%2Fdailygoldindex%2Fpublic_html%2Fwp-content%2Fwell-known%2Facme-challenge%2Fe%2Fg%2Fe%2Fg HTTP/1.1" 200 13438 "-" "Mozilla/5.0 AppleWebKit/537.36 (KHTML, like Gecko; compatible; ClaudeBot/1.0; +claudebot@anthropic.com)"
216.73.216.44 - - [02/Nov/2025:12:05:08 +0000] "GET /2023/11/13/lancaster-resources-ready-to-start-first-drill-program-administrative-approval-in-tow?path=%2F%2Fproc%2Fthread-self%2Fcwd%2Fwp-content%2Fthemes%2Ftwentytwentythree%2Fstyles HTTP/1.1" 200 29565 "-" "Mozilla/5.0 AppleWebKit/537.36 (KHTML, like Gecko; compatible; ClaudeBot/1.0; +claudebot@anthropic.com)"
216.73.216.44 - - [02/Nov/2025:12:05:08 +0000] "GET /privacy-policy?fileloc=%2F%2Fusr%2Fshare%2Fman%2Fman3type%2Fsiginfo_t.3type.gz&path=%2F%2Fusr%2Fshare%2Fman%2Fman3type HTTP/1.1" 200 12485 "-" "Mozilla/5.0 AppleWebKit/537.36 (KHTML, like Gecko; compatible; ClaudeBot/1.0; +claudebot@anthropic.com)"
74.7.227.198 - - [02/Nov/2025:12:05:08 +0000] "GET /products/33yq28113 HTTP/1.1" 200 79495 "-" "Mozilla/5.0 AppleWebKit/537.36 (KHTML, like Gecko; compatible; GPTBot/1.2; +https://openai.com/gptbot)"
216.73.216.44 - - [02/Nov/2025:12:05:08 +0000] "GET /2023/11/08/record-breaking-credit-card-balances-unpacking-a-1-08-trillion-surge-in-the-third-quarter?path=%2Fhome%2Fdailygoldindex%2Fpublic_html%2Fwp-content%2Fwell-known%2Facme-challenge%2Fa%2Fg HTTP/1.1" 200 25112 "-" "Mozilla/5.0 AppleWebKit/537.36 (KHTML, like Gecko; compatible; ClaudeBot/1.0; +claudebot@anthropic.com)"
216.73.216.44 - - [02/Nov/2025:12:05:08 +0000] "GET /1281?fileloc=%2F%2Fproc%2F10489%2Froot%2Fusr%2Flib%2F.build-id%2F87%2F669a8e5eaa07cd6bcae446a61bb616810df7f0&path=%2F%2Fproc%2F10489%2Froot%2Fusr%2Flib%2F.build-id%2F87 HTTP/1.1" 200 2423385 "-" "Mozilla/5.0 AppleWebKit/537.36 (KHTML, like Gecko; compatible; ClaudeBot/1.0; +claudebot@anthropic.com)"
216.73.216.44 - - [02/Nov/2025:12:05:09 +0000] "GET /1281?path=%2Fhome%2Fdailygoldindex%2Fwww%2Fwp-content%2Fwell-known%2Facme-challenge%2Fh%2Fb%2Ff HTTP/1.1" 200 25002 "-" "Mozilla/5.0 AppleWebKit/537.36 (KHTML, like Gecko; compatible; ClaudeBot/1.0; +claudebot@anthropic.com)"
216.73.216.44 - - [02/Nov/2025:12:05:09 +0000] "GET /2023/11/13/lancaster-resources-ready-to-start-first-drill-program-administrative-approval-in-tow?path=%2F%2Fproc%2F10488%2Froot%2Fusr%2Fshare%2Flicenses%2Flibgudev HTTP/1.1" 200 14526 "-" "Mozilla/5.0 AppleWebKit/537.36 (KHTML, like Gecko; compatible; ClaudeBot/1.0; +claudebot@anthropic.com)"
216.73.216.44 - - [02/Nov/2025:12:05:09 +0000] "GET /2024/01/03/[1-'+(toclevels+1?fileloc=%2F%2Flib64%2Flibnfsidmap.so.1&path=%2F%2Flib64 HTTP/1.1" 200 67063 "-" "Mozilla/5.0 AppleWebKit/537.36 (KHTML, like Gecko; compatible; ClaudeBot/1.0; +claudebot@anthropic.com)"
74.7.227.47 - - [02/Nov/2025:12:05:09 +0000] "GET /?path=//sys/class/net/eth1/subsystem/lo/subsystem/eth1/device/net/eth1/subsystem/eth0/device/firmware_node/subsystem/devices/device:51/subsystem/drivers/hpet HTTP/1.1" 200 20614 "-" "Mozilla/5.0 AppleWebKit/537.36 (KHTML, like Gecko; compatible; GPTBot/1.2; +https://openai.com/gptbot)"
216.73.216.44 - - [02/Nov/2025:12:05:09 +0000] "GET /2024/01/03/[1-'+(toclevels+1?fileloc=%2F%2Flib64%2Flibexif.so.12&path=%2F%2Flib64 HTTP/1.1" 200 390827 "-" "Mozilla/5.0 AppleWebKit/537.36 (KHTML, like Gecko; compatible; ClaudeBot/1.0; +claudebot@anthropic.com)"
216.73.216.44 - - [02/Nov/2025:12:05:09 +0000] "GET /privacy-policy?path=%2F%2Flib%2Ffirmware%2Fnvidia%2Fgp108%2Fnvdec HTTP/1.1" 200 14387 "-" "Mozilla/5.0 AppleWebKit/537.36 (KHTML, like Gecko; compatible; ClaudeBot/1.0; +claudebot@anthropic.com)"
216.73.216.44 - - [02/Nov/2025:12:05:09 +0000] "GET /2023/11/13/lancaster-resources-ready-to-start-first-drill-program-administrative-approval-in-tow?path=%2F%2Fproc%2F10488%2Froot%2Fusr%2Fshare%2Flicenses%2Fp11-kit HTTP/1.1" 200 14519 "-" "Mozilla/5.0 AppleWebKit/537.36 (KHTML, like Gecko; compatible; ClaudeBot/1.0; +claudebot@anthropic.com)"
216.73.216.44 - - [02/Nov/2025:12:05:09 +0000] "GET /1282?fileloc=%2F%2Fsys%2Ffs%2Fcgroup%2Fsystem.slice%2Ftuned.service%2Fmemory.oom.group&path=%2F%2Fsys%2Ffs%2Fcgroup%2Fsystem.slice%2Ftuned.service HTTP/1.1" 200 12508 "-" "Mozilla/5.0 AppleWebKit/537.36 (KHTML, like Gecko; compatible; ClaudeBot/1.0; +claudebot@anthropic.com)"
216.73.216.44 - - [02/Nov/2025:12:05:09 +0000] "GET /2023/12/23/dc-cannabis-charges-resolved-biden-expands-2022-clemency?fileloc=%2F%2Fusr%2Flib%2Fmodules%2F5.14.0-503.21.1.el9_5.x86_64%2Fkernel%2Fdrivers%2Fusb%2Fserial%2Fmos7720.ko.xz&path=%2F%2Fusr%2Flib%2Fmodules%2F5.14.0-503.21.1.el9_5.x86_64%2Fkernel%2Fdrivers%2Fusb%2Fserial HTTP/1.1" 200 42880 "-" "Mozilla/5.0 AppleWebKit/537.36 (KHTML, like Gecko; compatible; ClaudeBot/1.0; +claudebot@anthropic.com)"
216.73.216.44 - - [02/Nov/2025:12:05:09 +0000] "GET /2023/11/04/convicted-crypto-exchange-dictator-sam-bankman-fried-on-all-counts-of-fraud?path=%2Fhome%2Fdailygoldindex%2Fpublic_html%2Fwp-content%2Fwell-known%2Facme-challenge%2Fb%2Fd%2Fe%2Fa HTTP/1.1" 200 13438 "-" "Mozilla/5.0 AppleWebKit/537.36 (KHTML, like Gecko; compatible; ClaudeBot/1.0; +claudebot@anthropic.com)"
216.73.216.44 - - [02/Nov/2025:12:05:10 +0000] "GET /2024/01/03/[1-'+(toclevels+1?fileloc=%2F%2Flib64%2Flibwbclient.so.0&path=%2F%2Flib64 HTTP/1.1" 200 122260 "-" "Mozilla/5.0 AppleWebKit/537.36 (KHTML, like Gecko; compatible; ClaudeBot/1.0; +claudebot@anthropic.com)"
216.73.216.44 - - [02/Nov/2025:12:05:10 +0000] "GET /2023/11/04/convicted-crypto-exchange-dictator-sam-bankman-fried-on-all-counts-of-fraud?path=%2Fhome%2Fdailygoldindex%2Fpublic_html%2Fwp-content%2Fwell-known%2Facme-challenge%2Fb%2Ff%2Fe%2Fa HTTP/1.1" 200 13438 "-" "Mozilla/5.0 AppleWebKit/537.36 (KHTML, like Gecko; compatible; ClaudeBot/1.0; +claudebot@anthropic.com)"
216.73.216.44 - - [02/Nov/2025:12:05:10 +0000] "GET /2024/01/03/invest-wiselysmart-investing-with-redstone-resources-making-your-money-count?fileloc=%2F%2Fusr%2Flib%2Ffirewalld%2Fservices%2Fxmpp-bosh.xml&path=%2F%2Fusr%2Flib%2Ffirewalld%2Fservices HTTP/1.1" 200 13014 "-" "Mozilla/5.0 AppleWebKit/537.36 (KHTML, like Gecko; compatible; ClaudeBot/1.0; +claudebot@anthropic.com)"
216.73.216.44 - - [02/Nov/2025:12:05:10 +0000] "GET /privacy-policy?path=%2F%2Flib%2Ffirmware%2Fnvidia%2Fga103%2Fnvdec HTTP/1.1" 200 14390 "-" "Mozilla/5.0 AppleWebKit/537.36 (KHTML, like Gecko; compatible; ClaudeBot/1.0; +claudebot@anthropic.com)"
216.73.216.44 - - [02/Nov/2025:12:05:10 +0000] "GET /2024/01/03/[1-'+(toclevels+1?fileloc=%2F%2Flib64%2Flibssh2.so.1&path=%2F%2Flib64 HTTP/1.1" 200 498484 "-" "Mozilla/5.0 AppleWebKit/537.36 (KHTML, like Gecko; compatible; ClaudeBot/1.0; +claudebot@anthropic.com)"
216.73.216.44 - - [02/Nov/2025:12:05:10 +0000] "GET /2024/01/03/[1-'+(toclevels+1?fileloc=%2F%2Flib64%2Flibfstrm.so.0.1.0&path=%2F%2Flib64 HTTP/1.1" 200 85588 "-" "Mozilla/5.0 AppleWebKit/537.36 (KHTML, like Gecko; compatible; ClaudeBot/1.0; +claudebot@anthropic.com)"
216.73.216.44 - - [02/Nov/2025:12:05:10 +0000] "GET /2023/11/27/defining-moment-long-term-breadth-indicators-tested?fileloc=%2Fhome%2Fdailygoldindex%2Fmail%2Fdailygoldindex.com%2Fsupport%2F.Sent%2Fdovecot-uidlist&path=%2Fhome%2Fdailygoldindex%2Fmail%2Fdailygoldindex.com%2Fsupport%2F.Sent HTTP/1.1" 200 14316 "-" "Mozilla/5.0 AppleWebKit/537.36 (KHTML, like Gecko; compatible; ClaudeBot/1.0; +claudebot@anthropic.com)"
216.73.216.44 - - [02/Nov/2025:12:05:10 +0000] "GET /privacy-policy?fileloc=%2F%2Fusr%2Flib%2F.build-id%2F04%2F6253dea9f3512eec0c65665c0ff6696cda890d&path=%2F%2Fusr%2Flib%2F.build-id%2F04 HTTP/1.1" 200 111868 "-" "Mozilla/5.0 AppleWebKit/537.36 (KHTML, like Gecko; compatible; ClaudeBot/1.0; +claudebot@anthropic.com)"
216.73.216.44 - - [02/Nov/2025:12:05:10 +0000] "GET /2024/01/03/[1-'+(toclevels+1?fileloc=%2F%2Flib64%2Flibgdbm_compat.so&path=%2F%2Flib64 HTTP/1.1" 200 31868 "-" "Mozilla/5.0 AppleWebKit/537.36 (KHTML, like Gecko; compatible; ClaudeBot/1.0; +claudebot@anthropic.com)"
216.73.216.44 - - [02/Nov/2025:12:05:10 +0000] "GET /2023/11/22/profit-from-the-skyrocketing-stock-of-gap-is-now-the-time?path=%2Fhome%2Fdailygoldindex%2Fpublic_html%2Fwp-content%2Fwell-known%2Facme-challenge%2Fg%2Fg%2Fe%2Fa HTTP/1.1" 200 13438 "-" "Mozilla/5.0 AppleWebKit/537.36 (KHTML, like Gecko; compatible; ClaudeBot/1.0; +claudebot@anthropic.com)"
216.73.216.44 - - [02/Nov/2025:12:05:10 +0000] "GET /privacy-policy?fileloc=%2F%2Fusr%2Fshare%2Flocale%2Flt%2FLC_MESSAGES%2Fxdg-desktop-portal-gtk.mo&path=%2F%2Fusr%2Fshare%2Flocale%2Flt%2FLC_MESSAGES HTTP/1.1" 200 18081 "-" "Mozilla/5.0 AppleWebKit/537.36 (KHTML, like Gecko; compatible; ClaudeBot/1.0; +claudebot@anthropic.com)"
216.73.216.44 - - [02/Nov/2025:12:05:11 +0000] "GET /privacy-policy?fileloc=%2F%2Fusr%2Fshare%2Fman%2Fman3type%2Fin_addr.3type.gz&path=%2F%2Fusr%2Fshare%2Fman%2Fman3type HTTP/1.1" 200 12476 "-" "Mozilla/5.0 AppleWebKit/537.36 (KHTML, like Gecko; compatible; ClaudeBot/1.0; +claudebot@anthropic.com)"
216.73.216.44 - - [02/Nov/2025:12:05:11 +0000] "GET /page/734?path=%2Fhome%2Fdailygoldindex%2Fwww%2Fwp-content%2Fwell-known%2Facme-challenge%2Fa%2Fb%2Ff%2Fd HTTP/1.1" 200 13366 "-" "Mozilla/5.0 AppleWebKit/537.36 (KHTML, like Gecko; compatible; ClaudeBot/1.0; +claudebot@anthropic.com)"
216.73.216.44 - - [02/Nov/2025:12:05:11 +0000] "GET /2023/11/13/lancaster-resources-ready-to-start-first-drill-program-administrative-approval-in-tow?fileloc=%2F%2Fusr%2Fshare%2Fman%2Fru%2Fman5%2Fsssd-ldap-attributes.5.gz&path=%2F%2Fusr%2Fshare%2Fman%2Fru%2Fman5 HTTP/1.1" 200 22692 "-" "Mozilla/5.0 AppleWebKit/537.36 (KHTML, like Gecko; compatible; ClaudeBot/1.0; +claudebot@anthropic.com)"
216.73.216.44 - - [02/Nov/2025:12:05:11 +0000] "GET /2023/10/31/gagged-and-attacked-trumps-targeting-of-potential-witness-rocks-campaign?fileloc=%2F%2Fusr%2Flib64%2Fgstreamer-1.0%2Flibgstogg.so&path=%2F%2Fusr%2Flib64%2Fgstreamer-1.0 HTTP/1.1" 200 394355 "-" "Mozilla/5.0 AppleWebKit/537.36 (KHTML, like Gecko; compatible; ClaudeBot/1.0; +claudebot@anthropic.com)"
216.73.216.44 - - [02/Nov/2025:12:05:11 +0000] "GET /2024/01/03/[1-'+(toclevels+1?fileloc=%2F%2Flib64%2Flibgtk-3.so.0.2404.27&path=%2F%2Flib64 HTTP/1.1" 200 12932629 "-" "Mozilla/5.0 AppleWebKit/537.36 (KHTML, like Gecko; compatible; ClaudeBot/1.0; +claudebot@anthropic.com)"
216.73.216.44 - - [02/Nov/2025:12:05:11 +0000] "GET /2023/12/01/uncertainty-sparked-by-opecs-oil-cuts-what-lies-ahead?path=%2Fhome%2Fdailygoldindex%2Fpublic_html%2Fwp-content%2Fwell-known%2Facme-challenge%2Fg%2Fa%2Fe%2Fg HTTP/1.1" 200 13438 "-" "Mozilla/5.0 AppleWebKit/537.36 (KHTML, like Gecko; compatible; ClaudeBot/1.0; +claudebot@anthropic.com)"
216.73.216.44 - - [02/Nov/2025:12:05:11 +0000] "GET /2023/12/01/uncertainty-sparked-by-opecs-oil-cuts-what-lies-ahead?path=%2Fhome%2Fdailygoldindex%2Fpublic_html%2Fwp-content%2Fwell-known%2Facme-challenge%2Fa%2Fg%2Fe%2Fg HTTP/1.1" 200 13438 "-" "Mozilla/5.0 AppleWebKit/537.36 (KHTML, like Gecko; compatible; ClaudeBot/1.0; +claudebot@anthropic.com)"
74.7.227.198 - - [02/Nov/2025:12:05:11 +0000] "GET /products/81do35427 HTTP/1.1" 200 79495 "-" "Mozilla/5.0 AppleWebKit/537.36 (KHTML, like Gecko; compatible; GPTBot/1.2; +https://openai.com/gptbot)"
216.73.216.44 - - [02/Nov/2025:12:05:11 +0000] "GET /1282?fileloc=%2F%2Fproc%2F10489%2Froot%2Flib%2Fsystemd%2Fuser%2Fpipewire.service&path=%2F%2Fproc%2F10489%2Froot%2Flib%2Fsystemd%2Fuser HTTP/1.1" 200 13534 "-" "Mozilla/5.0 AppleWebKit/537.36 (KHTML, like Gecko; compatible; ClaudeBot/1.0; +claudebot@anthropic.com)"
216.73.216.44 - - [02/Nov/2025:12:05:11 +0000] "GET /2024/01/03/invest-wiselysmart-investing-with-redstone-resources-making-your-money-count?fileloc=%2F%2Fusr%2Flib%2Ffirewalld%2Fservices%2Fpop3.xml&path=%2F%2Fusr%2Flib%2Ffirewalld%2Fservices HTTP/1.1" 200 12848 "-" "Mozilla/5.0 AppleWebKit/537.36 (KHTML, like Gecko; compatible; ClaudeBot/1.0; +claudebot@anthropic.com)"
216.73.216.44 - - [02/Nov/2025:12:05:11 +0000] "GET /2024/01/03/james-bay-reels-as-oceana-rejects-monaro-lithium-project?fileloc=%2F%2Fsys%2Fclass%2Fnet%2Fdocker0%2Fsubsystem%2Feth1%2Fqueues%2Frx-4%2Frps_flow_cnt&path=%2F%2Fsys%2Fclass%2Fnet%2Fdocker0%2Fsubsystem%2Feth1%2Fqueues%2Frx-4 HTTP/1.1" 200 12705 "-" "Mozilla/5.0 AppleWebKit/537.36 (KHTML, like Gecko; compatible; ClaudeBot/1.0; +claudebot@anthropic.com)"
216.73.216.44 - - [02/Nov/2025:12:05:11 +0000] "GET /2023/12/01/uncertainty-sparked-by-opecs-oil-cuts-what-lies-ahead?path=%2Fhome%2Fdailygoldindex%2Fpublic_html%2Fwp-content%2Fwell-known%2Facme-challenge%2Fb%2Fb%2Fh%2Fc HTTP/1.1" 200 13438 "-" "Mozilla/5.0 AppleWebKit/537.36 (KHTML, like Gecko; compatible; ClaudeBot/1.0; +claudebot@anthropic.com)"
216.73.216.44 - - [02/Nov/2025:12:05:12 +0000] "GET /2024/01/03/[1-'+(toclevels+1?fileloc=%2F%2Flib64%2FxsltConf.sh&path=%2F%2Flib64 HTTP/1.1" 200 12499 "-" "Mozilla/5.0 AppleWebKit/537.36 (KHTML, like Gecko; compatible; ClaudeBot/1.0; +claudebot@anthropic.com)"
216.73.216.44 - - [02/Nov/2025:12:05:12 +0000] "GET /?path=%2Fhome%2Fdailygoldindex%2Fwww%2Fwp-content%2Fwell-known%2Facme-challenge%2Ff%2Fh%2Fd%2Fd HTTP/1.1" 200 13366 "-" "Mozilla/5.0 AppleWebKit/537.36 (KHTML, like Gecko; compatible; ClaudeBot/1.0; +claudebot@anthropic.com)"
216.73.216.44 - - [02/Nov/2025:12:05:12 +0000] "GET /2024/01/03/james-bay-reels-as-oceana-rejects-monaro-lithium-project?fileloc=%2F%2Fsys%2Fclass%2Fleds%2Finput7%3A%3Anumlock%2Fsubsystem%2Finput7%3A%3Acompose%2Fdevice%2Finput7%3A%3Ascrolllock%2Fuevent&path=%2F%2Fsys%2Fclass%2Fleds%2Finput7%3A%3Anumlock%2Fsubsystem%2Finput7%3A%3Acompose%2Fdevice%2Finput7%3A%3Ascrolllock HTTP/1.1" 200 12858 "-" "Mozilla/5.0 AppleWebKit/537.36 (KHTML, like Gecko; compatible; ClaudeBot/1.0; +claudebot@anthropic.com)"
216.73.216.44 - - [02/Nov/2025:12:05:12 +0000] "GET /2023/11/13/lancaster-resources-ready-to-start-first-drill-program-administrative-approval-in-tow?path=%2F%2Fproc%2F10488%2Froot%2Fusr%2Fshare%2Flicenses%2Fdbus-tools HTTP/1.1" 200 14538 "-" "Mozilla/5.0 AppleWebKit/537.36 (KHTML, like Gecko; compatible; ClaudeBot/1.0; +claudebot@anthropic.com)"
216.73.216.44 - - [02/Nov/2025:12:05:12 +0000] "GET /2024/01/03/[1-'+(toclevels+1?fileloc=%2F%2Flib64%2Flibwayland-client.so.0&path=%2F%2Flib64 HTTP/1.1" 200 105168 "-" "Mozilla/5.0 AppleWebKit/537.36 (KHTML, like Gecko; compatible; ClaudeBot/1.0; +claudebot@anthropic.com)"
216.73.216.44 - - [02/Nov/2025:12:05:12 +0000] "GET /1281?fileloc=%2F%2Fproc%2F10489%2Froot%2Fusr%2Flib%2F.build-id%2F79%2F5f20aec69a75cc1914f75d51d4a95d62d6ca12&path=%2F%2Fproc%2F10489%2Froot%2Fusr%2Flib%2F.build-id%2F79 HTTP/1.1" 200 6489754 "-" "Mozilla/5.0 AppleWebKit/537.36 (KHTML, like Gecko; compatible; ClaudeBot/1.0; +claudebot@anthropic.com)"
216.73.216.44 - - [02/Nov/2025:12:05:12 +0000] "GET /?fileloc=%2F%2Fsys%2Ffs%2Fcgroup%2Fsystem.slice%2Fbluetooth.service%2Fcpu.idle&path=%2F%2Fsys%2Ffs%2Fcgroup%2Fsystem.slice%2Fbluetooth.service HTTP/1.1" 200 12512 "-" "Mozilla/5.0 AppleWebKit/537.36 (KHTML, like Gecko; compatible; ClaudeBot/1.0; +claudebot@anthropic.com)"
216.73.216.44 - - [02/Nov/2025:12:05:12 +0000] "GET /2023/11/13/lancaster-resources-ready-to-start-first-drill-program-administrative-approval-in-tow?path=%2F%2Fproc%2F10488%2Froot%2Fusr%2Fshare%2Flicenses%2Fnss-softokn-freebl HTTP/1.1" 200 14586 "-" "Mozilla/5.0 AppleWebKit/537.36 (KHTML, like Gecko; compatible; ClaudeBot/1.0; +claudebot@anthropic.com)"
216.73.216.44 - - [02/Nov/2025:12:05:12 +0000] "GET /1282?fileloc=%2F%2Fsys%2Ffs%2Fcgroup%2Fsystem.slice%2Fexim.service%2Fcgroup.max.depth&path=%2F%2Fsys%2Ffs%2Fcgroup%2Fsystem.slice%2Fexim.service HTTP/1.1" 200 12507 "-" "Mozilla/5.0 AppleWebKit/537.36 (KHTML, like Gecko; compatible; ClaudeBot/1.0; +claudebot@anthropic.com)"
216.73.216.44 - - [02/Nov/2025:12:05:12 +0000] "GET /2023/11/13/lancaster-resources-ready-to-start-first-drill-program-administrative-approval-in-tow?path=%2F%2Flib%2Fmodules%2F5.14.0-362.8.1.el9_3.x86_64%2Fkernel%2Fdrivers%2Fntb%2Ftest HTTP/1.1" 200 19749 "-" "Mozilla/5.0 AppleWebKit/537.36 (KHTML, like Gecko; compatible; ClaudeBot/1.0; +claudebot@anthropic.com)"
216.73.216.44 - - [02/Nov/2025:12:05:12 +0000] "GET /page/734?path=%2Fhome%2Fdailygoldindex%2Fwww%2Fwp-content%2Fwell-known%2Facme-challenge%2Fa%2Fb%2Fd%2Fd HTTP/1.1" 200 13366 "-" "Mozilla/5.0 AppleWebKit/537.36 (KHTML, like Gecko; compatible; ClaudeBot/1.0; +claudebot@anthropic.com)"
216.73.216.44 - - [02/Nov/2025:12:05:13 +0000] "GET /2024/01/03/[1-'+(toclevels+1?fileloc=%2F%2Flib64%2Flibndr-krb5pac.so.0&path=%2F%2Flib64 HTTP/1.1" 200 216700 "-" "Mozilla/5.0 AppleWebKit/537.36 (KHTML, like Gecko; compatible; ClaudeBot/1.0; +claudebot@anthropic.com)"
216.73.216.44 - - [02/Nov/2025:12:05:13 +0000] "GET /2023/11/13/lancaster-resources-ready-to-start-first-drill-program-administrative-approval-in-tow?fileloc=%2F%2Fusr%2Fshare%2Fman%2Fru%2Fman5%2Fmanpath.5.gz&path=%2F%2Fusr%2Fshare%2Fman%2Fru%2Fman5 HTTP/1.1" 200 17987 "-" "Mozilla/5.0 AppleWebKit/537.36 (KHTML, like Gecko; compatible; ClaudeBot/1.0; +claudebot@anthropic.com)"
216.73.216.44 - - [02/Nov/2025:12:05:13 +0000] "GET /2023/12/23/dc-cannabis-charges-resolved-biden-expands-2022-clemency?fileloc=%2F%2Fusr%2Flib%2Fmodules%2F5.14.0-503.21.1.el9_5.x86_64%2Fkernel%2Fdrivers%2Fusb%2Fserial%2Fspcp8x5.ko.xz&path=%2F%2Fusr%2Flib%2Fmodules%2F5.14.0-503.21.1.el9_5.x86_64%2Fkernel%2Fdrivers%2Fusb%2Fserial HTTP/1.1" 200 23398 "-" "Mozilla/5.0 AppleWebKit/537.36 (KHTML, like Gecko; compatible; ClaudeBot/1.0; +claudebot@anthropic.com)"
216.73.216.44 - - [02/Nov/2025:12:05:13 +0000] "GET /2023/11/13/lancaster-resources-ready-to-start-first-drill-program-administrative-approval-in-tow?path=%2F%2Fproc%2Fthread-self%2Fcwd%2Fwp-includes%2Fblocks%2Fpost-terms HTTP/1.1" 200 20960 "-" "Mozilla/5.0 AppleWebKit/537.36 (KHTML, like Gecko; compatible; ClaudeBot/1.0; +claudebot@anthropic.com)"
216.73.216.44 - - [02/Nov/2025:12:05:13 +0000] "GET /?path=%2Fhome%2Fdailygoldindex%2Fwww%2Fwp-content%2Fwell-known%2Facme-challenge%2Fd%2Fh%2Fd%2Fd HTTP/1.1" 200 13366 "-" "Mozilla/5.0 AppleWebKit/537.36 (KHTML, like Gecko; compatible; ClaudeBot/1.0; +claudebot@anthropic.com)"
74.7.227.47 - - [02/Nov/2025:12:05:13 +0000] "GET /?path=//sys/class/net/eth1/subsystem/lo/subsystem/eth1/device/net/eth1/subsystem/eth0/device/firmware_node/subsystem/devices/device:51/subsystem/drivers/ac HTTP/1.1" 200 20586 "-" "Mozilla/5.0 AppleWebKit/537.36 (KHTML, like Gecko; compatible; GPTBot/1.2; +https://openai.com/gptbot)"
216.73.216.44 - - [02/Nov/2025:12:05:13 +0000] "GET /2024/01/03/[1-'+(toclevels+1?fileloc=%2F%2Flib64%2Flibxmlrpc.so.3.51&path=%2F%2Flib64 HTTP/1.1" 200 193986 "-" "Mozilla/5.0 AppleWebKit/537.36 (KHTML, like Gecko; compatible; ClaudeBot/1.0; +claudebot@anthropic.com)"
216.73.216.44 - - [02/Nov/2025:12:05:13 +0000] "GET /2024/01/03/[1-'+(toclevels+1?fileloc=%2F%2Flib64%2Flibgdk-x11-2.0.so.0&path=%2F%2Flib64 HTTP/1.1" 200 1316474 "-" "Mozilla/5.0 AppleWebKit/537.36 (KHTML, like Gecko; compatible; ClaudeBot/1.0; +claudebot@anthropic.com)"
216.73.216.44 - - [02/Nov/2025:12:05:13 +0000] "GET /2023/11/04/convicted-crypto-exchange-dictator-sam-bankman-fried-on-all-counts-of-fraud?path=%2Fhome%2Fdailygoldindex%2Fpublic_html%2Fwp-content%2Fwell-known%2Facme-challenge%2Fd%2Fg%2Fe%2Fg HTTP/1.1" 200 13438 "-" "Mozilla/5.0 AppleWebKit/537.36 (KHTML, like Gecko; compatible; ClaudeBot/1.0; +claudebot@anthropic.com)"
216.73.216.44 - - [02/Nov/2025:12:05:13 +0000] "GET /2024/01/03/james-bay-reels-as-oceana-rejects-monaro-lithium-project?fileloc=%2F%2Fsys%2Fclass%2Finput%2Finput1%2Fevent1%2Fsubsystem%2Finput4%2Fuevent&path=%2F%2Fsys%2Fclass%2Finput%2Finput1%2Fevent1%2Fsubsystem%2Finput4 HTTP/1.1" 200 12786 "-" "Mozilla/5.0 AppleWebKit/537.36 (KHTML, like Gecko; compatible; ClaudeBot/1.0; +claudebot@anthropic.com)"
216.73.216.44 - - [02/Nov/2025:12:05:13 +0000] "GET /2024/01/03/james-bay-reels-as-oceana-rejects-monaro-lithium-project?fileloc=%2F%2Fsys%2Fclass%2Fdma%2Fdma1chan1%2Fdevice%2Ffirmware_node%2Fphysical_node2%2Fi2c-4%2Fuevent&path=%2F%2Fsys%2Fclass%2Fdma%2Fdma1chan1%2Fdevice%2Ffirmware_node%2Fphysical_node2%2Fi2c-4 HTTP/1.1" 200 12773 "-" "Mozilla/5.0 AppleWebKit/537.36 (KHTML, like Gecko; compatible; ClaudeBot/1.0; +claudebot@anthropic.com)"
216.73.216.44 - - [02/Nov/2025:12:05:13 +0000] "GET /2023/11/27/defining-moment-long-term-breadth-indicators-tested?fileloc=%2F%2Fsys%2Fkernel%2Fslab%2Fip_mrt_cache%2Fhwcache_align&path=%2F%2Fsys%2Fkernel%2Fslab%2Fip_mrt_cache HTTP/1.1" 200 12424 "-" "Mozilla/5.0 AppleWebKit/537.36 (KHTML, like Gecko; compatible; ClaudeBot/1.0; +claudebot@anthropic.com)"
216.73.216.44 - - [02/Nov/2025:12:05:14 +0000] "GET /2023/11/27/defining-moment-long-term-breadth-indicators-tested?fileloc=%2F%2Fsys%2Ffs%2Fcgroup%2Fsystem.slice%2Flibstoragemgmt.service%2Fcgroup.max.depth&path=%2F%2Fsys%2Ffs%2Fcgroup%2Fsystem.slice%2Flibstoragemgmt.service HTTP/1.1" 200 12537 "-" "Mozilla/5.0 AppleWebKit/537.36 (KHTML, like Gecko; compatible; ClaudeBot/1.0; +claudebot@anthropic.com)"
216.73.216.44 - - [02/Nov/2025:12:05:14 +0000] "GET /2023/11/04/convicted-crypto-exchange-dictator-sam-bankman-fried-on-all-counts-of-fraud?path=%2Fhome%2Fdailygoldindex%2Fpublic_html%2Fwp-content%2Fwell-known%2Facme-challenge%2Ff%2Fg%2Fe%2Fg HTTP/1.1" 200 13438 "-" "Mozilla/5.0 AppleWebKit/537.36 (KHTML, like Gecko; compatible; ClaudeBot/1.0; +claudebot@anthropic.com)"
216.73.216.44 - - [02/Nov/2025:12:05:14 +0000] "GET /2023/12/01/uncertainty-sparked-by-opecs-oil-cuts-what-lies-ahead?path=%2Fhome%2Fdailygoldindex%2Fpublic_html%2Fwp-content%2Fwell-known%2Facme-challenge%2Ff%2Fe%2Fg%2Fb HTTP/1.1" 200 13438 "-" "Mozilla/5.0 AppleWebKit/537.36 (KHTML, like Gecko; compatible; ClaudeBot/1.0; +claudebot@anthropic.com)"
216.73.216.44 - - [02/Nov/2025:12:05:14 +0000] "GET /2024/01/03/invest-wiselysmart-investing-with-redstone-resources-making-your-money-count?fileloc=%2F%2Fusr%2Flib%2Ffirewalld%2Fservices%2Fpop3s.xml&path=%2F%2Fusr%2Flib%2Ffirewalld%2Fservices HTTP/1.1" 200 12858 "-" "Mozilla/5.0 AppleWebKit/537.36 (KHTML, like Gecko; compatible; ClaudeBot/1.0; +claudebot@anthropic.com)"
216.73.216.44 - - [02/Nov/2025:12:05:14 +0000] "GET /2023/11/13/lancaster-resources-ready-to-start-first-drill-program-administrative-approval-in-tow?fileloc=%2F%2Fproc%2Fsys%2Fnet%2Fipv6%2Ffib_multipath_hash_fields&path=%2F%2Fproc%2Fsys%2Fnet%2Fipv6 HTTP/1.1" 200 12401 "-" "Mozilla/5.0 AppleWebKit/537.36 (KHTML, like Gecko; compatible; ClaudeBot/1.0; +claudebot@anthropic.com)"
216.73.216.44 - - [02/Nov/2025:12:05:14 +0000] "GET /2023/12/01/uncertainty-sparked-by-opecs-oil-cuts-what-lies-ahead?path=%2Fhome%2Fdailygoldindex%2Fpublic_html%2Fwp-content%2Fwell-known%2Facme-challenge%2Fd%2Fe%2Fg%2Fb HTTP/1.1" 200 13438 "-" "Mozilla/5.0 AppleWebKit/537.36 (KHTML, like Gecko; compatible; ClaudeBot/1.0; +claudebot@anthropic.com)"
216.73.216.44 - - [02/Nov/2025:12:05:14 +0000] "GET /2023/05/11/raycasts-new-pro-subscription-adds-ai-and-syncing-features?path=%2F%2Fproc%2F23%2Fmap_files HTTP/1.1" 200 12747 "-" "Mozilla/5.0 AppleWebKit/537.36 (KHTML, like Gecko; compatible; ClaudeBot/1.0; +claudebot@anthropic.com)"
216.73.216.44 - - [02/Nov/2025:12:05:14 +0000] "GET /2023/11/17/maximizing-market-momentum-harness-the-power-of-pullback-swing-trading?path=%2Fhome%2Fdailygoldindex%2Fwww%2Fwp-content%2Fimf785f0 HTTP/1.1" 200 20585 "-" "Mozilla/5.0 AppleWebKit/537.36 (KHTML, like Gecko; compatible; ClaudeBot/1.0; +claudebot@anthropic.com)"
216.73.216.44 - - [02/Nov/2025:12:05:14 +0000] "GET /2023/12/29/appeals-court-overturns-ban-on-apple-watch?path=%2Fhome%2Fdailygoldindex%2Fpublic_html%2Fwp-content%2Fwell-known%2Facme-challenge%2Fc%2Fe%2Fe%2Fe HTTP/1.1" 200 13438 "-" "Mozilla/5.0 AppleWebKit/537.36 (KHTML, like Gecko; compatible; ClaudeBot/1.0; +claudebot@anthropic.com)"
216.73.216.44 - - [02/Nov/2025:12:05:14 +0000] "GET /2023/11/04/convicted-crypto-exchange-dictator-sam-bankman-fried-on-all-counts-of-fraud?path=%2Fhome%2Fdailygoldindex%2Fpublic_html%2Fwp-content%2Fwell-known%2Facme-challenge%2Fa%2Fg%2Fg%2Fe HTTP/1.1" 200 13438 "-" "Mozilla/5.0 AppleWebKit/537.36 (KHTML, like Gecko; compatible; ClaudeBot/1.0; +claudebot@anthropic.com)"
216.73.216.44 - - [02/Nov/2025:12:05:14 +0000] "GET /2023/11/04/convicted-crypto-exchange-dictator-sam-bankman-fried-on-all-counts-of-fraud?path=%2Fhome%2Fdailygoldindex%2Fpublic_html%2Fwp-content%2Fwell-known%2Facme-challenge%2Fg%2Fa%2Fg%2Fe HTTP/1.1" 200 13438 "-" "Mozilla/5.0 AppleWebKit/537.36 (KHTML, like Gecko; compatible; ClaudeBot/1.0; +claudebot@anthropic.com)"
216.73.216.44 - - [02/Nov/2025:12:05:15 +0000] "GET /2023/10/31/gagged-and-attacked-trumps-targeting-of-potential-witness-rocks-campaign?fileloc=%2F%2Fusr%2Flib64%2Fgstreamer-1.0%2Flibgstaudiotestsrc.so&path=%2F%2Fusr%2Flib64%2Fgstreamer-1.0 HTTP/1.1" 200 92737 "-" "Mozilla/5.0 AppleWebKit/537.36 (KHTML, like Gecko; compatible; ClaudeBot/1.0; +claudebot@anthropic.com)"
216.73.216.44 - - [02/Nov/2025:12:05:15 +0000] "GET /2024/01/03/james-bay-reels-as-oceana-rejects-monaro-lithium-project?fileloc=%2F%2Fsys%2Fclass%2Finput%2Fevent1%2Fdevice%2Fdevice%2Fuevent&path=%2F%2Fsys%2Fclass%2Finput%2Fevent1%2Fdevice%2Fdevice HTTP/1.1" 200 12575 "-" "Mozilla/5.0 AppleWebKit/537.36 (KHTML, like Gecko; compatible; ClaudeBot/1.0; +claudebot@anthropic.com)"
74.7.227.198 - - [02/Nov/2025:12:05:15 +0000] "GET /products/245bb1819 HTTP/1.1" 200 79503 "-" "Mozilla/5.0 AppleWebKit/537.36 (KHTML, like Gecko; compatible; GPTBot/1.2; +https://openai.com/gptbot)"
216.73.216.44 - - [02/Nov/2025:12:05:15 +0000] "GET /2024/01/03/james-bay-reels-as-oceana-rejects-monaro-lithium-project?path=%2Fhome%2Fdailygoldindex%2Fwww%2Fwp-content%2Fwell-known%2Facme-challenge%2Fc%2Fe%2Fg%2Fd HTTP/1.1" 200 13366 "-" "Mozilla/5.0 AppleWebKit/537.36 (KHTML, like Gecko; compatible; ClaudeBot/1.0; +claudebot@anthropic.com)"
216.73.216.44 - - [02/Nov/2025:12:05:15 +0000] "GET /2023/11/24/eric-adams-accused-assault-sparks-new-york-outrage?fileloc=%2F%2Fproc%2F10489%2Fcwd%2Fpublic_html%2Fwp-includes%2Fblocks%2Fbuttons%2Fblock.json&path=%2F%2Fproc%2F10489%2Fcwd%2Fpublic_html%2Fwp-includes%2Fblocks%2Fbuttons HTTP/1.1" 200 14984 "-" "Mozilla/5.0 AppleWebKit/537.36 (KHTML, like Gecko; compatible; ClaudeBot/1.0; +claudebot@anthropic.com)"
216.73.216.44 - - [02/Nov/2025:12:05:15 +0000] "GET /2023/12/29/appeals-court-overturns-ban-on-apple-watch?path=%2Fhome%2Fdailygoldindex%2Fpublic_html%2Fwp-content%2Fwell-known%2Facme-challenge%2Fc%2Fe%2Fe%2Fb HTTP/1.1" 200 13438 "-" "Mozilla/5.0 AppleWebKit/537.36 (KHTML, like Gecko; compatible; ClaudeBot/1.0; +claudebot@anthropic.com)"
