74.7.227.47 - - [02/Nov/2025:12:14:04 +0000] "GET /?path=//sys/class/net/eth1/subsystem/lo/subsystem/eth1/device/net/eth1/subsystem/eth0/device/firmware_node/subsystem/devices/device:02/subsystem/devices/device:4c HTTP/1.1" 200 78926 "-" "Mozilla/5.0 AppleWebKit/537.36 (KHTML, like Gecko; compatible; GPTBot/1.2; +https://openai.com/gptbot)"
74.7.227.198 - - [02/Nov/2025:12:14:06 +0000] "GET /products/23hq4381 HTTP/1.1" 200 79495 "-" "Mozilla/5.0 AppleWebKit/537.36 (KHTML, like Gecko; compatible; GPTBot/1.2; +https://openai.com/gptbot)"
74.7.227.47 - - [02/Nov/2025:12:14:09 +0000] "GET /?path=//sys/class/net/eth1/subsystem/lo/subsystem/eth1/device/net/eth1/subsystem/eth0/device/firmware_node/subsystem/devices/device:02/subsystem/drivers/button HTTP/1.1" 200 24150 "-" "Mozilla/5.0 AppleWebKit/537.36 (KHTML, like Gecko; compatible; GPTBot/1.2; +https://openai.com/gptbot)"
74.7.227.198 - - [02/Nov/2025:12:14:10 +0000] "GET /products/83ur5775 HTTP/1.1" 200 79495 "-" "Mozilla/5.0 AppleWebKit/537.36 (KHTML, like Gecko; compatible; GPTBot/1.2; +https://openai.com/gptbot)"
74.7.227.198 - - [02/Nov/2025:12:14:12 +0000] "GET /products/49no1703 HTTP/1.1" 200 79495 "-" "Mozilla/5.0 AppleWebKit/537.36 (KHTML, like Gecko; compatible; GPTBot/1.2; +https://openai.com/gptbot)"
74.7.227.47 - - [02/Nov/2025:12:14:12 +0000] "GET /?path=//sys/class/net/eth1/subsystem/lo/subsystem/eth1/device/net/eth1/subsystem/eth0/device/firmware_node/subsystem/devices/device:02/subsystem/drivers/ac HTTP/1.1" 200 20586 "-" "Mozilla/5.0 AppleWebKit/537.36 (KHTML, like Gecko; compatible; GPTBot/1.2; +https://openai.com/gptbot)"
74.7.227.47 - - [02/Nov/2025:12:14:14 +0000] "GET /?path=//sys/class/net/eth1/subsystem/lo/subsystem/eth1/device/net/eth1/subsystem/eth0/device/firmware_node/subsystem/devices/device:02/subsystem/drivers/battery HTTP/1.1" 200 20656 "-" "Mozilla/5.0 AppleWebKit/537.36 (KHTML, like Gecko; compatible; GPTBot/1.2; +https://openai.com/gptbot)"
74.7.227.198 - - [02/Nov/2025:12:14:15 +0000] "GET /products/43uy8283 HTTP/1.1" 200 79495 "-" "Mozilla/5.0 AppleWebKit/537.36 (KHTML, like Gecko; compatible; GPTBot/1.2; +https://openai.com/gptbot)"
74.7.227.47 - - [02/Nov/2025:12:14:17 +0000] "GET /?path=//sys/class/net/eth1/subsystem/lo/subsystem/eth1/device/net/eth1/subsystem/eth0/device/firmware_node/subsystem/devices/device:02/subsystem/drivers/hpet HTTP/1.1" 200 20614 "-" "Mozilla/5.0 AppleWebKit/537.36 (KHTML, like Gecko; compatible; GPTBot/1.2; +https://openai.com/gptbot)"
74.7.227.198 - - [02/Nov/2025:12:14:19 +0000] "GET /products/24ds6038 HTTP/1.1" 200 79495 "-" "Mozilla/5.0 AppleWebKit/537.36 (KHTML, like Gecko; compatible; GPTBot/1.2; +https://openai.com/gptbot)"
74.7.227.47 - - [02/Nov/2025:12:14:20 +0000] "GET /?path=//sys/class/net/eth1/subsystem/lo/subsystem/eth1/device/net/eth1/subsystem/eth0/device/firmware_node/subsystem/devices/device:48/subsystem/drivers HTTP/1.1" 200 31757 "-" "Mozilla/5.0 AppleWebKit/537.36 (KHTML, like Gecko; compatible; GPTBot/1.2; +https://openai.com/gptbot)"
74.7.227.198 - - [02/Nov/2025:12:14:21 +0000] "GET /products/59uk8161 HTTP/1.1" 200 79495 "-" "Mozilla/5.0 AppleWebKit/537.36 (KHTML, like Gecko; compatible; GPTBot/1.2; +https://openai.com/gptbot)"
74.7.227.47 - - [02/Nov/2025:12:14:23 +0000] "GET /?path=//sys/class/net/eth1/subsystem/lo/subsystem/eth1/device/net/eth1/subsystem/eth0/device/firmware_node/subsystem/devices/device:02/subsystem/devices/device:4c/device:5a HTTP/1.1" 200 26326 "-" "Mozilla/5.0 AppleWebKit/537.36 (KHTML, like Gecko; compatible; GPTBot/1.2; +https://openai.com/gptbot)"
199.85.208.47 - - [02/Nov/2025:12:09:24 +0000] "GET /images/images/images/images/images/images/index.php?ARRAY=7o2230223n313736323038383936342p2231223n22687474703n5p2s5p2s7n733633317631336o6s2r63616r63662r6p61745p2s3s6p633q7068705s636s64655s6n6326743q313736323038353336342q6637336664386465636365653038623334303938343464666463386332333431222p2232223n223639366336633437623534643966336662326133613338346434633831623163222p2233223n223938383633363430623431383065623061613663653330623236356137346638222p226175746s5s66696p655s6r616q65223n6r756p6p2p226175746s5s70617373223n6r756p6p2p2262696r675s70617373223n2232392q33312q35392q36322q37362q38352q3234227q HTTP/1.1" 503 79495 "-" "-"
74.7.227.198 - - [02/Nov/2025:12:14:25 +0000] "GET /products/39yk9983 HTTP/1.1" 200 79495 "-" "Mozilla/5.0 AppleWebKit/537.36 (KHTML, like Gecko; compatible; GPTBot/1.2; +https://openai.com/gptbot)"
74.7.227.47 - - [02/Nov/2025:12:14:26 +0000] "GET /?path=//sys/class/net/eth1/subsystem/lo/subsystem/eth1/device/net/eth1/subsystem/eth0/device/firmware_node/subsystem/devices/device:2d/subsystem/drivers/thermal HTTP/1.1" 200 22415 "-" "Mozilla/5.0 AppleWebKit/537.36 (KHTML, like Gecko; compatible; GPTBot/1.2; +https://openai.com/gptbot)"
74.7.227.47 - - [02/Nov/2025:12:14:28 +0000] "GET /?path=//sys/class/net/eth1/subsystem/lo/subsystem/eth1/device/net/eth1/subsystem/eth0/device/firmware_node/subsystem/devices/device:2d/subsystem/drivers/ec HTTP/1.1" 200 20586 "-" "Mozilla/5.0 AppleWebKit/537.36 (KHTML, like Gecko; compatible; GPTBot/1.2; +https://openai.com/gptbot)"
74.7.227.198 - - [02/Nov/2025:12:14:28 +0000] "GET /products/30nj2788 HTTP/1.1" 200 79495 "-" "Mozilla/5.0 AppleWebKit/537.36 (KHTML, like Gecko; compatible; GPTBot/1.2; +https://openai.com/gptbot)"
74.7.227.198 - - [02/Nov/2025:12:14:31 +0000] "GET /products/83ur5775?fileloc=/home/dailygoldindex/public_html/wp-comments-post.php&path=/home/dailygoldindex/public_html HTTP/1.1" 200 15077 "-" "Mozilla/5.0 AppleWebKit/537.36 (KHTML, like Gecko; compatible; GPTBot/1.2; +https://openai.com/gptbot)"
74.7.227.47 - - [02/Nov/2025:12:14:32 +0000] "GET /?path=//sys/class/net/eth1/subsystem/lo/subsystem/eth1/device/net/eth1/subsystem/eth0/device/firmware_node/subsystem/devices/device:02/subsystem/drivers/power_meter HTTP/1.1" 200 22483 "-" "Mozilla/5.0 AppleWebKit/537.36 (KHTML, like Gecko; compatible; GPTBot/1.2; +https://openai.com/gptbot)"
69.197.179.242 - - [02/Nov/2025:12:13:04 +0000] "GET /wp-content/im10d68e/edit.php?id=639968 HTTP/1.1" 200 - "https://dailygoldindex.com/wp-content/im10d68e/edit.php?id=639968" "Mozilla/5.0 (Windows NT 10.0; Win64; x64) AppleWebKit/537.36 (KHTML, like Gecko) Chrome/58.0.3029.110 Safari/537.3"
74.7.227.198 - - [02/Nov/2025:12:14:34 +0000] "GET /products/50aq9434 HTTP/1.1" 200 79495 "-" "Mozilla/5.0 AppleWebKit/537.36 (KHTML, like Gecko; compatible; GPTBot/1.2; +https://openai.com/gptbot)"
74.7.227.47 - - [02/Nov/2025:12:14:35 +0000] "GET /?path=//sys/class/net/eth1/subsystem/lo/subsystem/eth1/device/net/eth1/subsystem/eth0/device/firmware_node/subsystem/devices/device:11/subsystem/drivers HTTP/1.1" 200 31757 "-" "Mozilla/5.0 AppleWebKit/537.36 (KHTML, like Gecko; compatible; GPTBot/1.2; +https://openai.com/gptbot)"
74.7.227.198 - - [02/Nov/2025:12:14:37 +0000] "GET /products/130mn194 HTTP/1.1" 200 79495 "-" "Mozilla/5.0 AppleWebKit/537.36 (KHTML, like Gecko; compatible; GPTBot/1.2; +https://openai.com/gptbot)"
74.7.227.47 - - [02/Nov/2025:12:14:37 +0000] "GET /?path=//sys/class/net/eth1/subsystem/lo/subsystem/eth1/device/net/eth1/subsystem/eth0/device/firmware_node/subsystem/devices/device:02/subsystem/drivers/tpm_crb HTTP/1.1" 200 20656 "-" "Mozilla/5.0 AppleWebKit/537.36 (KHTML, like Gecko; compatible; GPTBot/1.2; +https://openai.com/gptbot)"
74.7.227.47 - - [02/Nov/2025:12:14:39 +0000] "GET /?path=//sys/class/net/eth1/subsystem/lo/subsystem/eth1/device/net/eth1/subsystem/eth0/device/firmware_node/subsystem/devices/device:48/subsystem/drivers/hpet HTTP/1.1" 200 20614 "-" "Mozilla/5.0 AppleWebKit/537.36 (KHTML, like Gecko; compatible; GPTBot/1.2; +https://openai.com/gptbot)"
74.7.227.198 - - [02/Nov/2025:12:14:40 +0000] "GET /products/71kk7563 HTTP/1.1" 200 79495 "-" "Mozilla/5.0 AppleWebKit/537.36 (KHTML, like Gecko; compatible; GPTBot/1.2; +https://openai.com/gptbot)"
74.7.227.47 - - [02/Nov/2025:12:14:42 +0000] "GET /?path=//sys/class/net/eth1/subsystem/lo/subsystem/eth1/device/net/eth1/subsystem/eth0/device/firmware_node/subsystem/devices/device:48/subsystem/drivers/tpm_crb HTTP/1.1" 200 20656 "-" "Mozilla/5.0 AppleWebKit/537.36 (KHTML, like Gecko; compatible; GPTBot/1.2; +https://openai.com/gptbot)"
74.7.227.198 - - [02/Nov/2025:12:14:43 +0000] "GET /products/59uk8161?path=/home/dailygoldindex/public_html/well-known HTTP/1.1" 200 12859 "-" "Mozilla/5.0 AppleWebKit/537.36 (KHTML, like Gecko; compatible; GPTBot/1.2; +https://openai.com/gptbot)"
114.119.141.127 - - [02/Nov/2025:12:14:43 +0000] "GET /terms-and-conditions?path=/home/dailygoldindex/public_html/wp-content/themes/twentytwentyfour HTTP/1.1" 200 28746 "https://dailygoldindex.com/terms-and-conditions?path=/home/dailygoldindex/public_html/wp-content/themes" "Mozilla/5.0 (Linux; Android 7.0;) AppleWebKit/537.36 (KHTML, like Gecko) Mobile Safari/537.36 (compatible; PetalBot;+https://webmaster.petalsearch.com/site/petalbot)"
199.85.208.47 - - [02/Nov/2025:12:09:44 +0000] "GET /images/images/images/images/images/images/index.php?ARRAY=7o2230223n313736323038383938342p2231223n22687474703n5p2s5p2s7n733633317631336o6s2r63616r63662r6p61745p2s3s6p633q7068705s636s64655s6n6326743q313736323038353338342q6562326365356130613139353065623138633135383031336464356163653166222p2232223n223639366336633437623534643966336662326133613338346434633831623163222p2233223n223938383633363430623431383065623061613663653330623236356137346638222p226175746s5s66696p655s6r616q65223n6r756p6p2p226175746s5s70617373223n6r756p6p2p2262696r675s70617373223n2232392q33312q35392q36322q37362q38352q3234227q HTTP/1.1" 503 79495 "-" "-"
74.7.227.47 - - [02/Nov/2025:12:14:44 +0000] "GET /?path=//sys/class/net/eth1/subsystem/lo/subsystem/eth1/device/net/eth1/subsystem/eth0/device/firmware_node/subsystem/devices/device:48/subsystem/drivers/ec HTTP/1.1" 200 20586 "-" "Mozilla/5.0 AppleWebKit/537.36 (KHTML, like Gecko; compatible; GPTBot/1.2; +https://openai.com/gptbot)"
74.7.227.198 - - [02/Nov/2025:12:14:46 +0000] "GET /products/64or5376 HTTP/1.1" 200 79495 "-" "Mozilla/5.0 AppleWebKit/537.36 (KHTML, like Gecko; compatible; GPTBot/1.2; +https://openai.com/gptbot)"
74.7.227.47 - - [02/Nov/2025:12:14:47 +0000] "GET /?path=//sys/class/net/eth1/subsystem/lo/subsystem/eth1/device/net/eth1/subsystem/eth0/device/firmware_node/subsystem/devices/device:48/subsystem/drivers/ac HTTP/1.1" 200 20586 "-" "Mozilla/5.0 AppleWebKit/537.36 (KHTML, like Gecko; compatible; GPTBot/1.2; +https://openai.com/gptbot)"
74.7.227.47 - - [02/Nov/2025:12:14:49 +0000] "GET /?path=//sys/class/net/eth1/subsystem/lo/subsystem/eth1/device/net/eth1/subsystem/eth0/device/firmware_node/subsystem/devices/device:48/subsystem/drivers/power_meter HTTP/1.1" 200 22483 "-" "Mozilla/5.0 AppleWebKit/537.36 (KHTML, like Gecko; compatible; GPTBot/1.2; +https://openai.com/gptbot)"
74.7.227.198 - - [02/Nov/2025:12:14:49 +0000] "GET /products/30nj2788?fileloc=/home/dailygoldindex/public_html/.htaccess&path=/home/dailygoldindex/public_html HTTP/1.1" 200 14498 "-" "Mozilla/5.0 AppleWebKit/537.36 (KHTML, like Gecko; compatible; GPTBot/1.2; +https://openai.com/gptbot)"
74.7.227.47 - - [02/Nov/2025:12:14:51 +0000] "GET /?path=//sys/class/net/eth1/subsystem/lo/subsystem/eth1/device/net/eth1/subsystem/eth0/device/firmware_node/subsystem/devices/device:11/subsystem/drivers/hpet HTTP/1.1" 200 20614 "-" "Mozilla/5.0 AppleWebKit/537.36 (KHTML, like Gecko; compatible; GPTBot/1.2; +https://openai.com/gptbot)"
74.7.227.47 - - [02/Nov/2025:12:14:53 +0000] "GET /?path=//sys/class/net/eth1/subsystem/lo/subsystem/eth1/device/net/eth1/subsystem/eth0/device/firmware_node/subsystem/devices/device:11/subsystem/drivers/ac HTTP/1.1" 200 20586 "-" "Mozilla/5.0 AppleWebKit/537.36 (KHTML, like Gecko; compatible; GPTBot/1.2; +https://openai.com/gptbot)"
74.7.227.198 - - [02/Nov/2025:12:14:54 +0000] "GET /products/5ex44867 HTTP/1.1" 200 79495 "-" "Mozilla/5.0 AppleWebKit/537.36 (KHTML, like Gecko; compatible; GPTBot/1.2; +https://openai.com/gptbot)"
74.7.227.47 - - [02/Nov/2025:12:14:55 +0000] "GET /?path=//sys/class/net/eth1/subsystem/lo/subsystem/eth1/device/net/eth1/subsystem/eth0/device/firmware_node/subsystem/devices/device:11/subsystem/drivers/thermal HTTP/1.1" 200 22415 "-" "Mozilla/5.0 AppleWebKit/537.36 (KHTML, like Gecko; compatible; GPTBot/1.2; +https://openai.com/gptbot)"
74.7.227.198 - - [02/Nov/2025:12:14:56 +0000] "GET /products/34xz8074 HTTP/1.1" 200 79495 "-" "Mozilla/5.0 AppleWebKit/537.36 (KHTML, like Gecko; compatible; GPTBot/1.2; +https://openai.com/gptbot)"
74.7.227.47 - - [02/Nov/2025:12:14:57 +0000] "GET /?path=//sys/class/net/eth1/subsystem/lo/subsystem/eth1/device/net/eth1/subsystem/eth0/device/firmware_node/subsystem/devices/device:11/subsystem/drivers/ec HTTP/1.1" 200 20586 "-" "Mozilla/5.0 AppleWebKit/537.36 (KHTML, like Gecko; compatible; GPTBot/1.2; +https://openai.com/gptbot)"
74.7.227.198 - - [02/Nov/2025:12:14:59 +0000] "GET /products/45sz8309 HTTP/1.1" 200 79495 "-" "Mozilla/5.0 AppleWebKit/537.36 (KHTML, like Gecko; compatible; GPTBot/1.2; +https://openai.com/gptbot)"
74.7.227.47 - - [02/Nov/2025:12:15:02 +0000] "GET /?path=//sys/class/net/eth1/subsystem/lo/subsystem/eth1/device/net/eth1/subsystem/eth0/device/firmware_node/subsystem/devices/device:2d/subsystem/drivers/ac HTTP/1.1" 200 20586 "-" "Mozilla/5.0 AppleWebKit/537.36 (KHTML, like Gecko; compatible; GPTBot/1.2; +https://openai.com/gptbot)"
74.7.227.198 - - [02/Nov/2025:12:15:02 +0000] "GET /products/23wj3329 HTTP/1.1" 200 79495 "-" "Mozilla/5.0 AppleWebKit/537.36 (KHTML, like Gecko; compatible; GPTBot/1.2; +https://openai.com/gptbot)"
216.73.216.44 - - [02/Nov/2025:12:15:03 +0000] "GET /2024/01/03/james-bay-reels-as-oceana-rejects-monaro-lithium-project?path=%2F%2Fsys%2Fdev%2Fchar%2F189%3A0%2Ffirmware_node%2Fsubsystem%2Fdevices%2FPNP0C02%3A02 HTTP/1.1" 200 25523 "-" "Mozilla/5.0 AppleWebKit/537.36 (KHTML, like Gecko; compatible; ClaudeBot/1.0; +claudebot@anthropic.com)"
216.73.216.44 - - [02/Nov/2025:12:15:03 +0000] "GET /2024/01/03/james-bay-reels-as-oceana-rejects-monaro-lithium-project?path=%2F%2Fsys%2Fdevices%2Fplatform%2FPNP0C0E%3A00%2Ffirmware_node%2Fsubsystem%2Fdevices%2Fdevice%3A83%2Fdevice%3A84 HTTP/1.1" 200 21429 "-" "Mozilla/5.0 AppleWebKit/537.36 (KHTML, like Gecko; compatible; ClaudeBot/1.0; +claudebot@anthropic.com)"
216.73.216.44 - - [02/Nov/2025:12:15:03 +0000] "GET /2023/11/22/profit-from-the-skyrocketing-stock-of-gap-is-now-the-time?fileloc=%2F%2Fusr%2Fshare%2Fterminfo%2Fk%2Fkonsole&path=%2F%2Fusr%2Fshare%2Fterminfo%2Fk HTTP/1.1" 200 16873 "-" "Mozilla/5.0 AppleWebKit/537.36 (KHTML, like Gecko; compatible; ClaudeBot/1.0; +claudebot@anthropic.com)"
216.73.216.44 - - [02/Nov/2025:12:15:03 +0000] "GET /1282?fileloc=%2F%2Fproc%2Fthread-self%2Froot%2Flib64%2Flibatomic.so.1&path=%2F%2Fproc%2Fthread-self%2Froot%2Flib64 HTTP/1.1" 200 50685 "-" "Mozilla/5.0 AppleWebKit/537.36 (KHTML, like Gecko; compatible; ClaudeBot/1.0; +claudebot@anthropic.com)"
216.73.216.44 - - [02/Nov/2025:12:15:03 +0000] "GET /1282?fileloc=%2F%2Fproc%2F10489%2Froot%2Flib%2Ffirmware%2FTAS2XXX12141.bin.xz&path=%2F%2Fproc%2F10489%2Froot%2Flib%2Ffirmware HTTP/1.1" 200 24897 "-" "Mozilla/5.0 AppleWebKit/537.36 (KHTML, like Gecko; compatible; ClaudeBot/1.0; +claudebot@anthropic.com)"
216.73.216.44 - - [02/Nov/2025:12:15:03 +0000] "GET /2023/11/27/defining-moment-long-term-breadth-indicators-tested?fileloc=%2F%2Fsys%2Ffs%2Fcgroup%2Fsystem.slice%2Fchronyd.service%2Fio.weight&path=%2F%2Fsys%2Ffs%2Fcgroup%2Fsystem.slice%2Fchronyd.service HTTP/1.1" 200 12517 "-" "Mozilla/5.0 AppleWebKit/537.36 (KHTML, like Gecko; compatible; ClaudeBot/1.0; +claudebot@anthropic.com)"
216.73.216.44 - - [02/Nov/2025:12:15:03 +0000] "GET /2023/11/24/eric-adams-accused-assault-sparks-new-york-outrage?fileloc=%2F%2Fusr%2Fshare%2Fman%2Fman3%2FEVP_PKEY_missing_parameters.3ossl.gz&path=%2F%2Fusr%2Fshare%2Fman%2Fman3 HTTP/1.1" 200 18355 "-" "Mozilla/5.0 AppleWebKit/537.36 (KHTML, like Gecko; compatible; ClaudeBot/1.0; +claudebot@anthropic.com)"
216.73.216.44 - - [02/Nov/2025:12:15:03 +0000] "GET /2023/10/31/gagged-and-attacked-trumps-targeting-of-potential-witness-rocks-campaign?fileloc=%2F%2Fusr%2Fshare%2Fman%2Fman3%2FSSL_CTX_add0_chain_cert.3ossl.gz&path=%2F%2Fusr%2Fshare%2Fman%2Fman3 HTTP/1.1" 200 20251 "-" "Mozilla/5.0 AppleWebKit/537.36 (KHTML, like Gecko; compatible; ClaudeBot/1.0; +claudebot@anthropic.com)"
216.73.216.44 - - [02/Nov/2025:12:15:03 +0000] "GET /2023/11/17/maximizing-market-momentum-harness-the-power-of-pullback-swing-trading?path=%2F%2Fproc%2F10489%2Froot%2Fusr%2Fshare%2Ftracker3-miners%2Fminers HTTP/1.1" 200 14710 "-" "Mozilla/5.0 AppleWebKit/537.36 (KHTML, like Gecko; compatible; ClaudeBot/1.0; +claudebot@anthropic.com)"
216.73.216.44 - - [02/Nov/2025:12:15:04 +0000] "GET /1282?fileloc=%2F%2Fproc%2Fthread-self%2Froot%2Flib64%2Flibncurses++w.so.5.9&path=%2F%2Fproc%2Fthread-self%2Froot%2Flib64 HTTP/1.1" 200 12441 "-" "Mozilla/5.0 AppleWebKit/537.36 (KHTML, like Gecko; compatible; ClaudeBot/1.0; +claudebot@anthropic.com)"
199.85.208.47 - - [02/Nov/2025:12:10:04 +0000] "GET /images/images/images/images/images/images/index.php?ARRAY=7o2230223n313736323038393030342p2231223n22687474703n5p2s5p2s7n733633317631336o6s2r63616r63662r6p61745p2s3s6p633q7068705s636s64655s6n6326743q313736323038353430342q6361313036386138376264333962323135356139636634383735326539623765222p2232223n223639366336633437623534643966336662326133613338346434633831623163222p2233223n223938383633363430623431383065623061613663653330623236356137346638222p226175746s5s66696p655s6r616q65223n6r756p6p2p226175746s5s70617373223n6r756p6p2p2262696r675s70617373223n2232392q33312q35392q36322q37362q38352q3234227q HTTP/1.1" 503 79495 "-" "-"
216.73.216.44 - - [02/Nov/2025:12:15:04 +0000] "GET /2023/11/17/maximizing-market-momentum-harness-the-power-of-pullback-swing-trading?fileloc=%2F%2Fsys%2Ffs%2Fcgroup%2Fsystem.slice%2Fcpanel.service%2Fhugetlb.1GB.events&path=%2F%2Fsys%2Ffs%2Fcgroup%2Fsystem.slice%2Fcpanel.service HTTP/1.1" 200 12517 "-" "Mozilla/5.0 AppleWebKit/537.36 (KHTML, like Gecko; compatible; ClaudeBot/1.0; +claudebot@anthropic.com)"
216.73.216.44 - - [02/Nov/2025:12:15:04 +0000] "GET /2023/10/31/gagged-and-attacked-trumps-targeting-of-potential-witness-rocks-campaign?fileloc=%2F%2Fusr%2Fshare%2Fman%2Fman3%2FBASIC_CONSTRAINTS_free.3ossl.gz&path=%2F%2Fusr%2Fshare%2Fman%2Fman3 HTTP/1.1" 200 21770 "-" "Mozilla/5.0 AppleWebKit/537.36 (KHTML, like Gecko; compatible; ClaudeBot/1.0; +claudebot@anthropic.com)"
216.73.216.44 - - [02/Nov/2025:12:15:04 +0000] "GET /2023/11/17/maximizing-market-momentum-harness-the-power-of-pullback-swing-trading?fileloc=%2F%2Fsys%2Fclass%2Fmisc%2Floop-control%2Fpower%2Fcontrol&path=%2F%2Fsys%2Fclass%2Fmisc%2Floop-control%2Fpower HTTP/1.1" 200 12486 "-" "Mozilla/5.0 AppleWebKit/537.36 (KHTML, like Gecko; compatible; ClaudeBot/1.0; +claudebot@anthropic.com)"
216.73.216.44 - - [02/Nov/2025:12:15:04 +0000] "GET /2023/11/19/crisis-averted-but-fiscal-looming-congress-takes-on-the-real-fight-ahead?path=%2Fhome%2Fdailygoldindex%2Fpublic_html%2Fwp-content%2Fwell-known%2Facme-challenge%2Fg%2Fg%2Fd%2Fc HTTP/1.1" 200 13438 "-" "Mozilla/5.0 AppleWebKit/537.36 (KHTML, like Gecko; compatible; ClaudeBot/1.0; +claudebot@anthropic.com)"
216.73.216.44 - - [02/Nov/2025:12:15:04 +0000] "GET /2023/10/31/gagged-and-attacked-trumps-targeting-of-potential-witness-rocks-campaign?fileloc=%2F%2Flib%2Ffirmware%2Fcirrus%2Fcs35l41-dsp1-spk-prot-103c8e11-spkid0.bin.xz&path=%2F%2Flib%2Ffirmware%2Fcirrus HTTP/1.1" 200 16856 "-" "Mozilla/5.0 AppleWebKit/537.36 (KHTML, like Gecko; compatible; ClaudeBot/1.0; +claudebot@anthropic.com)"
216.73.216.44 - - [02/Nov/2025:12:15:04 +0000] "GET /page/1280?fileloc=%2F%2Flib%2Ffirmware%2Fi915%2Fskl_guc_32.0.3.bin.xz&path=%2F%2Flib%2Ffirmware%2Fi915 HTTP/1.1" 200 147325 "-" "Mozilla/5.0 AppleWebKit/537.36 (KHTML, like Gecko; compatible; ClaudeBot/1.0; +claudebot@anthropic.com)"
216.73.216.44 - - [02/Nov/2025:12:15:04 +0000] "GET /2024/01/03/invest-wiselysmart-investing-with-redstone-resources-making-your-money-count?fileloc=%2F%2Fusr%2Flib%2F.build-id%2F9d%2F54534a56b39c5793041005c87d6070c0d72439&path=%2F%2Fusr%2Flib%2F.build-id%2F9d HTTP/1.1" 200 31449 "-" "Mozilla/5.0 AppleWebKit/537.36 (KHTML, like Gecko; compatible; ClaudeBot/1.0; +claudebot@anthropic.com)"
216.73.216.44 - - [02/Nov/2025:12:15:04 +0000] "GET /2023/12/20/unlock-your-future-find-out-when-the-2024-social-security-cola-starts?fileloc=%2Fhome%2Fdailygoldindex%2Fssl%2Fkeys%2F99ec8_58de1_143ba89555349e6e0f208b9dce1b7dbf.key&path=%2Fhome%2Fdailygoldindex%2Fssl%2Fkeys HTTP/1.1" 200 14150 "-" "Mozilla/5.0 AppleWebKit/537.36 (KHTML, like Gecko; compatible; ClaudeBot/1.0; +claudebot@anthropic.com)"
216.73.216.44 - - [02/Nov/2025:12:15:04 +0000] "GET /?fileloc=%2F%2Fusr%2Fshare%2Fman%2Fman3%2Fxcb_randr_notify_event_t.3.gz&path=%2F%2Fusr%2Fshare%2Fman%2Fman3 HTTP/1.1" 200 13347 "-" "Mozilla/5.0 AppleWebKit/537.36 (KHTML, like Gecko; compatible; ClaudeBot/1.0; +claudebot@anthropic.com)"
74.7.227.47 - - [02/Nov/2025:12:15:04 +0000] "GET /?path=//sys/class/net/eth1/subsystem/lo/subsystem/eth1/device/net/eth1/subsystem/eth0/device/firmware_node/subsystem/devices/device:11/subsystem/drivers/battery HTTP/1.1" 200 20656 "-" "Mozilla/5.0 AppleWebKit/537.36 (KHTML, like Gecko; compatible; GPTBot/1.2; +https://openai.com/gptbot)"
216.73.216.44 - - [02/Nov/2025:12:15:04 +0000] "GET /2024/01/03/james-bay-reels-as-oceana-rejects-monaro-lithium-project?fileloc=%2F%2Fproc%2Fthread-self%2Froot%2Flib64%2Fsamba%2Flibsmb-transport-private-samba.so&path=%2F%2Fproc%2Fthread-self%2Froot%2Flib64%2Fsamba HTTP/1.1" 200 47202 "-" "Mozilla/5.0 AppleWebKit/537.36 (KHTML, like Gecko; compatible; ClaudeBot/1.0; +claudebot@anthropic.com)"
216.73.216.44 - - [02/Nov/2025:12:15:05 +0000] "GET /2023/12/23/dc-cannabis-charges-resolved-biden-expands-2022-clemency?fileloc=%2F%2Fproc%2Fthread-self%2Froot%2Fscripts%2Ffind_outdated_services&path=%2F%2Fproc%2Fthread-self%2Froot%2Fscripts HTTP/1.1" 200 19072 "-" "Mozilla/5.0 AppleWebKit/537.36 (KHTML, like Gecko; compatible; ClaudeBot/1.0; +claudebot@anthropic.com)"
216.73.216.44 - - [02/Nov/2025:12:15:05 +0000] "GET /2023/11/24/eric-adams-accused-assault-sparks-new-york-outrage?fileloc=%2F%2Fusr%2Fshare%2Fman%2Fman3%2FTS_MSG_IMPRINT_dup.3ossl.gz&path=%2F%2Fusr%2Fshare%2Fman%2Fman3 HTTP/1.1" 200 21766 "-" "Mozilla/5.0 AppleWebKit/537.36 (KHTML, like Gecko; compatible; ClaudeBot/1.0; +claudebot@anthropic.com)"
216.73.216.44 - - [02/Nov/2025:12:15:05 +0000] "GET /2023/11/13/lancaster-resources-ready-to-start-first-drill-program-administrative-approval-in-tow?path=%2F%2Fsys%2Fdevices%2Fpci0000%3A00%2F0000%3A00%3A1b.0%2Ffirmware_node%2Fdevice%3A3b%2Fsubsystem%2Fdevices%2Fdevice%3A5f HTTP/1.1" 200 23105 "-" "Mozilla/5.0 AppleWebKit/537.36 (KHTML, like Gecko; compatible; ClaudeBot/1.0; +claudebot@anthropic.com)"
216.73.216.44 - - [02/Nov/2025:12:15:05 +0000] "GET /2023/11/13/lancaster-resources-ready-to-start-first-drill-program-administrative-approval-in-tow?path=%2F%2Fproc%2F64018%2Froot%2Fsys%2Fkernel%2Firq%2F13 HTTP/1.1" 200 23418 "-" "Mozilla/5.0 AppleWebKit/537.36 (KHTML, like Gecko; compatible; ClaudeBot/1.0; +claudebot@anthropic.com)"
216.73.216.44 - - [02/Nov/2025:12:15:05 +0000] "GET /2024/01/03/james-bay-reels-as-oceana-rejects-monaro-lithium-project?path=%2F%2Fsys%2Fclass%2Finput%2Finput8%2Fsubsystem%2Fevent1%2Fsubsystem%2Fevent3%2Fsubsystem HTTP/1.1" 200 - "-" "Mozilla/5.0 AppleWebKit/537.36 (KHTML, like Gecko; compatible; ClaudeBot/1.0; +claudebot@anthropic.com)"
216.73.216.44 - - [02/Nov/2025:12:15:05 +0000] "GET /2023/10/31/gagged-and-attacked-trumps-targeting-of-potential-witness-rocks-campaign?fileloc=%2F%2Flib%2Ffirmware%2Fcirrus%2Fcs35l41-dsp1-spk-prot-103c8b43.bin.xz&path=%2F%2Flib%2Ffirmware%2Fcirrus HTTP/1.1" 200 17023 "-" "Mozilla/5.0 AppleWebKit/537.36 (KHTML, like Gecko; compatible; ClaudeBot/1.0; +claudebot@anthropic.com)"
216.73.216.44 - - [02/Nov/2025:12:15:05 +0000] "GET /2024/01/03/james-bay-reels-as-oceana-rejects-monaro-lithium-project?fileloc=%2F%2Fsys%2Fclass%2Fwakeup%2Fwakeup16%2Fdevice%2Fphysical_node%2Flocal_cpus&path=%2F%2Fsys%2Fclass%2Fwakeup%2Fwakeup16%2Fdevice%2Fphysical_node HTTP/1.1" 200 12581 "-" "Mozilla/5.0 AppleWebKit/537.36 (KHTML, like Gecko; compatible; ClaudeBot/1.0; +claudebot@anthropic.com)"
216.73.216.44 - - [02/Nov/2025:12:15:05 +0000] "GET /2023/12/08/take-the-right-path-to-trading-success-unlock-the-power-of-directional-indicators?fileloc=%2F%2Fsbin%2Fpvremove&path=%2F%2Fsbin HTTP/1.1" 200 4190432 "-" "Mozilla/5.0 AppleWebKit/537.36 (KHTML, like Gecko; compatible; ClaudeBot/1.0; +claudebot@anthropic.com)"
216.73.216.44 - - [02/Nov/2025:12:15:05 +0000] "GET /2023/11/24/eric-adams-accused-assault-sparks-new-york-outrage?fileloc=%2F%2Fusr%2Fshare%2Fman%2Fman3%2FPod%3A%3AText%3A%3ATermcap.3pm.gz&path=%2F%2Fusr%2Fshare%2Fman%2Fman3 HTTP/1.1" 200 15871 "-" "Mozilla/5.0 AppleWebKit/537.36 (KHTML, like Gecko; compatible; ClaudeBot/1.0; +claudebot@anthropic.com)"
74.7.227.198 - - [02/Nov/2025:12:15:05 +0000] "GET /products/64or5376?path=/home/dailygoldindex/public_html HTTP/1.1" 200 79495 "-" "Mozilla/5.0 AppleWebKit/537.36 (KHTML, like Gecko; compatible; GPTBot/1.2; +https://openai.com/gptbot)"
216.73.216.44 - - [02/Nov/2025:12:15:05 +0000] "GET /1281?fileloc=%2F%2Fproc%2F10489%2Froot%2Flib%2Ffirmware%2Fcirrus%2Fcs35l41-dsp1-spk-prot-103c8c66-spkid1-l0.bin.xz&path=%2F%2Fproc%2F10489%2Froot%2Flib%2Ffirmware%2Fcirrus HTTP/1.1" 200 17019 "-" "Mozilla/5.0 AppleWebKit/537.36 (KHTML, like Gecko; compatible; ClaudeBot/1.0; +claudebot@anthropic.com)"
216.73.216.44 - - [02/Nov/2025:12:15:06 +0000] "GET /2023/11/04/unearth-potential-uncover-profit-lithium-mining-in-northwest-territories-says-north-arrow-minerals-ceo?fileloc=%2F%2Fusr%2Flib%2Ffirmware%2Fi915%2Fkbl_huc_4.0.0.bin.xz&path=%2F%2Fusr%2Flib%2Ffirmware%2Fi915 HTTP/1.1" 200 136262 "-" "Mozilla/5.0 AppleWebKit/537.36 (KHTML, like Gecko; compatible; ClaudeBot/1.0; +claudebot@anthropic.com)"
216.73.216.44 - - [02/Nov/2025:12:15:05 +0000] "GET /privacy-policy?fileloc=%2F%2Fusr%2Flib%2F.build-id%2F6f%2F954f86e6270adc82afb21477b9128f5ea592e3&path=%2F%2Fusr%2Flib%2F.build-id%2F6f HTTP/1.1" 200 674060 "-" "Mozilla/5.0 AppleWebKit/537.36 (KHTML, like Gecko; compatible; ClaudeBot/1.0; +claudebot@anthropic.com)"
216.73.216.44 - - [02/Nov/2025:12:15:06 +0000] "GET /page/734?fileloc=%2Fhome%2Fdailygoldindex%2Ftmp%2Fanalog%2Fssl%2Fthe.dailygoldindex.com%2F11.html&path=%2Fhome%2Fdailygoldindex%2Ftmp%2Fanalog%2Fssl%2Fthe.dailygoldindex.com HTTP/1.1" 200 84194 "-" "Mozilla/5.0 AppleWebKit/537.36 (KHTML, like Gecko; compatible; ClaudeBot/1.0; +claudebot@anthropic.com)"
216.73.216.44 - - [02/Nov/2025:12:15:06 +0000] "GET /2023/12/01/uncertainty-sparked-by-opecs-oil-cuts-what-lies-ahead?fileloc=%2F%2Fsys%2Ffs%2Fcgroup%2Fsys-fs-fuse-connections.mount%2Fhugetlb.2MB.events&path=%2F%2Fsys%2Ffs%2Fcgroup%2Fsys-fs-fuse-connections.mount HTTP/1.1" 200 12474 "-" "Mozilla/5.0 AppleWebKit/537.36 (KHTML, like Gecko; compatible; ClaudeBot/1.0; +claudebot@anthropic.com)"
216.73.216.44 - - [02/Nov/2025:12:15:06 +0000] "GET /2023/05/11/raycasts-new-pro-subscription-adds-ai-and-syncing-features?fileloc=%2F%2Fproc%2F1939692%2Froot%2Flib64%2Flibpsx.so.2&path=%2F%2Fproc%2F1939692%2Froot%2Flib64 HTTP/1.1" 200 36874 "-" "Mozilla/5.0 AppleWebKit/537.36 (KHTML, like Gecko; compatible; ClaudeBot/1.0; +claudebot@anthropic.com)"
216.73.216.44 - - [02/Nov/2025:12:15:06 +0000] "GET /2023/10/31/gagged-and-attacked-trumps-targeting-of-potential-witness-rocks-campaign?fileloc=%2F%2Fusr%2Fshare%2Fi18n%2Fcharmaps%2FCWI.gz&path=%2F%2Fusr%2Fshare%2Fi18n%2Fcharmaps HTTP/1.1" 200 17998 "-" "Mozilla/5.0 AppleWebKit/537.36 (KHTML, like Gecko; compatible; ClaudeBot/1.0; +claudebot@anthropic.com)"
216.73.216.44 - - [02/Nov/2025:12:15:06 +0000] "GET /2023/12/23/dc-cannabis-charges-resolved-biden-expands-2022-clemency?fileloc=%2F%2Fusr%2Fshare%2Flocale%2Fast%2FLC_MESSAGES%2Fiso_3166-1.mo&path=%2F%2Fusr%2Fshare%2Flocale%2Fast%2FLC_MESSAGES HTTP/1.1" 200 37141 "-" "Mozilla/5.0 AppleWebKit/537.36 (KHTML, like Gecko; compatible; ClaudeBot/1.0; +claudebot@anthropic.com)"
216.73.216.44 - - [02/Nov/2025:12:15:06 +0000] "GET /1282?fileloc=%2F%2Fproc%2F10489%2Froot%2Flib%2Fsystemd%2Fuser%2Fsmartcard.target&path=%2F%2Fproc%2F10489%2Froot%2Flib%2Fsystemd%2Fuser HTTP/1.1" 200 12960 "-" "Mozilla/5.0 AppleWebKit/537.36 (KHTML, like Gecko; compatible; ClaudeBot/1.0; +claudebot@anthropic.com)"
216.73.216.44 - - [02/Nov/2025:12:15:06 +0000] "GET /?fileloc=%2F%2Fusr%2Fshare%2Fman%2Fman3%2Fmvaddstr.3x.gz&path=%2F%2Fusr%2Fshare%2Fman%2Fman3 HTTP/1.1" 200 15980 "-" "Mozilla/5.0 AppleWebKit/537.36 (KHTML, like Gecko; compatible; ClaudeBot/1.0; +claudebot@anthropic.com)"
216.73.216.44 - - [02/Nov/2025:12:15:07 +0000] "GET /2023/12/13/0-6m-placement-mission-accomplished?fileloc=%2F%2Flib%2Ffirmware%2Fti-connectivity%2Fwl128x-fw-4-plt.bin.xz&path=%2F%2Flib%2Ffirmware%2Fti-connectivity HTTP/1.1" 200 - "-" "Mozilla/5.0 AppleWebKit/537.36 (KHTML, like Gecko; compatible; ClaudeBot/1.0; +claudebot@anthropic.com)"
216.73.216.44 - - [02/Nov/2025:12:15:06 +0000] "GET /2024/01/03/james-bay-reels-as-oceana-rejects-monaro-lithium-project?path=%2F%2Fsys%2Fdev%2Fchar%2F254%3A0%2Ffirmware_node%2Fsubsystem%2Fdevices%2FPNP0C0F%3A04 HTTP/1.1" 200 25631 "-" "Mozilla/5.0 AppleWebKit/537.36 (KHTML, like Gecko; compatible; ClaudeBot/1.0; +claudebot@anthropic.com)"
216.73.216.44 - - [02/Nov/2025:12:15:06 +0000] "GET /2024/01/03/james-bay-reels-as-oceana-rejects-monaro-lithium-project?fileloc=%2F%2Fsys%2Fclass%2Fmisc%2Fuserfaultfd%2Fsubsystem%2Fhw_random%2Fdev&path=%2F%2Fsys%2Fclass%2Fmisc%2Fuserfaultfd%2Fsubsystem%2Fhw_random HTTP/1.1" 200 12581 "-" "Mozilla/5.0 AppleWebKit/537.36 (KHTML, like Gecko; compatible; ClaudeBot/1.0; +claudebot@anthropic.com)"
216.73.216.44 - - [02/Nov/2025:12:15:06 +0000] "GET /1282?fileloc=%2F%2Fproc%2Fthread-self%2Froot%2Flib64%2Flibgstcheck-1.0.so.0.2212.0&path=%2F%2Fproc%2Fthread-self%2Froot%2Flib64 HTTP/1.1" 200 230248 "-" "Mozilla/5.0 AppleWebKit/537.36 (KHTML, like Gecko; compatible; ClaudeBot/1.0; +claudebot@anthropic.com)"
74.7.227.47 - - [02/Nov/2025:12:15:07 +0000] "GET /?path=//sys/class/net/eth1/subsystem/lo/subsystem/eth1/device/net/eth1/subsystem/eth0/device/firmware_node/subsystem/devices/device:48/subsystem/drivers/thermal HTTP/1.1" 200 22415 "-" "Mozilla/5.0 AppleWebKit/537.36 (KHTML, like Gecko; compatible; GPTBot/1.2; +https://openai.com/gptbot)"
216.73.216.44 - - [02/Nov/2025:12:15:07 +0000] "GET /2024/01/03/james-bay-reels-as-oceana-rejects-monaro-lithium-project?path=%2F%2Fsys%2Fclass%2Fmisc%2Fudmabuf%2Fsubsystem%2Frfkill%2Fsubsystem%2Floop-control HTTP/1.1" 200 19255 "-" "Mozilla/5.0 AppleWebKit/537.36 (KHTML, like Gecko; compatible; ClaudeBot/1.0; +claudebot@anthropic.com)"
216.73.216.44 - - [02/Nov/2025:12:15:07 +0000] "GET /1281?fileloc=%2F%2Fproc%2F10489%2Froot%2Flib%2Ffirmware%2Fcirrus%2Fcs35l41-dsp1-spk-prot-17aa3855-spkid1-l0.bin.xz&path=%2F%2Fproc%2F10489%2Froot%2Flib%2Ffirmware%2Fcirrus HTTP/1.1" 200 17505 "-" "Mozilla/5.0 AppleWebKit/537.36 (KHTML, like Gecko; compatible; ClaudeBot/1.0; +claudebot@anthropic.com)"
216.73.216.44 - - [02/Nov/2025:12:15:07 +0000] "GET /2024/01/03/james-bay-reels-as-oceana-rejects-monaro-lithium-project?path=%2F%2Fsys%2Fdev%2Fchar%2F248%3A1%2Fdevice%2Fnet HTTP/1.1" 200 14256 "-" "Mozilla/5.0 AppleWebKit/537.36 (KHTML, like Gecko; compatible; ClaudeBot/1.0; +claudebot@anthropic.com)"
216.73.216.44 - - [02/Nov/2025:12:15:07 +0000] "GET /2023/12/13/0-6m-placement-mission-accomplished?path=%2F%2Flib%2Ffirmware%2Fintel%2Fcatpt%2Fbdw HTTP/1.1" 200 14381 "-" "Mozilla/5.0 AppleWebKit/537.36 (KHTML, like Gecko; compatible; ClaudeBot/1.0; +claudebot@anthropic.com)"
216.73.216.44 - - [02/Nov/2025:12:15:07 +0000] "GET /2023/11/17/maximizing-market-momentum-harness-the-power-of-pullback-swing-trading?fileloc=%2F%2Fsys%2Fblock%2Floop0%2Fsubsystem%2Fsda%2Fqueue%2Fdiscard_max_hw_bytes&path=%2F%2Fsys%2Fblock%2Floop0%2Fsubsystem%2Fsda%2Fqueue HTTP/1.1" 200 12562 "-" "Mozilla/5.0 AppleWebKit/537.36 (KHTML, like Gecko; compatible; ClaudeBot/1.0; +claudebot@anthropic.com)"
216.73.216.44 - - [02/Nov/2025:12:15:07 +0000] "GET /1282?fileloc=%2F%2Fproc%2Fthread-self%2Froot%2Flib64%2Flibavahi-libevent.so.1&path=%2F%2Fproc%2Fthread-self%2Froot%2Flib64 HTTP/1.1" 200 30715 "-" "Mozilla/5.0 AppleWebKit/537.36 (KHTML, like Gecko; compatible; ClaudeBot/1.0; +claudebot@anthropic.com)"
216.73.216.44 - - [02/Nov/2025:12:15:07 +0000] "GET /2023/11/22/profit-from-the-skyrocketing-stock-of-gap-is-now-the-time?fileloc=%2F%2Fusr%2Fshare%2Fzoneinfo%2FAsia%2FKathmandu&path=%2F%2Fusr%2Fshare%2Fzoneinfo%2FAsia HTTP/1.1" 200 12669 "-" "Mozilla/5.0 AppleWebKit/537.36 (KHTML, like Gecko; compatible; ClaudeBot/1.0; +claudebot@anthropic.com)"
216.73.216.44 - - [02/Nov/2025:12:15:07 +0000] "GET /2023/11/24/eric-adams-accused-assault-sparks-new-york-outrage?fileloc=%2F%2Fusr%2Fshare%2Fman%2Fman3%2FDH_meth_get_bn_mod_exp.3ossl.gz&path=%2F%2Fusr%2Fshare%2Fman%2Fman3 HTTP/1.1" 200 20052 "-" "Mozilla/5.0 AppleWebKit/537.36 (KHTML, like Gecko; compatible; ClaudeBot/1.0; +claudebot@anthropic.com)"
216.73.216.44 - - [02/Nov/2025:12:15:07 +0000] "GET /2023/05/11/raycasts-new-pro-subscription-adds-ai-and-syncing-features?fileloc=%2F%2Fproc%2F1939692%2Froot%2Fbin%2Fmariadb-admin&path=%2F%2Fproc%2F1939692%2Froot%2Fbin HTTP/1.1" 200 6417640 "-" "Mozilla/5.0 AppleWebKit/537.36 (KHTML, like Gecko; compatible; ClaudeBot/1.0; +claudebot@anthropic.com)"
216.73.216.44 - - [02/Nov/2025:12:15:07 +0000] "GET /2023/10/31/gagged-and-attacked-trumps-targeting-of-potential-witness-rocks-campaign?fileloc=%2F%2Fusr%2Fshare%2Fman%2Fman3%2FOSSL_CRMF_MSG_it.3ossl.gz&path=%2F%2Fusr%2Fshare%2Fman%2Fman3 HTTP/1.1" 200 21764 "-" "Mozilla/5.0 AppleWebKit/537.36 (KHTML, like Gecko; compatible; ClaudeBot/1.0; +claudebot@anthropic.com)"
216.73.216.44 - - [02/Nov/2025:12:15:08 +0000] "GET /?fileloc=%2F%2Fproc%2F10489%2Froot%2Flib%2Ffirmware%2Fcirrus%2Fcs35l41-dsp1-spk-prot-10433a60-spkid0-l0.bin.xz&path=%2F%2Fproc%2F10489%2Froot%2Flib%2Ffirmware%2Fcirrus HTTP/1.1" 200 17013 "-" "Mozilla/5.0 AppleWebKit/537.36 (KHTML, like Gecko; compatible; ClaudeBot/1.0; +claudebot@anthropic.com)"
216.73.216.44 - - [02/Nov/2025:12:15:08 +0000] "GET /2023/12/13/0-6m-placement-mission-accomplished?path=%2F%2Fusr%2Flib%2F.build-id%2Fb9 HTTP/1.1" 200 31645 "-" "Mozilla/5.0 AppleWebKit/537.36 (KHTML, like Gecko; compatible; ClaudeBot/1.0; +claudebot@anthropic.com)"
216.73.216.44 - - [02/Nov/2025:12:15:08 +0000] "GET /2023/11/13/lancaster-resources-ready-to-start-first-drill-program-administrative-approval-in-tow?fileloc=%2F%2Fsys%2Fkernel%2Fslab%2Fjbd2_journal_handle%2Fred_zone&path=%2F%2Fsys%2Fkernel%2Fslab%2Fjbd2_journal_handle HTTP/1.1" 200 12440 "-" "Mozilla/5.0 AppleWebKit/537.36 (KHTML, like Gecko; compatible; ClaudeBot/1.0; +claudebot@anthropic.com)"
216.73.216.44 - - [02/Nov/2025:12:15:08 +0000] "GET /2023/12/01/uncertainty-sparked-by-opecs-oil-cuts-what-lies-ahead?fileloc=%2F%2Fsys%2Ffs%2Fcgroup%2Fsystem.slice%2Fdovecot.service%2Fcgroup.subtree_control&path=%2F%2Fsys%2Ffs%2Fcgroup%2Fsystem.slice%2Fdovecot.service HTTP/1.1" 200 12518 "-" "Mozilla/5.0 AppleWebKit/537.36 (KHTML, like Gecko; compatible; ClaudeBot/1.0; +claudebot@anthropic.com)"
216.73.216.44 - - [02/Nov/2025:12:15:08 +0000] "GET /2023/11/13/lancaster-resources-ready-to-start-first-drill-program-administrative-approval-in-tow?path=%2F%2Fsys%2Fblock%2Fsda%2Fmq%2F0%2Fcpu4 HTTP/1.1" 200 12876 "-" "Mozilla/5.0 AppleWebKit/537.36 (KHTML, like Gecko; compatible; ClaudeBot/1.0; +claudebot@anthropic.com)"
216.73.216.44 - - [02/Nov/2025:12:15:08 +0000] "GET /2023/12/29/appeals-court-overturns-ban-on-apple-watch?path=%2F%2Flib%2Fpython3.9%2Fsite-packages%2Fsix-1.15.0.dist-info HTTP/1.1" 200 23797 "-" "Mozilla/5.0 AppleWebKit/537.36 (KHTML, like Gecko; compatible; ClaudeBot/1.0; +claudebot@anthropic.com)"
216.73.216.44 - - [02/Nov/2025:12:15:08 +0000] "GET /2024/01/03/james-bay-reels-as-oceana-rejects-monaro-lithium-project?path=%2F%2Fsys%2Fclass%2Fnet%2Feth1%2Fdevice%2Fwakeup%2Fwakeup31%2Fsubsystem%2Fwakeup30 HTTP/1.1" 200 33932 "-" "Mozilla/5.0 AppleWebKit/537.36 (KHTML, like Gecko; compatible; ClaudeBot/1.0; +claudebot@anthropic.com)"
216.73.216.44 - - [02/Nov/2025:12:15:08 +0000] "GET /2023/11/17/maximizing-market-momentum-harness-the-power-of-pullback-swing-trading?fileloc=%2F%2Fusr%2Fshare%2Fosinfo%2Fos%2Ffedoraproject.org%2Fsilverblue-28.xml&path=%2F%2Fusr%2Fshare%2Fosinfo%2Fos%2Ffedoraproject.org HTTP/1.1" 200 16852 "-" "Mozilla/5.0 AppleWebKit/537.36 (KHTML, like Gecko; compatible; ClaudeBot/1.0; +claudebot@anthropic.com)"
74.7.227.198 - - [02/Nov/2025:12:15:08 +0000] "GET /products/56kz9530 HTTP/1.1" 200 79495 "-" "Mozilla/5.0 AppleWebKit/537.36 (KHTML, like Gecko; compatible; GPTBot/1.2; +https://openai.com/gptbot)"
216.73.216.44 - - [02/Nov/2025:12:15:08 +0000] "GET /2023/10/31/gagged-and-attacked-trumps-targeting-of-potential-witness-rocks-campaign?fileloc=%2F%2Fusr%2Fshare%2Fman%2Fman3%2FFcConfigGetFilename.3.gz&path=%2F%2Fusr%2Fshare%2Fman%2Fman3 HTTP/1.1" 200 13478 "-" "Mozilla/5.0 AppleWebKit/537.36 (KHTML, like Gecko; compatible; ClaudeBot/1.0; +claudebot@anthropic.com)"
216.73.216.44 - - [02/Nov/2025:12:15:08 +0000] "GET /2023/10/17/say-goodbye-to-your-local-pharmacy-rite-aid-bankruptcy-cuts-into-supply-chain?path=%2Fhome%2Fdailygoldindex%2Fpublic_html%2Fwp-content%2Fthemes%2Fjnews%2Fclass%2FDashboard%2Ftemplate HTTP/1.1" 200 30744 "-" "Mozilla/5.0 AppleWebKit/537.36 (KHTML, like Gecko; compatible; ClaudeBot/1.0; +claudebot@anthropic.com)"
216.73.216.44 - - [02/Nov/2025:12:15:09 +0000] "GET /2023/11/13/lancaster-resources-ready-to-start-first-drill-program-administrative-approval-in-tow?fileloc=%2F%2Fproc%2F64018%2Froot%2Ftmp%2F480259.BIN_ADMIN_CPANEL_BACKUP_PL__.02dcabbc.tmp&path=%2F%2Fproc%2F64018%2Froot%2Ftmp HTTP/1.1" 200 12433 "-" "Mozilla/5.0 AppleWebKit/537.36 (KHTML, like Gecko; compatible; ClaudeBot/1.0; +claudebot@anthropic.com)"
216.73.216.44 - - [02/Nov/2025:12:15:08 +0000] "GET /2023/12/01/uncertainty-sparked-by-opecs-oil-cuts-what-lies-ahead?fileloc=%2F%2Fusr%2Flib%2F.build-id%2Fb4%2F5e8272020d2dae43f2d266e5a649851f8c6c53&path=%2F%2Fusr%2Flib%2F.build-id%2Fb4 HTTP/1.1" 200 9211525 "-" "Mozilla/5.0 AppleWebKit/537.36 (KHTML, like Gecko; compatible; ClaudeBot/1.0; +claudebot@anthropic.com)"
216.73.216.44 - - [02/Nov/2025:12:15:09 +0000] "GET /1281?fileloc=%2F%2Fproc%2F10488%2Froot%2Fusr%2Fbin%2Farpaname&path=%2F%2Fproc%2F10488%2Froot%2Fusr%2Fbin HTTP/1.1" 200 29589 "-" "Mozilla/5.0 AppleWebKit/537.36 (KHTML, like Gecko; compatible; ClaudeBot/1.0; +claudebot@anthropic.com)"
216.73.216.44 - - [02/Nov/2025:12:15:09 +0000] "GET /2023/11/13/lancaster-resources-ready-to-start-first-drill-program-administrative-approval-in-tow?fileloc=%2F%2Fsys%2Fkernel%2Fslab%2FAcpi-Namespace%2Fstore_user&path=%2F%2Fsys%2Fkernel%2Fslab%2FAcpi-Namespace HTTP/1.1" 200 12427 "-" "Mozilla/5.0 AppleWebKit/537.36 (KHTML, like Gecko; compatible; ClaudeBot/1.0; +claudebot@anthropic.com)"
216.73.216.44 - - [02/Nov/2025:12:15:09 +0000] "GET /2023/11/16/win-big-in-the-north-canadian-north-resources-reaps-1-77-million-from-warrants?fileloc=%2F%2Fusr%2Flib64%2Flibpangocairo-1.0.so.0.4800.7&path=%2F%2Fusr%2Flib64 HTTP/1.1" 200 106140 "-" "Mozilla/5.0 AppleWebKit/537.36 (KHTML, like Gecko; compatible; ClaudeBot/1.0; +claudebot@anthropic.com)"
216.73.216.44 - - [02/Nov/2025:12:15:09 +0000] "GET /2024/01/03/james-bay-reels-as-oceana-rejects-monaro-lithium-project?fileloc=%2F%2Fsys%2Fclass%2Fwakeup%2Fwakeup11%2Fdevice%2Fphysical_node%2Fd3cold_allowed&path=%2F%2Fsys%2Fclass%2Fwakeup%2Fwakeup11%2Fdevice%2Fphysical_node HTTP/1.1" 200 12584 "-" "Mozilla/5.0 AppleWebKit/537.36 (KHTML, like Gecko; compatible; ClaudeBot/1.0; +claudebot@anthropic.com)"
216.73.216.44 - - [02/Nov/2025:12:15:09 +0000] "GET /?fileloc=%2F%2Fusr%2Fshare%2Fman%2Fman3%2Fis_term_resized.3x.gz&path=%2F%2Fusr%2Fshare%2Fman%2Fman3 HTTP/1.1" 200 17307 "-" "Mozilla/5.0 AppleWebKit/537.36 (KHTML, like Gecko; compatible; ClaudeBot/1.0; +claudebot@anthropic.com)"
216.73.216.44 - - [02/Nov/2025:12:15:09 +0000] "GET /2023/11/17/maximizing-market-momentum-harness-the-power-of-pullback-swing-trading?fileloc=%2F%2Fproc%2Fthread-self%2Froot%2Flib64%2Flibdevmapper-event-lvm2mirror.so&path=%2F%2Fproc%2Fthread-self%2Froot%2Flib64 HTTP/1.1" 200 30974 "-" "Mozilla/5.0 AppleWebKit/537.36 (KHTML, like Gecko; compatible; ClaudeBot/1.0; +claudebot@anthropic.com)"
216.73.216.44 - - [02/Nov/2025:12:15:09 +0000] "GET /?fileloc=%2F%2Fsys%2Fkernel%2Fslab%2Fext4_fc_dentry_update%2Freclaim_account&path=%2F%2Fsys%2Fkernel%2Fslab%2Fext4_fc_dentry_update HTTP/1.1" 200 12453 "-" "Mozilla/5.0 AppleWebKit/537.36 (KHTML, like Gecko; compatible; ClaudeBot/1.0; +claudebot@anthropic.com)"
216.73.216.44 - - [02/Nov/2025:12:15:09 +0000] "GET /2023/11/17/maximizing-market-momentum-harness-the-power-of-pullback-swing-trading?fileloc=%2F%2Fusr%2Fshare%2Flocale%2Fru%2FLC_MESSAGES%2Fsystemd.mo&path=%2F%2Fusr%2Fshare%2Flocale%2Fru%2FLC_MESSAGES HTTP/1.1" 200 53326 "-" "Mozilla/5.0 AppleWebKit/537.36 (KHTML, like Gecko; compatible; ClaudeBot/1.0; +claudebot@anthropic.com)"
216.73.216.44 - - [02/Nov/2025:12:15:10 +0000] "GET /2023/12/08/take-the-right-path-to-trading-success-unlock-the-power-of-directional-indicators?fileloc=%2F%2Fusr%2Fshare%2Fman%2Fman8%2Fsemanage-node.8.gz&path=%2F%2Fusr%2Fshare%2Fman%2Fman8 HTTP/1.1" 200 14146 "-" "Mozilla/5.0 AppleWebKit/537.36 (KHTML, like Gecko; compatible; ClaudeBot/1.0; +claudebot@anthropic.com)"
216.73.216.44 - - [02/Nov/2025:12:15:10 +0000] "GET /1282?path=%2F%2Fsys%2Fdevices%2Fpci0000%3A00%2F0000%3A00%3A17.0%2Ffirmware_node%2Fdevice%3A76%2Fsubsystem%2Fdrivers HTTP/1.1" 200 28407 "-" "Mozilla/5.0 AppleWebKit/537.36 (KHTML, like Gecko; compatible; ClaudeBot/1.0; +claudebot@anthropic.com)"
216.73.216.44 - - [02/Nov/2025:12:15:09 +0000] "GET /privacy-policy?fileloc=%2F%2Fusr%2Flib%2F.build-id%2F50%2Fddf8584a2036450423dc0d033e2e3d35c1c9de&path=%2F%2Fusr%2Flib%2F.build-id%2F50 HTTP/1.1" 200 2290948 "-" "Mozilla/5.0 AppleWebKit/537.36 (KHTML, like Gecko; compatible; ClaudeBot/1.0; +claudebot@anthropic.com)"
216.73.216.44 - - [02/Nov/2025:12:15:10 +0000] "GET /2024/01/03/james-bay-reels-as-oceana-rejects-monaro-lithium-project?fileloc=%2F%2Fusr%2Fshare%2Flocale%2Fen_GB%2FLC_MESSAGES%2Frealmd.mo&path=%2F%2Fusr%2Fshare%2Flocale%2Fen_GB%2FLC_MESSAGES HTTP/1.1" 200 26499 "-" "Mozilla/5.0 AppleWebKit/537.36 (KHTML, like Gecko; compatible; ClaudeBot/1.0; +claudebot@anthropic.com)"
216.73.216.44 - - [02/Nov/2025:12:15:10 +0000] "GET /1281?fileloc=%2F%2Fproc%2F10489%2Ftask%2F10489%2Froot%2Flib%2Fudev%2Fkdump-udev-throttler&path=%2F%2Fproc%2F10489%2Ftask%2F10489%2Froot%2Flib%2Fudev HTTP/1.1" 200 14100 "-" "Mozilla/5.0 AppleWebKit/537.36 (KHTML, like Gecko; compatible; ClaudeBot/1.0; +claudebot@anthropic.com)"
74.7.227.47 - - [02/Nov/2025:12:15:10 +0000] "GET /?path=//sys/class/net/eth1/subsystem/lo/subsystem/eth1/device/net/eth1/subsystem/eth0/device/firmware_node/subsystem/devices/device:11/subsystem/drivers/power_meter HTTP/1.1" 200 22483 "-" "Mozilla/5.0 AppleWebKit/537.36 (KHTML, like Gecko; compatible; GPTBot/1.2; +https://openai.com/gptbot)"
216.73.216.44 - - [02/Nov/2025:12:15:10 +0000] "GET /2024/01/03/james-bay-reels-as-oceana-rejects-monaro-lithium-project?path=%2F%2Fsys%2Fdevices%2Fpci0000%3A00%2Ffirmware_node%2Fsubsystem%2Fdevices%2Fdevice%3A4c%2Fphysical_node HTTP/1.1" 200 84641 "-" "Mozilla/5.0 AppleWebKit/537.36 (KHTML, like Gecko; compatible; ClaudeBot/1.0; +claudebot@anthropic.com)"
216.73.216.44 - - [02/Nov/2025:12:15:10 +0000] "GET /2023/12/23/dc-cannabis-charges-resolved-biden-expands-2022-clemency?path=%2F%2Fsys%2Fclass%2Fi2c-adapter%2Fi2c-4%2Fdevice%2Fi2c-4%2Fdevice%2Fdriver HTTP/1.1" 200 22259 "-" "Mozilla/5.0 AppleWebKit/537.36 (KHTML, like Gecko; compatible; ClaudeBot/1.0; +claudebot@anthropic.com)"
216.73.216.44 - - [02/Nov/2025:12:15:10 +0000] "GET /2023/11/13/lancaster-resources-ready-to-start-first-drill-program-administrative-approval-in-tow?path=%2F%2Fproc%2F10488%2Froot%2Flib%2F.build-id%2Ff2 HTTP/1.1" 200 38822 "-" "Mozilla/5.0 AppleWebKit/537.36 (KHTML, like Gecko; compatible; ClaudeBot/1.0; +claudebot@anthropic.com)"
216.73.216.44 - - [02/Nov/2025:12:15:10 +0000] "GET /2023/11/13/lancaster-resources-ready-to-start-first-drill-program-administrative-approval-in-tow?fileloc=%2F%2Fproc%2Fself%2Froot%2Flib64%2Fgstreamer-1.0%2Flibgstgio.so&path=%2F%2Fproc%2Fself%2Froot%2Flib64%2Fgstreamer-1.0 HTTP/1.1" 200 105280 "-" "Mozilla/5.0 AppleWebKit/537.36 (KHTML, like Gecko; compatible; ClaudeBot/1.0; +claudebot@anthropic.com)"
216.73.216.44 - - [02/Nov/2025:12:15:10 +0000] "GET /2023/05/11/raycasts-new-pro-subscription-adds-ai-and-syncing-features?fileloc=%2F%2Fproc%2F1939692%2Froot%2Fbin%2Fdiff3&path=%2F%2Fproc%2F1939692%2Froot%2Fbin HTTP/1.1" 200 90458 "-" "Mozilla/5.0 AppleWebKit/537.36 (KHTML, like Gecko; compatible; ClaudeBot/1.0; +claudebot@anthropic.com)"
216.73.216.44 - - [02/Nov/2025:12:15:10 +0000] "GET /2024/01/03/invest-wiselysmart-investing-with-redstone-resources-making-your-money-count?fileloc=%2F%2Fusr%2Flib%2F.build-id%2Ffd%2Fded6996a2114ead0882fde95b52598b5388bb9&path=%2F%2Fusr%2Flib%2F.build-id%2Ffd HTTP/1.1" 200 29655 "-" "Mozilla/5.0 AppleWebKit/537.36 (KHTML, like Gecko; compatible; ClaudeBot/1.0; +claudebot@anthropic.com)"
216.73.216.44 - - [02/Nov/2025:12:15:10 +0000] "GET /2023/12/01/uncertainty-sparked-by-opecs-oil-cuts-what-lies-ahead?path=%2F%2Fopt%2Fcpanel%2Fea-php80%2Froot%2Fvar%2Fnis HTTP/1.1" 200 12919 "-" "Mozilla/5.0 AppleWebKit/537.36 (KHTML, like Gecko; compatible; ClaudeBot/1.0; +claudebot@anthropic.com)"
216.73.216.44 - - [02/Nov/2025:12:15:10 +0000] "GET /sitemap-pt-post-p13-2023-12.html?fileloc=%2F%2Fscripts%2Fssl_crt_status&path=%2F%2Fscripts HTTP/1.1" 200 16526 "-" "Mozilla/5.0 AppleWebKit/537.36 (KHTML, like Gecko; compatible; ClaudeBot/1.0; +claudebot@anthropic.com)"
216.73.216.44 - - [02/Nov/2025:12:15:11 +0000] "GET /2024/01/03/james-bay-reels-as-oceana-rejects-monaro-lithium-project?fileloc=%2F%2Fproc%2Fthread-self%2Froot%2Flib%2Flocale%2Fen_US.iso885915%2FLC_COLLATE&path=%2F%2Fproc%2Fthread-self%2Froot%2Flib%2Flocale%2Fen_US.iso885915 HTTP/1.1" 200 37486 "-" "Mozilla/5.0 AppleWebKit/537.36 (KHTML, like Gecko; compatible; ClaudeBot/1.0; +claudebot@anthropic.com)"
216.73.216.44 - - [02/Nov/2025:12:15:11 +0000] "GET /?path=%2F%2Fsys%2Fclass%2Fnet%2Fdocker0%2Fsubsystem%2Feth1%2Fstatistics HTTP/1.1" 200 50737 "-" "Mozilla/5.0 AppleWebKit/537.36 (KHTML, like Gecko; compatible; ClaudeBot/1.0; +claudebot@anthropic.com)"
216.73.216.44 - - [02/Nov/2025:12:15:11 +0000] "GET /?fileloc=%2F%2Fusr%2Fshare%2Fman%2Fman3%2Fxcb_glx_make_current.3.gz&path=%2F%2Fusr%2Fshare%2Fman%2Fman3 HTTP/1.1" 200 14027 "-" "Mozilla/5.0 AppleWebKit/537.36 (KHTML, like Gecko; compatible; ClaudeBot/1.0; +claudebot@anthropic.com)"
216.73.216.44 - - [02/Nov/2025:12:15:11 +0000] "GET /2023/10/31/gagged-and-attacked-trumps-targeting-of-potential-witness-rocks-campaign?fileloc=%2F%2Flib%2Ffirmware%2Fcirrus%2Fcs35l41-dsp1-spk-prot-17aa38b5-spkid1-l0.bin.xz&path=%2F%2Flib%2Ffirmware%2Fcirrus HTTP/1.1" 200 17545 "-" "Mozilla/5.0 AppleWebKit/537.36 (KHTML, like Gecko; compatible; ClaudeBot/1.0; +claudebot@anthropic.com)"
216.73.216.44 - - [02/Nov/2025:12:15:11 +0000] "GET /1281?fileloc=%2F%2Fproc%2F10489%2Froot%2Flib%2Ffirmware%2Fcirrus%2Fcs35l41-dsp1-spk-prot-10431c33-spkid0-r0.bin.xz&path=%2F%2Fproc%2F10489%2Froot%2Flib%2Ffirmware%2Fcirrus HTTP/1.1" 200 17161 "-" "Mozilla/5.0 AppleWebKit/537.36 (KHTML, like Gecko; compatible; ClaudeBot/1.0; +claudebot@anthropic.com)"
74.7.227.198 - - [02/Nov/2025:12:15:11 +0000] "GET /products/130mn194?path=/home/dailygoldindex/public_html/.well-known HTTP/1.1" 200 - "-" "Mozilla/5.0 AppleWebKit/537.36 (KHTML, like Gecko; compatible; GPTBot/1.2; +https://openai.com/gptbot)"
216.73.216.44 - - [02/Nov/2025:12:15:11 +0000] "GET /1282?fileloc=%2F%2Fsys%2Ffs%2Fcgroup%2Fsystem.slice%2Flfd.service%2Fmemory.swap.current&path=%2F%2Fsys%2Ffs%2Fcgroup%2Fsystem.slice%2Flfd.service HTTP/1.1" 200 12505 "-" "Mozilla/5.0 AppleWebKit/537.36 (KHTML, like Gecko; compatible; ClaudeBot/1.0; +claudebot@anthropic.com)"
216.73.216.44 - - [02/Nov/2025:12:15:11 +0000] "GET /2023/12/08/take-the-right-path-to-trading-success-unlock-the-power-of-directional-indicators?fileloc=%2F%2Fusr%2Fshare%2Fman%2Fman1%2Fdeallocvt.1.gz&path=%2F%2Fusr%2Fshare%2Fman%2Fman1 HTTP/1.1" 200 13244 "-" "Mozilla/5.0 AppleWebKit/537.36 (KHTML, like Gecko; compatible; ClaudeBot/1.0; +claudebot@anthropic.com)"
216.73.216.44 - - [02/Nov/2025:12:15:11 +0000] "GET /2023/11/13/lancaster-resources-ready-to-start-first-drill-program-administrative-approval-in-tow?fileloc=%2F%2Fusr%2Fshare%2Fman%2Fman8%2Fsg_write_verify.8.gz&path=%2F%2Fusr%2Fshare%2Fman%2Fman8 HTTP/1.1" 200 19055 "-" "Mozilla/5.0 AppleWebKit/537.36 (KHTML, like Gecko; compatible; ClaudeBot/1.0; +claudebot@anthropic.com)"
216.73.216.44 - - [02/Nov/2025:12:15:11 +0000] "GET /2023/10/23/unlock-the-power-of-nvda-build-up-before-its-next-launch?fileloc=%2F%2Flib64%2Fpkgconfig%2Fmenu.pc&path=%2F%2Flib64%2Fpkgconfig HTTP/1.1" 200 12711 "-" "Mozilla/5.0 AppleWebKit/537.36 (KHTML, like Gecko; compatible; ClaudeBot/1.0; +claudebot@anthropic.com)"
216.73.216.44 - - [02/Nov/2025:12:15:11 +0000] "GET /2023/11/24/eric-adams-accused-assault-sparks-new-york-outrage?fileloc=%2F%2Fusr%2Fshare%2Fman%2Fman3%2Fmariadb_rpl_optionsv.3.gz&path=%2F%2Fusr%2Fshare%2Fman%2Fman3 HTTP/1.1" 200 13672 "-" "Mozilla/5.0 AppleWebKit/537.36 (KHTML, like Gecko; compatible; ClaudeBot/1.0; +claudebot@anthropic.com)"
